{"id":10899,"date":"2026-04-27T04:40:55","date_gmt":"2026-04-27T04:40:55","guid":{"rendered":""},"modified":"2026-04-27T04:40:55","modified_gmt":"2026-04-27T04:40:55","slug":"cenova-bomba-rea-sprchovy-kout-solar-90x120-zlata-rea-k4902-10899","status":"publish","type":"product","link":"https:\/\/www.technodompro.com\/index.php\/produkt\/cenova-bomba-rea-sprchovy-kout-solar-90x120-zlata-rea-k4902-10899\/","title":{"rendered":"Cenov\u00e1 Bomba REA &#8211; Sprchov\u00fd kout Solar 90&#215;120 zlat\u00e1 REA-K4902"},"content":{"rendered":"<div class=\"basic-description\">\n<h3>Detailn\u00ed popis produktu<\/h3>\n<p>Rea Solar je expresivn\u00ed, p\u0159esto nad\u010dasov\u00fd a modern\u00ed sprchov\u00fd kout, kter\u00fd je vyroben z nejkvalitn\u011bj\u0161\u00edch materi\u00e1l\u016f a je opat\u0159en \u010dern\u00fdm lamin\u00e1tem.\u00a0Kr\u00e1sn\u00fd zlat\u00fd povlak je odoln\u00fd v\u016f\u010di ne\u010distot\u00e1m a skvrn\u00e1m a snadno se \u010dist\u00ed.\u00a0Kombinace zlat\u00fdch profil\u016f, dlouh\u00e9 rukojeti a panty s pr\u016fhlednou lini\u00ed sklen\u011bn\u00fdch povrch\u016f dokonale zapadne do modern\u00ed i tradi\u010dn\u00ed koupelny.\u00a0Zlat\u00e1 barva je jednozna\u010dn\u00fdm l\u00eddrem na trhu interi\u00e9rov\u00e9ho designu koupelen.<\/p>\n<\/p><\/div>\n<div class=\"extended-description\">\n<h3>Dopl\u0148kov\u00e9 parametry<\/h3>\n<table class=\"detail-parameters\">\n<tbody>\n<tr>\n<th>        <span class=\"row-header-label\">            Kategorie<span class=\"row-header-label-colon\">:<\/span>        <\/span>    <\/th>\n<td>            <\/td>\n<\/tr>\n<tr>\n<th>            <span class=\"row-header-label\">                Z\u00e1ruka<span class=\"row-header-label-colon\">:<\/span>            <\/span>        <\/th>\n<td>            2 roky        <\/td>\n<\/tr>\n<tr>\n<th>            <span class=\"row-header-label\">                Hmotnost<span class=\"row-header-label-colon\">:<\/span>            <\/span>        <\/th>\n<td>            30 kg        <\/td>\n<\/tr>\n<tr class=\"productEan\">\n<th>          <span class=\"row-header-label productEan__label\">              EAN<span class=\"row-header-label-colon\">:<\/span>          <\/span>      <\/th>\n<td>          <span class=\"productEan__value\">5902557355853<\/span>      <\/td>\n<\/tr>\n<tr>\n<th>                <span class=\"row-header-label\">                                            Dostupnost<span class=\"row-header-label-colon\">:<\/span>                                    <\/span>            <\/th>\n<td>                                                            Skladem                                                <\/td>\n<\/tr>\n<\/tbody>\n<\/table><\/div>\n<\/p><\/div>\n<\/p><\/div>\n","protected":false},"excerpt":{"rendered":"<p>Detailn\u00ed popis produktu Rea Solar je expresivn\u00ed, p\u0159esto nad\u010dasov\u00fd a modern\u00ed sprchov\u00fd kout, kter\u00fd je vyroben z nejkvalitn\u011bj\u0161\u00edch materi\u00e1l\u016f a je opat\u0159en \u010dern\u00fdm lamin\u00e1tem.\u00a0Kr\u00e1sn\u00fd zlat\u00fd povlak je odoln\u00fd v\u016f\u010di ne\u010distot\u00e1m a skvrn\u00e1m a snadno se \u010dist\u00ed.\u00a0Kombinace zlat\u00fdch profil\u016f, dlouh\u00e9 rukojeti a panty s pr\u016fhlednou lini\u00ed sklen\u011bn\u00fdch povrch\u016f dokonale zapadne do modern\u00ed i tradi\u010dn\u00ed koupelny.\u00a0Zlat\u00e1 barva [&hellip;]<\/p>\n","protected":false},"featured_media":10999,"comment_status":"open","ping_status":"open","template":"","meta":[],"product_brand":[],"product_cat":[52],"product_tag":[],"class_list":{"0":"post-10899","1":"product","2":"type-product","3":"status-publish","4":"has-post-thumbnail","6":"product_cat-sprchove-kouty","8":"first","9":"instock","10":"sale","11":"shipping-taxable","12":"purchasable","13":"product-type-simple"},"yoast_head":"<!-- This site is optimized with the Yoast SEO plugin v26.8 - https:\/\/yoast.com\/product\/yoast-seo-wordpress\/ -->\n<title>Cenov\u00e1 Bomba REA - Sprchov\u00fd kout Solar 90x120 zlat\u00e1 REA-K4902 -<\/title>\n<meta name=\"robots\" content=\"index, follow, max-snippet:-1, max-image-preview:large, max-video-preview:-1\" \/>\n<link rel=\"canonical\" href=\"https:\/\/www.technodompro.com\/index.php\/produkt\/cenova-bomba-rea-sprchovy-kout-solar-90x120-zlata-rea-k4902-10899\/\" \/>\n<meta property=\"og:locale\" content=\"cs_CZ\" \/>\n<meta property=\"og:type\" content=\"article\" \/>\n<meta property=\"og:title\" content=\"Cenov\u00e1 Bomba REA - Sprchov\u00fd kout Solar 90x120 zlat\u00e1 REA-K4902 -\" \/>\n<meta property=\"og:description\" content=\"Detailn\u00ed popis produktu Rea Solar je expresivn\u00ed, p\u0159esto nad\u010dasov\u00fd a modern\u00ed sprchov\u00fd kout, kter\u00fd je vyroben z nejkvalitn\u011bj\u0161\u00edch materi\u00e1l\u016f a je opat\u0159en \u010dern\u00fdm lamin\u00e1tem.\u00a0Kr\u00e1sn\u00fd zlat\u00fd povlak je odoln\u00fd v\u016f\u010di ne\u010distot\u00e1m a skvrn\u00e1m a snadno se \u010dist\u00ed.\u00a0Kombinace zlat\u00fdch profil\u016f, dlouh\u00e9 rukojeti a panty s pr\u016fhlednou lini\u00ed sklen\u011bn\u00fdch povrch\u016f dokonale zapadne do modern\u00ed i tradi\u010dn\u00ed koupelny.\u00a0Zlat\u00e1 barva [&hellip;]\" \/>\n<meta property=\"og:url\" content=\"https:\/\/www.technodompro.com\/index.php\/produkt\/cenova-bomba-rea-sprchovy-kout-solar-90x120-zlata-rea-k4902-10899\/\" \/>\n<meta property=\"og:image\" content=\"https:\/\/www.technodompro.com\/wp-content\/uploads\/2026\/SK0014800-CZ20260425-092556-0-1777080363-1043151_rea-sprchovy-kout-solar-90x120-zlata-rea-k4902.webp\" \/>\n\t<meta property=\"og:image:width\" content=\"1000\" \/>\n\t<meta property=\"og:image:height\" content=\"750\" \/>\n\t<meta property=\"og:image:type\" content=\"image\/webp\" \/>\n<meta name=\"twitter:card\" content=\"summary_large_image\" \/>\n<meta name=\"twitter:label1\" content=\"Odhadovan\u00e1 doba \u010dten\u00ed\" \/>\n\t<meta name=\"twitter:data1\" content=\"1 minuta\" \/>\n<script type=\"application\/ld+json\" class=\"yoast-schema-graph\">{\"@context\":\"https:\/\/schema.org\",\"@graph\":[{\"@type\":\"WebPage\",\"@id\":\"https:\/\/www.technodompro.com\/index.php\/produkt\/cenova-bomba-rea-sprchovy-kout-solar-90x120-zlata-rea-k4902-10899\/\",\"url\":\"https:\/\/www.technodompro.com\/index.php\/produkt\/cenova-bomba-rea-sprchovy-kout-solar-90x120-zlata-rea-k4902-10899\/\",\"name\":\"Cenov\u00e1 Bomba REA - Sprchov\u00fd kout Solar 90x120 zlat\u00e1 REA-K4902 -\",\"isPartOf\":{\"@id\":\"https:\/\/www.technodompro.com\/#website\"},\"primaryImageOfPage\":{\"@id\":\"https:\/\/www.technodompro.com\/index.php\/produkt\/cenova-bomba-rea-sprchovy-kout-solar-90x120-zlata-rea-k4902-10899\/#primaryimage\"},\"image\":{\"@id\":\"https:\/\/www.technodompro.com\/index.php\/produkt\/cenova-bomba-rea-sprchovy-kout-solar-90x120-zlata-rea-k4902-10899\/#primaryimage\"},\"thumbnailUrl\":\"https:\/\/www.technodompro.com\/wp-content\/uploads\/2026\/SK0014800-CZ20260425-092556-0-1777080363-1043151_rea-sprchovy-kout-solar-90x120-zlata-rea-k4902.webp\",\"datePublished\":\"2026-04-27T04:40:55+00:00\",\"breadcrumb\":{\"@id\":\"https:\/\/www.technodompro.com\/index.php\/produkt\/cenova-bomba-rea-sprchovy-kout-solar-90x120-zlata-rea-k4902-10899\/#breadcrumb\"},\"inLanguage\":\"cs\",\"potentialAction\":[{\"@type\":\"ReadAction\",\"target\":[\"https:\/\/www.technodompro.com\/index.php\/produkt\/cenova-bomba-rea-sprchovy-kout-solar-90x120-zlata-rea-k4902-10899\/\"]}]},{\"@type\":\"ImageObject\",\"inLanguage\":\"cs\",\"@id\":\"https:\/\/www.technodompro.com\/index.php\/produkt\/cenova-bomba-rea-sprchovy-kout-solar-90x120-zlata-rea-k4902-10899\/#primaryimage\",\"url\":\"https:\/\/www.technodompro.com\/wp-content\/uploads\/2026\/SK0014800-CZ20260425-092556-0-1777080363-1043151_rea-sprchovy-kout-solar-90x120-zlata-rea-k4902.webp\",\"contentUrl\":\"https:\/\/www.technodompro.com\/wp-content\/uploads\/2026\/SK0014800-CZ20260425-092556-0-1777080363-1043151_rea-sprchovy-kout-solar-90x120-zlata-rea-k4902.webp\",\"width\":1000,\"height\":750},{\"@type\":\"BreadcrumbList\",\"@id\":\"https:\/\/www.technodompro.com\/index.php\/produkt\/cenova-bomba-rea-sprchovy-kout-solar-90x120-zlata-rea-k4902-10899\/#breadcrumb\",\"itemListElement\":[{\"@type\":\"ListItem\",\"position\":1,\"name\":\"Home\",\"item\":\"https:\/\/www.technodompro.com\/\"},{\"@type\":\"ListItem\",\"position\":2,\"name\":\"Products\",\"item\":\"https:\/\/www.technodompro.com\/index.php\/products\/\"},{\"@type\":\"ListItem\",\"position\":3,\"name\":\"Cenov\u00e1 Bomba REA &#8211; Sprchov\u00fd kout Solar 90&#215;120 zlat\u00e1 REA-K4902\"}]},{\"@type\":\"WebSite\",\"@id\":\"https:\/\/www.technodompro.com\/#website\",\"url\":\"https:\/\/www.technodompro.com\/\",\"name\":\"\",\"description\":\"\",\"potentialAction\":[{\"@type\":\"SearchAction\",\"target\":{\"@type\":\"EntryPoint\",\"urlTemplate\":\"https:\/\/www.technodompro.com\/?s={search_term_string}\"},\"query-input\":{\"@type\":\"PropertyValueSpecification\",\"valueRequired\":true,\"valueName\":\"search_term_string\"}}],\"inLanguage\":\"cs\"}]}<\/script>\n<!-- \/ Yoast SEO plugin. -->","yoast_head_json":{"title":"Cenov\u00e1 Bomba REA - Sprchov\u00fd kout Solar 90x120 zlat\u00e1 REA-K4902 -","robots":{"index":"index","follow":"follow","max-snippet":"max-snippet:-1","max-image-preview":"max-image-preview:large","max-video-preview":"max-video-preview:-1"},"canonical":"https:\/\/www.technodompro.com\/index.php\/produkt\/cenova-bomba-rea-sprchovy-kout-solar-90x120-zlata-rea-k4902-10899\/","og_locale":"cs_CZ","og_type":"article","og_title":"Cenov\u00e1 Bomba REA - Sprchov\u00fd kout Solar 90x120 zlat\u00e1 REA-K4902 -","og_description":"Detailn\u00ed popis produktu Rea Solar je expresivn\u00ed, p\u0159esto nad\u010dasov\u00fd a modern\u00ed sprchov\u00fd kout, kter\u00fd je vyroben z nejkvalitn\u011bj\u0161\u00edch materi\u00e1l\u016f a je opat\u0159en \u010dern\u00fdm lamin\u00e1tem.\u00a0Kr\u00e1sn\u00fd zlat\u00fd povlak je odoln\u00fd v\u016f\u010di ne\u010distot\u00e1m a skvrn\u00e1m a snadno se \u010dist\u00ed.\u00a0Kombinace zlat\u00fdch profil\u016f, dlouh\u00e9 rukojeti a panty s pr\u016fhlednou lini\u00ed sklen\u011bn\u00fdch povrch\u016f dokonale zapadne do modern\u00ed i tradi\u010dn\u00ed koupelny.\u00a0Zlat\u00e1 barva [&hellip;]","og_url":"https:\/\/www.technodompro.com\/index.php\/produkt\/cenova-bomba-rea-sprchovy-kout-solar-90x120-zlata-rea-k4902-10899\/","og_image":[{"width":1000,"height":750,"url":"https:\/\/www.technodompro.com\/wp-content\/uploads\/2026\/SK0014800-CZ20260425-092556-0-1777080363-1043151_rea-sprchovy-kout-solar-90x120-zlata-rea-k4902.webp","type":"image\/webp"}],"twitter_card":"summary_large_image","twitter_misc":{"Odhadovan\u00e1 doba \u010dten\u00ed":"1 minuta"},"schema":{"@context":"https:\/\/schema.org","@graph":[{"@type":"WebPage","@id":"https:\/\/www.technodompro.com\/index.php\/produkt\/cenova-bomba-rea-sprchovy-kout-solar-90x120-zlata-rea-k4902-10899\/","url":"https:\/\/www.technodompro.com\/index.php\/produkt\/cenova-bomba-rea-sprchovy-kout-solar-90x120-zlata-rea-k4902-10899\/","name":"Cenov\u00e1 Bomba REA - Sprchov\u00fd kout Solar 90x120 zlat\u00e1 REA-K4902 -","isPartOf":{"@id":"https:\/\/www.technodompro.com\/#website"},"primaryImageOfPage":{"@id":"https:\/\/www.technodompro.com\/index.php\/produkt\/cenova-bomba-rea-sprchovy-kout-solar-90x120-zlata-rea-k4902-10899\/#primaryimage"},"image":{"@id":"https:\/\/www.technodompro.com\/index.php\/produkt\/cenova-bomba-rea-sprchovy-kout-solar-90x120-zlata-rea-k4902-10899\/#primaryimage"},"thumbnailUrl":"https:\/\/www.technodompro.com\/wp-content\/uploads\/2026\/SK0014800-CZ20260425-092556-0-1777080363-1043151_rea-sprchovy-kout-solar-90x120-zlata-rea-k4902.webp","datePublished":"2026-04-27T04:40:55+00:00","breadcrumb":{"@id":"https:\/\/www.technodompro.com\/index.php\/produkt\/cenova-bomba-rea-sprchovy-kout-solar-90x120-zlata-rea-k4902-10899\/#breadcrumb"},"inLanguage":"cs","potentialAction":[{"@type":"ReadAction","target":["https:\/\/www.technodompro.com\/index.php\/produkt\/cenova-bomba-rea-sprchovy-kout-solar-90x120-zlata-rea-k4902-10899\/"]}]},{"@type":"ImageObject","inLanguage":"cs","@id":"https:\/\/www.technodompro.com\/index.php\/produkt\/cenova-bomba-rea-sprchovy-kout-solar-90x120-zlata-rea-k4902-10899\/#primaryimage","url":"https:\/\/www.technodompro.com\/wp-content\/uploads\/2026\/SK0014800-CZ20260425-092556-0-1777080363-1043151_rea-sprchovy-kout-solar-90x120-zlata-rea-k4902.webp","contentUrl":"https:\/\/www.technodompro.com\/wp-content\/uploads\/2026\/SK0014800-CZ20260425-092556-0-1777080363-1043151_rea-sprchovy-kout-solar-90x120-zlata-rea-k4902.webp","width":1000,"height":750},{"@type":"BreadcrumbList","@id":"https:\/\/www.technodompro.com\/index.php\/produkt\/cenova-bomba-rea-sprchovy-kout-solar-90x120-zlata-rea-k4902-10899\/#breadcrumb","itemListElement":[{"@type":"ListItem","position":1,"name":"Home","item":"https:\/\/www.technodompro.com\/"},{"@type":"ListItem","position":2,"name":"Products","item":"https:\/\/www.technodompro.com\/index.php\/products\/"},{"@type":"ListItem","position":3,"name":"Cenov\u00e1 Bomba REA &#8211; Sprchov\u00fd kout Solar 90&#215;120 zlat\u00e1 REA-K4902"}]},{"@type":"WebSite","@id":"https:\/\/www.technodompro.com\/#website","url":"https:\/\/www.technodompro.com\/","name":"","description":"","potentialAction":[{"@type":"SearchAction","target":{"@type":"EntryPoint","urlTemplate":"https:\/\/www.technodompro.com\/?s={search_term_string}"},"query-input":{"@type":"PropertyValueSpecification","valueRequired":true,"valueName":"search_term_string"}}],"inLanguage":"cs"}]}},"_links":{"self":[{"href":"https:\/\/www.technodompro.com\/index.php\/wp-json\/wp\/v2\/product\/10899","targetHints":{"allow":["GET"]}}],"collection":[{"href":"https:\/\/www.technodompro.com\/index.php\/wp-json\/wp\/v2\/product"}],"about":[{"href":"https:\/\/www.technodompro.com\/index.php\/wp-json\/wp\/v2\/types\/product"}],"replies":[{"embeddable":true,"href":"https:\/\/www.technodompro.com\/index.php\/wp-json\/wp\/v2\/comments?post=10899"}],"wp:featuredmedia":[{"embeddable":true,"href":"https:\/\/www.technodompro.com\/index.php\/wp-json\/wp\/v2\/media\/10999"}],"wp:attachment":[{"href":"https:\/\/www.technodompro.com\/index.php\/wp-json\/wp\/v2\/media?parent=10899"}],"wp:term":[{"taxonomy":"product_brand","embeddable":true,"href":"https:\/\/www.technodompro.com\/index.php\/wp-json\/wp\/v2\/product_brand?post=10899"},{"taxonomy":"product_cat","embeddable":true,"href":"https:\/\/www.technodompro.com\/index.php\/wp-json\/wp\/v2\/product_cat?post=10899"},{"taxonomy":"product_tag","embeddable":true,"href":"https:\/\/www.technodompro.com\/index.php\/wp-json\/wp\/v2\/product_tag?post=10899"}],"curies":[{"name":"wp","href":"https:\/\/api.w.org\/{rel}","templated":true}]}}