{"id":12502,"date":"2026-04-27T04:41:00","date_gmt":"2026-04-27T04:41:00","guid":{"rendered":""},"modified":"2026-04-27T04:41:00","modified_gmt":"2026-04-27T04:41:00","slug":"vraceni-zdarma-uc-10-th-koupelnovy-ventilator-axialni-s-automatem-8w-potrubi-100mm-bila-12502","status":"publish","type":"product","link":"https:\/\/www.technodompro.com\/index.php\/produkt\/vraceni-zdarma-uc-10-th-koupelnovy-ventilator-axialni-s-automatem-8w-potrubi-100mm-bila-12502\/","title":{"rendered":"Vr\u00e1cen\u00ed Zdarma UC-10 TH koupelnov\u00fd ventil\u00e1tor axi\u00e1ln\u00ed s automatem, 8W, potrub\u00ed 100mm, b\u00edl\u00e1"},"content":{"rendered":"<div class=\"basic-description\">\n<h3>Detailn\u00ed popis produktu<\/h3>\n<ul>\n<li>Nastaviteln\u00fdch \u0161est stup\u0148\u016f v\u00fdkonu (1050 \u2013 2200 ot\u00e1\u010dek\/minutu)   <\/li>\n<li>Nastaviteln\u00fdch \u0161est stup\u0148\u016f vlhkosti (30 \u2013 80%)   <\/li>\n<li>Nastaviteln\u00fdch \u0161est stup\u0148\u016f dob\u011bhov\u00e9ho \u010dasova\u010de 1 \u2013 20 min. <\/li>\n<\/ul>\n<ul>\n<li>Mo\u017enost instalace na ze\u010f \u010di do stropu<\/li>\n<li>Slim Design &#8211; n\u00edzk\u00e1 \u010deln\u00ed m\u0159\u00ed\u017eka jen 18 mm<\/li>\n<li>Max. tlak: 35 Pa<\/li>\n<li>V\u010detn\u011b zp\u011btn\u00e9 klapky<\/li>\n<li>Supertich\u00fd<\/li>\n<li>Snadn\u00e9 \u010di\u0161t\u011bn\u00ed<\/li>\n<\/ul>\n<p><b>Video ke shl\u00e9dnut\u00ed<\/b><video width=\"640\" height=\"480\" controls><source src=\"https:\/\/ubc.k2.cz\/K2FTPdata\/UBC\/video\/produkt_ostatne\/ventilator-cata-uc-10.mp4\" type=\"video\/mp4\">V\u00e1\u0161 prohl\u00ed\u017ee\u010d nepodporuje video tag.<\/video>                            <\/div>\n<div class=\"extended-description\">\n<h3>Dopl\u0148kov\u00e9 parametry<\/h3>\n<table class=\"detail-parameters\">\n<tbody>\n<tr>\n<th>        <span class=\"row-header-label\">            Kategorie<span class=\"row-header-label-colon\">:<\/span>        <\/span>    <\/th>\n<td>            <\/td>\n<\/tr>\n<tr>\n<th>            <span class=\"row-header-label\">                Z\u00e1ruka<span class=\"row-header-label-colon\">:<\/span>            <\/span>        <\/th>\n<td>            24        <\/td>\n<\/tr>\n<tr>\n<th>            <span class=\"row-header-label\">                Hmotnost<span class=\"row-header-label-colon\">:<\/span>            <\/span>        <\/th>\n<td>            0.62 kg        <\/td>\n<\/tr>\n<tr class=\"productEan\">\n<th>          <span class=\"row-header-label productEan__label\">              EAN<span class=\"row-header-label-colon\">:<\/span>          <\/span>      <\/th>\n<td>          <span class=\"productEan__value\">8422248079860<\/span>      <\/td>\n<\/tr>\n<tr>\n<th>                <span class=\"row-header-label\">                                            Balen\u00ed<span class=\"row-header-label-colon\">:<\/span>                                    <\/span>            <\/th>\n<td>                                                            1 ks                                                <\/td>\n<\/tr>\n<tr>\n<th>                <span class=\"row-header-label\">                                            Barva<span class=\"row-header-label-colon\">:<\/span>                                    <\/span>            <\/th>\n<td>                                                            B\u00edl\u00e1                                                <\/td>\n<\/tr>\n<tr>\n<th>                <span class=\"row-header-label\">                                            Dostupnost<span class=\"row-header-label-colon\">:<\/span>                                    <\/span>            <\/th>\n<td>                                                            Skladem                                                <\/td>\n<\/tr>\n<tr>\n<th>                <span class=\"row-header-label\">                                            Hloubka<span class=\"row-header-label-colon\">:<\/span>                                    <\/span>            <\/th>\n<td>                                                            78 mm                                                <\/td>\n<\/tr>\n<tr>\n<th>                <span class=\"row-header-label\">                                            Hluk<span class=\"row-header-label-colon\">:<\/span>                                    <\/span>            <\/th>\n<td>                                                            26 dB                                                <\/td>\n<\/tr>\n<tr>\n<th>                <span class=\"row-header-label\">                                            Materi\u00e1l<span class=\"row-header-label-colon\">:<\/span>                                    <\/span>            <\/th>\n<td>                                                            Plast                                                <\/td>\n<\/tr>\n<tr>\n<th>                <span class=\"row-header-label\">                                            Max. d\u00e9lka odtahu<span class=\"row-header-label-colon\">:<\/span>                                    <\/span>            <\/th>\n<td>                                                            4 m                                                <\/td>\n<\/tr>\n<tr>\n<th>                <span class=\"row-header-label\">                                            Nap\u011bt\u00ed<span class=\"row-header-label-colon\">:<\/span>                                    <\/span>            <\/th>\n<td>                                                            230 V                                                <\/td>\n<\/tr>\n<tr>\n<th>                <span class=\"row-header-label\">                                            Po\u010det ot\u00e1\u010dek<span class=\"row-header-label-colon\">:<\/span>                                    <\/span>            <\/th>\n<td>                                                            2200 ot\/min                                                <\/td>\n<\/tr>\n<tr>\n<th>                <span class=\"row-header-label\">                                            Pr\u016fm\u011br potrub\u00ed<span class=\"row-header-label-colon\">:<\/span>                                    <\/span>            <\/th>\n<td>                                                            100 mm                                                <\/td>\n<\/tr>\n<tr>\n<th>                <span class=\"row-header-label\">                                            Pr\u016ftok vzduchu<span class=\"row-header-label-colon\">:<\/span>                                    <\/span>            <\/th>\n<td>                                                            110 m3\/hod                                                <\/td>\n<\/tr>\n<tr>\n<th>                <span class=\"row-header-label\">                                            P\u0159\u00edkon<span class=\"row-header-label-colon\">:<\/span>                                    <\/span>            <\/th>\n<td>                                                            8 W                                                <\/td>\n<\/tr>\n<tr>\n<th>                <span class=\"row-header-label\">                                            Rozm\u011br<span class=\"row-header-label-colon\">:<\/span>                                    <\/span>            <\/th>\n<td>                                                            150x150x77,5 mm                                                <\/td>\n<\/tr>\n<tr>\n<th>                <span class=\"row-header-label\">                                            Stupe\u0148 kryt\u00ed<span class=\"row-header-label-colon\">:<\/span>                                    <\/span>            <\/th>\n<td>                                                            IP44                                                <\/td>\n<\/tr>\n<tr>\n<th>                <span class=\"row-header-label\">                                            \u0160\u00ed\u0159ka<span class=\"row-header-label-colon\">:<\/span>                                    <\/span>            <\/th>\n<td>                                                            150 mm                                                <\/td>\n<\/tr>\n<tr>\n<th>                <span class=\"row-header-label\">                                            V\u00fdbava<span class=\"row-header-label-colon\">:<\/span>                                    <\/span>            <\/th>\n<td>                                                            \u010casova\u010d;Vlhkostn\u00ed automatika                                                <\/td>\n<\/tr>\n<tr>\n<th>                <span class=\"row-header-label\">                                            V\u00fd\u0161ka<span class=\"row-header-label-colon\">:<\/span>                                    <\/span>            <\/th>\n<td>                                                            150 mm                                                <\/td>\n<\/tr>\n<tr>\n<th>                <span class=\"row-header-label\">                                            Z\u00e1ruka<span class=\"row-header-label-colon\">:<\/span>                                    <\/span>            <\/th>\n<td>                                                            2 roky                                                <\/td>\n<\/tr>\n<\/tbody>\n<\/table><\/div>\n<\/p><\/div>\n<\/p><\/div>\n","protected":false},"excerpt":{"rendered":"<p>Detailn\u00ed popis produktu Nastaviteln\u00fdch \u0161est stup\u0148\u016f v\u00fdkonu (1050 \u2013 2200 ot\u00e1\u010dek\/minutu) Nastaviteln\u00fdch \u0161est stup\u0148\u016f vlhkosti (30 \u2013 80%) Nastaviteln\u00fdch \u0161est stup\u0148\u016f dob\u011bhov\u00e9ho \u010dasova\u010de 1 \u2013 20 min. Mo\u017enost instalace na ze\u010f \u010di do stropu Slim Design &#8211; n\u00edzk\u00e1 \u010deln\u00ed m\u0159\u00ed\u017eka jen 18 mm Max. tlak: 35 Pa V\u010detn\u011b zp\u011btn\u00e9 klapky Supertich\u00fd Snadn\u00e9 \u010di\u0161t\u011bn\u00ed Video ke [&hellip;]<\/p>\n","protected":false},"featured_media":12602,"comment_status":"open","ping_status":"open","template":"","meta":[],"product_brand":[],"product_cat":[61],"product_tag":[],"class_list":{"0":"post-12502","1":"product","2":"type-product","3":"status-publish","4":"has-post-thumbnail","6":"product_cat-ventilatory","8":"first","9":"instock","10":"sale","11":"shipping-taxable","12":"purchasable","13":"product-type-simple"},"yoast_head":"<!-- This site is optimized with the Yoast SEO plugin v26.8 - https:\/\/yoast.com\/product\/yoast-seo-wordpress\/ -->\n<title>Vr\u00e1cen\u00ed Zdarma UC-10 TH koupelnov\u00fd ventil\u00e1tor axi\u00e1ln\u00ed s automatem, 8W, potrub\u00ed 100mm, b\u00edl\u00e1 -<\/title>\n<meta name=\"robots\" content=\"index, follow, max-snippet:-1, max-image-preview:large, max-video-preview:-1\" \/>\n<link rel=\"canonical\" href=\"https:\/\/www.technodompro.com\/index.php\/produkt\/vraceni-zdarma-uc-10-th-koupelnovy-ventilator-axialni-s-automatem-8w-potrubi-100mm-bila-12502\/\" \/>\n<meta property=\"og:locale\" content=\"cs_CZ\" \/>\n<meta property=\"og:type\" content=\"article\" \/>\n<meta property=\"og:title\" content=\"Vr\u00e1cen\u00ed Zdarma UC-10 TH koupelnov\u00fd ventil\u00e1tor axi\u00e1ln\u00ed s automatem, 8W, potrub\u00ed 100mm, b\u00edl\u00e1 -\" \/>\n<meta property=\"og:description\" content=\"Detailn\u00ed popis produktu Nastaviteln\u00fdch \u0161est stup\u0148\u016f v\u00fdkonu (1050 \u2013 2200 ot\u00e1\u010dek\/minutu) Nastaviteln\u00fdch \u0161est stup\u0148\u016f vlhkosti (30 \u2013 80%) Nastaviteln\u00fdch \u0161est stup\u0148\u016f dob\u011bhov\u00e9ho \u010dasova\u010de 1 \u2013 20 min. Mo\u017enost instalace na ze\u010f \u010di do stropu Slim Design &#8211; n\u00edzk\u00e1 \u010deln\u00ed m\u0159\u00ed\u017eka jen 18 mm Max. tlak: 35 Pa V\u010detn\u011b zp\u011btn\u00e9 klapky Supertich\u00fd Snadn\u00e9 \u010di\u0161t\u011bn\u00ed Video ke [&hellip;]\" \/>\n<meta property=\"og:url\" content=\"https:\/\/www.technodompro.com\/index.php\/produkt\/vraceni-zdarma-uc-10-th-koupelnovy-ventilator-axialni-s-automatem-8w-potrubi-100mm-bila-12502\/\" \/>\n<meta property=\"og:image\" content=\"https:\/\/www.technodompro.com\/wp-content\/uploads\/2026\/SK0015629-CZ20260425-092556-0-1777080363-1168264_uc-10-th-koupelnovy-ventilator-axialni-s-automatem-.webp\" \/>\n\t<meta property=\"og:image:width\" content=\"1000\" \/>\n\t<meta property=\"og:image:height\" content=\"750\" \/>\n\t<meta property=\"og:image:type\" content=\"image\/webp\" \/>\n<meta name=\"twitter:card\" content=\"summary_large_image\" \/>\n<meta name=\"twitter:label1\" content=\"Odhadovan\u00e1 doba \u010dten\u00ed\" \/>\n\t<meta name=\"twitter:data1\" content=\"1 minuta\" \/>\n<script type=\"application\/ld+json\" class=\"yoast-schema-graph\">{\"@context\":\"https:\/\/schema.org\",\"@graph\":[{\"@type\":\"WebPage\",\"@id\":\"https:\/\/www.technodompro.com\/index.php\/produkt\/vraceni-zdarma-uc-10-th-koupelnovy-ventilator-axialni-s-automatem-8w-potrubi-100mm-bila-12502\/\",\"url\":\"https:\/\/www.technodompro.com\/index.php\/produkt\/vraceni-zdarma-uc-10-th-koupelnovy-ventilator-axialni-s-automatem-8w-potrubi-100mm-bila-12502\/\",\"name\":\"Vr\u00e1cen\u00ed Zdarma UC-10 TH koupelnov\u00fd ventil\u00e1tor axi\u00e1ln\u00ed s automatem, 8W, potrub\u00ed 100mm, b\u00edl\u00e1 -\",\"isPartOf\":{\"@id\":\"https:\/\/www.technodompro.com\/#website\"},\"primaryImageOfPage\":{\"@id\":\"https:\/\/www.technodompro.com\/index.php\/produkt\/vraceni-zdarma-uc-10-th-koupelnovy-ventilator-axialni-s-automatem-8w-potrubi-100mm-bila-12502\/#primaryimage\"},\"image\":{\"@id\":\"https:\/\/www.technodompro.com\/index.php\/produkt\/vraceni-zdarma-uc-10-th-koupelnovy-ventilator-axialni-s-automatem-8w-potrubi-100mm-bila-12502\/#primaryimage\"},\"thumbnailUrl\":\"https:\/\/www.technodompro.com\/wp-content\/uploads\/2026\/SK0015629-CZ20260425-092556-0-1777080363-1168264_uc-10-th-koupelnovy-ventilator-axialni-s-automatem-.webp\",\"datePublished\":\"2026-04-27T04:41:00+00:00\",\"breadcrumb\":{\"@id\":\"https:\/\/www.technodompro.com\/index.php\/produkt\/vraceni-zdarma-uc-10-th-koupelnovy-ventilator-axialni-s-automatem-8w-potrubi-100mm-bila-12502\/#breadcrumb\"},\"inLanguage\":\"cs\",\"potentialAction\":[{\"@type\":\"ReadAction\",\"target\":[\"https:\/\/www.technodompro.com\/index.php\/produkt\/vraceni-zdarma-uc-10-th-koupelnovy-ventilator-axialni-s-automatem-8w-potrubi-100mm-bila-12502\/\"]}]},{\"@type\":\"ImageObject\",\"inLanguage\":\"cs\",\"@id\":\"https:\/\/www.technodompro.com\/index.php\/produkt\/vraceni-zdarma-uc-10-th-koupelnovy-ventilator-axialni-s-automatem-8w-potrubi-100mm-bila-12502\/#primaryimage\",\"url\":\"https:\/\/www.technodompro.com\/wp-content\/uploads\/2026\/SK0015629-CZ20260425-092556-0-1777080363-1168264_uc-10-th-koupelnovy-ventilator-axialni-s-automatem-.webp\",\"contentUrl\":\"https:\/\/www.technodompro.com\/wp-content\/uploads\/2026\/SK0015629-CZ20260425-092556-0-1777080363-1168264_uc-10-th-koupelnovy-ventilator-axialni-s-automatem-.webp\",\"width\":1000,\"height\":750},{\"@type\":\"BreadcrumbList\",\"@id\":\"https:\/\/www.technodompro.com\/index.php\/produkt\/vraceni-zdarma-uc-10-th-koupelnovy-ventilator-axialni-s-automatem-8w-potrubi-100mm-bila-12502\/#breadcrumb\",\"itemListElement\":[{\"@type\":\"ListItem\",\"position\":1,\"name\":\"Home\",\"item\":\"https:\/\/www.technodompro.com\/\"},{\"@type\":\"ListItem\",\"position\":2,\"name\":\"Products\",\"item\":\"https:\/\/www.technodompro.com\/index.php\/products\/\"},{\"@type\":\"ListItem\",\"position\":3,\"name\":\"Vr\u00e1cen\u00ed Zdarma UC-10 TH koupelnov\u00fd ventil\u00e1tor axi\u00e1ln\u00ed s automatem, 8W, potrub\u00ed 100mm, b\u00edl\u00e1\"}]},{\"@type\":\"WebSite\",\"@id\":\"https:\/\/www.technodompro.com\/#website\",\"url\":\"https:\/\/www.technodompro.com\/\",\"name\":\"\",\"description\":\"\",\"potentialAction\":[{\"@type\":\"SearchAction\",\"target\":{\"@type\":\"EntryPoint\",\"urlTemplate\":\"https:\/\/www.technodompro.com\/?s={search_term_string}\"},\"query-input\":{\"@type\":\"PropertyValueSpecification\",\"valueRequired\":true,\"valueName\":\"search_term_string\"}}],\"inLanguage\":\"cs\"}]}<\/script>\n<!-- \/ Yoast SEO plugin. -->","yoast_head_json":{"title":"Vr\u00e1cen\u00ed Zdarma UC-10 TH koupelnov\u00fd ventil\u00e1tor axi\u00e1ln\u00ed s automatem, 8W, potrub\u00ed 100mm, b\u00edl\u00e1 -","robots":{"index":"index","follow":"follow","max-snippet":"max-snippet:-1","max-image-preview":"max-image-preview:large","max-video-preview":"max-video-preview:-1"},"canonical":"https:\/\/www.technodompro.com\/index.php\/produkt\/vraceni-zdarma-uc-10-th-koupelnovy-ventilator-axialni-s-automatem-8w-potrubi-100mm-bila-12502\/","og_locale":"cs_CZ","og_type":"article","og_title":"Vr\u00e1cen\u00ed Zdarma UC-10 TH koupelnov\u00fd ventil\u00e1tor axi\u00e1ln\u00ed s automatem, 8W, potrub\u00ed 100mm, b\u00edl\u00e1 -","og_description":"Detailn\u00ed popis produktu Nastaviteln\u00fdch \u0161est stup\u0148\u016f v\u00fdkonu (1050 \u2013 2200 ot\u00e1\u010dek\/minutu) Nastaviteln\u00fdch \u0161est stup\u0148\u016f vlhkosti (30 \u2013 80%) Nastaviteln\u00fdch \u0161est stup\u0148\u016f dob\u011bhov\u00e9ho \u010dasova\u010de 1 \u2013 20 min. Mo\u017enost instalace na ze\u010f \u010di do stropu Slim Design &#8211; n\u00edzk\u00e1 \u010deln\u00ed m\u0159\u00ed\u017eka jen 18 mm Max. tlak: 35 Pa V\u010detn\u011b zp\u011btn\u00e9 klapky Supertich\u00fd Snadn\u00e9 \u010di\u0161t\u011bn\u00ed Video ke [&hellip;]","og_url":"https:\/\/www.technodompro.com\/index.php\/produkt\/vraceni-zdarma-uc-10-th-koupelnovy-ventilator-axialni-s-automatem-8w-potrubi-100mm-bila-12502\/","og_image":[{"width":1000,"height":750,"url":"https:\/\/www.technodompro.com\/wp-content\/uploads\/2026\/SK0015629-CZ20260425-092556-0-1777080363-1168264_uc-10-th-koupelnovy-ventilator-axialni-s-automatem-.webp","type":"image\/webp"}],"twitter_card":"summary_large_image","twitter_misc":{"Odhadovan\u00e1 doba \u010dten\u00ed":"1 minuta"},"schema":{"@context":"https:\/\/schema.org","@graph":[{"@type":"WebPage","@id":"https:\/\/www.technodompro.com\/index.php\/produkt\/vraceni-zdarma-uc-10-th-koupelnovy-ventilator-axialni-s-automatem-8w-potrubi-100mm-bila-12502\/","url":"https:\/\/www.technodompro.com\/index.php\/produkt\/vraceni-zdarma-uc-10-th-koupelnovy-ventilator-axialni-s-automatem-8w-potrubi-100mm-bila-12502\/","name":"Vr\u00e1cen\u00ed Zdarma UC-10 TH koupelnov\u00fd ventil\u00e1tor axi\u00e1ln\u00ed s automatem, 8W, potrub\u00ed 100mm, b\u00edl\u00e1 -","isPartOf":{"@id":"https:\/\/www.technodompro.com\/#website"},"primaryImageOfPage":{"@id":"https:\/\/www.technodompro.com\/index.php\/produkt\/vraceni-zdarma-uc-10-th-koupelnovy-ventilator-axialni-s-automatem-8w-potrubi-100mm-bila-12502\/#primaryimage"},"image":{"@id":"https:\/\/www.technodompro.com\/index.php\/produkt\/vraceni-zdarma-uc-10-th-koupelnovy-ventilator-axialni-s-automatem-8w-potrubi-100mm-bila-12502\/#primaryimage"},"thumbnailUrl":"https:\/\/www.technodompro.com\/wp-content\/uploads\/2026\/SK0015629-CZ20260425-092556-0-1777080363-1168264_uc-10-th-koupelnovy-ventilator-axialni-s-automatem-.webp","datePublished":"2026-04-27T04:41:00+00:00","breadcrumb":{"@id":"https:\/\/www.technodompro.com\/index.php\/produkt\/vraceni-zdarma-uc-10-th-koupelnovy-ventilator-axialni-s-automatem-8w-potrubi-100mm-bila-12502\/#breadcrumb"},"inLanguage":"cs","potentialAction":[{"@type":"ReadAction","target":["https:\/\/www.technodompro.com\/index.php\/produkt\/vraceni-zdarma-uc-10-th-koupelnovy-ventilator-axialni-s-automatem-8w-potrubi-100mm-bila-12502\/"]}]},{"@type":"ImageObject","inLanguage":"cs","@id":"https:\/\/www.technodompro.com\/index.php\/produkt\/vraceni-zdarma-uc-10-th-koupelnovy-ventilator-axialni-s-automatem-8w-potrubi-100mm-bila-12502\/#primaryimage","url":"https:\/\/www.technodompro.com\/wp-content\/uploads\/2026\/SK0015629-CZ20260425-092556-0-1777080363-1168264_uc-10-th-koupelnovy-ventilator-axialni-s-automatem-.webp","contentUrl":"https:\/\/www.technodompro.com\/wp-content\/uploads\/2026\/SK0015629-CZ20260425-092556-0-1777080363-1168264_uc-10-th-koupelnovy-ventilator-axialni-s-automatem-.webp","width":1000,"height":750},{"@type":"BreadcrumbList","@id":"https:\/\/www.technodompro.com\/index.php\/produkt\/vraceni-zdarma-uc-10-th-koupelnovy-ventilator-axialni-s-automatem-8w-potrubi-100mm-bila-12502\/#breadcrumb","itemListElement":[{"@type":"ListItem","position":1,"name":"Home","item":"https:\/\/www.technodompro.com\/"},{"@type":"ListItem","position":2,"name":"Products","item":"https:\/\/www.technodompro.com\/index.php\/products\/"},{"@type":"ListItem","position":3,"name":"Vr\u00e1cen\u00ed Zdarma UC-10 TH koupelnov\u00fd ventil\u00e1tor axi\u00e1ln\u00ed s automatem, 8W, potrub\u00ed 100mm, b\u00edl\u00e1"}]},{"@type":"WebSite","@id":"https:\/\/www.technodompro.com\/#website","url":"https:\/\/www.technodompro.com\/","name":"","description":"","potentialAction":[{"@type":"SearchAction","target":{"@type":"EntryPoint","urlTemplate":"https:\/\/www.technodompro.com\/?s={search_term_string}"},"query-input":{"@type":"PropertyValueSpecification","valueRequired":true,"valueName":"search_term_string"}}],"inLanguage":"cs"}]}},"_links":{"self":[{"href":"https:\/\/www.technodompro.com\/index.php\/wp-json\/wp\/v2\/product\/12502","targetHints":{"allow":["GET"]}}],"collection":[{"href":"https:\/\/www.technodompro.com\/index.php\/wp-json\/wp\/v2\/product"}],"about":[{"href":"https:\/\/www.technodompro.com\/index.php\/wp-json\/wp\/v2\/types\/product"}],"replies":[{"embeddable":true,"href":"https:\/\/www.technodompro.com\/index.php\/wp-json\/wp\/v2\/comments?post=12502"}],"wp:featuredmedia":[{"embeddable":true,"href":"https:\/\/www.technodompro.com\/index.php\/wp-json\/wp\/v2\/media\/12602"}],"wp:attachment":[{"href":"https:\/\/www.technodompro.com\/index.php\/wp-json\/wp\/v2\/media?parent=12502"}],"wp:term":[{"taxonomy":"product_brand","embeddable":true,"href":"https:\/\/www.technodompro.com\/index.php\/wp-json\/wp\/v2\/product_brand?post=12502"},{"taxonomy":"product_cat","embeddable":true,"href":"https:\/\/www.technodompro.com\/index.php\/wp-json\/wp\/v2\/product_cat?post=12502"},{"taxonomy":"product_tag","embeddable":true,"href":"https:\/\/www.technodompro.com\/index.php\/wp-json\/wp\/v2\/product_tag?post=12502"}],"curies":[{"name":"wp","href":"https:\/\/api.w.org\/{rel}","templated":true}]}}