{"id":13390,"date":"2026-04-27T04:41:02","date_gmt":"2026-04-27T04:41:02","guid":{"rendered":""},"modified":"2026-04-27T04:41:02","modified_gmt":"2026-04-27T04:41:02","slug":"vyhodna-nabidka-sapho-ella-skrinka-pod-umyvadlo-37-5x43x34cm-1x-dvirka-leva-bila-70045-13390","status":"publish","type":"product","link":"https:\/\/www.technodompro.com\/index.php\/produkt\/vyhodna-nabidka-sapho-ella-skrinka-pod-umyvadlo-37-5x43x34cm-1x-dvirka-leva-bila-70045-13390\/","title":{"rendered":"V\u00fdhodn\u00e1 Nab\u00eddka Sapho Ella Sk\u0159\u00ed\u0148ka pod umyvadlo 37,5x43x34cm 1x dv\u00ed\u0159ka lev\u00e1 b\u00edl\u00e1 (70045)"},"content":{"rendered":"<div class=\"ProductDetail-content NoFixImageContainer\" id=\"productDescription\">\n<div class=\"Heading\">\n<h2 class=\"Heading-title\">Popis produktu <span class=''>Sapho Ella Sk\u0159\u00ed\u0148ka pod umyvadlo 37,5x43x34cm 1x dv\u00ed\u0159ka lev\u00e1 b\u00edl\u00e1 (70045)<\/span><\/h2>\n<\/p><\/div>\n<div class=\"ProductDetailContent\">                                                                    <\/div>\n<div class=\"ProductDetailContent\">\n<div class=\"ProductDetailContent-item\">                                            Barva: B\u00edl\u00e1<br \/>\u0160\u00ed\u0159ka: 375 mm<br \/>V\u00fd\u0161ka: 430 mm<br \/>Hloubka: 340 mm<br \/>Balen\u00ed: 1 ks<br \/>Rozm\u011br: 37,5x43x34 cm<br \/>Materi\u00e1l: MDF\/lamino<br \/>V\u00fdbava: Zpomalovac\u00ed panty<br \/>Typ sk\u0159\u00ed\u0148ky: Dv\u00ed\u0159ka<br \/>Z\u00e1ruka: 2 roky<br \/>Jin\u00e9 barevn\u00e9 proveden\u00ed: Dle vzorn\u00edku<br \/>Typ umyvadla: Klasick\u00e9 umyvadlo<br \/>Sou\u010d\u00e1st balen\u00ed: Bez umyvadla<br \/>Instalace: Z\u00e1v\u011bsn\u00e9 na st\u011bnu                                        <\/div>\n<div class=\"ProductDetailContent-item\">\n<p>Z\u00e1v\u011bsn\u00e1&nbsp;sk\u0159\u00ed\u0148ka pod umyvadlo<\/p>\n<ul>\n<li>1x dv\u00ed\u0159ka<\/li>\n<li>lev\u00e9 proveden\u00ed<\/li>\n<li>1x police<\/li>\n<\/ul>\n<p>Umyvadlo nen\u00ed sou\u010d\u00e1st\u00ed sk\u0159\u00ed\u0148ky.<\/p>\n<p>N\u00e1bytek je dod\u00e1v\u00e1n ve smontovan\u00e9m stavu, p\u0159ipraven k&nbsp;okam\u017eit\u00e9 instalaci.<br \/>N\u00e1bytek instalujte na rovnou st\u011bnu. P\u0159i zkroucen\u00ed korpusu sk\u0159\u00ed\u0148ky m\u016f\u017ee doj\u00edt k&nbsp;poru\u0161e funkce dov\u00edrac\u00edch mechanism\u016f. Nevystavujte n\u00e1bytek trval\u00e9 vlhkosti a styku s&nbsp;vodou.<br \/>Po pou\u017eit\u00ed koupelnu \u0159\u00e1dn\u011b odv\u011btrejte. Proti p\u0159\u00edpadn\u00e9mu zat\u00e9k\u00e1n\u00ed do sk\u0159\u00ed\u0148ky pou\u017eijte silikonov\u00fd tmel.<\/p>\n<\/p><\/div>\n<div class=\"ProductDetailContent-item\">\n<h3>Vysv\u011btlivky<\/h3>\n<div class=\"product-explanation-item\">\n<h3>Lze vyrobit v tomto barevn\u00e9m proveden\u00ed:<\/h3>\n<p>Korpus sk\u0159\u00edn\u011bk: Cenov\u00e1 skupina A, B, C<br \/>Z\u00e1suvky a dv\u00ed\u0159ka: Cenov\u00e1 skupina C<\/p>\n<p><strong>Cenov\u00e1 skupina A  <\/strong>p\u0159\u00edplatek 0%<\/p>\n<div style=\"float: left; width: 16%; text-align: center;\">30 B\u00edl\u00e1 lesk<\/div>\n<div style=\"float: left; width: 16%; text-align: center;\">11 Dub st\u0159\u00edbrn\u00fd<\/div>\n<div style=\"float: left; width: 16%; text-align: center;\">13 Jilm bardini<\/div>\n<div style=\"float: left; width: 16%; text-align: center;\">16 Borovice rustik<\/div>\n<div style=\"float: left; width: 36%; text-align: center;\"><\/div>\n<div style=\"clear: both;\"><\/div>\n<div style=\"float: left; width: 100%; text-align: center;\"> <\/div>\n<div style=\"clear: both;\"><\/div>\n<p><strong>Cenov\u00e1 skupina B<\/strong>  p\u0159\u00edplatek 30%<\/p>\n<div style=\"float: left; width: 16%; text-align: center;\">10 Dub polar<\/div>\n<div style=\"float: left; width: 16%; text-align: center;\">12 Dub mocca<\/div>\n<div style=\"float: left; width: 16%; text-align: center;\">14 Dub ben\u00e1tsk\u00fd<\/div>\n<div style=\"float: left; width: 16%; text-align: center;\">20 Dub texas<\/div>\n<div style=\"float: left; width: 16%; text-align: center;\">15 Dub sherwood<\/div>\n<div style=\"float: left; width: 16%; text-align: center;\">19 Dub collingwood<\/div>\n<div style=\"clear: both;\"><\/div>\n<div style=\"float: left; width: 100%; text-align: center;\"> <\/div>\n<div style=\"clear: both;\"><\/div>\n<div style=\"float: left; width: 16%; text-align: center;\">22 Dub alabama<\/div>\n<div style=\"float: left; width: 16%; text-align: center;\">21 Mali wenge<\/div>\n<div style=\"float: left; width: 16%; text-align: center;\">17 O\u0159ech yosemite<\/div>\n<div style=\"float: left; width: 16%; text-align: center;\">18 Dub \u010dern\u00fd<\/div>\n<div style=\"float: left; width: 16%; text-align: center;\">31 B\u00edl\u00e1 mat<\/div>\n<div style=\"float: left; width: 16%; text-align: center;\">50 Slonov\u00e1 kost matn\u00e1<\/div>\n<div style=\"clear: both;\"><\/div>\n<div style=\"float: left; width: 100%; text-align: center;\"> <\/div>\n<div style=\"clear: both;\"><\/div>\n<div style=\"float: left; width: 16%; text-align: center;\">32 Ka\u0161m\u00edrov\u00e1 matn\u00e1<\/div>\n<div style=\"float: left; width: 16%; text-align: center;\">33 \u0160ed\u00e1 matn\u00e1<\/div>\n<div style=\"float: left; width: 16%; text-align: center;\">51 Tyrolsk\u00e1 modr\u00e1 matn\u00e1<\/div>\n<div style=\"float: left; width: 16%; text-align: center;\">34 Antracit matn\u00fd<\/div>\n<div style=\"float: left; width: 16%; text-align: center;\">35 \u010cern\u00e1 matn\u00e1<\/div>\n<div style=\"clear: both;\"><\/div>\n<div style=\"float: left; width: 100%; text-align: center;\"> <\/div>\n<div style=\"clear: both;\"><\/div>\n<p><strong>Cenov\u00e1 skupina C<\/strong>  p\u0159\u00edplatek 50%<br \/>jak\u00e1koliv barva dle vzorn\u00edku RAL nebo NCS v leskl\u00e9m nebo matn\u00e9m proveden\u00ed<\/p>\n<div style=\"float: left; width: 16%; text-align: center;\">RAL1019 \u0160edob\u00e9\u017eov\u00e1<\/div>\n<div style=\"float: left; width: 16%; text-align: center;\">RAL3004 Bord\u00f3<\/div>\n<div style=\"float: left; width: 16%; text-align: center;\">RAL6004 Modrozelen\u00e1<\/div>\n<div style=\"float: left; width: 16%; text-align: center;\">RAL7031 \u0160edomodr\u00e1<\/div>\n<div style=\"clear: both;\"><\/div>\n<p>Dodac\u00ed lh\u016fta cenov\u00fdch skupin B a C je 6 t\u00fddn\u016f.<\/p>\n<\/div>\n<div class=\"product-explanation-item\">\n<h3>Zpomalovac\u00ed panty<\/h3>\n<p>N\u00e1bytek je vybaven mechanismem zpomalovac\u00edch pant\u016f u dv\u00ed\u0159ek. Dv\u00ed\u0159ka sta\u010d\u00ed jen lehce postr\u010dit a ona se ji\u017e sama dov\u0159ou.<\/p>\n<\/div>\n<div class=\"product-explanation-item\">\n<h3>Bez umyvadla<\/h3>\n<p style=\"text-align: justify;\">Umyvadlo nen\u00ed sou\u010d\u00e1st\u00ed sk\u0159\u00ed\u0148ky.<\/p>\n<\/div><\/div>\n<div class=\"ProductDetailContent-item\">\n<h3>Popis s\u00e9rie<\/h3>\n<p style=\"text-align: justify;\">Designov\u00e1 s\u00e9rie ELLA zaoblen\u00fdmi rohy harmonicky lad\u00ed s&nbsp;keramick\u00fdmi umyvadly City. Bez\u00fachytov\u00fd syst\u00e9m umo\u017e\u0148uje pohodln\u00e9 otev\u00edr\u00e1n\u00ed z\u00e1suvek, samoz\u0159ejmost\u00ed je syst\u00e9m jejich automatick\u00e9ho dov\u0159en\u00ed. Vyb\u00edrat m\u016f\u017eete mezi umyvadlov\u00fdmi sk\u0159\u00ed\u0148kami se z\u00e1suvkami a s dv\u00ed\u0159ky. S\u00e9rii dotv\u00e1\u0159\u00ed dopl\u0148kov\u00e9 policov\u00e9 sk\u0159\u00ed\u0148ky.&nbsp;<\/p>\n<\/p><\/div>\n<\/p><\/div>\n<\/p><\/div>\n<\/p><\/div>\n<\/p><\/div>\n","protected":false},"excerpt":{"rendered":"<p>Popis produktu Sapho Ella Sk\u0159\u00ed\u0148ka pod umyvadlo 37,5x43x34cm 1x dv\u00ed\u0159ka lev\u00e1 b\u00edl\u00e1 (70045) Barva: B\u00edl\u00e1\u0160\u00ed\u0159ka: 375 mmV\u00fd\u0161ka: 430 mmHloubka: 340 mmBalen\u00ed: 1 ksRozm\u011br: 37,5x43x34 cmMateri\u00e1l: MDF\/laminoV\u00fdbava: Zpomalovac\u00ed pantyTyp sk\u0159\u00ed\u0148ky: Dv\u00ed\u0159kaZ\u00e1ruka: 2 rokyJin\u00e9 barevn\u00e9 proveden\u00ed: Dle vzorn\u00edkuTyp umyvadla: Klasick\u00e9 umyvadloSou\u010d\u00e1st balen\u00ed: Bez umyvadlaInstalace: Z\u00e1v\u011bsn\u00e9 na st\u011bnu Z\u00e1v\u011bsn\u00e1&nbsp;sk\u0159\u00ed\u0148ka pod umyvadlo 1x dv\u00ed\u0159ka lev\u00e9 proveden\u00ed 1x police Umyvadlo [&hellip;]<\/p>\n","protected":false},"featured_media":13490,"comment_status":"open","ping_status":"open","template":"","meta":[],"product_brand":[],"product_cat":[72],"product_tag":[],"class_list":{"0":"post-13390","1":"product","2":"type-product","3":"status-publish","4":"has-post-thumbnail","6":"product_cat-koupelny","8":"first","9":"instock","10":"sale","11":"shipping-taxable","12":"purchasable","13":"product-type-simple"},"yoast_head":"<!-- This site is optimized with the Yoast SEO plugin v26.8 - https:\/\/yoast.com\/product\/yoast-seo-wordpress\/ -->\n<title>V\u00fdhodn\u00e1 Nab\u00eddka Sapho Ella Sk\u0159\u00ed\u0148ka pod umyvadlo 37,5x43x34cm 1x dv\u00ed\u0159ka lev\u00e1 b\u00edl\u00e1 (70045) -<\/title>\n<meta name=\"robots\" content=\"index, follow, max-snippet:-1, max-image-preview:large, max-video-preview:-1\" \/>\n<link rel=\"canonical\" href=\"https:\/\/www.technodompro.com\/index.php\/produkt\/vyhodna-nabidka-sapho-ella-skrinka-pod-umyvadlo-37-5x43x34cm-1x-dvirka-leva-bila-70045-13390\/\" \/>\n<meta property=\"og:locale\" content=\"cs_CZ\" \/>\n<meta property=\"og:type\" content=\"article\" \/>\n<meta property=\"og:title\" content=\"V\u00fdhodn\u00e1 Nab\u00eddka Sapho Ella Sk\u0159\u00ed\u0148ka pod umyvadlo 37,5x43x34cm 1x dv\u00ed\u0159ka lev\u00e1 b\u00edl\u00e1 (70045) -\" \/>\n<meta property=\"og:description\" content=\"Popis produktu Sapho Ella Sk\u0159\u00ed\u0148ka pod umyvadlo 37,5x43x34cm 1x dv\u00ed\u0159ka lev\u00e1 b\u00edl\u00e1 (70045) Barva: B\u00edl\u00e1\u0160\u00ed\u0159ka: 375 mmV\u00fd\u0161ka: 430 mmHloubka: 340 mmBalen\u00ed: 1 ksRozm\u011br: 37,5x43x34 cmMateri\u00e1l: MDF\/laminoV\u00fdbava: Zpomalovac\u00ed pantyTyp sk\u0159\u00ed\u0148ky: Dv\u00ed\u0159kaZ\u00e1ruka: 2 rokyJin\u00e9 barevn\u00e9 proveden\u00ed: Dle vzorn\u00edkuTyp umyvadla: Klasick\u00e9 umyvadloSou\u010d\u00e1st balen\u00ed: Bez umyvadlaInstalace: Z\u00e1v\u011bsn\u00e9 na st\u011bnu Z\u00e1v\u011bsn\u00e1&nbsp;sk\u0159\u00ed\u0148ka pod umyvadlo 1x dv\u00ed\u0159ka lev\u00e9 proveden\u00ed 1x police Umyvadlo [&hellip;]\" \/>\n<meta property=\"og:url\" content=\"https:\/\/www.technodompro.com\/index.php\/produkt\/vyhodna-nabidka-sapho-ella-skrinka-pod-umyvadlo-37-5x43x34cm-1x-dvirka-leva-bila-70045-13390\/\" \/>\n<meta property=\"og:image\" content=\"https:\/\/www.technodompro.com\/wp-content\/uploads\/2026\/SK0014462-CZ20260425-092632-0-1777080397-sapho-ella-skrinka-pod-umyvadlo-37-5x43x34cm-1x-dvirka-leva.webp\" \/>\n\t<meta property=\"og:image:width\" content=\"552\" \/>\n\t<meta property=\"og:image:height\" content=\"600\" \/>\n\t<meta property=\"og:image:type\" content=\"image\/webp\" \/>\n<meta name=\"twitter:card\" content=\"summary_large_image\" \/>\n<meta name=\"twitter:label1\" content=\"Odhadovan\u00e1 doba \u010dten\u00ed\" \/>\n\t<meta name=\"twitter:data1\" content=\"2 minuty\" \/>\n<script type=\"application\/ld+json\" class=\"yoast-schema-graph\">{\"@context\":\"https:\/\/schema.org\",\"@graph\":[{\"@type\":\"WebPage\",\"@id\":\"https:\/\/www.technodompro.com\/index.php\/produkt\/vyhodna-nabidka-sapho-ella-skrinka-pod-umyvadlo-37-5x43x34cm-1x-dvirka-leva-bila-70045-13390\/\",\"url\":\"https:\/\/www.technodompro.com\/index.php\/produkt\/vyhodna-nabidka-sapho-ella-skrinka-pod-umyvadlo-37-5x43x34cm-1x-dvirka-leva-bila-70045-13390\/\",\"name\":\"V\u00fdhodn\u00e1 Nab\u00eddka Sapho Ella Sk\u0159\u00ed\u0148ka pod umyvadlo 37,5x43x34cm 1x dv\u00ed\u0159ka lev\u00e1 b\u00edl\u00e1 (70045) -\",\"isPartOf\":{\"@id\":\"https:\/\/www.technodompro.com\/#website\"},\"primaryImageOfPage\":{\"@id\":\"https:\/\/www.technodompro.com\/index.php\/produkt\/vyhodna-nabidka-sapho-ella-skrinka-pod-umyvadlo-37-5x43x34cm-1x-dvirka-leva-bila-70045-13390\/#primaryimage\"},\"image\":{\"@id\":\"https:\/\/www.technodompro.com\/index.php\/produkt\/vyhodna-nabidka-sapho-ella-skrinka-pod-umyvadlo-37-5x43x34cm-1x-dvirka-leva-bila-70045-13390\/#primaryimage\"},\"thumbnailUrl\":\"https:\/\/www.technodompro.com\/wp-content\/uploads\/2026\/SK0014462-CZ20260425-092632-0-1777080397-sapho-ella-skrinka-pod-umyvadlo-37-5x43x34cm-1x-dvirka-leva.webp\",\"datePublished\":\"2026-04-27T04:41:02+00:00\",\"breadcrumb\":{\"@id\":\"https:\/\/www.technodompro.com\/index.php\/produkt\/vyhodna-nabidka-sapho-ella-skrinka-pod-umyvadlo-37-5x43x34cm-1x-dvirka-leva-bila-70045-13390\/#breadcrumb\"},\"inLanguage\":\"cs\",\"potentialAction\":[{\"@type\":\"ReadAction\",\"target\":[\"https:\/\/www.technodompro.com\/index.php\/produkt\/vyhodna-nabidka-sapho-ella-skrinka-pod-umyvadlo-37-5x43x34cm-1x-dvirka-leva-bila-70045-13390\/\"]}]},{\"@type\":\"ImageObject\",\"inLanguage\":\"cs\",\"@id\":\"https:\/\/www.technodompro.com\/index.php\/produkt\/vyhodna-nabidka-sapho-ella-skrinka-pod-umyvadlo-37-5x43x34cm-1x-dvirka-leva-bila-70045-13390\/#primaryimage\",\"url\":\"https:\/\/www.technodompro.com\/wp-content\/uploads\/2026\/SK0014462-CZ20260425-092632-0-1777080397-sapho-ella-skrinka-pod-umyvadlo-37-5x43x34cm-1x-dvirka-leva.webp\",\"contentUrl\":\"https:\/\/www.technodompro.com\/wp-content\/uploads\/2026\/SK0014462-CZ20260425-092632-0-1777080397-sapho-ella-skrinka-pod-umyvadlo-37-5x43x34cm-1x-dvirka-leva.webp\",\"width\":552,\"height\":600},{\"@type\":\"BreadcrumbList\",\"@id\":\"https:\/\/www.technodompro.com\/index.php\/produkt\/vyhodna-nabidka-sapho-ella-skrinka-pod-umyvadlo-37-5x43x34cm-1x-dvirka-leva-bila-70045-13390\/#breadcrumb\",\"itemListElement\":[{\"@type\":\"ListItem\",\"position\":1,\"name\":\"Home\",\"item\":\"https:\/\/www.technodompro.com\/\"},{\"@type\":\"ListItem\",\"position\":2,\"name\":\"Products\",\"item\":\"https:\/\/www.technodompro.com\/index.php\/products\/\"},{\"@type\":\"ListItem\",\"position\":3,\"name\":\"V\u00fdhodn\u00e1 Nab\u00eddka Sapho Ella Sk\u0159\u00ed\u0148ka pod umyvadlo 37,5x43x34cm 1x dv\u00ed\u0159ka lev\u00e1 b\u00edl\u00e1 (70045)\"}]},{\"@type\":\"WebSite\",\"@id\":\"https:\/\/www.technodompro.com\/#website\",\"url\":\"https:\/\/www.technodompro.com\/\",\"name\":\"\",\"description\":\"\",\"potentialAction\":[{\"@type\":\"SearchAction\",\"target\":{\"@type\":\"EntryPoint\",\"urlTemplate\":\"https:\/\/www.technodompro.com\/?s={search_term_string}\"},\"query-input\":{\"@type\":\"PropertyValueSpecification\",\"valueRequired\":true,\"valueName\":\"search_term_string\"}}],\"inLanguage\":\"cs\"}]}<\/script>\n<!-- \/ Yoast SEO plugin. -->","yoast_head_json":{"title":"V\u00fdhodn\u00e1 Nab\u00eddka Sapho Ella Sk\u0159\u00ed\u0148ka pod umyvadlo 37,5x43x34cm 1x dv\u00ed\u0159ka lev\u00e1 b\u00edl\u00e1 (70045) -","robots":{"index":"index","follow":"follow","max-snippet":"max-snippet:-1","max-image-preview":"max-image-preview:large","max-video-preview":"max-video-preview:-1"},"canonical":"https:\/\/www.technodompro.com\/index.php\/produkt\/vyhodna-nabidka-sapho-ella-skrinka-pod-umyvadlo-37-5x43x34cm-1x-dvirka-leva-bila-70045-13390\/","og_locale":"cs_CZ","og_type":"article","og_title":"V\u00fdhodn\u00e1 Nab\u00eddka Sapho Ella Sk\u0159\u00ed\u0148ka pod umyvadlo 37,5x43x34cm 1x dv\u00ed\u0159ka lev\u00e1 b\u00edl\u00e1 (70045) -","og_description":"Popis produktu Sapho Ella Sk\u0159\u00ed\u0148ka pod umyvadlo 37,5x43x34cm 1x dv\u00ed\u0159ka lev\u00e1 b\u00edl\u00e1 (70045) Barva: B\u00edl\u00e1\u0160\u00ed\u0159ka: 375 mmV\u00fd\u0161ka: 430 mmHloubka: 340 mmBalen\u00ed: 1 ksRozm\u011br: 37,5x43x34 cmMateri\u00e1l: MDF\/laminoV\u00fdbava: Zpomalovac\u00ed pantyTyp sk\u0159\u00ed\u0148ky: Dv\u00ed\u0159kaZ\u00e1ruka: 2 rokyJin\u00e9 barevn\u00e9 proveden\u00ed: Dle vzorn\u00edkuTyp umyvadla: Klasick\u00e9 umyvadloSou\u010d\u00e1st balen\u00ed: Bez umyvadlaInstalace: Z\u00e1v\u011bsn\u00e9 na st\u011bnu Z\u00e1v\u011bsn\u00e1&nbsp;sk\u0159\u00ed\u0148ka pod umyvadlo 1x dv\u00ed\u0159ka lev\u00e9 proveden\u00ed 1x police Umyvadlo [&hellip;]","og_url":"https:\/\/www.technodompro.com\/index.php\/produkt\/vyhodna-nabidka-sapho-ella-skrinka-pod-umyvadlo-37-5x43x34cm-1x-dvirka-leva-bila-70045-13390\/","og_image":[{"width":552,"height":600,"url":"https:\/\/www.technodompro.com\/wp-content\/uploads\/2026\/SK0014462-CZ20260425-092632-0-1777080397-sapho-ella-skrinka-pod-umyvadlo-37-5x43x34cm-1x-dvirka-leva.webp","type":"image\/webp"}],"twitter_card":"summary_large_image","twitter_misc":{"Odhadovan\u00e1 doba \u010dten\u00ed":"2 minuty"},"schema":{"@context":"https:\/\/schema.org","@graph":[{"@type":"WebPage","@id":"https:\/\/www.technodompro.com\/index.php\/produkt\/vyhodna-nabidka-sapho-ella-skrinka-pod-umyvadlo-37-5x43x34cm-1x-dvirka-leva-bila-70045-13390\/","url":"https:\/\/www.technodompro.com\/index.php\/produkt\/vyhodna-nabidka-sapho-ella-skrinka-pod-umyvadlo-37-5x43x34cm-1x-dvirka-leva-bila-70045-13390\/","name":"V\u00fdhodn\u00e1 Nab\u00eddka Sapho Ella Sk\u0159\u00ed\u0148ka pod umyvadlo 37,5x43x34cm 1x dv\u00ed\u0159ka lev\u00e1 b\u00edl\u00e1 (70045) -","isPartOf":{"@id":"https:\/\/www.technodompro.com\/#website"},"primaryImageOfPage":{"@id":"https:\/\/www.technodompro.com\/index.php\/produkt\/vyhodna-nabidka-sapho-ella-skrinka-pod-umyvadlo-37-5x43x34cm-1x-dvirka-leva-bila-70045-13390\/#primaryimage"},"image":{"@id":"https:\/\/www.technodompro.com\/index.php\/produkt\/vyhodna-nabidka-sapho-ella-skrinka-pod-umyvadlo-37-5x43x34cm-1x-dvirka-leva-bila-70045-13390\/#primaryimage"},"thumbnailUrl":"https:\/\/www.technodompro.com\/wp-content\/uploads\/2026\/SK0014462-CZ20260425-092632-0-1777080397-sapho-ella-skrinka-pod-umyvadlo-37-5x43x34cm-1x-dvirka-leva.webp","datePublished":"2026-04-27T04:41:02+00:00","breadcrumb":{"@id":"https:\/\/www.technodompro.com\/index.php\/produkt\/vyhodna-nabidka-sapho-ella-skrinka-pod-umyvadlo-37-5x43x34cm-1x-dvirka-leva-bila-70045-13390\/#breadcrumb"},"inLanguage":"cs","potentialAction":[{"@type":"ReadAction","target":["https:\/\/www.technodompro.com\/index.php\/produkt\/vyhodna-nabidka-sapho-ella-skrinka-pod-umyvadlo-37-5x43x34cm-1x-dvirka-leva-bila-70045-13390\/"]}]},{"@type":"ImageObject","inLanguage":"cs","@id":"https:\/\/www.technodompro.com\/index.php\/produkt\/vyhodna-nabidka-sapho-ella-skrinka-pod-umyvadlo-37-5x43x34cm-1x-dvirka-leva-bila-70045-13390\/#primaryimage","url":"https:\/\/www.technodompro.com\/wp-content\/uploads\/2026\/SK0014462-CZ20260425-092632-0-1777080397-sapho-ella-skrinka-pod-umyvadlo-37-5x43x34cm-1x-dvirka-leva.webp","contentUrl":"https:\/\/www.technodompro.com\/wp-content\/uploads\/2026\/SK0014462-CZ20260425-092632-0-1777080397-sapho-ella-skrinka-pod-umyvadlo-37-5x43x34cm-1x-dvirka-leva.webp","width":552,"height":600},{"@type":"BreadcrumbList","@id":"https:\/\/www.technodompro.com\/index.php\/produkt\/vyhodna-nabidka-sapho-ella-skrinka-pod-umyvadlo-37-5x43x34cm-1x-dvirka-leva-bila-70045-13390\/#breadcrumb","itemListElement":[{"@type":"ListItem","position":1,"name":"Home","item":"https:\/\/www.technodompro.com\/"},{"@type":"ListItem","position":2,"name":"Products","item":"https:\/\/www.technodompro.com\/index.php\/products\/"},{"@type":"ListItem","position":3,"name":"V\u00fdhodn\u00e1 Nab\u00eddka Sapho Ella Sk\u0159\u00ed\u0148ka pod umyvadlo 37,5x43x34cm 1x dv\u00ed\u0159ka lev\u00e1 b\u00edl\u00e1 (70045)"}]},{"@type":"WebSite","@id":"https:\/\/www.technodompro.com\/#website","url":"https:\/\/www.technodompro.com\/","name":"","description":"","potentialAction":[{"@type":"SearchAction","target":{"@type":"EntryPoint","urlTemplate":"https:\/\/www.technodompro.com\/?s={search_term_string}"},"query-input":{"@type":"PropertyValueSpecification","valueRequired":true,"valueName":"search_term_string"}}],"inLanguage":"cs"}]}},"_links":{"self":[{"href":"https:\/\/www.technodompro.com\/index.php\/wp-json\/wp\/v2\/product\/13390","targetHints":{"allow":["GET"]}}],"collection":[{"href":"https:\/\/www.technodompro.com\/index.php\/wp-json\/wp\/v2\/product"}],"about":[{"href":"https:\/\/www.technodompro.com\/index.php\/wp-json\/wp\/v2\/types\/product"}],"replies":[{"embeddable":true,"href":"https:\/\/www.technodompro.com\/index.php\/wp-json\/wp\/v2\/comments?post=13390"}],"wp:featuredmedia":[{"embeddable":true,"href":"https:\/\/www.technodompro.com\/index.php\/wp-json\/wp\/v2\/media\/13490"}],"wp:attachment":[{"href":"https:\/\/www.technodompro.com\/index.php\/wp-json\/wp\/v2\/media?parent=13390"}],"wp:term":[{"taxonomy":"product_brand","embeddable":true,"href":"https:\/\/www.technodompro.com\/index.php\/wp-json\/wp\/v2\/product_brand?post=13390"},{"taxonomy":"product_cat","embeddable":true,"href":"https:\/\/www.technodompro.com\/index.php\/wp-json\/wp\/v2\/product_cat?post=13390"},{"taxonomy":"product_tag","embeddable":true,"href":"https:\/\/www.technodompro.com\/index.php\/wp-json\/wp\/v2\/product_tag?post=13390"}],"curies":[{"name":"wp","href":"https:\/\/api.w.org\/{rel}","templated":true}]}}