{"id":14096,"date":"2026-04-27T04:41:04","date_gmt":"2026-04-27T04:41:04","guid":{"rendered":""},"modified":"2026-04-27T04:41:04","modified_gmt":"2026-04-27T04:41:04","slug":"vyprodej-giacomini-p12hdb-uzaviraci-vlozka-m30x1-5-pro-rozdelovace-r553fpdb-r553fsdb-14096","status":"publish","type":"product","link":"https:\/\/www.technodompro.com\/index.php\/produkt\/vyprodej-giacomini-p12hdb-uzaviraci-vlozka-m30x1-5-pro-rozdelovace-r553fpdb-r553fsdb-14096\/","title":{"rendered":"V\u00fdprodej Giacomini P12HDB Uzav\u00edrac\u00ed vlo\u017eka M30x1,5 pro rozd\u011blova\u010de R553FPDB, R553FSDB"},"content":{"rendered":"<div class=\"ProductDetail-content NoFixImageContainer\" id=\"productDescription\">\n<div class=\"Heading\">\n<h2 class=\"Heading-title\">Popis produktu <span class=''>Giacomini P12HDB Uzav\u00edrac\u00ed vlo\u017eka M30x1,5 pro rozd\u011blova\u010de R553FPDB, R553FSDB<\/span><\/h2>\n<\/p><\/div>\n<div class=\"ProductDetailContent\">\n<p><span style=\"font-size:16px\">Uzav&iacute;rac&iacute; vlo\u017eka pro rozd\u011blova\u010de \u0159ady R553FPDB, R553FSDB (automatick&aacute; regulace pr\u016ftoku), M30x1,5.<\/span><\/p>\n<\/p><\/div>\n<div class=\"ProductDetailContent\">                                                                    <\/div>\n<\/p><\/div>\n<\/p><\/div>\n<\/p><\/div>\n","protected":false},"excerpt":{"rendered":"<p>Popis produktu Giacomini P12HDB Uzav\u00edrac\u00ed vlo\u017eka M30x1,5 pro rozd\u011blova\u010de R553FPDB, R553FSDB Uzav&iacute;rac&iacute; vlo\u017eka pro rozd\u011blova\u010de \u0159ady R553FPDB, R553FSDB (automatick&aacute; regulace pr\u016ftoku), M30x1,5.<\/p>\n","protected":false},"featured_media":14196,"comment_status":"open","ping_status":"open","template":"","meta":[],"product_brand":[],"product_cat":[73],"product_tag":[],"class_list":{"0":"post-14096","1":"product","2":"type-product","3":"status-publish","4":"has-post-thumbnail","6":"product_cat-topeni","8":"first","9":"instock","10":"sale","11":"shipping-taxable","12":"purchasable","13":"product-type-simple"},"yoast_head":"<!-- This site is optimized with the Yoast SEO plugin v26.8 - https:\/\/yoast.com\/product\/yoast-seo-wordpress\/ -->\n<title>V\u00fdprodej Giacomini P12HDB Uzav\u00edrac\u00ed vlo\u017eka M30x1,5 pro rozd\u011blova\u010de R553FPDB, R553FSDB -<\/title>\n<meta name=\"robots\" content=\"index, follow, max-snippet:-1, max-image-preview:large, max-video-preview:-1\" \/>\n<link rel=\"canonical\" href=\"https:\/\/www.technodompro.com\/index.php\/produkt\/vyprodej-giacomini-p12hdb-uzaviraci-vlozka-m30x1-5-pro-rozdelovace-r553fpdb-r553fsdb-14096\/\" \/>\n<meta property=\"og:locale\" content=\"cs_CZ\" \/>\n<meta property=\"og:type\" content=\"article\" \/>\n<meta property=\"og:title\" content=\"V\u00fdprodej Giacomini P12HDB Uzav\u00edrac\u00ed vlo\u017eka M30x1,5 pro rozd\u011blova\u010de R553FPDB, R553FSDB -\" \/>\n<meta property=\"og:description\" content=\"Popis produktu Giacomini P12HDB Uzav\u00edrac\u00ed vlo\u017eka M30x1,5 pro rozd\u011blova\u010de R553FPDB, R553FSDB Uzav&iacute;rac&iacute; vlo\u017eka pro rozd\u011blova\u010de \u0159ady R553FPDB, R553FSDB (automatick&aacute; regulace pr\u016ftoku), M30x1,5.\" \/>\n<meta property=\"og:url\" content=\"https:\/\/www.technodompro.com\/index.php\/produkt\/vyprodej-giacomini-p12hdb-uzaviraci-vlozka-m30x1-5-pro-rozdelovace-r553fpdb-r553fsdb-14096\/\" \/>\n<meta property=\"og:image\" content=\"https:\/\/www.technodompro.com\/wp-content\/uploads\/2026\/SK0014786-CZ20260425-092632-0-1777080397-giacomini-p12hdb-uzaviraci-vlozka-m30x1-5-pro-rozdelovace-r.webp\" \/>\n\t<meta property=\"og:image:width\" content=\"275\" \/>\n\t<meta property=\"og:image:height\" content=\"275\" \/>\n\t<meta property=\"og:image:type\" content=\"image\/webp\" \/>\n<meta name=\"twitter:card\" content=\"summary_large_image\" \/>\n<script type=\"application\/ld+json\" class=\"yoast-schema-graph\">{\"@context\":\"https:\/\/schema.org\",\"@graph\":[{\"@type\":\"WebPage\",\"@id\":\"https:\/\/www.technodompro.com\/index.php\/produkt\/vyprodej-giacomini-p12hdb-uzaviraci-vlozka-m30x1-5-pro-rozdelovace-r553fpdb-r553fsdb-14096\/\",\"url\":\"https:\/\/www.technodompro.com\/index.php\/produkt\/vyprodej-giacomini-p12hdb-uzaviraci-vlozka-m30x1-5-pro-rozdelovace-r553fpdb-r553fsdb-14096\/\",\"name\":\"V\u00fdprodej Giacomini P12HDB Uzav\u00edrac\u00ed vlo\u017eka M30x1,5 pro rozd\u011blova\u010de R553FPDB, R553FSDB -\",\"isPartOf\":{\"@id\":\"https:\/\/www.technodompro.com\/#website\"},\"primaryImageOfPage\":{\"@id\":\"https:\/\/www.technodompro.com\/index.php\/produkt\/vyprodej-giacomini-p12hdb-uzaviraci-vlozka-m30x1-5-pro-rozdelovace-r553fpdb-r553fsdb-14096\/#primaryimage\"},\"image\":{\"@id\":\"https:\/\/www.technodompro.com\/index.php\/produkt\/vyprodej-giacomini-p12hdb-uzaviraci-vlozka-m30x1-5-pro-rozdelovace-r553fpdb-r553fsdb-14096\/#primaryimage\"},\"thumbnailUrl\":\"https:\/\/www.technodompro.com\/wp-content\/uploads\/2026\/SK0014786-CZ20260425-092632-0-1777080397-giacomini-p12hdb-uzaviraci-vlozka-m30x1-5-pro-rozdelovace-r.webp\",\"datePublished\":\"2026-04-27T04:41:04+00:00\",\"breadcrumb\":{\"@id\":\"https:\/\/www.technodompro.com\/index.php\/produkt\/vyprodej-giacomini-p12hdb-uzaviraci-vlozka-m30x1-5-pro-rozdelovace-r553fpdb-r553fsdb-14096\/#breadcrumb\"},\"inLanguage\":\"cs\",\"potentialAction\":[{\"@type\":\"ReadAction\",\"target\":[\"https:\/\/www.technodompro.com\/index.php\/produkt\/vyprodej-giacomini-p12hdb-uzaviraci-vlozka-m30x1-5-pro-rozdelovace-r553fpdb-r553fsdb-14096\/\"]}]},{\"@type\":\"ImageObject\",\"inLanguage\":\"cs\",\"@id\":\"https:\/\/www.technodompro.com\/index.php\/produkt\/vyprodej-giacomini-p12hdb-uzaviraci-vlozka-m30x1-5-pro-rozdelovace-r553fpdb-r553fsdb-14096\/#primaryimage\",\"url\":\"https:\/\/www.technodompro.com\/wp-content\/uploads\/2026\/SK0014786-CZ20260425-092632-0-1777080397-giacomini-p12hdb-uzaviraci-vlozka-m30x1-5-pro-rozdelovace-r.webp\",\"contentUrl\":\"https:\/\/www.technodompro.com\/wp-content\/uploads\/2026\/SK0014786-CZ20260425-092632-0-1777080397-giacomini-p12hdb-uzaviraci-vlozka-m30x1-5-pro-rozdelovace-r.webp\",\"width\":275,\"height\":275},{\"@type\":\"BreadcrumbList\",\"@id\":\"https:\/\/www.technodompro.com\/index.php\/produkt\/vyprodej-giacomini-p12hdb-uzaviraci-vlozka-m30x1-5-pro-rozdelovace-r553fpdb-r553fsdb-14096\/#breadcrumb\",\"itemListElement\":[{\"@type\":\"ListItem\",\"position\":1,\"name\":\"Home\",\"item\":\"https:\/\/www.technodompro.com\/\"},{\"@type\":\"ListItem\",\"position\":2,\"name\":\"Products\",\"item\":\"https:\/\/www.technodompro.com\/index.php\/products\/\"},{\"@type\":\"ListItem\",\"position\":3,\"name\":\"V\u00fdprodej Giacomini P12HDB Uzav\u00edrac\u00ed vlo\u017eka M30x1,5 pro rozd\u011blova\u010de R553FPDB, R553FSDB\"}]},{\"@type\":\"WebSite\",\"@id\":\"https:\/\/www.technodompro.com\/#website\",\"url\":\"https:\/\/www.technodompro.com\/\",\"name\":\"\",\"description\":\"\",\"potentialAction\":[{\"@type\":\"SearchAction\",\"target\":{\"@type\":\"EntryPoint\",\"urlTemplate\":\"https:\/\/www.technodompro.com\/?s={search_term_string}\"},\"query-input\":{\"@type\":\"PropertyValueSpecification\",\"valueRequired\":true,\"valueName\":\"search_term_string\"}}],\"inLanguage\":\"cs\"}]}<\/script>\n<!-- \/ Yoast SEO plugin. -->","yoast_head_json":{"title":"V\u00fdprodej Giacomini P12HDB Uzav\u00edrac\u00ed vlo\u017eka M30x1,5 pro rozd\u011blova\u010de R553FPDB, R553FSDB -","robots":{"index":"index","follow":"follow","max-snippet":"max-snippet:-1","max-image-preview":"max-image-preview:large","max-video-preview":"max-video-preview:-1"},"canonical":"https:\/\/www.technodompro.com\/index.php\/produkt\/vyprodej-giacomini-p12hdb-uzaviraci-vlozka-m30x1-5-pro-rozdelovace-r553fpdb-r553fsdb-14096\/","og_locale":"cs_CZ","og_type":"article","og_title":"V\u00fdprodej Giacomini P12HDB Uzav\u00edrac\u00ed vlo\u017eka M30x1,5 pro rozd\u011blova\u010de R553FPDB, R553FSDB -","og_description":"Popis produktu Giacomini P12HDB Uzav\u00edrac\u00ed vlo\u017eka M30x1,5 pro rozd\u011blova\u010de R553FPDB, R553FSDB Uzav&iacute;rac&iacute; vlo\u017eka pro rozd\u011blova\u010de \u0159ady R553FPDB, R553FSDB (automatick&aacute; regulace pr\u016ftoku), M30x1,5.","og_url":"https:\/\/www.technodompro.com\/index.php\/produkt\/vyprodej-giacomini-p12hdb-uzaviraci-vlozka-m30x1-5-pro-rozdelovace-r553fpdb-r553fsdb-14096\/","og_image":[{"width":275,"height":275,"url":"https:\/\/www.technodompro.com\/wp-content\/uploads\/2026\/SK0014786-CZ20260425-092632-0-1777080397-giacomini-p12hdb-uzaviraci-vlozka-m30x1-5-pro-rozdelovace-r.webp","type":"image\/webp"}],"twitter_card":"summary_large_image","schema":{"@context":"https:\/\/schema.org","@graph":[{"@type":"WebPage","@id":"https:\/\/www.technodompro.com\/index.php\/produkt\/vyprodej-giacomini-p12hdb-uzaviraci-vlozka-m30x1-5-pro-rozdelovace-r553fpdb-r553fsdb-14096\/","url":"https:\/\/www.technodompro.com\/index.php\/produkt\/vyprodej-giacomini-p12hdb-uzaviraci-vlozka-m30x1-5-pro-rozdelovace-r553fpdb-r553fsdb-14096\/","name":"V\u00fdprodej Giacomini P12HDB Uzav\u00edrac\u00ed vlo\u017eka M30x1,5 pro rozd\u011blova\u010de R553FPDB, R553FSDB -","isPartOf":{"@id":"https:\/\/www.technodompro.com\/#website"},"primaryImageOfPage":{"@id":"https:\/\/www.technodompro.com\/index.php\/produkt\/vyprodej-giacomini-p12hdb-uzaviraci-vlozka-m30x1-5-pro-rozdelovace-r553fpdb-r553fsdb-14096\/#primaryimage"},"image":{"@id":"https:\/\/www.technodompro.com\/index.php\/produkt\/vyprodej-giacomini-p12hdb-uzaviraci-vlozka-m30x1-5-pro-rozdelovace-r553fpdb-r553fsdb-14096\/#primaryimage"},"thumbnailUrl":"https:\/\/www.technodompro.com\/wp-content\/uploads\/2026\/SK0014786-CZ20260425-092632-0-1777080397-giacomini-p12hdb-uzaviraci-vlozka-m30x1-5-pro-rozdelovace-r.webp","datePublished":"2026-04-27T04:41:04+00:00","breadcrumb":{"@id":"https:\/\/www.technodompro.com\/index.php\/produkt\/vyprodej-giacomini-p12hdb-uzaviraci-vlozka-m30x1-5-pro-rozdelovace-r553fpdb-r553fsdb-14096\/#breadcrumb"},"inLanguage":"cs","potentialAction":[{"@type":"ReadAction","target":["https:\/\/www.technodompro.com\/index.php\/produkt\/vyprodej-giacomini-p12hdb-uzaviraci-vlozka-m30x1-5-pro-rozdelovace-r553fpdb-r553fsdb-14096\/"]}]},{"@type":"ImageObject","inLanguage":"cs","@id":"https:\/\/www.technodompro.com\/index.php\/produkt\/vyprodej-giacomini-p12hdb-uzaviraci-vlozka-m30x1-5-pro-rozdelovace-r553fpdb-r553fsdb-14096\/#primaryimage","url":"https:\/\/www.technodompro.com\/wp-content\/uploads\/2026\/SK0014786-CZ20260425-092632-0-1777080397-giacomini-p12hdb-uzaviraci-vlozka-m30x1-5-pro-rozdelovace-r.webp","contentUrl":"https:\/\/www.technodompro.com\/wp-content\/uploads\/2026\/SK0014786-CZ20260425-092632-0-1777080397-giacomini-p12hdb-uzaviraci-vlozka-m30x1-5-pro-rozdelovace-r.webp","width":275,"height":275},{"@type":"BreadcrumbList","@id":"https:\/\/www.technodompro.com\/index.php\/produkt\/vyprodej-giacomini-p12hdb-uzaviraci-vlozka-m30x1-5-pro-rozdelovace-r553fpdb-r553fsdb-14096\/#breadcrumb","itemListElement":[{"@type":"ListItem","position":1,"name":"Home","item":"https:\/\/www.technodompro.com\/"},{"@type":"ListItem","position":2,"name":"Products","item":"https:\/\/www.technodompro.com\/index.php\/products\/"},{"@type":"ListItem","position":3,"name":"V\u00fdprodej Giacomini P12HDB Uzav\u00edrac\u00ed vlo\u017eka M30x1,5 pro rozd\u011blova\u010de R553FPDB, R553FSDB"}]},{"@type":"WebSite","@id":"https:\/\/www.technodompro.com\/#website","url":"https:\/\/www.technodompro.com\/","name":"","description":"","potentialAction":[{"@type":"SearchAction","target":{"@type":"EntryPoint","urlTemplate":"https:\/\/www.technodompro.com\/?s={search_term_string}"},"query-input":{"@type":"PropertyValueSpecification","valueRequired":true,"valueName":"search_term_string"}}],"inLanguage":"cs"}]}},"_links":{"self":[{"href":"https:\/\/www.technodompro.com\/index.php\/wp-json\/wp\/v2\/product\/14096","targetHints":{"allow":["GET"]}}],"collection":[{"href":"https:\/\/www.technodompro.com\/index.php\/wp-json\/wp\/v2\/product"}],"about":[{"href":"https:\/\/www.technodompro.com\/index.php\/wp-json\/wp\/v2\/types\/product"}],"replies":[{"embeddable":true,"href":"https:\/\/www.technodompro.com\/index.php\/wp-json\/wp\/v2\/comments?post=14096"}],"wp:featuredmedia":[{"embeddable":true,"href":"https:\/\/www.technodompro.com\/index.php\/wp-json\/wp\/v2\/media\/14196"}],"wp:attachment":[{"href":"https:\/\/www.technodompro.com\/index.php\/wp-json\/wp\/v2\/media?parent=14096"}],"wp:term":[{"taxonomy":"product_brand","embeddable":true,"href":"https:\/\/www.technodompro.com\/index.php\/wp-json\/wp\/v2\/product_brand?post=14096"},{"taxonomy":"product_cat","embeddable":true,"href":"https:\/\/www.technodompro.com\/index.php\/wp-json\/wp\/v2\/product_cat?post=14096"},{"taxonomy":"product_tag","embeddable":true,"href":"https:\/\/www.technodompro.com\/index.php\/wp-json\/wp\/v2\/product_tag?post=14096"}],"curies":[{"name":"wp","href":"https:\/\/api.w.org\/{rel}","templated":true}]}}