{"id":14116,"date":"2026-04-27T04:41:04","date_gmt":"2026-04-27T04:41:04","guid":{"rendered":""},"modified":"2026-04-27T04:41:04","modified_gmt":"2026-04-27T04:41:04","slug":"originalni-regulus-ventil-kulovy-tricestny-vzk-m-325-l-3-4f-rucni-ovladani-vrtani-do-l-14116","status":"publish","type":"product","link":"https:\/\/www.technodompro.com\/index.php\/produkt\/originalni-regulus-ventil-kulovy-tricestny-vzk-m-325-l-3-4f-rucni-ovladani-vrtani-do-l-14116\/","title":{"rendered":"Origin\u00e1ln\u00ed Regulus Ventil kulov\u00fd t\u0159\u00edcestn\u00fd VZK M 325 L 3\/4F &#8211; ru\u010dn\u00ed ovl\u00e1d\u00e1n\u00ed, vrt\u00e1n\u00ed do L"},"content":{"rendered":"<div class=\"ProductDetail-content NoFixImageContainer\" id=\"productDescription\">\n<div class=\"Heading\">\n<h2 class=\"Heading-title\">Popis produktu <span class=''>Regulus Ventil kulov\u00fd t\u0159\u00edcestn\u00fd VZK M 325 L 3\/4F &#8211; ru\u010dn\u00ed ovl\u00e1d\u00e1n\u00ed, vrt\u00e1n\u00ed do L<\/span><\/h2>\n<\/p><\/div>\n<div class=\"ProductDetailContent\">\n<p><span style=\"color:rgb(46, 45, 48); font-family:open sans,sans-serif; font-size:16px\">T\u0159&iacute;cestn&yacute; z&oacute;nov&yacute; kulov&yacute; ventil s&nbsp;ru\u010dn&iacute;m ovl&aacute;d&aacute;n&iacute;m a vrt&aacute;n&iacute;m do L. PN 16, DN 25, 110 &deg;C. Vhodn&yacute; i&nbsp;pro pitnou vodu.<\/span><\/p>\n<\/p><\/div>\n<div class=\"ProductDetailContent\">                                                                    <\/div>\n<\/p><\/div>\n<\/p><\/div>\n<\/p><\/div>\n","protected":false},"excerpt":{"rendered":"<p>Popis produktu Regulus Ventil kulov\u00fd t\u0159\u00edcestn\u00fd VZK M 325 L 3\/4F &#8211; ru\u010dn\u00ed ovl\u00e1d\u00e1n\u00ed, vrt\u00e1n\u00ed do L T\u0159&iacute;cestn&yacute; z&oacute;nov&yacute; kulov&yacute; ventil s&nbsp;ru\u010dn&iacute;m ovl&aacute;d&aacute;n&iacute;m a vrt&aacute;n&iacute;m do L. PN 16, DN 25, 110 &deg;C. Vhodn&yacute; i&nbsp;pro pitnou vodu.<\/p>\n","protected":false},"featured_media":14216,"comment_status":"open","ping_status":"open","template":"","meta":[],"product_brand":[],"product_cat":[73],"product_tag":[],"class_list":{"0":"post-14116","1":"product","2":"type-product","3":"status-publish","4":"has-post-thumbnail","6":"product_cat-topeni","8":"first","9":"instock","10":"sale","11":"shipping-taxable","12":"purchasable","13":"product-type-simple"},"yoast_head":"<!-- This site is optimized with the Yoast SEO plugin v26.8 - https:\/\/yoast.com\/product\/yoast-seo-wordpress\/ -->\n<title>Origin\u00e1ln\u00ed Regulus Ventil kulov\u00fd t\u0159\u00edcestn\u00fd VZK M 325 L 3\/4F - ru\u010dn\u00ed ovl\u00e1d\u00e1n\u00ed, vrt\u00e1n\u00ed do L -<\/title>\n<meta name=\"robots\" content=\"index, follow, max-snippet:-1, max-image-preview:large, max-video-preview:-1\" \/>\n<link rel=\"canonical\" href=\"https:\/\/www.technodompro.com\/index.php\/produkt\/originalni-regulus-ventil-kulovy-tricestny-vzk-m-325-l-3-4f-rucni-ovladani-vrtani-do-l-14116\/\" \/>\n<meta property=\"og:locale\" content=\"cs_CZ\" \/>\n<meta property=\"og:type\" content=\"article\" \/>\n<meta property=\"og:title\" content=\"Origin\u00e1ln\u00ed Regulus Ventil kulov\u00fd t\u0159\u00edcestn\u00fd VZK M 325 L 3\/4F - ru\u010dn\u00ed ovl\u00e1d\u00e1n\u00ed, vrt\u00e1n\u00ed do L -\" \/>\n<meta property=\"og:description\" content=\"Popis produktu Regulus Ventil kulov\u00fd t\u0159\u00edcestn\u00fd VZK M 325 L 3\/4F &#8211; ru\u010dn\u00ed ovl\u00e1d\u00e1n\u00ed, vrt\u00e1n\u00ed do L T\u0159&iacute;cestn&yacute; z&oacute;nov&yacute; kulov&yacute; ventil s&nbsp;ru\u010dn&iacute;m ovl&aacute;d&aacute;n&iacute;m a vrt&aacute;n&iacute;m do L. PN 16, DN 25, 110 &deg;C. Vhodn&yacute; i&nbsp;pro pitnou vodu.\" \/>\n<meta property=\"og:url\" content=\"https:\/\/www.technodompro.com\/index.php\/produkt\/originalni-regulus-ventil-kulovy-tricestny-vzk-m-325-l-3-4f-rucni-ovladani-vrtani-do-l-14116\/\" \/>\n<meta property=\"og:image\" content=\"https:\/\/www.technodompro.com\/wp-content\/uploads\/2026\/SK0014816-CZ20260425-092632-0-1777080397-regulus-ventil-kulovy-tricestny-vzk-m-325-l-3-4f-rucni-ovla.webp\" \/>\n\t<meta property=\"og:image:width\" content=\"261\" \/>\n\t<meta property=\"og:image:height\" content=\"280\" \/>\n\t<meta property=\"og:image:type\" content=\"image\/webp\" \/>\n<meta name=\"twitter:card\" content=\"summary_large_image\" \/>\n<script type=\"application\/ld+json\" class=\"yoast-schema-graph\">{\"@context\":\"https:\/\/schema.org\",\"@graph\":[{\"@type\":\"WebPage\",\"@id\":\"https:\/\/www.technodompro.com\/index.php\/produkt\/originalni-regulus-ventil-kulovy-tricestny-vzk-m-325-l-3-4f-rucni-ovladani-vrtani-do-l-14116\/\",\"url\":\"https:\/\/www.technodompro.com\/index.php\/produkt\/originalni-regulus-ventil-kulovy-tricestny-vzk-m-325-l-3-4f-rucni-ovladani-vrtani-do-l-14116\/\",\"name\":\"Origin\u00e1ln\u00ed Regulus Ventil kulov\u00fd t\u0159\u00edcestn\u00fd VZK M 325 L 3\/4F - ru\u010dn\u00ed ovl\u00e1d\u00e1n\u00ed, vrt\u00e1n\u00ed do L -\",\"isPartOf\":{\"@id\":\"https:\/\/www.technodompro.com\/#website\"},\"primaryImageOfPage\":{\"@id\":\"https:\/\/www.technodompro.com\/index.php\/produkt\/originalni-regulus-ventil-kulovy-tricestny-vzk-m-325-l-3-4f-rucni-ovladani-vrtani-do-l-14116\/#primaryimage\"},\"image\":{\"@id\":\"https:\/\/www.technodompro.com\/index.php\/produkt\/originalni-regulus-ventil-kulovy-tricestny-vzk-m-325-l-3-4f-rucni-ovladani-vrtani-do-l-14116\/#primaryimage\"},\"thumbnailUrl\":\"https:\/\/www.technodompro.com\/wp-content\/uploads\/2026\/SK0014816-CZ20260425-092632-0-1777080397-regulus-ventil-kulovy-tricestny-vzk-m-325-l-3-4f-rucni-ovla.webp\",\"datePublished\":\"2026-04-27T04:41:04+00:00\",\"breadcrumb\":{\"@id\":\"https:\/\/www.technodompro.com\/index.php\/produkt\/originalni-regulus-ventil-kulovy-tricestny-vzk-m-325-l-3-4f-rucni-ovladani-vrtani-do-l-14116\/#breadcrumb\"},\"inLanguage\":\"cs\",\"potentialAction\":[{\"@type\":\"ReadAction\",\"target\":[\"https:\/\/www.technodompro.com\/index.php\/produkt\/originalni-regulus-ventil-kulovy-tricestny-vzk-m-325-l-3-4f-rucni-ovladani-vrtani-do-l-14116\/\"]}]},{\"@type\":\"ImageObject\",\"inLanguage\":\"cs\",\"@id\":\"https:\/\/www.technodompro.com\/index.php\/produkt\/originalni-regulus-ventil-kulovy-tricestny-vzk-m-325-l-3-4f-rucni-ovladani-vrtani-do-l-14116\/#primaryimage\",\"url\":\"https:\/\/www.technodompro.com\/wp-content\/uploads\/2026\/SK0014816-CZ20260425-092632-0-1777080397-regulus-ventil-kulovy-tricestny-vzk-m-325-l-3-4f-rucni-ovla.webp\",\"contentUrl\":\"https:\/\/www.technodompro.com\/wp-content\/uploads\/2026\/SK0014816-CZ20260425-092632-0-1777080397-regulus-ventil-kulovy-tricestny-vzk-m-325-l-3-4f-rucni-ovla.webp\",\"width\":261,\"height\":280},{\"@type\":\"BreadcrumbList\",\"@id\":\"https:\/\/www.technodompro.com\/index.php\/produkt\/originalni-regulus-ventil-kulovy-tricestny-vzk-m-325-l-3-4f-rucni-ovladani-vrtani-do-l-14116\/#breadcrumb\",\"itemListElement\":[{\"@type\":\"ListItem\",\"position\":1,\"name\":\"Home\",\"item\":\"https:\/\/www.technodompro.com\/\"},{\"@type\":\"ListItem\",\"position\":2,\"name\":\"Products\",\"item\":\"https:\/\/www.technodompro.com\/index.php\/products\/\"},{\"@type\":\"ListItem\",\"position\":3,\"name\":\"Origin\u00e1ln\u00ed Regulus Ventil kulov\u00fd t\u0159\u00edcestn\u00fd VZK M 325 L 3\/4F &#8211; ru\u010dn\u00ed ovl\u00e1d\u00e1n\u00ed, vrt\u00e1n\u00ed do L\"}]},{\"@type\":\"WebSite\",\"@id\":\"https:\/\/www.technodompro.com\/#website\",\"url\":\"https:\/\/www.technodompro.com\/\",\"name\":\"\",\"description\":\"\",\"potentialAction\":[{\"@type\":\"SearchAction\",\"target\":{\"@type\":\"EntryPoint\",\"urlTemplate\":\"https:\/\/www.technodompro.com\/?s={search_term_string}\"},\"query-input\":{\"@type\":\"PropertyValueSpecification\",\"valueRequired\":true,\"valueName\":\"search_term_string\"}}],\"inLanguage\":\"cs\"}]}<\/script>\n<!-- \/ Yoast SEO plugin. -->","yoast_head_json":{"title":"Origin\u00e1ln\u00ed Regulus Ventil kulov\u00fd t\u0159\u00edcestn\u00fd VZK M 325 L 3\/4F - ru\u010dn\u00ed ovl\u00e1d\u00e1n\u00ed, vrt\u00e1n\u00ed do L -","robots":{"index":"index","follow":"follow","max-snippet":"max-snippet:-1","max-image-preview":"max-image-preview:large","max-video-preview":"max-video-preview:-1"},"canonical":"https:\/\/www.technodompro.com\/index.php\/produkt\/originalni-regulus-ventil-kulovy-tricestny-vzk-m-325-l-3-4f-rucni-ovladani-vrtani-do-l-14116\/","og_locale":"cs_CZ","og_type":"article","og_title":"Origin\u00e1ln\u00ed Regulus Ventil kulov\u00fd t\u0159\u00edcestn\u00fd VZK M 325 L 3\/4F - ru\u010dn\u00ed ovl\u00e1d\u00e1n\u00ed, vrt\u00e1n\u00ed do L -","og_description":"Popis produktu Regulus Ventil kulov\u00fd t\u0159\u00edcestn\u00fd VZK M 325 L 3\/4F &#8211; ru\u010dn\u00ed ovl\u00e1d\u00e1n\u00ed, vrt\u00e1n\u00ed do L T\u0159&iacute;cestn&yacute; z&oacute;nov&yacute; kulov&yacute; ventil s&nbsp;ru\u010dn&iacute;m ovl&aacute;d&aacute;n&iacute;m a vrt&aacute;n&iacute;m do L. PN 16, DN 25, 110 &deg;C. Vhodn&yacute; i&nbsp;pro pitnou vodu.","og_url":"https:\/\/www.technodompro.com\/index.php\/produkt\/originalni-regulus-ventil-kulovy-tricestny-vzk-m-325-l-3-4f-rucni-ovladani-vrtani-do-l-14116\/","og_image":[{"width":261,"height":280,"url":"https:\/\/www.technodompro.com\/wp-content\/uploads\/2026\/SK0014816-CZ20260425-092632-0-1777080397-regulus-ventil-kulovy-tricestny-vzk-m-325-l-3-4f-rucni-ovla.webp","type":"image\/webp"}],"twitter_card":"summary_large_image","schema":{"@context":"https:\/\/schema.org","@graph":[{"@type":"WebPage","@id":"https:\/\/www.technodompro.com\/index.php\/produkt\/originalni-regulus-ventil-kulovy-tricestny-vzk-m-325-l-3-4f-rucni-ovladani-vrtani-do-l-14116\/","url":"https:\/\/www.technodompro.com\/index.php\/produkt\/originalni-regulus-ventil-kulovy-tricestny-vzk-m-325-l-3-4f-rucni-ovladani-vrtani-do-l-14116\/","name":"Origin\u00e1ln\u00ed Regulus Ventil kulov\u00fd t\u0159\u00edcestn\u00fd VZK M 325 L 3\/4F - ru\u010dn\u00ed ovl\u00e1d\u00e1n\u00ed, vrt\u00e1n\u00ed do L -","isPartOf":{"@id":"https:\/\/www.technodompro.com\/#website"},"primaryImageOfPage":{"@id":"https:\/\/www.technodompro.com\/index.php\/produkt\/originalni-regulus-ventil-kulovy-tricestny-vzk-m-325-l-3-4f-rucni-ovladani-vrtani-do-l-14116\/#primaryimage"},"image":{"@id":"https:\/\/www.technodompro.com\/index.php\/produkt\/originalni-regulus-ventil-kulovy-tricestny-vzk-m-325-l-3-4f-rucni-ovladani-vrtani-do-l-14116\/#primaryimage"},"thumbnailUrl":"https:\/\/www.technodompro.com\/wp-content\/uploads\/2026\/SK0014816-CZ20260425-092632-0-1777080397-regulus-ventil-kulovy-tricestny-vzk-m-325-l-3-4f-rucni-ovla.webp","datePublished":"2026-04-27T04:41:04+00:00","breadcrumb":{"@id":"https:\/\/www.technodompro.com\/index.php\/produkt\/originalni-regulus-ventil-kulovy-tricestny-vzk-m-325-l-3-4f-rucni-ovladani-vrtani-do-l-14116\/#breadcrumb"},"inLanguage":"cs","potentialAction":[{"@type":"ReadAction","target":["https:\/\/www.technodompro.com\/index.php\/produkt\/originalni-regulus-ventil-kulovy-tricestny-vzk-m-325-l-3-4f-rucni-ovladani-vrtani-do-l-14116\/"]}]},{"@type":"ImageObject","inLanguage":"cs","@id":"https:\/\/www.technodompro.com\/index.php\/produkt\/originalni-regulus-ventil-kulovy-tricestny-vzk-m-325-l-3-4f-rucni-ovladani-vrtani-do-l-14116\/#primaryimage","url":"https:\/\/www.technodompro.com\/wp-content\/uploads\/2026\/SK0014816-CZ20260425-092632-0-1777080397-regulus-ventil-kulovy-tricestny-vzk-m-325-l-3-4f-rucni-ovla.webp","contentUrl":"https:\/\/www.technodompro.com\/wp-content\/uploads\/2026\/SK0014816-CZ20260425-092632-0-1777080397-regulus-ventil-kulovy-tricestny-vzk-m-325-l-3-4f-rucni-ovla.webp","width":261,"height":280},{"@type":"BreadcrumbList","@id":"https:\/\/www.technodompro.com\/index.php\/produkt\/originalni-regulus-ventil-kulovy-tricestny-vzk-m-325-l-3-4f-rucni-ovladani-vrtani-do-l-14116\/#breadcrumb","itemListElement":[{"@type":"ListItem","position":1,"name":"Home","item":"https:\/\/www.technodompro.com\/"},{"@type":"ListItem","position":2,"name":"Products","item":"https:\/\/www.technodompro.com\/index.php\/products\/"},{"@type":"ListItem","position":3,"name":"Origin\u00e1ln\u00ed Regulus Ventil kulov\u00fd t\u0159\u00edcestn\u00fd VZK M 325 L 3\/4F &#8211; ru\u010dn\u00ed ovl\u00e1d\u00e1n\u00ed, vrt\u00e1n\u00ed do L"}]},{"@type":"WebSite","@id":"https:\/\/www.technodompro.com\/#website","url":"https:\/\/www.technodompro.com\/","name":"","description":"","potentialAction":[{"@type":"SearchAction","target":{"@type":"EntryPoint","urlTemplate":"https:\/\/www.technodompro.com\/?s={search_term_string}"},"query-input":{"@type":"PropertyValueSpecification","valueRequired":true,"valueName":"search_term_string"}}],"inLanguage":"cs"}]}},"_links":{"self":[{"href":"https:\/\/www.technodompro.com\/index.php\/wp-json\/wp\/v2\/product\/14116","targetHints":{"allow":["GET"]}}],"collection":[{"href":"https:\/\/www.technodompro.com\/index.php\/wp-json\/wp\/v2\/product"}],"about":[{"href":"https:\/\/www.technodompro.com\/index.php\/wp-json\/wp\/v2\/types\/product"}],"replies":[{"embeddable":true,"href":"https:\/\/www.technodompro.com\/index.php\/wp-json\/wp\/v2\/comments?post=14116"}],"wp:featuredmedia":[{"embeddable":true,"href":"https:\/\/www.technodompro.com\/index.php\/wp-json\/wp\/v2\/media\/14216"}],"wp:attachment":[{"href":"https:\/\/www.technodompro.com\/index.php\/wp-json\/wp\/v2\/media?parent=14116"}],"wp:term":[{"taxonomy":"product_brand","embeddable":true,"href":"https:\/\/www.technodompro.com\/index.php\/wp-json\/wp\/v2\/product_brand?post=14116"},{"taxonomy":"product_cat","embeddable":true,"href":"https:\/\/www.technodompro.com\/index.php\/wp-json\/wp\/v2\/product_cat?post=14116"},{"taxonomy":"product_tag","embeddable":true,"href":"https:\/\/www.technodompro.com\/index.php\/wp-json\/wp\/v2\/product_tag?post=14116"}],"curies":[{"name":"wp","href":"https:\/\/api.w.org\/{rel}","templated":true}]}}