{"id":14583,"date":"2026-04-27T04:41:05","date_gmt":"2026-04-27T04:41:05","guid":{"rendered":""},"modified":"2026-04-27T04:41:05","modified_gmt":"2026-04-27T04:41:05","slug":"znackovy-gelco-vario-black-jednodilna-zastena-walk-in-110cm-do-prostoru-kourove-sklo-14583","status":"publish","type":"product","link":"https:\/\/www.technodompro.com\/index.php\/produkt\/znackovy-gelco-vario-black-jednodilna-zastena-walk-in-110cm-do-prostoru-kourove-sklo-14583\/","title":{"rendered":"Zna\u010dkov\u00fd Gelco Vario Black Jednod\u00edln\u00e1 z\u00e1st\u011bna Walk-In 110cm do prostoru kou\u0159ov\u00e9 sklo"},"content":{"rendered":"<div class=\"ProductDetail-content NoFixImageContainer\" id=\"productDescription\">\n<div class=\"Heading\">\n<h2 class=\"Heading-title\">Popis produktu <span class=''>Gelco Vario Black Jednod\u00edln\u00e1 z\u00e1st\u011bna Walk-In 110cm do prostoru kou\u0159ov\u00e9 sklo<\/span><\/h2>\n<\/p><\/div>\n<div class=\"ProductDetailContent\">                                                                    <\/div>\n<div class=\"ProductDetailContent\">\n<div class=\"ProductDetailContent-item\">                                            \u0160\u00ed\u0159ka: 1100 mm<br \/>V\u00fd\u0161ka: 2000 mm<br \/>Balen\u00ed: 3 ks<br \/>Tvar: Jednost\u011bnn\u00e1 Walk<br \/>Typ v\u00fdpln\u011b: Kou\u0159ov\u00e9 sklo<br \/>\u00daprava skla: Coated glass<br \/>Tlou\u0161\u0165ka skla: 8 mm<br \/>Barva profilu: \u010cern\u00e1 mat<br \/>Z\u00e1ruka: 3 roky                                        <\/div>\n<div class=\"ProductDetailContent-item\">\n<h3>Vysv\u011btlivky<\/h3>\n<div class=\"product-explanation-item\">\n<h3><span><strong>Coated glass<\/strong><\/span><\/h3>\n<p style=\"text-align: justify;\">Coated glass p\u0159edstavuje jednu z nejkvalitn\u011bj\u0161\u00edch \u00faprav skla sprchov\u00fdch kout\u016f. Jedn\u00e1 se o chemickou slou\u010deninu sm\u011bsi polymer\u016f, kter\u00e1 ve spojen\u00ed s katalyz\u00e1tory reaguje s k\u0159emi\u010ditanov\u00fdmi skupinami obsa\u017een\u00fdmi ve skle. Na sklen\u011bn\u00fdch ploch\u00e1ch tak vytv\u00e1\u0159\u00ed souvislou vrstvu filmu, kter\u00e1 vypln\u00ed mikrop\u00f3ry ve skle a odpuzuje vodu. Vlivem vod\u011bodpudiv\u00e9ho filmu se kapky vody shlukuj\u00ed a st\u00e9kaj\u00ed z povrchu skla. I kdy\u017e dojde k nepatrn\u00e9mu udr\u017een\u00ed men\u0161\u00edch kapek na skle, nedojde k chemick\u00e9 vazb\u011b, sklo nebude naru\u0161eno a neze\u0161edne.<\/p>\n<\/div><\/div>\n<div class=\"ProductDetailContent-item\">\n<h3>Popis s\u00e9rie<\/h3>\n<p style=\"text-align: justify;\">Kolekce walk-in z\u00e1st\u011bn VARIO nab\u00edz\u00ed chytr\u00e9 a flexibiln\u00ed \u0159e\u0161en\u00ed podle individu\u00e1ln\u00edch a prostorov\u00fdch dispozic. Stavebnicov\u00fd syst\u00e9m skel, vzp\u011br a profil\u016f umo\u017e\u0148uje promy\u0161len\u00e9 kombinace rozm\u011br\u016f, barev a tvar\u016f z\u00e1st\u011bn \u2013 a\u0165 u\u017e ke st\u011bn\u011b nebo do prostoru. Elegantn\u00ed vzhled d\u00edky minimu komponent\u016f v \u010dern\u00e9m matn\u00e9m, zlat\u00e9m nebo chromov\u00e9m proveden\u00ed je vhodn\u00fd pro ka\u017edou koupelnu.<\/p>\n<p><strong>Charakteristika sprchov\u00fdch walk-in z\u00e1st\u011bn s\u00e9rie VARIO<\/strong><\/p>\n<ul>\n<li>Z\u00e1st\u011bny v&nbsp;\u0161\u00ed\u0159k\u00e1ch 700 a\u017e 1400 mm<\/li>\n<li>Bezpe\u010dnostn\u00ed sklo o&nbsp;s\u00edle 8 mm na v\u00fdb\u011br v&nbsp;proveden\u00ed \u010dir\u00e9 \/ kou\u0159ov\u00e9 \/ matn\u00e9<\/li>\n<li>Povrchov\u00e1 \u00faprava Coated Glass zabra\u0148uje usazov\u00e1n\u00ed vodn\u00edho kamene a usnad\u0148uje \u010di\u0161t\u011bn\u00ed<\/li>\n<li>St\u011bnov\u00e9 profily s toleranc\u00ed 15 mm usnad\u0148uj\u00ed stabiln\u00ed mont\u00e1\u017e z\u00e1st\u011bn, instalace je mo\u017en\u00e1 na dla\u017ebu nebo sprchovou vani\u010dku<\/li>\n<li>St\u011bnov\u00fd profil z\u00e1st\u011bn na v\u00fdb\u011br z proveden\u00ed: chrom \/ \u010dern\u00e1 mat \/ zlat\u00e1<\/li>\n<li>Kolm\u00e1 vzp\u011bra o&nbsp;d\u00e9lce 1400 mm na v\u00fdb\u011br v&nbsp;proveden\u00ed chrom \/ \u010dern\u00e1 mat \/ zlat\u00e1<\/li>\n<li>Kolmou vzp\u011bru lze zkr\u00e1tit na po\u017eadovan\u00fd rozm\u011br<\/li>\n<li>Rohov\u00e1 vzp\u011bra o&nbsp;d\u00e9lce 650 mm na v\u00fdb\u011br v&nbsp;proveden\u00ed chrom \/ \u010dern\u00e1 mat<\/li>\n<li>Variabiln\u00ed proveden\u00ed L\/R<\/li>\n<li>V\u00fd\u0161ka 2000 mm<\/li>\n<\/ul>\n<h4>Kombinace sestaven\u00ed sprchov\u00e9ho koutu:<\/h4>\n<div style=\"float: left; text-align: justify; width: 23%; padding-right: 10px;\">S rohovou vzp\u011brou <br \/>a st\u011bnov\u00fdm profilem <br \/>Z\u00e1st\u011bny do \u0161\u00ed\u0159ky 1000 mm<\/p>\n<\/div>\n<div style=\"float: left; text-align: justify; width: 23%; padding-right: 10px;\">S kolmou vzp\u011brou <br \/>a st\u011bnov\u00fdm profilem<\/div>\n<div style=\"float: left; text-align: justify; width: 23%; padding-right: 10px;\">Dv\u011b z\u00e1st\u011bny se st\u011bnov\u00fdm <br \/>profilem&nbsp;spojen\u00e9&nbsp;kolm\u00fdmi <br \/>vzp\u011brami&nbsp;a T-spojkou<\/div>\n<div style=\"float: left; text-align: justify; width: 23%; padding-right: 10px;\">Z\u00e1st\u011bna v prostoru <br \/>s dv\u011bmi kolm\u00fdmi vzp\u011brami<\/div>\n<div style=\"clear: both;\"><\/div>\n<\/p><\/div>\n<\/p><\/div>\n<\/p><\/div>\n<\/p><\/div>\n<\/p><\/div>\n","protected":false},"excerpt":{"rendered":"<p>Popis produktu Gelco Vario Black Jednod\u00edln\u00e1 z\u00e1st\u011bna Walk-In 110cm do prostoru kou\u0159ov\u00e9 sklo \u0160\u00ed\u0159ka: 1100 mmV\u00fd\u0161ka: 2000 mmBalen\u00ed: 3 ksTvar: Jednost\u011bnn\u00e1 WalkTyp v\u00fdpln\u011b: Kou\u0159ov\u00e9 sklo\u00daprava skla: Coated glassTlou\u0161\u0165ka skla: 8 mmBarva profilu: \u010cern\u00e1 matZ\u00e1ruka: 3 roky Vysv\u011btlivky Coated glass Coated glass p\u0159edstavuje jednu z nejkvalitn\u011bj\u0161\u00edch \u00faprav skla sprchov\u00fdch kout\u016f. Jedn\u00e1 se o chemickou slou\u010deninu sm\u011bsi [&hellip;]<\/p>\n","protected":false},"featured_media":14683,"comment_status":"open","ping_status":"open","template":"","meta":[],"product_brand":[],"product_cat":[72],"product_tag":[],"class_list":{"0":"post-14583","1":"product","2":"type-product","3":"status-publish","4":"has-post-thumbnail","6":"product_cat-koupelny","8":"first","9":"instock","10":"sale","11":"shipping-taxable","12":"purchasable","13":"product-type-simple"},"yoast_head":"<!-- This site is optimized with the Yoast SEO plugin v26.8 - https:\/\/yoast.com\/product\/yoast-seo-wordpress\/ -->\n<title>Zna\u010dkov\u00fd Gelco Vario Black Jednod\u00edln\u00e1 z\u00e1st\u011bna Walk-In 110cm do prostoru kou\u0159ov\u00e9 sklo -<\/title>\n<meta name=\"robots\" content=\"index, follow, max-snippet:-1, max-image-preview:large, max-video-preview:-1\" \/>\n<link rel=\"canonical\" href=\"https:\/\/www.technodompro.com\/index.php\/produkt\/znackovy-gelco-vario-black-jednodilna-zastena-walk-in-110cm-do-prostoru-kourove-sklo-14583\/\" \/>\n<meta property=\"og:locale\" content=\"cs_CZ\" \/>\n<meta property=\"og:type\" content=\"article\" \/>\n<meta property=\"og:title\" content=\"Zna\u010dkov\u00fd Gelco Vario Black Jednod\u00edln\u00e1 z\u00e1st\u011bna Walk-In 110cm do prostoru kou\u0159ov\u00e9 sklo -\" \/>\n<meta property=\"og:description\" content=\"Popis produktu Gelco Vario Black Jednod\u00edln\u00e1 z\u00e1st\u011bna Walk-In 110cm do prostoru kou\u0159ov\u00e9 sklo \u0160\u00ed\u0159ka: 1100 mmV\u00fd\u0161ka: 2000 mmBalen\u00ed: 3 ksTvar: Jednost\u011bnn\u00e1 WalkTyp v\u00fdpln\u011b: Kou\u0159ov\u00e9 sklo\u00daprava skla: Coated glassTlou\u0161\u0165ka skla: 8 mmBarva profilu: \u010cern\u00e1 matZ\u00e1ruka: 3 roky Vysv\u011btlivky Coated glass Coated glass p\u0159edstavuje jednu z nejkvalitn\u011bj\u0161\u00edch \u00faprav skla sprchov\u00fdch kout\u016f. Jedn\u00e1 se o chemickou slou\u010deninu sm\u011bsi [&hellip;]\" \/>\n<meta property=\"og:url\" content=\"https:\/\/www.technodompro.com\/index.php\/produkt\/znackovy-gelco-vario-black-jednodilna-zastena-walk-in-110cm-do-prostoru-kourove-sklo-14583\/\" \/>\n<meta property=\"og:image\" content=\"https:\/\/www.technodompro.com\/wp-content\/uploads\/2026\/SK0015086-CZ20260425-092632-0-1777080397-gelco-vario-black-jednodilna-zastena-walk-in-110cm-do-prost.webp\" \/>\n\t<meta property=\"og:image:width\" content=\"461\" \/>\n\t<meta property=\"og:image:height\" content=\"600\" \/>\n\t<meta property=\"og:image:type\" content=\"image\/webp\" \/>\n<meta name=\"twitter:card\" content=\"summary_large_image\" \/>\n<meta name=\"twitter:label1\" content=\"Odhadovan\u00e1 doba \u010dten\u00ed\" \/>\n\t<meta name=\"twitter:data1\" content=\"2 minuty\" \/>\n<script type=\"application\/ld+json\" class=\"yoast-schema-graph\">{\"@context\":\"https:\/\/schema.org\",\"@graph\":[{\"@type\":\"WebPage\",\"@id\":\"https:\/\/www.technodompro.com\/index.php\/produkt\/znackovy-gelco-vario-black-jednodilna-zastena-walk-in-110cm-do-prostoru-kourove-sklo-14583\/\",\"url\":\"https:\/\/www.technodompro.com\/index.php\/produkt\/znackovy-gelco-vario-black-jednodilna-zastena-walk-in-110cm-do-prostoru-kourove-sklo-14583\/\",\"name\":\"Zna\u010dkov\u00fd Gelco Vario Black Jednod\u00edln\u00e1 z\u00e1st\u011bna Walk-In 110cm do prostoru kou\u0159ov\u00e9 sklo -\",\"isPartOf\":{\"@id\":\"https:\/\/www.technodompro.com\/#website\"},\"primaryImageOfPage\":{\"@id\":\"https:\/\/www.technodompro.com\/index.php\/produkt\/znackovy-gelco-vario-black-jednodilna-zastena-walk-in-110cm-do-prostoru-kourove-sklo-14583\/#primaryimage\"},\"image\":{\"@id\":\"https:\/\/www.technodompro.com\/index.php\/produkt\/znackovy-gelco-vario-black-jednodilna-zastena-walk-in-110cm-do-prostoru-kourove-sklo-14583\/#primaryimage\"},\"thumbnailUrl\":\"https:\/\/www.technodompro.com\/wp-content\/uploads\/2026\/SK0015086-CZ20260425-092632-0-1777080397-gelco-vario-black-jednodilna-zastena-walk-in-110cm-do-prost.webp\",\"datePublished\":\"2026-04-27T04:41:05+00:00\",\"breadcrumb\":{\"@id\":\"https:\/\/www.technodompro.com\/index.php\/produkt\/znackovy-gelco-vario-black-jednodilna-zastena-walk-in-110cm-do-prostoru-kourove-sklo-14583\/#breadcrumb\"},\"inLanguage\":\"cs\",\"potentialAction\":[{\"@type\":\"ReadAction\",\"target\":[\"https:\/\/www.technodompro.com\/index.php\/produkt\/znackovy-gelco-vario-black-jednodilna-zastena-walk-in-110cm-do-prostoru-kourove-sklo-14583\/\"]}]},{\"@type\":\"ImageObject\",\"inLanguage\":\"cs\",\"@id\":\"https:\/\/www.technodompro.com\/index.php\/produkt\/znackovy-gelco-vario-black-jednodilna-zastena-walk-in-110cm-do-prostoru-kourove-sklo-14583\/#primaryimage\",\"url\":\"https:\/\/www.technodompro.com\/wp-content\/uploads\/2026\/SK0015086-CZ20260425-092632-0-1777080397-gelco-vario-black-jednodilna-zastena-walk-in-110cm-do-prost.webp\",\"contentUrl\":\"https:\/\/www.technodompro.com\/wp-content\/uploads\/2026\/SK0015086-CZ20260425-092632-0-1777080397-gelco-vario-black-jednodilna-zastena-walk-in-110cm-do-prost.webp\",\"width\":461,\"height\":600},{\"@type\":\"BreadcrumbList\",\"@id\":\"https:\/\/www.technodompro.com\/index.php\/produkt\/znackovy-gelco-vario-black-jednodilna-zastena-walk-in-110cm-do-prostoru-kourove-sklo-14583\/#breadcrumb\",\"itemListElement\":[{\"@type\":\"ListItem\",\"position\":1,\"name\":\"Home\",\"item\":\"https:\/\/www.technodompro.com\/\"},{\"@type\":\"ListItem\",\"position\":2,\"name\":\"Products\",\"item\":\"https:\/\/www.technodompro.com\/index.php\/products\/\"},{\"@type\":\"ListItem\",\"position\":3,\"name\":\"Zna\u010dkov\u00fd Gelco Vario Black Jednod\u00edln\u00e1 z\u00e1st\u011bna Walk-In 110cm do prostoru kou\u0159ov\u00e9 sklo\"}]},{\"@type\":\"WebSite\",\"@id\":\"https:\/\/www.technodompro.com\/#website\",\"url\":\"https:\/\/www.technodompro.com\/\",\"name\":\"\",\"description\":\"\",\"potentialAction\":[{\"@type\":\"SearchAction\",\"target\":{\"@type\":\"EntryPoint\",\"urlTemplate\":\"https:\/\/www.technodompro.com\/?s={search_term_string}\"},\"query-input\":{\"@type\":\"PropertyValueSpecification\",\"valueRequired\":true,\"valueName\":\"search_term_string\"}}],\"inLanguage\":\"cs\"}]}<\/script>\n<!-- \/ Yoast SEO plugin. -->","yoast_head_json":{"title":"Zna\u010dkov\u00fd Gelco Vario Black Jednod\u00edln\u00e1 z\u00e1st\u011bna Walk-In 110cm do prostoru kou\u0159ov\u00e9 sklo -","robots":{"index":"index","follow":"follow","max-snippet":"max-snippet:-1","max-image-preview":"max-image-preview:large","max-video-preview":"max-video-preview:-1"},"canonical":"https:\/\/www.technodompro.com\/index.php\/produkt\/znackovy-gelco-vario-black-jednodilna-zastena-walk-in-110cm-do-prostoru-kourove-sklo-14583\/","og_locale":"cs_CZ","og_type":"article","og_title":"Zna\u010dkov\u00fd Gelco Vario Black Jednod\u00edln\u00e1 z\u00e1st\u011bna Walk-In 110cm do prostoru kou\u0159ov\u00e9 sklo -","og_description":"Popis produktu Gelco Vario Black Jednod\u00edln\u00e1 z\u00e1st\u011bna Walk-In 110cm do prostoru kou\u0159ov\u00e9 sklo \u0160\u00ed\u0159ka: 1100 mmV\u00fd\u0161ka: 2000 mmBalen\u00ed: 3 ksTvar: Jednost\u011bnn\u00e1 WalkTyp v\u00fdpln\u011b: Kou\u0159ov\u00e9 sklo\u00daprava skla: Coated glassTlou\u0161\u0165ka skla: 8 mmBarva profilu: \u010cern\u00e1 matZ\u00e1ruka: 3 roky Vysv\u011btlivky Coated glass Coated glass p\u0159edstavuje jednu z nejkvalitn\u011bj\u0161\u00edch \u00faprav skla sprchov\u00fdch kout\u016f. Jedn\u00e1 se o chemickou slou\u010deninu sm\u011bsi [&hellip;]","og_url":"https:\/\/www.technodompro.com\/index.php\/produkt\/znackovy-gelco-vario-black-jednodilna-zastena-walk-in-110cm-do-prostoru-kourove-sklo-14583\/","og_image":[{"width":461,"height":600,"url":"https:\/\/www.technodompro.com\/wp-content\/uploads\/2026\/SK0015086-CZ20260425-092632-0-1777080397-gelco-vario-black-jednodilna-zastena-walk-in-110cm-do-prost.webp","type":"image\/webp"}],"twitter_card":"summary_large_image","twitter_misc":{"Odhadovan\u00e1 doba \u010dten\u00ed":"2 minuty"},"schema":{"@context":"https:\/\/schema.org","@graph":[{"@type":"WebPage","@id":"https:\/\/www.technodompro.com\/index.php\/produkt\/znackovy-gelco-vario-black-jednodilna-zastena-walk-in-110cm-do-prostoru-kourove-sklo-14583\/","url":"https:\/\/www.technodompro.com\/index.php\/produkt\/znackovy-gelco-vario-black-jednodilna-zastena-walk-in-110cm-do-prostoru-kourove-sklo-14583\/","name":"Zna\u010dkov\u00fd Gelco Vario Black Jednod\u00edln\u00e1 z\u00e1st\u011bna Walk-In 110cm do prostoru kou\u0159ov\u00e9 sklo -","isPartOf":{"@id":"https:\/\/www.technodompro.com\/#website"},"primaryImageOfPage":{"@id":"https:\/\/www.technodompro.com\/index.php\/produkt\/znackovy-gelco-vario-black-jednodilna-zastena-walk-in-110cm-do-prostoru-kourove-sklo-14583\/#primaryimage"},"image":{"@id":"https:\/\/www.technodompro.com\/index.php\/produkt\/znackovy-gelco-vario-black-jednodilna-zastena-walk-in-110cm-do-prostoru-kourove-sklo-14583\/#primaryimage"},"thumbnailUrl":"https:\/\/www.technodompro.com\/wp-content\/uploads\/2026\/SK0015086-CZ20260425-092632-0-1777080397-gelco-vario-black-jednodilna-zastena-walk-in-110cm-do-prost.webp","datePublished":"2026-04-27T04:41:05+00:00","breadcrumb":{"@id":"https:\/\/www.technodompro.com\/index.php\/produkt\/znackovy-gelco-vario-black-jednodilna-zastena-walk-in-110cm-do-prostoru-kourove-sklo-14583\/#breadcrumb"},"inLanguage":"cs","potentialAction":[{"@type":"ReadAction","target":["https:\/\/www.technodompro.com\/index.php\/produkt\/znackovy-gelco-vario-black-jednodilna-zastena-walk-in-110cm-do-prostoru-kourove-sklo-14583\/"]}]},{"@type":"ImageObject","inLanguage":"cs","@id":"https:\/\/www.technodompro.com\/index.php\/produkt\/znackovy-gelco-vario-black-jednodilna-zastena-walk-in-110cm-do-prostoru-kourove-sklo-14583\/#primaryimage","url":"https:\/\/www.technodompro.com\/wp-content\/uploads\/2026\/SK0015086-CZ20260425-092632-0-1777080397-gelco-vario-black-jednodilna-zastena-walk-in-110cm-do-prost.webp","contentUrl":"https:\/\/www.technodompro.com\/wp-content\/uploads\/2026\/SK0015086-CZ20260425-092632-0-1777080397-gelco-vario-black-jednodilna-zastena-walk-in-110cm-do-prost.webp","width":461,"height":600},{"@type":"BreadcrumbList","@id":"https:\/\/www.technodompro.com\/index.php\/produkt\/znackovy-gelco-vario-black-jednodilna-zastena-walk-in-110cm-do-prostoru-kourove-sklo-14583\/#breadcrumb","itemListElement":[{"@type":"ListItem","position":1,"name":"Home","item":"https:\/\/www.technodompro.com\/"},{"@type":"ListItem","position":2,"name":"Products","item":"https:\/\/www.technodompro.com\/index.php\/products\/"},{"@type":"ListItem","position":3,"name":"Zna\u010dkov\u00fd Gelco Vario Black Jednod\u00edln\u00e1 z\u00e1st\u011bna Walk-In 110cm do prostoru kou\u0159ov\u00e9 sklo"}]},{"@type":"WebSite","@id":"https:\/\/www.technodompro.com\/#website","url":"https:\/\/www.technodompro.com\/","name":"","description":"","potentialAction":[{"@type":"SearchAction","target":{"@type":"EntryPoint","urlTemplate":"https:\/\/www.technodompro.com\/?s={search_term_string}"},"query-input":{"@type":"PropertyValueSpecification","valueRequired":true,"valueName":"search_term_string"}}],"inLanguage":"cs"}]}},"_links":{"self":[{"href":"https:\/\/www.technodompro.com\/index.php\/wp-json\/wp\/v2\/product\/14583","targetHints":{"allow":["GET"]}}],"collection":[{"href":"https:\/\/www.technodompro.com\/index.php\/wp-json\/wp\/v2\/product"}],"about":[{"href":"https:\/\/www.technodompro.com\/index.php\/wp-json\/wp\/v2\/types\/product"}],"replies":[{"embeddable":true,"href":"https:\/\/www.technodompro.com\/index.php\/wp-json\/wp\/v2\/comments?post=14583"}],"wp:featuredmedia":[{"embeddable":true,"href":"https:\/\/www.technodompro.com\/index.php\/wp-json\/wp\/v2\/media\/14683"}],"wp:attachment":[{"href":"https:\/\/www.technodompro.com\/index.php\/wp-json\/wp\/v2\/media?parent=14583"}],"wp:term":[{"taxonomy":"product_brand","embeddable":true,"href":"https:\/\/www.technodompro.com\/index.php\/wp-json\/wp\/v2\/product_brand?post=14583"},{"taxonomy":"product_cat","embeddable":true,"href":"https:\/\/www.technodompro.com\/index.php\/wp-json\/wp\/v2\/product_cat?post=14583"},{"taxonomy":"product_tag","embeddable":true,"href":"https:\/\/www.technodompro.com\/index.php\/wp-json\/wp\/v2\/product_tag?post=14583"}],"curies":[{"name":"wp","href":"https:\/\/api.w.org\/{rel}","templated":true}]}}