{"id":14702,"date":"2026-04-27T04:41:06","date_gmt":"2026-04-27T04:41:06","guid":{"rendered":""},"modified":"2026-04-27T04:41:06","modified_gmt":"2026-04-27T04:41:06","slug":"super-cena-protronix-cidlo-kvality-vzduchu-co2-ads-co2-230-is-14702","status":"publish","type":"product","link":"https:\/\/www.technodompro.com\/index.php\/produkt\/super-cena-protronix-cidlo-kvality-vzduchu-co2-ads-co2-230-is-14702\/","title":{"rendered":"Super Cena Protronix \u010cidlo kvality vzduchu CO2 (ADS-CO2-230-IS)"},"content":{"rendered":"<div class=\"ProductDetail-content NoFixImageContainer\" id=\"productDescription\">\n<div class=\"Heading\">\n<h2 class=\"Heading-title\">Popis produktu <span class=''>Protronix \u010cidlo kvality vzduchu CO2 (ADS-CO2-230-IS)<\/span><\/h2>\n<\/p><\/div>\n<div class=\"ProductDetailContent\">\n<p><span style=\"color:#000000\"><span style=\"font-family:arial,helvetica,sans-serif\"><span style=\"font-size:16px\">Prostorov&eacute; \u010didlo ADS-CO2-230-IS m\u011b\u0159&iacute; koncentraci oxidu uhli\u010dit&eacute;ho v prostoru a je nap&aacute;jeno 230 V. Je vhodn&eacute; pro syst&eacute;my kontroluj&iacute;c&iacute; kvalitu vzduchu, ventila\u010dn&iacute; a rekupera\u010dn&iacute; syst&eacute;my v restaurac&iacute;ch, obchodech, kancel&aacute;\u0159&iacute;ch, dom&aacute;cnostech, bytech atd. &Uacute;rove\u0148 koncentrace oxidu uhli\u010dit&eacute;ho, p\u0159i kter&eacute; \u010didlo sepne ventilace se nastavuje oto\u010dn&yacute;m kole\u010dkem uvnit\u0159 \u010didla.<\/span><\/span><\/span><\/p>\n<p><span style=\"font-size:16px\">ADS = Analog and Digital Sensor. CO<sub>2<\/sub>&nbsp;= m\u011b\u0159en&aacute; veli\u010dina. IS = internal setting (vnit\u0159n&iacute; nastaven&iacute;)<\/span><\/p>\n<ul>\n<li><span style=\"font-size:16px\">optick&yacute; princip m\u011b\u0159en&iacute; koncentrace oxidu uhli\u010dit&eacute;ho<\/span><\/li>\n<li><span style=\"font-size:16px\">rozsah m\u011b\u0159en&iacute; 400 &ndash; 2 000 ppm<\/span><\/li>\n<li><span style=\"font-size:16px\">nap&aacute;jen&iacute; 230 VAC<\/span><\/li>\n<li><span style=\"font-size:16px\">rel&eacute;ov&yacute; v&yacute;stup<\/span><\/li>\n<li><span style=\"font-size:16px\">intern&iacute; nastaven&iacute; sp&iacute;n&aacute;n&iacute; ventilace<\/span><\/li>\n<li><span style=\"font-size:16px\">bez nutnosti kalibrace (vestav\u011bn&aacute; autokalibrace)<\/span><\/li>\n<li><span style=\"font-size:16px\">snadn&aacute; instalace<\/span><\/li>\n<li><span style=\"font-size:16px\">\u017eivotnost min. 10 let<\/span><\/li>\n<\/ul>\n<h3><span style=\"font-family:arial,helvetica,sans-serif\">V&yacute;stupy kompatibiln&iacute; s 99 % v\u011btrac&iacute;ch jednotek<\/span><\/h3>\n<p><span style=\"font-family:arial,helvetica,sans-serif\"><span style=\"font-size:16px\">V&yacute;stupy z \u010didla ADS-CO2-24-IS jsou vhodn&eacute; pro p\u0159ev&aacute;\u017enou v\u011bt&scaron;inu ventila\u010dn&iacute;ch nebo rekupera\u010dn&iacute;ch jednotek na trhu a to d&iacute;ky nap\u011b\u0165ov&eacute;mu (spojit&eacute;mu analogov&eacute;mu) v&yacute;stupu 0 &ndash; 10 V a rel&eacute;.<\/span><\/span><\/p>\n<\/p><\/div>\n<div class=\"ProductDetailContent\">                                                                    <\/div>\n<\/p><\/div>\n<\/p><\/div>\n<\/p><\/div>\n","protected":false},"excerpt":{"rendered":"<p>Popis produktu Protronix \u010cidlo kvality vzduchu CO2 (ADS-CO2-230-IS) Prostorov&eacute; \u010didlo ADS-CO2-230-IS m\u011b\u0159&iacute; koncentraci oxidu uhli\u010dit&eacute;ho v prostoru a je nap&aacute;jeno 230 V. Je vhodn&eacute; pro syst&eacute;my kontroluj&iacute;c&iacute; kvalitu vzduchu, ventila\u010dn&iacute; a rekupera\u010dn&iacute; syst&eacute;my v restaurac&iacute;ch, obchodech, kancel&aacute;\u0159&iacute;ch, dom&aacute;cnostech, bytech atd. &Uacute;rove\u0148 koncentrace oxidu uhli\u010dit&eacute;ho, p\u0159i kter&eacute; \u010didlo sepne ventilace se nastavuje oto\u010dn&yacute;m kole\u010dkem uvnit\u0159 \u010didla. [&hellip;]<\/p>\n","protected":false},"featured_media":14802,"comment_status":"open","ping_status":"open","template":"","meta":[],"product_brand":[],"product_cat":[74],"product_tag":[],"class_list":{"0":"post-14702","1":"product","2":"type-product","3":"status-publish","4":"has-post-thumbnail","6":"product_cat-rekuperace-vzduchu-a-vody-vetrani","8":"first","9":"instock","10":"sale","11":"shipping-taxable","12":"purchasable","13":"product-type-simple"},"yoast_head":"<!-- This site is optimized with the Yoast SEO plugin v26.8 - https:\/\/yoast.com\/product\/yoast-seo-wordpress\/ -->\n<title>Super Cena Protronix \u010cidlo kvality vzduchu CO2 (ADS-CO2-230-IS) -<\/title>\n<meta name=\"robots\" content=\"index, follow, max-snippet:-1, max-image-preview:large, max-video-preview:-1\" \/>\n<link rel=\"canonical\" href=\"https:\/\/www.technodompro.com\/index.php\/produkt\/super-cena-protronix-cidlo-kvality-vzduchu-co2-ads-co2-230-is-14702\/\" \/>\n<meta property=\"og:locale\" content=\"cs_CZ\" \/>\n<meta property=\"og:type\" content=\"article\" \/>\n<meta property=\"og:title\" content=\"Super Cena Protronix \u010cidlo kvality vzduchu CO2 (ADS-CO2-230-IS) -\" \/>\n<meta property=\"og:description\" content=\"Popis produktu Protronix \u010cidlo kvality vzduchu CO2 (ADS-CO2-230-IS) Prostorov&eacute; \u010didlo ADS-CO2-230-IS m\u011b\u0159&iacute; koncentraci oxidu uhli\u010dit&eacute;ho v prostoru a je nap&aacute;jeno 230 V. Je vhodn&eacute; pro syst&eacute;my kontroluj&iacute;c&iacute; kvalitu vzduchu, ventila\u010dn&iacute; a rekupera\u010dn&iacute; syst&eacute;my v restaurac&iacute;ch, obchodech, kancel&aacute;\u0159&iacute;ch, dom&aacute;cnostech, bytech atd. &Uacute;rove\u0148 koncentrace oxidu uhli\u010dit&eacute;ho, p\u0159i kter&eacute; \u010didlo sepne ventilace se nastavuje oto\u010dn&yacute;m kole\u010dkem uvnit\u0159 \u010didla. [&hellip;]\" \/>\n<meta property=\"og:url\" content=\"https:\/\/www.technodompro.com\/index.php\/produkt\/super-cena-protronix-cidlo-kvality-vzduchu-co2-ads-co2-230-is-14702\/\" \/>\n<meta property=\"og:image\" content=\"https:\/\/www.technodompro.com\/wp-content\/uploads\/2026\/SK0015105-CZ20260425-092632-0-1777080397-protronix-cidlo-kvality-vzduchu-co2-ads-co2-230-is-927892.j.webp\" \/>\n\t<meta property=\"og:image:width\" content=\"600\" \/>\n\t<meta property=\"og:image:height\" content=\"600\" \/>\n\t<meta property=\"og:image:type\" content=\"image\/webp\" \/>\n<meta name=\"twitter:card\" content=\"summary_large_image\" \/>\n<meta name=\"twitter:label1\" content=\"Odhadovan\u00e1 doba \u010dten\u00ed\" \/>\n\t<meta name=\"twitter:data1\" content=\"1 minuta\" \/>\n<script type=\"application\/ld+json\" class=\"yoast-schema-graph\">{\"@context\":\"https:\/\/schema.org\",\"@graph\":[{\"@type\":\"WebPage\",\"@id\":\"https:\/\/www.technodompro.com\/index.php\/produkt\/super-cena-protronix-cidlo-kvality-vzduchu-co2-ads-co2-230-is-14702\/\",\"url\":\"https:\/\/www.technodompro.com\/index.php\/produkt\/super-cena-protronix-cidlo-kvality-vzduchu-co2-ads-co2-230-is-14702\/\",\"name\":\"Super Cena Protronix \u010cidlo kvality vzduchu CO2 (ADS-CO2-230-IS) -\",\"isPartOf\":{\"@id\":\"https:\/\/www.technodompro.com\/#website\"},\"primaryImageOfPage\":{\"@id\":\"https:\/\/www.technodompro.com\/index.php\/produkt\/super-cena-protronix-cidlo-kvality-vzduchu-co2-ads-co2-230-is-14702\/#primaryimage\"},\"image\":{\"@id\":\"https:\/\/www.technodompro.com\/index.php\/produkt\/super-cena-protronix-cidlo-kvality-vzduchu-co2-ads-co2-230-is-14702\/#primaryimage\"},\"thumbnailUrl\":\"https:\/\/www.technodompro.com\/wp-content\/uploads\/2026\/SK0015105-CZ20260425-092632-0-1777080397-protronix-cidlo-kvality-vzduchu-co2-ads-co2-230-is-927892.j.webp\",\"datePublished\":\"2026-04-27T04:41:06+00:00\",\"breadcrumb\":{\"@id\":\"https:\/\/www.technodompro.com\/index.php\/produkt\/super-cena-protronix-cidlo-kvality-vzduchu-co2-ads-co2-230-is-14702\/#breadcrumb\"},\"inLanguage\":\"cs\",\"potentialAction\":[{\"@type\":\"ReadAction\",\"target\":[\"https:\/\/www.technodompro.com\/index.php\/produkt\/super-cena-protronix-cidlo-kvality-vzduchu-co2-ads-co2-230-is-14702\/\"]}]},{\"@type\":\"ImageObject\",\"inLanguage\":\"cs\",\"@id\":\"https:\/\/www.technodompro.com\/index.php\/produkt\/super-cena-protronix-cidlo-kvality-vzduchu-co2-ads-co2-230-is-14702\/#primaryimage\",\"url\":\"https:\/\/www.technodompro.com\/wp-content\/uploads\/2026\/SK0015105-CZ20260425-092632-0-1777080397-protronix-cidlo-kvality-vzduchu-co2-ads-co2-230-is-927892.j.webp\",\"contentUrl\":\"https:\/\/www.technodompro.com\/wp-content\/uploads\/2026\/SK0015105-CZ20260425-092632-0-1777080397-protronix-cidlo-kvality-vzduchu-co2-ads-co2-230-is-927892.j.webp\",\"width\":600,\"height\":600},{\"@type\":\"BreadcrumbList\",\"@id\":\"https:\/\/www.technodompro.com\/index.php\/produkt\/super-cena-protronix-cidlo-kvality-vzduchu-co2-ads-co2-230-is-14702\/#breadcrumb\",\"itemListElement\":[{\"@type\":\"ListItem\",\"position\":1,\"name\":\"Home\",\"item\":\"https:\/\/www.technodompro.com\/\"},{\"@type\":\"ListItem\",\"position\":2,\"name\":\"Products\",\"item\":\"https:\/\/www.technodompro.com\/index.php\/products\/\"},{\"@type\":\"ListItem\",\"position\":3,\"name\":\"Super Cena Protronix \u010cidlo kvality vzduchu CO2 (ADS-CO2-230-IS)\"}]},{\"@type\":\"WebSite\",\"@id\":\"https:\/\/www.technodompro.com\/#website\",\"url\":\"https:\/\/www.technodompro.com\/\",\"name\":\"\",\"description\":\"\",\"potentialAction\":[{\"@type\":\"SearchAction\",\"target\":{\"@type\":\"EntryPoint\",\"urlTemplate\":\"https:\/\/www.technodompro.com\/?s={search_term_string}\"},\"query-input\":{\"@type\":\"PropertyValueSpecification\",\"valueRequired\":true,\"valueName\":\"search_term_string\"}}],\"inLanguage\":\"cs\"}]}<\/script>\n<!-- \/ Yoast SEO plugin. -->","yoast_head_json":{"title":"Super Cena Protronix \u010cidlo kvality vzduchu CO2 (ADS-CO2-230-IS) -","robots":{"index":"index","follow":"follow","max-snippet":"max-snippet:-1","max-image-preview":"max-image-preview:large","max-video-preview":"max-video-preview:-1"},"canonical":"https:\/\/www.technodompro.com\/index.php\/produkt\/super-cena-protronix-cidlo-kvality-vzduchu-co2-ads-co2-230-is-14702\/","og_locale":"cs_CZ","og_type":"article","og_title":"Super Cena Protronix \u010cidlo kvality vzduchu CO2 (ADS-CO2-230-IS) -","og_description":"Popis produktu Protronix \u010cidlo kvality vzduchu CO2 (ADS-CO2-230-IS) Prostorov&eacute; \u010didlo ADS-CO2-230-IS m\u011b\u0159&iacute; koncentraci oxidu uhli\u010dit&eacute;ho v prostoru a je nap&aacute;jeno 230 V. Je vhodn&eacute; pro syst&eacute;my kontroluj&iacute;c&iacute; kvalitu vzduchu, ventila\u010dn&iacute; a rekupera\u010dn&iacute; syst&eacute;my v restaurac&iacute;ch, obchodech, kancel&aacute;\u0159&iacute;ch, dom&aacute;cnostech, bytech atd. &Uacute;rove\u0148 koncentrace oxidu uhli\u010dit&eacute;ho, p\u0159i kter&eacute; \u010didlo sepne ventilace se nastavuje oto\u010dn&yacute;m kole\u010dkem uvnit\u0159 \u010didla. [&hellip;]","og_url":"https:\/\/www.technodompro.com\/index.php\/produkt\/super-cena-protronix-cidlo-kvality-vzduchu-co2-ads-co2-230-is-14702\/","og_image":[{"width":600,"height":600,"url":"https:\/\/www.technodompro.com\/wp-content\/uploads\/2026\/SK0015105-CZ20260425-092632-0-1777080397-protronix-cidlo-kvality-vzduchu-co2-ads-co2-230-is-927892.j.webp","type":"image\/webp"}],"twitter_card":"summary_large_image","twitter_misc":{"Odhadovan\u00e1 doba \u010dten\u00ed":"1 minuta"},"schema":{"@context":"https:\/\/schema.org","@graph":[{"@type":"WebPage","@id":"https:\/\/www.technodompro.com\/index.php\/produkt\/super-cena-protronix-cidlo-kvality-vzduchu-co2-ads-co2-230-is-14702\/","url":"https:\/\/www.technodompro.com\/index.php\/produkt\/super-cena-protronix-cidlo-kvality-vzduchu-co2-ads-co2-230-is-14702\/","name":"Super Cena Protronix \u010cidlo kvality vzduchu CO2 (ADS-CO2-230-IS) -","isPartOf":{"@id":"https:\/\/www.technodompro.com\/#website"},"primaryImageOfPage":{"@id":"https:\/\/www.technodompro.com\/index.php\/produkt\/super-cena-protronix-cidlo-kvality-vzduchu-co2-ads-co2-230-is-14702\/#primaryimage"},"image":{"@id":"https:\/\/www.technodompro.com\/index.php\/produkt\/super-cena-protronix-cidlo-kvality-vzduchu-co2-ads-co2-230-is-14702\/#primaryimage"},"thumbnailUrl":"https:\/\/www.technodompro.com\/wp-content\/uploads\/2026\/SK0015105-CZ20260425-092632-0-1777080397-protronix-cidlo-kvality-vzduchu-co2-ads-co2-230-is-927892.j.webp","datePublished":"2026-04-27T04:41:06+00:00","breadcrumb":{"@id":"https:\/\/www.technodompro.com\/index.php\/produkt\/super-cena-protronix-cidlo-kvality-vzduchu-co2-ads-co2-230-is-14702\/#breadcrumb"},"inLanguage":"cs","potentialAction":[{"@type":"ReadAction","target":["https:\/\/www.technodompro.com\/index.php\/produkt\/super-cena-protronix-cidlo-kvality-vzduchu-co2-ads-co2-230-is-14702\/"]}]},{"@type":"ImageObject","inLanguage":"cs","@id":"https:\/\/www.technodompro.com\/index.php\/produkt\/super-cena-protronix-cidlo-kvality-vzduchu-co2-ads-co2-230-is-14702\/#primaryimage","url":"https:\/\/www.technodompro.com\/wp-content\/uploads\/2026\/SK0015105-CZ20260425-092632-0-1777080397-protronix-cidlo-kvality-vzduchu-co2-ads-co2-230-is-927892.j.webp","contentUrl":"https:\/\/www.technodompro.com\/wp-content\/uploads\/2026\/SK0015105-CZ20260425-092632-0-1777080397-protronix-cidlo-kvality-vzduchu-co2-ads-co2-230-is-927892.j.webp","width":600,"height":600},{"@type":"BreadcrumbList","@id":"https:\/\/www.technodompro.com\/index.php\/produkt\/super-cena-protronix-cidlo-kvality-vzduchu-co2-ads-co2-230-is-14702\/#breadcrumb","itemListElement":[{"@type":"ListItem","position":1,"name":"Home","item":"https:\/\/www.technodompro.com\/"},{"@type":"ListItem","position":2,"name":"Products","item":"https:\/\/www.technodompro.com\/index.php\/products\/"},{"@type":"ListItem","position":3,"name":"Super Cena Protronix \u010cidlo kvality vzduchu CO2 (ADS-CO2-230-IS)"}]},{"@type":"WebSite","@id":"https:\/\/www.technodompro.com\/#website","url":"https:\/\/www.technodompro.com\/","name":"","description":"","potentialAction":[{"@type":"SearchAction","target":{"@type":"EntryPoint","urlTemplate":"https:\/\/www.technodompro.com\/?s={search_term_string}"},"query-input":{"@type":"PropertyValueSpecification","valueRequired":true,"valueName":"search_term_string"}}],"inLanguage":"cs"}]}},"_links":{"self":[{"href":"https:\/\/www.technodompro.com\/index.php\/wp-json\/wp\/v2\/product\/14702","targetHints":{"allow":["GET"]}}],"collection":[{"href":"https:\/\/www.technodompro.com\/index.php\/wp-json\/wp\/v2\/product"}],"about":[{"href":"https:\/\/www.technodompro.com\/index.php\/wp-json\/wp\/v2\/types\/product"}],"replies":[{"embeddable":true,"href":"https:\/\/www.technodompro.com\/index.php\/wp-json\/wp\/v2\/comments?post=14702"}],"wp:featuredmedia":[{"embeddable":true,"href":"https:\/\/www.technodompro.com\/index.php\/wp-json\/wp\/v2\/media\/14802"}],"wp:attachment":[{"href":"https:\/\/www.technodompro.com\/index.php\/wp-json\/wp\/v2\/media?parent=14702"}],"wp:term":[{"taxonomy":"product_brand","embeddable":true,"href":"https:\/\/www.technodompro.com\/index.php\/wp-json\/wp\/v2\/product_brand?post=14702"},{"taxonomy":"product_cat","embeddable":true,"href":"https:\/\/www.technodompro.com\/index.php\/wp-json\/wp\/v2\/product_cat?post=14702"},{"taxonomy":"product_tag","embeddable":true,"href":"https:\/\/www.technodompro.com\/index.php\/wp-json\/wp\/v2\/product_tag?post=14702"}],"curies":[{"name":"wp","href":"https:\/\/api.w.org\/{rel}","templated":true}]}}