{"id":15126,"date":"2026-04-27T04:41:07","date_gmt":"2026-04-27T04:41:07","guid":{"rendered":""},"modified":"2026-04-27T04:41:07","modified_gmt":"2026-04-27T04:41:07","slug":"znackovy-sapho-twiga-plus-umyvadlova-zasuvka-88-5x17x43-5cm-cerna-mat-15126","status":"publish","type":"product","link":"https:\/\/www.technodompro.com\/index.php\/produkt\/znackovy-sapho-twiga-plus-umyvadlova-zasuvka-88-5x17x43-5cm-cerna-mat-15126\/","title":{"rendered":"Zna\u010dkov\u00fd Sapho TWIGA PLUS umyvadlov\u00e1 z\u00e1suvka 88,5x17x43,5cm, \u010dern\u00e1 mat"},"content":{"rendered":"<div class=\"ProductDetail-content NoFixImageContainer\" id=\"productDescription\">\n<div class=\"Heading\">\n<h2 class=\"Heading-title\">Popis produktu <span class=''>Sapho TWIGA PLUS umyvadlov\u00e1 z\u00e1suvka 88,5x17x43,5cm, \u010dern\u00e1 mat<\/span><\/h2>\n<\/p><\/div>\n<div class=\"ProductDetailContent\">                                                                    <\/div>\n<div class=\"ProductDetailContent\">\n<div class=\"ProductDetailContent-item\">                                            Barva: \u010cern\u00e1 mat<br \/>\u0160\u00ed\u0159ka: 885 mm<br \/>V\u00fd\u0161ka: 170 mm<br \/>Hloubka: 435 mm<br \/>Balen\u00ed: 1 ks<br \/>Rozm\u011br: 88,5x17x43,5 cm<br \/>Materi\u00e1l: MDF\/lamino<br \/>Z\u00e1ruka: 2 roky<br \/>Jin\u00e9 barevn\u00e9 proveden\u00ed: Dle vzorn\u00edku                                        <\/div>\n<div class=\"ProductDetailContent-item\">                                            <P>Z\u00e1v\u011bsn\u00e1 umyvadlov\u00e1 z\u00e1suvka pod horn\u00ed desku TWIGA stolk\u016f o rozm\u011brech&nbsp;110 a\u017e 130 cm<\/P><UL>  <LI>s v\u00fd\u0159ezem pro sifon<\/LI>  <LI>v\u00fdsuv BLUM TANDEMBOX antaro s&nbsp;funkc\u00ed&nbsp;tlumen\u00ed BLUMOTION s   do\u017eivotn\u00ed z\u00e1rukou<\/LI>  <LI>lze pou\u017e\u00edt&nbsp;pouze s podp\u011brou TWIGA&nbsp;VC453\/VC453W<\/LI><\/UL>                                        <\/div>\n<div class=\"ProductDetailContent-item\">\n<h3>Vysv\u011btlivky<\/h3>\n<div class=\"product-explanation-item\">\n<h3>Lze vyrobit v tomto barevn\u00e9m proveden\u00ed:<\/h3>\n<p><strong>Cenov\u00e1 skupina A  <\/strong>p\u0159\u00edplatek 0%<\/p>\n<div style=\"float: left; width: 16%; text-align: center;\">30 B\u00edl\u00e1 lesk<\/div>\n<div style=\"float: left; width: 16%; text-align: center;\">11 Dub st\u0159\u00edbrn\u00fd<\/div>\n<div style=\"float: left; width: 16%; text-align: center;\">13 Jilm bardini<\/div>\n<div style=\"float: left; width: 16%; text-align: center;\">16 Borovice rustik<\/div>\n<div style=\"float: left; width: 36%; text-align: center;\"><\/div>\n<div style=\"clear: both;\"><\/div>\n<div style=\"float: left; width: 100%; text-align: center;\"> <\/div>\n<div style=\"clear: both;\"><\/div>\n<p><strong>Cenov\u00e1 skupina B<\/strong>  p\u0159\u00edplatek 30%<\/p>\n<div style=\"float: left; width: 16%; text-align: center;\">10 Dub polar<\/div>\n<div style=\"float: left; width: 16%; text-align: center;\">12 Dub mocca<\/div>\n<div style=\"float: left; width: 16%; text-align: center;\">14 Dub ben\u00e1tsk\u00fd<\/div>\n<div style=\"float: left; width: 16%; text-align: center;\">20 Dub texas<\/div>\n<div style=\"float: left; width: 16%; text-align: center;\">15 Dub sherwood<\/div>\n<div style=\"float: left; width: 16%; text-align: center;\">19 Dub collingwood<\/div>\n<div style=\"clear: both;\"><\/div>\n<div style=\"float: left; width: 100%; text-align: center;\"> <\/div>\n<div style=\"clear: both;\"><\/div>\n<div style=\"float: left; width: 16%; text-align: center;\">22 Dub alabama<\/div>\n<div style=\"float: left; width: 16%; text-align: center;\">21 Mali wenge<\/div>\n<div style=\"float: left; width: 16%; text-align: center;\">17 O\u0159ech yosemite<\/div>\n<div style=\"float: left; width: 16%; text-align: center;\">18 Dub \u010dern\u00fd<\/div>\n<div style=\"float: left; width: 16%; text-align: center;\">31 B\u00edl\u00e1 mat<\/div>\n<div style=\"float: left; width: 16%; text-align: center;\">50 Slonov\u00e1 kost matn\u00e1<\/div>\n<div style=\"clear: both;\"><\/div>\n<div style=\"float: left; width: 100%; text-align: center;\"> <\/div>\n<div style=\"clear: both;\"><\/div>\n<div style=\"float: left; width: 16%; text-align: center;\">32 Ka\u0161m\u00edrov\u00e1 matn\u00e1<\/div>\n<div style=\"float: left; width: 16%; text-align: center;\">33 \u0160ed\u00e1 matn\u00e1<\/div>\n<div style=\"float: left; width: 16%; text-align: center;\">51 Tyrolsk\u00e1 modr\u00e1 matn\u00e1<\/div>\n<div style=\"float: left; width: 16%; text-align: center;\">34 Antracit matn\u00fd<\/div>\n<div style=\"float: left; width: 16%; text-align: center;\">35 \u010cern\u00e1 matn\u00e1<\/div>\n<div style=\"clear: both;\"><\/div>\n<div style=\"float: left; width: 100%; text-align: center;\"> <\/div>\n<div style=\"clear: both;\"><\/div>\n<p><strong>Cenov\u00e1 skupina C<\/strong>  p\u0159\u00edplatek 50%<br \/>jak\u00e1koliv barva dle vzorn\u00edku RAL nebo NCS v leskl\u00e9m nebo matn\u00e9m proveden\u00ed<\/p>\n<div style=\"float: left; width: 16%; text-align: center;\">RAL1019 \u0160edob\u00e9\u017eov\u00e1<\/div>\n<div style=\"float: left; width: 16%; text-align: center;\">RAL3004 Bord\u00f3<\/div>\n<div style=\"float: left; width: 16%; text-align: center;\">RAL6004 Modrozelen\u00e1<\/div>\n<div style=\"float: left; width: 16%; text-align: center;\">RAL7031 \u0160edomodr\u00e1<\/div>\n<div style=\"clear: both;\"><\/div>\n<p>Dodac\u00ed lh\u016fta cenov\u00fdch skupin B a C je 6 t\u00fddn\u016f.<\/p>\n<\/div><\/div>\n<\/p><\/div>\n<\/p><\/div>\n<\/p><\/div>\n<\/p><\/div>\n","protected":false},"excerpt":{"rendered":"<p>Popis produktu Sapho TWIGA PLUS umyvadlov\u00e1 z\u00e1suvka 88,5x17x43,5cm, \u010dern\u00e1 mat Barva: \u010cern\u00e1 mat\u0160\u00ed\u0159ka: 885 mmV\u00fd\u0161ka: 170 mmHloubka: 435 mmBalen\u00ed: 1 ksRozm\u011br: 88,5x17x43,5 cmMateri\u00e1l: MDF\/laminoZ\u00e1ruka: 2 rokyJin\u00e9 barevn\u00e9 proveden\u00ed: Dle vzorn\u00edku Z\u00e1v\u011bsn\u00e1 umyvadlov\u00e1 z\u00e1suvka pod horn\u00ed desku TWIGA stolk\u016f o rozm\u011brech&nbsp;110 a\u017e 130 cm s v\u00fd\u0159ezem pro sifon v\u00fdsuv BLUM TANDEMBOX antaro s&nbsp;funkc\u00ed&nbsp;tlumen\u00ed BLUMOTION s do\u017eivotn\u00ed [&hellip;]<\/p>\n","protected":false},"featured_media":15226,"comment_status":"open","ping_status":"open","template":"","meta":[],"product_brand":[],"product_cat":[72],"product_tag":[],"class_list":{"0":"post-15126","1":"product","2":"type-product","3":"status-publish","4":"has-post-thumbnail","6":"product_cat-koupelny","8":"first","9":"instock","10":"sale","11":"shipping-taxable","12":"purchasable","13":"product-type-simple"},"yoast_head":"<!-- This site is optimized with the Yoast SEO plugin v26.8 - https:\/\/yoast.com\/product\/yoast-seo-wordpress\/ -->\n<title>Zna\u010dkov\u00fd Sapho TWIGA PLUS umyvadlov\u00e1 z\u00e1suvka 88,5x17x43,5cm, \u010dern\u00e1 mat -<\/title>\n<meta name=\"robots\" content=\"index, follow, max-snippet:-1, max-image-preview:large, max-video-preview:-1\" \/>\n<link rel=\"canonical\" href=\"https:\/\/www.technodompro.com\/index.php\/produkt\/znackovy-sapho-twiga-plus-umyvadlova-zasuvka-88-5x17x43-5cm-cerna-mat-15126\/\" \/>\n<meta property=\"og:locale\" content=\"cs_CZ\" \/>\n<meta property=\"og:type\" content=\"article\" \/>\n<meta property=\"og:title\" content=\"Zna\u010dkov\u00fd Sapho TWIGA PLUS umyvadlov\u00e1 z\u00e1suvka 88,5x17x43,5cm, \u010dern\u00e1 mat -\" \/>\n<meta property=\"og:description\" content=\"Popis produktu Sapho TWIGA PLUS umyvadlov\u00e1 z\u00e1suvka 88,5x17x43,5cm, \u010dern\u00e1 mat Barva: \u010cern\u00e1 mat\u0160\u00ed\u0159ka: 885 mmV\u00fd\u0161ka: 170 mmHloubka: 435 mmBalen\u00ed: 1 ksRozm\u011br: 88,5x17x43,5 cmMateri\u00e1l: MDF\/laminoZ\u00e1ruka: 2 rokyJin\u00e9 barevn\u00e9 proveden\u00ed: Dle vzorn\u00edku Z\u00e1v\u011bsn\u00e1 umyvadlov\u00e1 z\u00e1suvka pod horn\u00ed desku TWIGA stolk\u016f o rozm\u011brech&nbsp;110 a\u017e 130 cm s v\u00fd\u0159ezem pro sifon v\u00fdsuv BLUM TANDEMBOX antaro s&nbsp;funkc\u00ed&nbsp;tlumen\u00ed BLUMOTION s do\u017eivotn\u00ed [&hellip;]\" \/>\n<meta property=\"og:url\" content=\"https:\/\/www.technodompro.com\/index.php\/produkt\/znackovy-sapho-twiga-plus-umyvadlova-zasuvka-88-5x17x43-5cm-cerna-mat-15126\/\" \/>\n<meta property=\"og:image\" content=\"https:\/\/www.technodompro.com\/wp-content\/uploads\/2026\/SK0015356-CZ20260425-092632-0-1777080397-sapho-twiga-plus-umyvadlova-zasuvka-88-5x17x43-5cm-cerna-ma.webp\" \/>\n\t<meta property=\"og:image:width\" content=\"600\" \/>\n\t<meta property=\"og:image:height\" content=\"368\" \/>\n\t<meta property=\"og:image:type\" content=\"image\/webp\" \/>\n<meta name=\"twitter:card\" content=\"summary_large_image\" \/>\n<meta name=\"twitter:label1\" content=\"Odhadovan\u00e1 doba \u010dten\u00ed\" \/>\n\t<meta name=\"twitter:data1\" content=\"1 minuta\" \/>\n<script type=\"application\/ld+json\" class=\"yoast-schema-graph\">{\"@context\":\"https:\/\/schema.org\",\"@graph\":[{\"@type\":\"WebPage\",\"@id\":\"https:\/\/www.technodompro.com\/index.php\/produkt\/znackovy-sapho-twiga-plus-umyvadlova-zasuvka-88-5x17x43-5cm-cerna-mat-15126\/\",\"url\":\"https:\/\/www.technodompro.com\/index.php\/produkt\/znackovy-sapho-twiga-plus-umyvadlova-zasuvka-88-5x17x43-5cm-cerna-mat-15126\/\",\"name\":\"Zna\u010dkov\u00fd Sapho TWIGA PLUS umyvadlov\u00e1 z\u00e1suvka 88,5x17x43,5cm, \u010dern\u00e1 mat -\",\"isPartOf\":{\"@id\":\"https:\/\/www.technodompro.com\/#website\"},\"primaryImageOfPage\":{\"@id\":\"https:\/\/www.technodompro.com\/index.php\/produkt\/znackovy-sapho-twiga-plus-umyvadlova-zasuvka-88-5x17x43-5cm-cerna-mat-15126\/#primaryimage\"},\"image\":{\"@id\":\"https:\/\/www.technodompro.com\/index.php\/produkt\/znackovy-sapho-twiga-plus-umyvadlova-zasuvka-88-5x17x43-5cm-cerna-mat-15126\/#primaryimage\"},\"thumbnailUrl\":\"https:\/\/www.technodompro.com\/wp-content\/uploads\/2026\/SK0015356-CZ20260425-092632-0-1777080397-sapho-twiga-plus-umyvadlova-zasuvka-88-5x17x43-5cm-cerna-ma.webp\",\"datePublished\":\"2026-04-27T04:41:07+00:00\",\"breadcrumb\":{\"@id\":\"https:\/\/www.technodompro.com\/index.php\/produkt\/znackovy-sapho-twiga-plus-umyvadlova-zasuvka-88-5x17x43-5cm-cerna-mat-15126\/#breadcrumb\"},\"inLanguage\":\"cs\",\"potentialAction\":[{\"@type\":\"ReadAction\",\"target\":[\"https:\/\/www.technodompro.com\/index.php\/produkt\/znackovy-sapho-twiga-plus-umyvadlova-zasuvka-88-5x17x43-5cm-cerna-mat-15126\/\"]}]},{\"@type\":\"ImageObject\",\"inLanguage\":\"cs\",\"@id\":\"https:\/\/www.technodompro.com\/index.php\/produkt\/znackovy-sapho-twiga-plus-umyvadlova-zasuvka-88-5x17x43-5cm-cerna-mat-15126\/#primaryimage\",\"url\":\"https:\/\/www.technodompro.com\/wp-content\/uploads\/2026\/SK0015356-CZ20260425-092632-0-1777080397-sapho-twiga-plus-umyvadlova-zasuvka-88-5x17x43-5cm-cerna-ma.webp\",\"contentUrl\":\"https:\/\/www.technodompro.com\/wp-content\/uploads\/2026\/SK0015356-CZ20260425-092632-0-1777080397-sapho-twiga-plus-umyvadlova-zasuvka-88-5x17x43-5cm-cerna-ma.webp\",\"width\":600,\"height\":368},{\"@type\":\"BreadcrumbList\",\"@id\":\"https:\/\/www.technodompro.com\/index.php\/produkt\/znackovy-sapho-twiga-plus-umyvadlova-zasuvka-88-5x17x43-5cm-cerna-mat-15126\/#breadcrumb\",\"itemListElement\":[{\"@type\":\"ListItem\",\"position\":1,\"name\":\"Home\",\"item\":\"https:\/\/www.technodompro.com\/\"},{\"@type\":\"ListItem\",\"position\":2,\"name\":\"Products\",\"item\":\"https:\/\/www.technodompro.com\/index.php\/products\/\"},{\"@type\":\"ListItem\",\"position\":3,\"name\":\"Zna\u010dkov\u00fd Sapho TWIGA PLUS umyvadlov\u00e1 z\u00e1suvka 88,5x17x43,5cm, \u010dern\u00e1 mat\"}]},{\"@type\":\"WebSite\",\"@id\":\"https:\/\/www.technodompro.com\/#website\",\"url\":\"https:\/\/www.technodompro.com\/\",\"name\":\"\",\"description\":\"\",\"potentialAction\":[{\"@type\":\"SearchAction\",\"target\":{\"@type\":\"EntryPoint\",\"urlTemplate\":\"https:\/\/www.technodompro.com\/?s={search_term_string}\"},\"query-input\":{\"@type\":\"PropertyValueSpecification\",\"valueRequired\":true,\"valueName\":\"search_term_string\"}}],\"inLanguage\":\"cs\"}]}<\/script>\n<!-- \/ Yoast SEO plugin. -->","yoast_head_json":{"title":"Zna\u010dkov\u00fd Sapho TWIGA PLUS umyvadlov\u00e1 z\u00e1suvka 88,5x17x43,5cm, \u010dern\u00e1 mat -","robots":{"index":"index","follow":"follow","max-snippet":"max-snippet:-1","max-image-preview":"max-image-preview:large","max-video-preview":"max-video-preview:-1"},"canonical":"https:\/\/www.technodompro.com\/index.php\/produkt\/znackovy-sapho-twiga-plus-umyvadlova-zasuvka-88-5x17x43-5cm-cerna-mat-15126\/","og_locale":"cs_CZ","og_type":"article","og_title":"Zna\u010dkov\u00fd Sapho TWIGA PLUS umyvadlov\u00e1 z\u00e1suvka 88,5x17x43,5cm, \u010dern\u00e1 mat -","og_description":"Popis produktu Sapho TWIGA PLUS umyvadlov\u00e1 z\u00e1suvka 88,5x17x43,5cm, \u010dern\u00e1 mat Barva: \u010cern\u00e1 mat\u0160\u00ed\u0159ka: 885 mmV\u00fd\u0161ka: 170 mmHloubka: 435 mmBalen\u00ed: 1 ksRozm\u011br: 88,5x17x43,5 cmMateri\u00e1l: MDF\/laminoZ\u00e1ruka: 2 rokyJin\u00e9 barevn\u00e9 proveden\u00ed: Dle vzorn\u00edku Z\u00e1v\u011bsn\u00e1 umyvadlov\u00e1 z\u00e1suvka pod horn\u00ed desku TWIGA stolk\u016f o rozm\u011brech&nbsp;110 a\u017e 130 cm s v\u00fd\u0159ezem pro sifon v\u00fdsuv BLUM TANDEMBOX antaro s&nbsp;funkc\u00ed&nbsp;tlumen\u00ed BLUMOTION s do\u017eivotn\u00ed [&hellip;]","og_url":"https:\/\/www.technodompro.com\/index.php\/produkt\/znackovy-sapho-twiga-plus-umyvadlova-zasuvka-88-5x17x43-5cm-cerna-mat-15126\/","og_image":[{"width":600,"height":368,"url":"https:\/\/www.technodompro.com\/wp-content\/uploads\/2026\/SK0015356-CZ20260425-092632-0-1777080397-sapho-twiga-plus-umyvadlova-zasuvka-88-5x17x43-5cm-cerna-ma.webp","type":"image\/webp"}],"twitter_card":"summary_large_image","twitter_misc":{"Odhadovan\u00e1 doba \u010dten\u00ed":"1 minuta"},"schema":{"@context":"https:\/\/schema.org","@graph":[{"@type":"WebPage","@id":"https:\/\/www.technodompro.com\/index.php\/produkt\/znackovy-sapho-twiga-plus-umyvadlova-zasuvka-88-5x17x43-5cm-cerna-mat-15126\/","url":"https:\/\/www.technodompro.com\/index.php\/produkt\/znackovy-sapho-twiga-plus-umyvadlova-zasuvka-88-5x17x43-5cm-cerna-mat-15126\/","name":"Zna\u010dkov\u00fd Sapho TWIGA PLUS umyvadlov\u00e1 z\u00e1suvka 88,5x17x43,5cm, \u010dern\u00e1 mat -","isPartOf":{"@id":"https:\/\/www.technodompro.com\/#website"},"primaryImageOfPage":{"@id":"https:\/\/www.technodompro.com\/index.php\/produkt\/znackovy-sapho-twiga-plus-umyvadlova-zasuvka-88-5x17x43-5cm-cerna-mat-15126\/#primaryimage"},"image":{"@id":"https:\/\/www.technodompro.com\/index.php\/produkt\/znackovy-sapho-twiga-plus-umyvadlova-zasuvka-88-5x17x43-5cm-cerna-mat-15126\/#primaryimage"},"thumbnailUrl":"https:\/\/www.technodompro.com\/wp-content\/uploads\/2026\/SK0015356-CZ20260425-092632-0-1777080397-sapho-twiga-plus-umyvadlova-zasuvka-88-5x17x43-5cm-cerna-ma.webp","datePublished":"2026-04-27T04:41:07+00:00","breadcrumb":{"@id":"https:\/\/www.technodompro.com\/index.php\/produkt\/znackovy-sapho-twiga-plus-umyvadlova-zasuvka-88-5x17x43-5cm-cerna-mat-15126\/#breadcrumb"},"inLanguage":"cs","potentialAction":[{"@type":"ReadAction","target":["https:\/\/www.technodompro.com\/index.php\/produkt\/znackovy-sapho-twiga-plus-umyvadlova-zasuvka-88-5x17x43-5cm-cerna-mat-15126\/"]}]},{"@type":"ImageObject","inLanguage":"cs","@id":"https:\/\/www.technodompro.com\/index.php\/produkt\/znackovy-sapho-twiga-plus-umyvadlova-zasuvka-88-5x17x43-5cm-cerna-mat-15126\/#primaryimage","url":"https:\/\/www.technodompro.com\/wp-content\/uploads\/2026\/SK0015356-CZ20260425-092632-0-1777080397-sapho-twiga-plus-umyvadlova-zasuvka-88-5x17x43-5cm-cerna-ma.webp","contentUrl":"https:\/\/www.technodompro.com\/wp-content\/uploads\/2026\/SK0015356-CZ20260425-092632-0-1777080397-sapho-twiga-plus-umyvadlova-zasuvka-88-5x17x43-5cm-cerna-ma.webp","width":600,"height":368},{"@type":"BreadcrumbList","@id":"https:\/\/www.technodompro.com\/index.php\/produkt\/znackovy-sapho-twiga-plus-umyvadlova-zasuvka-88-5x17x43-5cm-cerna-mat-15126\/#breadcrumb","itemListElement":[{"@type":"ListItem","position":1,"name":"Home","item":"https:\/\/www.technodompro.com\/"},{"@type":"ListItem","position":2,"name":"Products","item":"https:\/\/www.technodompro.com\/index.php\/products\/"},{"@type":"ListItem","position":3,"name":"Zna\u010dkov\u00fd Sapho TWIGA PLUS umyvadlov\u00e1 z\u00e1suvka 88,5x17x43,5cm, \u010dern\u00e1 mat"}]},{"@type":"WebSite","@id":"https:\/\/www.technodompro.com\/#website","url":"https:\/\/www.technodompro.com\/","name":"","description":"","potentialAction":[{"@type":"SearchAction","target":{"@type":"EntryPoint","urlTemplate":"https:\/\/www.technodompro.com\/?s={search_term_string}"},"query-input":{"@type":"PropertyValueSpecification","valueRequired":true,"valueName":"search_term_string"}}],"inLanguage":"cs"}]}},"_links":{"self":[{"href":"https:\/\/www.technodompro.com\/index.php\/wp-json\/wp\/v2\/product\/15126","targetHints":{"allow":["GET"]}}],"collection":[{"href":"https:\/\/www.technodompro.com\/index.php\/wp-json\/wp\/v2\/product"}],"about":[{"href":"https:\/\/www.technodompro.com\/index.php\/wp-json\/wp\/v2\/types\/product"}],"replies":[{"embeddable":true,"href":"https:\/\/www.technodompro.com\/index.php\/wp-json\/wp\/v2\/comments?post=15126"}],"wp:featuredmedia":[{"embeddable":true,"href":"https:\/\/www.technodompro.com\/index.php\/wp-json\/wp\/v2\/media\/15226"}],"wp:attachment":[{"href":"https:\/\/www.technodompro.com\/index.php\/wp-json\/wp\/v2\/media?parent=15126"}],"wp:term":[{"taxonomy":"product_brand","embeddable":true,"href":"https:\/\/www.technodompro.com\/index.php\/wp-json\/wp\/v2\/product_brand?post=15126"},{"taxonomy":"product_cat","embeddable":true,"href":"https:\/\/www.technodompro.com\/index.php\/wp-json\/wp\/v2\/product_cat?post=15126"},{"taxonomy":"product_tag","embeddable":true,"href":"https:\/\/www.technodompro.com\/index.php\/wp-json\/wp\/v2\/product_tag?post=15126"}],"curies":[{"name":"wp","href":"https:\/\/api.w.org\/{rel}","templated":true}]}}