{"id":15161,"date":"2026-04-27T04:41:07","date_gmt":"2026-04-27T04:41:07","guid":{"rendered":""},"modified":"2026-04-27T04:41:07","modified_gmt":"2026-04-27T04:41:07","slug":"rychle-dodani-dlazba-alaplana-shireen-bone-23x120-bal-1-0851m2-shi008-15161","status":"publish","type":"product","link":"https:\/\/www.technodompro.com\/index.php\/produkt\/rychle-dodani-dlazba-alaplana-shireen-bone-23x120-bal-1-0851m2-shi008-15161\/","title":{"rendered":"Rychl\u00e9 Dod\u00e1n\u00ed Dla\u017eba Alaplana SHIREEN Bone 23&#215;120 (bal=1,0851m2) &#8211; SHI008"},"content":{"rendered":"<div class=\"ProductDetail-content NoFixImageContainer\" id=\"productDescription\">\n<div class=\"Heading\">\n<h2 class=\"Heading-title\">Popis produktu <span class=''>Dla\u017eba Alaplana SHIREEN Bone 23&#215;120 (bal=1,0851m2) &#8211; SHI008<\/span><\/h2>\n<\/p><\/div>\n<div class=\"ProductDetailContent\">                                                                    <\/div>\n<div class=\"ProductDetailContent\">\n<div class=\"ProductDetailContent-item\">                                            Balen\u00ed: 1 ks<br \/>Charakter: Kalibrovan\u00e1;Slinut\u00e1;Mrazuvzdorn\u00e1<br \/>Ot\u011bruvzdornost: PEI IV<br \/>Pou\u017eit\u00ed: Dla\u017eba<br \/>Rozm\u011br: 23&#215;120 cm<br \/>Povrch: Mat<br \/>Po\u010det ks v balen\u00ed: 4<br \/>Materi\u00e1l: Keramika<br \/>Tlou\u0161\u0165ka: 10 mm<br \/>Balen\u00ed obsahuje: 1.0851 m2<br \/>Z\u00e1ruka: 2 roky                                        <\/div>\n<div class=\"ProductDetailContent-item\">\n<h3>Vysv\u011btlivky<\/h3>\n<div class=\"product-explanation-item\">\n<h3>Kalibrovan\u00e1 dla\u017eba<\/h3>\n<p style=\"text-align: justify;\">Kalibrovan\u00e1 dla\u017eba je t\u00e9\u017e zn\u00e1m\u00e1 jako rozm\u011brov\u011b stabiln\u00ed dla\u017edice.<br \/>Jedn\u00e1 se o dla\u017edice, kter\u00e9 byly mechanicky o\u0159ezan\u00e9 do ur\u010dit\u00e9 velikosti pot\u00e9, co byly vyp\u00e1leny tak, aby jejich okraje tvo\u0159ily \u00fahel 90\u00b0. Dosa\u017een\u00e1 jednotn\u00e1 velikost, rozm\u011br soudr\u017enosti a optim\u00e1ln\u00ed p\u0159esnost dod\u00e1vaj\u00ed dla\u017edic\u00edm \u010dist\u0161\u00ed proveden\u00ed a m\u00e9n\u011b odchylek mezi jednotliv\u00fdmi dla\u017edicemi.<\/p>\n<div class=\"clear\"><!-- --><\/div>\n<\/div>\n<div class=\"product-explanation-item\">\n<h3>Slinut\u00e1 dla\u017eba<\/h3>\n<p style=\"text-align: justify;\">Natla\u010den\u00edm do forem pod vysok\u00fdm tlakem z\u016fstane v keramick\u00e9 hmot\u011b minimum vzduchov\u00fdch bublin. N\u00e1sledn\u011b se vyp\u00e1l\u00ed p\u0159i vysok\u00fdch teplot\u00e1ch, \u010d\u00edm\u017e je v\u00fdsledn\u00fd produkt tvrd\u00fd, pevn\u00fd a ot\u011bruvzdorn\u00fd. Z\u00e1rove\u0148 je m\u00e9n\u011b nas\u00e1kav\u00fd.<br \/>Nach\u00e1z\u00ed univerz\u00e1ln\u00ed pou\u017eit\u00ed v interi\u00e9ru a exteri\u00e9ru, na st\u011bny i podlahy. Slinut\u00e1 dla\u017eba je obzvl\u00e1\u0161\u0165 vhodn\u00e1 do vysoce nam\u00e1han\u00fdch prostor jako dla\u017eba \u010di na fas\u00e1dy budov.<\/p>\n<div class=\"clear\"><!-- --><\/div>\n<\/div>\n<div class=\"product-explanation-item\">\n<h3>Mrazuvzdornost<\/h3>\n<p style=\"text-align: justify;\">Mrazuvzdornost je d\u00e1na m\u00edrou nas\u00e1kavosti dla\u017edice (tozn., \u017ee nenasaje vodu, kter\u00e1 by v n\u00ed mohla zmrznout). U obklad\u016f pro pou\u017eit\u00ed v interi\u00e9rech nen\u00ed mrazuvzdornost po\u017eadov\u00e1na a nas\u00e1kavost b\u00fdv\u00e1 obvykle v\u00edce ne\u017e 10 %. Oproti tomu mrazuvzdorn\u00e9 glazovan\u00e9 dla\u017edice maj\u00ed nas\u00e1kavost do 3 %. Pro exteri\u00e9r jsou pak vhodn\u00e9 slinut\u00e9 dla\u017edice s nas\u00e1kavost\u00ed ni\u017e\u0161\u00ed ne\u017e 0,5 %.<\/p>\n<div class=\"clear\"><!-- --><\/div>\n<\/div>\n<div class=\"product-explanation-item\">\n<h3>Pou\u017eit\u00ed glazovan\u00fdch dla\u017edic podle ot\u011bruvzdornosti:<\/h3>\n<p style=\"text-align: justify;\"><strong>Stupe\u0148 PEI IV.<\/strong> \u2013 ur\u010den pro intenzivn\u011bj\u0161\u00ed frekvenci chodc\u016f a siln\u011bj\u0161\u00ed zne\u010di\u0161t\u011bn\u00ed (nap\u0159. vnit\u0159n\u00ed prostory spr\u00e1vn\u00edch budov a chodby hotel\u016f, obchodn\u00ed m\u00edstnosti a kancel\u00e1\u0159e)<\/p>\n<div class=\"clear\"><!-- --><\/div>\n<\/div>\n<div class=\"product-explanation-item\">\n<h3>Matn\u00fd povrch<\/h3>\n<p>Matn\u00e1 glazura dla\u017edice.<\/p>\n<\/p>\n<div class=\"clear\"><!-- --><\/div>\n<\/div>\n<div class=\"product-explanation-item\">\n<h3>Dla\u017eba<\/h3>\n<p style=\"text-align: justify;\">Dla\u017edice vhodn\u00e1 pro pokl\u00e1dku na podlahu (= jako dla\u017eba), z\u00e1rove\u0148 lze pou\u017e\u00edt i pro obklad st\u011bn.<\/p>\n<div class=\"clear\"><!-- --><\/div>\n<\/div><\/div>\n<\/p><\/div>\n<\/p><\/div>\n<\/p><\/div>\n<\/p><\/div>\n","protected":false},"excerpt":{"rendered":"<p>Popis produktu Dla\u017eba Alaplana SHIREEN Bone 23&#215;120 (bal=1,0851m2) &#8211; SHI008 Balen\u00ed: 1 ksCharakter: Kalibrovan\u00e1;Slinut\u00e1;Mrazuvzdorn\u00e1Ot\u011bruvzdornost: PEI IVPou\u017eit\u00ed: Dla\u017ebaRozm\u011br: 23&#215;120 cmPovrch: MatPo\u010det ks v balen\u00ed: 4Materi\u00e1l: KeramikaTlou\u0161\u0165ka: 10 mmBalen\u00ed obsahuje: 1.0851 m2Z\u00e1ruka: 2 roky Vysv\u011btlivky Kalibrovan\u00e1 dla\u017eba Kalibrovan\u00e1 dla\u017eba je t\u00e9\u017e zn\u00e1m\u00e1 jako rozm\u011brov\u011b stabiln\u00ed dla\u017edice.Jedn\u00e1 se o dla\u017edice, kter\u00e9 byly mechanicky o\u0159ezan\u00e9 do ur\u010dit\u00e9 velikosti pot\u00e9, [&hellip;]<\/p>\n","protected":false},"featured_media":15261,"comment_status":"open","ping_status":"open","template":"","meta":[],"product_brand":[],"product_cat":[76],"product_tag":[],"class_list":{"0":"post-15161","1":"product","2":"type-product","3":"status-publish","4":"has-post-thumbnail","6":"product_cat-dlazba-a-obklady","8":"first","9":"instock","10":"sale","11":"shipping-taxable","12":"purchasable","13":"product-type-simple"},"yoast_head":"<!-- This site is optimized with the Yoast SEO plugin v26.8 - https:\/\/yoast.com\/product\/yoast-seo-wordpress\/ -->\n<title>Rychl\u00e9 Dod\u00e1n\u00ed Dla\u017eba Alaplana SHIREEN Bone 23x120 (bal=1,0851m2) - SHI008 -<\/title>\n<meta name=\"robots\" content=\"index, follow, max-snippet:-1, max-image-preview:large, max-video-preview:-1\" \/>\n<link rel=\"canonical\" href=\"https:\/\/www.technodompro.com\/index.php\/produkt\/rychle-dodani-dlazba-alaplana-shireen-bone-23x120-bal-1-0851m2-shi008-15161\/\" \/>\n<meta property=\"og:locale\" content=\"cs_CZ\" \/>\n<meta property=\"og:type\" content=\"article\" \/>\n<meta property=\"og:title\" content=\"Rychl\u00e9 Dod\u00e1n\u00ed Dla\u017eba Alaplana SHIREEN Bone 23x120 (bal=1,0851m2) - SHI008 -\" \/>\n<meta property=\"og:description\" content=\"Popis produktu Dla\u017eba Alaplana SHIREEN Bone 23&#215;120 (bal=1,0851m2) &#8211; SHI008 Balen\u00ed: 1 ksCharakter: Kalibrovan\u00e1;Slinut\u00e1;Mrazuvzdorn\u00e1Ot\u011bruvzdornost: PEI IVPou\u017eit\u00ed: Dla\u017ebaRozm\u011br: 23&#215;120 cmPovrch: MatPo\u010det ks v balen\u00ed: 4Materi\u00e1l: KeramikaTlou\u0161\u0165ka: 10 mmBalen\u00ed obsahuje: 1.0851 m2Z\u00e1ruka: 2 roky Vysv\u011btlivky Kalibrovan\u00e1 dla\u017eba Kalibrovan\u00e1 dla\u017eba je t\u00e9\u017e zn\u00e1m\u00e1 jako rozm\u011brov\u011b stabiln\u00ed dla\u017edice.Jedn\u00e1 se o dla\u017edice, kter\u00e9 byly mechanicky o\u0159ezan\u00e9 do ur\u010dit\u00e9 velikosti pot\u00e9, [&hellip;]\" \/>\n<meta property=\"og:url\" content=\"https:\/\/www.technodompro.com\/index.php\/produkt\/rychle-dodani-dlazba-alaplana-shireen-bone-23x120-bal-1-0851m2-shi008-15161\/\" \/>\n<meta property=\"og:image\" content=\"https:\/\/www.technodompro.com\/wp-content\/uploads\/2026\/SK0015392-CZ20260425-092632-0-1777080397-dlazba-alaplana-shireen-bone-23x120-bal-1-0851m2-shi008-463.webp\" \/>\n\t<meta property=\"og:image:width\" content=\"600\" \/>\n\t<meta property=\"og:image:height\" content=\"110\" \/>\n\t<meta property=\"og:image:type\" content=\"image\/webp\" \/>\n<meta name=\"twitter:card\" content=\"summary_large_image\" \/>\n<meta name=\"twitter:label1\" content=\"Odhadovan\u00e1 doba \u010dten\u00ed\" \/>\n\t<meta name=\"twitter:data1\" content=\"2 minuty\" \/>\n<script type=\"application\/ld+json\" class=\"yoast-schema-graph\">{\"@context\":\"https:\/\/schema.org\",\"@graph\":[{\"@type\":\"WebPage\",\"@id\":\"https:\/\/www.technodompro.com\/index.php\/produkt\/rychle-dodani-dlazba-alaplana-shireen-bone-23x120-bal-1-0851m2-shi008-15161\/\",\"url\":\"https:\/\/www.technodompro.com\/index.php\/produkt\/rychle-dodani-dlazba-alaplana-shireen-bone-23x120-bal-1-0851m2-shi008-15161\/\",\"name\":\"Rychl\u00e9 Dod\u00e1n\u00ed Dla\u017eba Alaplana SHIREEN Bone 23x120 (bal=1,0851m2) - SHI008 -\",\"isPartOf\":{\"@id\":\"https:\/\/www.technodompro.com\/#website\"},\"primaryImageOfPage\":{\"@id\":\"https:\/\/www.technodompro.com\/index.php\/produkt\/rychle-dodani-dlazba-alaplana-shireen-bone-23x120-bal-1-0851m2-shi008-15161\/#primaryimage\"},\"image\":{\"@id\":\"https:\/\/www.technodompro.com\/index.php\/produkt\/rychle-dodani-dlazba-alaplana-shireen-bone-23x120-bal-1-0851m2-shi008-15161\/#primaryimage\"},\"thumbnailUrl\":\"https:\/\/www.technodompro.com\/wp-content\/uploads\/2026\/SK0015392-CZ20260425-092632-0-1777080397-dlazba-alaplana-shireen-bone-23x120-bal-1-0851m2-shi008-463.webp\",\"datePublished\":\"2026-04-27T04:41:07+00:00\",\"breadcrumb\":{\"@id\":\"https:\/\/www.technodompro.com\/index.php\/produkt\/rychle-dodani-dlazba-alaplana-shireen-bone-23x120-bal-1-0851m2-shi008-15161\/#breadcrumb\"},\"inLanguage\":\"cs\",\"potentialAction\":[{\"@type\":\"ReadAction\",\"target\":[\"https:\/\/www.technodompro.com\/index.php\/produkt\/rychle-dodani-dlazba-alaplana-shireen-bone-23x120-bal-1-0851m2-shi008-15161\/\"]}]},{\"@type\":\"ImageObject\",\"inLanguage\":\"cs\",\"@id\":\"https:\/\/www.technodompro.com\/index.php\/produkt\/rychle-dodani-dlazba-alaplana-shireen-bone-23x120-bal-1-0851m2-shi008-15161\/#primaryimage\",\"url\":\"https:\/\/www.technodompro.com\/wp-content\/uploads\/2026\/SK0015392-CZ20260425-092632-0-1777080397-dlazba-alaplana-shireen-bone-23x120-bal-1-0851m2-shi008-463.webp\",\"contentUrl\":\"https:\/\/www.technodompro.com\/wp-content\/uploads\/2026\/SK0015392-CZ20260425-092632-0-1777080397-dlazba-alaplana-shireen-bone-23x120-bal-1-0851m2-shi008-463.webp\",\"width\":600,\"height\":110},{\"@type\":\"BreadcrumbList\",\"@id\":\"https:\/\/www.technodompro.com\/index.php\/produkt\/rychle-dodani-dlazba-alaplana-shireen-bone-23x120-bal-1-0851m2-shi008-15161\/#breadcrumb\",\"itemListElement\":[{\"@type\":\"ListItem\",\"position\":1,\"name\":\"Home\",\"item\":\"https:\/\/www.technodompro.com\/\"},{\"@type\":\"ListItem\",\"position\":2,\"name\":\"Products\",\"item\":\"https:\/\/www.technodompro.com\/index.php\/products\/\"},{\"@type\":\"ListItem\",\"position\":3,\"name\":\"Rychl\u00e9 Dod\u00e1n\u00ed Dla\u017eba Alaplana SHIREEN Bone 23&#215;120 (bal=1,0851m2) &#8211; SHI008\"}]},{\"@type\":\"WebSite\",\"@id\":\"https:\/\/www.technodompro.com\/#website\",\"url\":\"https:\/\/www.technodompro.com\/\",\"name\":\"\",\"description\":\"\",\"potentialAction\":[{\"@type\":\"SearchAction\",\"target\":{\"@type\":\"EntryPoint\",\"urlTemplate\":\"https:\/\/www.technodompro.com\/?s={search_term_string}\"},\"query-input\":{\"@type\":\"PropertyValueSpecification\",\"valueRequired\":true,\"valueName\":\"search_term_string\"}}],\"inLanguage\":\"cs\"}]}<\/script>\n<!-- \/ Yoast SEO plugin. -->","yoast_head_json":{"title":"Rychl\u00e9 Dod\u00e1n\u00ed Dla\u017eba Alaplana SHIREEN Bone 23x120 (bal=1,0851m2) - SHI008 -","robots":{"index":"index","follow":"follow","max-snippet":"max-snippet:-1","max-image-preview":"max-image-preview:large","max-video-preview":"max-video-preview:-1"},"canonical":"https:\/\/www.technodompro.com\/index.php\/produkt\/rychle-dodani-dlazba-alaplana-shireen-bone-23x120-bal-1-0851m2-shi008-15161\/","og_locale":"cs_CZ","og_type":"article","og_title":"Rychl\u00e9 Dod\u00e1n\u00ed Dla\u017eba Alaplana SHIREEN Bone 23x120 (bal=1,0851m2) - SHI008 -","og_description":"Popis produktu Dla\u017eba Alaplana SHIREEN Bone 23&#215;120 (bal=1,0851m2) &#8211; SHI008 Balen\u00ed: 1 ksCharakter: Kalibrovan\u00e1;Slinut\u00e1;Mrazuvzdorn\u00e1Ot\u011bruvzdornost: PEI IVPou\u017eit\u00ed: Dla\u017ebaRozm\u011br: 23&#215;120 cmPovrch: MatPo\u010det ks v balen\u00ed: 4Materi\u00e1l: KeramikaTlou\u0161\u0165ka: 10 mmBalen\u00ed obsahuje: 1.0851 m2Z\u00e1ruka: 2 roky Vysv\u011btlivky Kalibrovan\u00e1 dla\u017eba Kalibrovan\u00e1 dla\u017eba je t\u00e9\u017e zn\u00e1m\u00e1 jako rozm\u011brov\u011b stabiln\u00ed dla\u017edice.Jedn\u00e1 se o dla\u017edice, kter\u00e9 byly mechanicky o\u0159ezan\u00e9 do ur\u010dit\u00e9 velikosti pot\u00e9, [&hellip;]","og_url":"https:\/\/www.technodompro.com\/index.php\/produkt\/rychle-dodani-dlazba-alaplana-shireen-bone-23x120-bal-1-0851m2-shi008-15161\/","og_image":[{"width":600,"height":110,"url":"https:\/\/www.technodompro.com\/wp-content\/uploads\/2026\/SK0015392-CZ20260425-092632-0-1777080397-dlazba-alaplana-shireen-bone-23x120-bal-1-0851m2-shi008-463.webp","type":"image\/webp"}],"twitter_card":"summary_large_image","twitter_misc":{"Odhadovan\u00e1 doba \u010dten\u00ed":"2 minuty"},"schema":{"@context":"https:\/\/schema.org","@graph":[{"@type":"WebPage","@id":"https:\/\/www.technodompro.com\/index.php\/produkt\/rychle-dodani-dlazba-alaplana-shireen-bone-23x120-bal-1-0851m2-shi008-15161\/","url":"https:\/\/www.technodompro.com\/index.php\/produkt\/rychle-dodani-dlazba-alaplana-shireen-bone-23x120-bal-1-0851m2-shi008-15161\/","name":"Rychl\u00e9 Dod\u00e1n\u00ed Dla\u017eba Alaplana SHIREEN Bone 23x120 (bal=1,0851m2) - SHI008 -","isPartOf":{"@id":"https:\/\/www.technodompro.com\/#website"},"primaryImageOfPage":{"@id":"https:\/\/www.technodompro.com\/index.php\/produkt\/rychle-dodani-dlazba-alaplana-shireen-bone-23x120-bal-1-0851m2-shi008-15161\/#primaryimage"},"image":{"@id":"https:\/\/www.technodompro.com\/index.php\/produkt\/rychle-dodani-dlazba-alaplana-shireen-bone-23x120-bal-1-0851m2-shi008-15161\/#primaryimage"},"thumbnailUrl":"https:\/\/www.technodompro.com\/wp-content\/uploads\/2026\/SK0015392-CZ20260425-092632-0-1777080397-dlazba-alaplana-shireen-bone-23x120-bal-1-0851m2-shi008-463.webp","datePublished":"2026-04-27T04:41:07+00:00","breadcrumb":{"@id":"https:\/\/www.technodompro.com\/index.php\/produkt\/rychle-dodani-dlazba-alaplana-shireen-bone-23x120-bal-1-0851m2-shi008-15161\/#breadcrumb"},"inLanguage":"cs","potentialAction":[{"@type":"ReadAction","target":["https:\/\/www.technodompro.com\/index.php\/produkt\/rychle-dodani-dlazba-alaplana-shireen-bone-23x120-bal-1-0851m2-shi008-15161\/"]}]},{"@type":"ImageObject","inLanguage":"cs","@id":"https:\/\/www.technodompro.com\/index.php\/produkt\/rychle-dodani-dlazba-alaplana-shireen-bone-23x120-bal-1-0851m2-shi008-15161\/#primaryimage","url":"https:\/\/www.technodompro.com\/wp-content\/uploads\/2026\/SK0015392-CZ20260425-092632-0-1777080397-dlazba-alaplana-shireen-bone-23x120-bal-1-0851m2-shi008-463.webp","contentUrl":"https:\/\/www.technodompro.com\/wp-content\/uploads\/2026\/SK0015392-CZ20260425-092632-0-1777080397-dlazba-alaplana-shireen-bone-23x120-bal-1-0851m2-shi008-463.webp","width":600,"height":110},{"@type":"BreadcrumbList","@id":"https:\/\/www.technodompro.com\/index.php\/produkt\/rychle-dodani-dlazba-alaplana-shireen-bone-23x120-bal-1-0851m2-shi008-15161\/#breadcrumb","itemListElement":[{"@type":"ListItem","position":1,"name":"Home","item":"https:\/\/www.technodompro.com\/"},{"@type":"ListItem","position":2,"name":"Products","item":"https:\/\/www.technodompro.com\/index.php\/products\/"},{"@type":"ListItem","position":3,"name":"Rychl\u00e9 Dod\u00e1n\u00ed Dla\u017eba Alaplana SHIREEN Bone 23&#215;120 (bal=1,0851m2) &#8211; SHI008"}]},{"@type":"WebSite","@id":"https:\/\/www.technodompro.com\/#website","url":"https:\/\/www.technodompro.com\/","name":"","description":"","potentialAction":[{"@type":"SearchAction","target":{"@type":"EntryPoint","urlTemplate":"https:\/\/www.technodompro.com\/?s={search_term_string}"},"query-input":{"@type":"PropertyValueSpecification","valueRequired":true,"valueName":"search_term_string"}}],"inLanguage":"cs"}]}},"_links":{"self":[{"href":"https:\/\/www.technodompro.com\/index.php\/wp-json\/wp\/v2\/product\/15161","targetHints":{"allow":["GET"]}}],"collection":[{"href":"https:\/\/www.technodompro.com\/index.php\/wp-json\/wp\/v2\/product"}],"about":[{"href":"https:\/\/www.technodompro.com\/index.php\/wp-json\/wp\/v2\/types\/product"}],"replies":[{"embeddable":true,"href":"https:\/\/www.technodompro.com\/index.php\/wp-json\/wp\/v2\/comments?post=15161"}],"wp:featuredmedia":[{"embeddable":true,"href":"https:\/\/www.technodompro.com\/index.php\/wp-json\/wp\/v2\/media\/15261"}],"wp:attachment":[{"href":"https:\/\/www.technodompro.com\/index.php\/wp-json\/wp\/v2\/media?parent=15161"}],"wp:term":[{"taxonomy":"product_brand","embeddable":true,"href":"https:\/\/www.technodompro.com\/index.php\/wp-json\/wp\/v2\/product_brand?post=15161"},{"taxonomy":"product_cat","embeddable":true,"href":"https:\/\/www.technodompro.com\/index.php\/wp-json\/wp\/v2\/product_cat?post=15161"},{"taxonomy":"product_tag","embeddable":true,"href":"https:\/\/www.technodompro.com\/index.php\/wp-json\/wp\/v2\/product_tag?post=15161"}],"curies":[{"name":"wp","href":"https:\/\/api.w.org\/{rel}","templated":true}]}}