{"id":15554,"date":"2026-04-27T04:41:08","date_gmt":"2026-04-27T04:41:08","guid":{"rendered":""},"modified":"2026-04-27T04:41:08","modified_gmt":"2026-04-27T04:41:08","slug":"akcni-nabidka-gayafores-musa-dlazba-taco-grey-16-5x16-5-bal-0-55m2-mus004-15554","status":"publish","type":"product","link":"https:\/\/www.technodompro.com\/index.php\/produkt\/akcni-nabidka-gayafores-musa-dlazba-taco-grey-16-5x16-5-bal-0-55m2-mus004-15554\/","title":{"rendered":"Ak\u010dn\u00ed Nab\u00eddka Gayafores MUSA dla\u017eba Taco Grey 16,5&#215;16,5 (bal=0,55m2) &#8211; MUS004"},"content":{"rendered":"<div class=\"ProductDetail-content NoFixImageContainer\" id=\"productDescription\">\n<div class=\"Heading\">\n<h2 class=\"Heading-title\">Popis produktu <span class=''>Gayafores MUSA dla\u017eba Taco Grey 16,5&#215;16,5 (bal=0,55m2) &#8211; MUS004<\/span><\/h2>\n<\/p><\/div>\n<div class=\"ProductDetailContent\">                                                                    <\/div>\n<div class=\"ProductDetailContent\">                                                                    <\/div>\n<\/p><\/div>\n<\/p><\/div>\n<\/p><\/div>\n","protected":false},"excerpt":{"rendered":"<p>Popis produktu Gayafores MUSA dla\u017eba Taco Grey 16,5&#215;16,5 (bal=0,55m2) &#8211; MUS004<\/p>\n","protected":false},"featured_media":15654,"comment_status":"open","ping_status":"open","template":"","meta":[],"product_brand":[],"product_cat":[76],"product_tag":[],"class_list":{"0":"post-15554","1":"product","2":"type-product","3":"status-publish","4":"has-post-thumbnail","6":"product_cat-dlazba-a-obklady","8":"first","9":"instock","10":"sale","11":"shipping-taxable","12":"purchasable","13":"product-type-simple"},"yoast_head":"<!-- This site is optimized with the Yoast SEO plugin v26.8 - https:\/\/yoast.com\/product\/yoast-seo-wordpress\/ -->\n<title>Ak\u010dn\u00ed Nab\u00eddka Gayafores MUSA dla\u017eba Taco Grey 16,5x16,5 (bal=0,55m2) - MUS004 -<\/title>\n<meta name=\"robots\" content=\"index, follow, max-snippet:-1, max-image-preview:large, max-video-preview:-1\" \/>\n<link rel=\"canonical\" href=\"https:\/\/www.technodompro.com\/index.php\/produkt\/akcni-nabidka-gayafores-musa-dlazba-taco-grey-16-5x16-5-bal-0-55m2-mus004-15554\/\" \/>\n<meta property=\"og:locale\" content=\"cs_CZ\" \/>\n<meta property=\"og:type\" content=\"article\" \/>\n<meta property=\"og:title\" content=\"Ak\u010dn\u00ed Nab\u00eddka Gayafores MUSA dla\u017eba Taco Grey 16,5x16,5 (bal=0,55m2) - MUS004 -\" \/>\n<meta property=\"og:description\" content=\"Popis produktu Gayafores MUSA dla\u017eba Taco Grey 16,5&#215;16,5 (bal=0,55m2) &#8211; MUS004\" \/>\n<meta property=\"og:url\" content=\"https:\/\/www.technodompro.com\/index.php\/produkt\/akcni-nabidka-gayafores-musa-dlazba-taco-grey-16-5x16-5-bal-0-55m2-mus004-15554\/\" \/>\n<meta property=\"og:image\" content=\"https:\/\/www.technodompro.com\/wp-content\/uploads\/2026\/SK0015594-CZ20260425-092632-0-1777080397-gayafores-musa-dlazba-taco-grey-16-5x16-5-bal-0-55m2-mus004.webp\" \/>\n\t<meta property=\"og:image:width\" content=\"400\" \/>\n\t<meta property=\"og:image:height\" content=\"400\" \/>\n\t<meta property=\"og:image:type\" content=\"image\/webp\" \/>\n<meta name=\"twitter:card\" content=\"summary_large_image\" \/>\n<script type=\"application\/ld+json\" class=\"yoast-schema-graph\">{\"@context\":\"https:\/\/schema.org\",\"@graph\":[{\"@type\":\"WebPage\",\"@id\":\"https:\/\/www.technodompro.com\/index.php\/produkt\/akcni-nabidka-gayafores-musa-dlazba-taco-grey-16-5x16-5-bal-0-55m2-mus004-15554\/\",\"url\":\"https:\/\/www.technodompro.com\/index.php\/produkt\/akcni-nabidka-gayafores-musa-dlazba-taco-grey-16-5x16-5-bal-0-55m2-mus004-15554\/\",\"name\":\"Ak\u010dn\u00ed Nab\u00eddka Gayafores MUSA dla\u017eba Taco Grey 16,5x16,5 (bal=0,55m2) - MUS004 -\",\"isPartOf\":{\"@id\":\"https:\/\/www.technodompro.com\/#website\"},\"primaryImageOfPage\":{\"@id\":\"https:\/\/www.technodompro.com\/index.php\/produkt\/akcni-nabidka-gayafores-musa-dlazba-taco-grey-16-5x16-5-bal-0-55m2-mus004-15554\/#primaryimage\"},\"image\":{\"@id\":\"https:\/\/www.technodompro.com\/index.php\/produkt\/akcni-nabidka-gayafores-musa-dlazba-taco-grey-16-5x16-5-bal-0-55m2-mus004-15554\/#primaryimage\"},\"thumbnailUrl\":\"https:\/\/www.technodompro.com\/wp-content\/uploads\/2026\/SK0015594-CZ20260425-092632-0-1777080397-gayafores-musa-dlazba-taco-grey-16-5x16-5-bal-0-55m2-mus004.webp\",\"datePublished\":\"2026-04-27T04:41:08+00:00\",\"breadcrumb\":{\"@id\":\"https:\/\/www.technodompro.com\/index.php\/produkt\/akcni-nabidka-gayafores-musa-dlazba-taco-grey-16-5x16-5-bal-0-55m2-mus004-15554\/#breadcrumb\"},\"inLanguage\":\"cs\",\"potentialAction\":[{\"@type\":\"ReadAction\",\"target\":[\"https:\/\/www.technodompro.com\/index.php\/produkt\/akcni-nabidka-gayafores-musa-dlazba-taco-grey-16-5x16-5-bal-0-55m2-mus004-15554\/\"]}]},{\"@type\":\"ImageObject\",\"inLanguage\":\"cs\",\"@id\":\"https:\/\/www.technodompro.com\/index.php\/produkt\/akcni-nabidka-gayafores-musa-dlazba-taco-grey-16-5x16-5-bal-0-55m2-mus004-15554\/#primaryimage\",\"url\":\"https:\/\/www.technodompro.com\/wp-content\/uploads\/2026\/SK0015594-CZ20260425-092632-0-1777080397-gayafores-musa-dlazba-taco-grey-16-5x16-5-bal-0-55m2-mus004.webp\",\"contentUrl\":\"https:\/\/www.technodompro.com\/wp-content\/uploads\/2026\/SK0015594-CZ20260425-092632-0-1777080397-gayafores-musa-dlazba-taco-grey-16-5x16-5-bal-0-55m2-mus004.webp\",\"width\":400,\"height\":400},{\"@type\":\"BreadcrumbList\",\"@id\":\"https:\/\/www.technodompro.com\/index.php\/produkt\/akcni-nabidka-gayafores-musa-dlazba-taco-grey-16-5x16-5-bal-0-55m2-mus004-15554\/#breadcrumb\",\"itemListElement\":[{\"@type\":\"ListItem\",\"position\":1,\"name\":\"Home\",\"item\":\"https:\/\/www.technodompro.com\/\"},{\"@type\":\"ListItem\",\"position\":2,\"name\":\"Products\",\"item\":\"https:\/\/www.technodompro.com\/index.php\/products\/\"},{\"@type\":\"ListItem\",\"position\":3,\"name\":\"Ak\u010dn\u00ed Nab\u00eddka Gayafores MUSA dla\u017eba Taco Grey 16,5&#215;16,5 (bal=0,55m2) &#8211; MUS004\"}]},{\"@type\":\"WebSite\",\"@id\":\"https:\/\/www.technodompro.com\/#website\",\"url\":\"https:\/\/www.technodompro.com\/\",\"name\":\"\",\"description\":\"\",\"potentialAction\":[{\"@type\":\"SearchAction\",\"target\":{\"@type\":\"EntryPoint\",\"urlTemplate\":\"https:\/\/www.technodompro.com\/?s={search_term_string}\"},\"query-input\":{\"@type\":\"PropertyValueSpecification\",\"valueRequired\":true,\"valueName\":\"search_term_string\"}}],\"inLanguage\":\"cs\"}]}<\/script>\n<!-- \/ Yoast SEO plugin. -->","yoast_head_json":{"title":"Ak\u010dn\u00ed Nab\u00eddka Gayafores MUSA dla\u017eba Taco Grey 16,5x16,5 (bal=0,55m2) - MUS004 -","robots":{"index":"index","follow":"follow","max-snippet":"max-snippet:-1","max-image-preview":"max-image-preview:large","max-video-preview":"max-video-preview:-1"},"canonical":"https:\/\/www.technodompro.com\/index.php\/produkt\/akcni-nabidka-gayafores-musa-dlazba-taco-grey-16-5x16-5-bal-0-55m2-mus004-15554\/","og_locale":"cs_CZ","og_type":"article","og_title":"Ak\u010dn\u00ed Nab\u00eddka Gayafores MUSA dla\u017eba Taco Grey 16,5x16,5 (bal=0,55m2) - MUS004 -","og_description":"Popis produktu Gayafores MUSA dla\u017eba Taco Grey 16,5&#215;16,5 (bal=0,55m2) &#8211; MUS004","og_url":"https:\/\/www.technodompro.com\/index.php\/produkt\/akcni-nabidka-gayafores-musa-dlazba-taco-grey-16-5x16-5-bal-0-55m2-mus004-15554\/","og_image":[{"width":400,"height":400,"url":"https:\/\/www.technodompro.com\/wp-content\/uploads\/2026\/SK0015594-CZ20260425-092632-0-1777080397-gayafores-musa-dlazba-taco-grey-16-5x16-5-bal-0-55m2-mus004.webp","type":"image\/webp"}],"twitter_card":"summary_large_image","schema":{"@context":"https:\/\/schema.org","@graph":[{"@type":"WebPage","@id":"https:\/\/www.technodompro.com\/index.php\/produkt\/akcni-nabidka-gayafores-musa-dlazba-taco-grey-16-5x16-5-bal-0-55m2-mus004-15554\/","url":"https:\/\/www.technodompro.com\/index.php\/produkt\/akcni-nabidka-gayafores-musa-dlazba-taco-grey-16-5x16-5-bal-0-55m2-mus004-15554\/","name":"Ak\u010dn\u00ed Nab\u00eddka Gayafores MUSA dla\u017eba Taco Grey 16,5x16,5 (bal=0,55m2) - MUS004 -","isPartOf":{"@id":"https:\/\/www.technodompro.com\/#website"},"primaryImageOfPage":{"@id":"https:\/\/www.technodompro.com\/index.php\/produkt\/akcni-nabidka-gayafores-musa-dlazba-taco-grey-16-5x16-5-bal-0-55m2-mus004-15554\/#primaryimage"},"image":{"@id":"https:\/\/www.technodompro.com\/index.php\/produkt\/akcni-nabidka-gayafores-musa-dlazba-taco-grey-16-5x16-5-bal-0-55m2-mus004-15554\/#primaryimage"},"thumbnailUrl":"https:\/\/www.technodompro.com\/wp-content\/uploads\/2026\/SK0015594-CZ20260425-092632-0-1777080397-gayafores-musa-dlazba-taco-grey-16-5x16-5-bal-0-55m2-mus004.webp","datePublished":"2026-04-27T04:41:08+00:00","breadcrumb":{"@id":"https:\/\/www.technodompro.com\/index.php\/produkt\/akcni-nabidka-gayafores-musa-dlazba-taco-grey-16-5x16-5-bal-0-55m2-mus004-15554\/#breadcrumb"},"inLanguage":"cs","potentialAction":[{"@type":"ReadAction","target":["https:\/\/www.technodompro.com\/index.php\/produkt\/akcni-nabidka-gayafores-musa-dlazba-taco-grey-16-5x16-5-bal-0-55m2-mus004-15554\/"]}]},{"@type":"ImageObject","inLanguage":"cs","@id":"https:\/\/www.technodompro.com\/index.php\/produkt\/akcni-nabidka-gayafores-musa-dlazba-taco-grey-16-5x16-5-bal-0-55m2-mus004-15554\/#primaryimage","url":"https:\/\/www.technodompro.com\/wp-content\/uploads\/2026\/SK0015594-CZ20260425-092632-0-1777080397-gayafores-musa-dlazba-taco-grey-16-5x16-5-bal-0-55m2-mus004.webp","contentUrl":"https:\/\/www.technodompro.com\/wp-content\/uploads\/2026\/SK0015594-CZ20260425-092632-0-1777080397-gayafores-musa-dlazba-taco-grey-16-5x16-5-bal-0-55m2-mus004.webp","width":400,"height":400},{"@type":"BreadcrumbList","@id":"https:\/\/www.technodompro.com\/index.php\/produkt\/akcni-nabidka-gayafores-musa-dlazba-taco-grey-16-5x16-5-bal-0-55m2-mus004-15554\/#breadcrumb","itemListElement":[{"@type":"ListItem","position":1,"name":"Home","item":"https:\/\/www.technodompro.com\/"},{"@type":"ListItem","position":2,"name":"Products","item":"https:\/\/www.technodompro.com\/index.php\/products\/"},{"@type":"ListItem","position":3,"name":"Ak\u010dn\u00ed Nab\u00eddka Gayafores MUSA dla\u017eba Taco Grey 16,5&#215;16,5 (bal=0,55m2) &#8211; MUS004"}]},{"@type":"WebSite","@id":"https:\/\/www.technodompro.com\/#website","url":"https:\/\/www.technodompro.com\/","name":"","description":"","potentialAction":[{"@type":"SearchAction","target":{"@type":"EntryPoint","urlTemplate":"https:\/\/www.technodompro.com\/?s={search_term_string}"},"query-input":{"@type":"PropertyValueSpecification","valueRequired":true,"valueName":"search_term_string"}}],"inLanguage":"cs"}]}},"_links":{"self":[{"href":"https:\/\/www.technodompro.com\/index.php\/wp-json\/wp\/v2\/product\/15554","targetHints":{"allow":["GET"]}}],"collection":[{"href":"https:\/\/www.technodompro.com\/index.php\/wp-json\/wp\/v2\/product"}],"about":[{"href":"https:\/\/www.technodompro.com\/index.php\/wp-json\/wp\/v2\/types\/product"}],"replies":[{"embeddable":true,"href":"https:\/\/www.technodompro.com\/index.php\/wp-json\/wp\/v2\/comments?post=15554"}],"wp:featuredmedia":[{"embeddable":true,"href":"https:\/\/www.technodompro.com\/index.php\/wp-json\/wp\/v2\/media\/15654"}],"wp:attachment":[{"href":"https:\/\/www.technodompro.com\/index.php\/wp-json\/wp\/v2\/media?parent=15554"}],"wp:term":[{"taxonomy":"product_brand","embeddable":true,"href":"https:\/\/www.technodompro.com\/index.php\/wp-json\/wp\/v2\/product_brand?post=15554"},{"taxonomy":"product_cat","embeddable":true,"href":"https:\/\/www.technodompro.com\/index.php\/wp-json\/wp\/v2\/product_cat?post=15554"},{"taxonomy":"product_tag","embeddable":true,"href":"https:\/\/www.technodompro.com\/index.php\/wp-json\/wp\/v2\/product_tag?post=15554"}],"curies":[{"name":"wp","href":"https:\/\/api.w.org\/{rel}","templated":true}]}}