{"id":16122,"date":"2026-04-27T04:41:09","date_gmt":"2026-04-27T04:41:09","guid":{"rendered":""},"modified":"2026-04-27T04:41:09","modified_gmt":"2026-04-27T04:41:09","slug":"sezonni-sleva-aqualine-sprchova-vanicka-akrylatova-ctvrtkruh-80x80x28cm-vcetne-nozicek-r550-c83-16122","status":"publish","type":"product","link":"https:\/\/www.technodompro.com\/index.php\/produkt\/sezonni-sleva-aqualine-sprchova-vanicka-akrylatova-ctvrtkruh-80x80x28cm-vcetne-nozicek-r550-c83-16122\/","title":{"rendered":"Sez\u00f3nn\u00ed Sleva Aqualine Sprchov\u00e1 vani\u010dka akryl\u00e1tov\u00e1, \u010dtvrtkruh 80x80x28cm, v\u010detn\u011b no\u017ei\u010dek, R550 C83"},"content":{"rendered":"<div class=\"tabs__content-outer\" id=\"tab_description\" data-hash=\"description\" data-tabindex=\"-1\">\n<div class=\"tabs__content toggle_description\" id=\"content_description\">\n<div class=\"wysiwyg-content\">\n<div class=\"product__tab product__description full-width\">\n<div class=\"container\">\n<div >\n<h3>Aqualine Sprchov\u00e1 vani\u010dka akryl\u00e1tov\u00e1, \u010dtvrtkruh 80x80x28cm, v\u010detn\u011b no\u017ei\u010dek, R550 C83<\/h3>\n<p>P\u0159i instalaci s \u010deln\u00edm panelem B83 je nutno instalovat n\u00edzk\u00fd sifon. Vani\u010dka je vybavena p\u0159epadem. <br \/>Vani\u010dka je vhodn\u00e1 i jako men\u0161\u00ed sprchov\u00e1 vana pro um\u00edst\u011bn\u00ed v panelov\u00fdch domech, kde mal\u00e9 rozm\u011bry koupelny nedovoluj\u00ed pou\u017e\u00edt vanu b\u011b\u017en\u00e9 velikosti.<\/p>\n<div class=\"product-explanation-item\">\n<h3><span>ABS\/PMMA<\/span><\/h3>\n<p style=\"text-align: justify;\">ABS\/PMMA je z pohledov\u00e9 \u010d\u00e1sti tvo\u0159en slabou vrstvou akryl\u00e1tu, kter\u00fd je ve spodn\u00ed \u010d\u00e1sti dopln\u011bn vrstvou ABS plastu. Celkov\u00e1 tlou\u0161\u0165ka vstupn\u00edho materi\u00e1lu je 3,2 mm a tuhost fin\u00e1ln\u00edho v\u00fdrobku je na podobn\u00e9 \u00farovni jako u produkt\u016f ze 100% akryl\u00e1tu.<\/p>\n<\/p><\/div>\n<p><\/p>\n<p><b>Vlastnosti<\/b><\/p>\n<ul>\n<li><span>Materi\u00e1l:<\/span> ABS\/PMMA<\/li>\n<li><span>Barva:<\/span> B\u00edl\u00e1<\/li>\n<li><span>R\u00e1dius:<\/span> R550<\/li>\n<li><span>Tvar:<\/span> Hlubok\u00e9<\/li>\n<li><span>Rozm\u011br:<\/span> 80x80x28 cm<\/li>\n<li><span>\u0160\u00ed\u0159ka:<\/span> 800 mm<\/li>\n<li><span>V\u00fd\u0161ka:<\/span> 280 mm<\/li>\n<li><span>Hloubka:<\/span> 280 mm<\/li>\n<li><span>Pr\u016fm\u011br odpadu:<\/span> 54 mm<\/li>\n<li><span>D\u00e9lka:<\/span> 800 mm<\/li>\n<li><span>Reli\u00e9f (povrch) dna:<\/span> Hladk\u00fd<\/li>\n<li><span>Objem:<\/span> 40 l<\/li>\n<li><span>Nosnost:<\/span> 120 kg<\/li>\n<li><span>Balen\u00ed obsahuje:<\/span> Kovov\u00e1 podp\u011brn\u00e1 konstrukce<\/li>\n<li><span>Tlou\u0161\u0165ka materi\u00e1lu:<\/span> 4 mm<\/li>\n<\/ul>\n<\/div><\/div>\n<\/p><\/div>\n<\/p><\/div>\n<\/p><\/div>\n","protected":false},"excerpt":{"rendered":"<p>Aqualine Sprchov\u00e1 vani\u010dka akryl\u00e1tov\u00e1, \u010dtvrtkruh 80x80x28cm, v\u010detn\u011b no\u017ei\u010dek, R550 C83 P\u0159i instalaci s \u010deln\u00edm panelem B83 je nutno instalovat n\u00edzk\u00fd sifon. Vani\u010dka je vybavena p\u0159epadem. Vani\u010dka je vhodn\u00e1 i jako men\u0161\u00ed sprchov\u00e1 vana pro um\u00edst\u011bn\u00ed v panelov\u00fdch domech, kde mal\u00e9 rozm\u011bry koupelny nedovoluj\u00ed pou\u017e\u00edt vanu b\u011b\u017en\u00e9 velikosti. ABS\/PMMA ABS\/PMMA je z pohledov\u00e9 \u010d\u00e1sti tvo\u0159en slabou [&hellip;]<\/p>\n","protected":false},"featured_media":16222,"comment_status":"open","ping_status":"open","template":"","meta":[],"product_brand":[],"product_cat":[77],"product_tag":[],"class_list":{"0":"post-16122","1":"product","2":"type-product","3":"status-publish","4":"has-post-thumbnail","6":"product_cat-koupelna","8":"first","9":"instock","10":"sale","11":"shipping-taxable","12":"purchasable","13":"product-type-simple"},"yoast_head":"<!-- This site is optimized with the Yoast SEO plugin v26.8 - https:\/\/yoast.com\/product\/yoast-seo-wordpress\/ -->\n<title>Sez\u00f3nn\u00ed Sleva Aqualine Sprchov\u00e1 vani\u010dka akryl\u00e1tov\u00e1, \u010dtvrtkruh 80x80x28cm, v\u010detn\u011b no\u017ei\u010dek, R550 C83 -<\/title>\n<meta name=\"robots\" content=\"index, follow, max-snippet:-1, max-image-preview:large, max-video-preview:-1\" \/>\n<link rel=\"canonical\" href=\"https:\/\/www.technodompro.com\/index.php\/produkt\/sezonni-sleva-aqualine-sprchova-vanicka-akrylatova-ctvrtkruh-80x80x28cm-vcetne-nozicek-r550-c83-16122\/\" \/>\n<meta property=\"og:locale\" content=\"cs_CZ\" \/>\n<meta property=\"og:type\" content=\"article\" \/>\n<meta property=\"og:title\" content=\"Sez\u00f3nn\u00ed Sleva Aqualine Sprchov\u00e1 vani\u010dka akryl\u00e1tov\u00e1, \u010dtvrtkruh 80x80x28cm, v\u010detn\u011b no\u017ei\u010dek, R550 C83 -\" \/>\n<meta property=\"og:description\" content=\"Aqualine Sprchov\u00e1 vani\u010dka akryl\u00e1tov\u00e1, \u010dtvrtkruh 80x80x28cm, v\u010detn\u011b no\u017ei\u010dek, R550 C83 P\u0159i instalaci s \u010deln\u00edm panelem B83 je nutno instalovat n\u00edzk\u00fd sifon. Vani\u010dka je vybavena p\u0159epadem. Vani\u010dka je vhodn\u00e1 i jako men\u0161\u00ed sprchov\u00e1 vana pro um\u00edst\u011bn\u00ed v panelov\u00fdch domech, kde mal\u00e9 rozm\u011bry koupelny nedovoluj\u00ed pou\u017e\u00edt vanu b\u011b\u017en\u00e9 velikosti. ABS\/PMMA ABS\/PMMA je z pohledov\u00e9 \u010d\u00e1sti tvo\u0159en slabou [&hellip;]\" \/>\n<meta property=\"og:url\" content=\"https:\/\/www.technodompro.com\/index.php\/produkt\/sezonni-sleva-aqualine-sprchova-vanicka-akrylatova-ctvrtkruh-80x80x28cm-vcetne-nozicek-r550-c83-16122\/\" \/>\n<meta property=\"og:image\" content=\"https:\/\/www.technodompro.com\/wp-content\/uploads\/2026\/SK0012140-CZ20260425-093041-0-1777080643-6ac6f8fdb0e8b7d3d07681d39ea93149.webp\" \/>\n\t<meta property=\"og:image:width\" content=\"790\" \/>\n\t<meta property=\"og:image:height\" content=\"800\" \/>\n\t<meta property=\"og:image:type\" content=\"image\/webp\" \/>\n<meta name=\"twitter:card\" content=\"summary_large_image\" \/>\n<meta name=\"twitter:label1\" content=\"Odhadovan\u00e1 doba \u010dten\u00ed\" \/>\n\t<meta name=\"twitter:data1\" content=\"1 minuta\" \/>\n<script type=\"application\/ld+json\" class=\"yoast-schema-graph\">{\"@context\":\"https:\/\/schema.org\",\"@graph\":[{\"@type\":\"WebPage\",\"@id\":\"https:\/\/www.technodompro.com\/index.php\/produkt\/sezonni-sleva-aqualine-sprchova-vanicka-akrylatova-ctvrtkruh-80x80x28cm-vcetne-nozicek-r550-c83-16122\/\",\"url\":\"https:\/\/www.technodompro.com\/index.php\/produkt\/sezonni-sleva-aqualine-sprchova-vanicka-akrylatova-ctvrtkruh-80x80x28cm-vcetne-nozicek-r550-c83-16122\/\",\"name\":\"Sez\u00f3nn\u00ed Sleva Aqualine Sprchov\u00e1 vani\u010dka akryl\u00e1tov\u00e1, \u010dtvrtkruh 80x80x28cm, v\u010detn\u011b no\u017ei\u010dek, R550 C83 -\",\"isPartOf\":{\"@id\":\"https:\/\/www.technodompro.com\/#website\"},\"primaryImageOfPage\":{\"@id\":\"https:\/\/www.technodompro.com\/index.php\/produkt\/sezonni-sleva-aqualine-sprchova-vanicka-akrylatova-ctvrtkruh-80x80x28cm-vcetne-nozicek-r550-c83-16122\/#primaryimage\"},\"image\":{\"@id\":\"https:\/\/www.technodompro.com\/index.php\/produkt\/sezonni-sleva-aqualine-sprchova-vanicka-akrylatova-ctvrtkruh-80x80x28cm-vcetne-nozicek-r550-c83-16122\/#primaryimage\"},\"thumbnailUrl\":\"https:\/\/www.technodompro.com\/wp-content\/uploads\/2026\/SK0012140-CZ20260425-093041-0-1777080643-6ac6f8fdb0e8b7d3d07681d39ea93149.webp\",\"datePublished\":\"2026-04-27T04:41:09+00:00\",\"breadcrumb\":{\"@id\":\"https:\/\/www.technodompro.com\/index.php\/produkt\/sezonni-sleva-aqualine-sprchova-vanicka-akrylatova-ctvrtkruh-80x80x28cm-vcetne-nozicek-r550-c83-16122\/#breadcrumb\"},\"inLanguage\":\"cs\",\"potentialAction\":[{\"@type\":\"ReadAction\",\"target\":[\"https:\/\/www.technodompro.com\/index.php\/produkt\/sezonni-sleva-aqualine-sprchova-vanicka-akrylatova-ctvrtkruh-80x80x28cm-vcetne-nozicek-r550-c83-16122\/\"]}]},{\"@type\":\"ImageObject\",\"inLanguage\":\"cs\",\"@id\":\"https:\/\/www.technodompro.com\/index.php\/produkt\/sezonni-sleva-aqualine-sprchova-vanicka-akrylatova-ctvrtkruh-80x80x28cm-vcetne-nozicek-r550-c83-16122\/#primaryimage\",\"url\":\"https:\/\/www.technodompro.com\/wp-content\/uploads\/2026\/SK0012140-CZ20260425-093041-0-1777080643-6ac6f8fdb0e8b7d3d07681d39ea93149.webp\",\"contentUrl\":\"https:\/\/www.technodompro.com\/wp-content\/uploads\/2026\/SK0012140-CZ20260425-093041-0-1777080643-6ac6f8fdb0e8b7d3d07681d39ea93149.webp\",\"width\":790,\"height\":800},{\"@type\":\"BreadcrumbList\",\"@id\":\"https:\/\/www.technodompro.com\/index.php\/produkt\/sezonni-sleva-aqualine-sprchova-vanicka-akrylatova-ctvrtkruh-80x80x28cm-vcetne-nozicek-r550-c83-16122\/#breadcrumb\",\"itemListElement\":[{\"@type\":\"ListItem\",\"position\":1,\"name\":\"Home\",\"item\":\"https:\/\/www.technodompro.com\/\"},{\"@type\":\"ListItem\",\"position\":2,\"name\":\"Products\",\"item\":\"https:\/\/www.technodompro.com\/index.php\/products\/\"},{\"@type\":\"ListItem\",\"position\":3,\"name\":\"Sez\u00f3nn\u00ed Sleva Aqualine Sprchov\u00e1 vani\u010dka akryl\u00e1tov\u00e1, \u010dtvrtkruh 80x80x28cm, v\u010detn\u011b no\u017ei\u010dek, R550 C83\"}]},{\"@type\":\"WebSite\",\"@id\":\"https:\/\/www.technodompro.com\/#website\",\"url\":\"https:\/\/www.technodompro.com\/\",\"name\":\"\",\"description\":\"\",\"potentialAction\":[{\"@type\":\"SearchAction\",\"target\":{\"@type\":\"EntryPoint\",\"urlTemplate\":\"https:\/\/www.technodompro.com\/?s={search_term_string}\"},\"query-input\":{\"@type\":\"PropertyValueSpecification\",\"valueRequired\":true,\"valueName\":\"search_term_string\"}}],\"inLanguage\":\"cs\"}]}<\/script>\n<!-- \/ Yoast SEO plugin. -->","yoast_head_json":{"title":"Sez\u00f3nn\u00ed Sleva Aqualine Sprchov\u00e1 vani\u010dka akryl\u00e1tov\u00e1, \u010dtvrtkruh 80x80x28cm, v\u010detn\u011b no\u017ei\u010dek, R550 C83 -","robots":{"index":"index","follow":"follow","max-snippet":"max-snippet:-1","max-image-preview":"max-image-preview:large","max-video-preview":"max-video-preview:-1"},"canonical":"https:\/\/www.technodompro.com\/index.php\/produkt\/sezonni-sleva-aqualine-sprchova-vanicka-akrylatova-ctvrtkruh-80x80x28cm-vcetne-nozicek-r550-c83-16122\/","og_locale":"cs_CZ","og_type":"article","og_title":"Sez\u00f3nn\u00ed Sleva Aqualine Sprchov\u00e1 vani\u010dka akryl\u00e1tov\u00e1, \u010dtvrtkruh 80x80x28cm, v\u010detn\u011b no\u017ei\u010dek, R550 C83 -","og_description":"Aqualine Sprchov\u00e1 vani\u010dka akryl\u00e1tov\u00e1, \u010dtvrtkruh 80x80x28cm, v\u010detn\u011b no\u017ei\u010dek, R550 C83 P\u0159i instalaci s \u010deln\u00edm panelem B83 je nutno instalovat n\u00edzk\u00fd sifon. Vani\u010dka je vybavena p\u0159epadem. Vani\u010dka je vhodn\u00e1 i jako men\u0161\u00ed sprchov\u00e1 vana pro um\u00edst\u011bn\u00ed v panelov\u00fdch domech, kde mal\u00e9 rozm\u011bry koupelny nedovoluj\u00ed pou\u017e\u00edt vanu b\u011b\u017en\u00e9 velikosti. ABS\/PMMA ABS\/PMMA je z pohledov\u00e9 \u010d\u00e1sti tvo\u0159en slabou [&hellip;]","og_url":"https:\/\/www.technodompro.com\/index.php\/produkt\/sezonni-sleva-aqualine-sprchova-vanicka-akrylatova-ctvrtkruh-80x80x28cm-vcetne-nozicek-r550-c83-16122\/","og_image":[{"width":790,"height":800,"url":"https:\/\/www.technodompro.com\/wp-content\/uploads\/2026\/SK0012140-CZ20260425-093041-0-1777080643-6ac6f8fdb0e8b7d3d07681d39ea93149.webp","type":"image\/webp"}],"twitter_card":"summary_large_image","twitter_misc":{"Odhadovan\u00e1 doba \u010dten\u00ed":"1 minuta"},"schema":{"@context":"https:\/\/schema.org","@graph":[{"@type":"WebPage","@id":"https:\/\/www.technodompro.com\/index.php\/produkt\/sezonni-sleva-aqualine-sprchova-vanicka-akrylatova-ctvrtkruh-80x80x28cm-vcetne-nozicek-r550-c83-16122\/","url":"https:\/\/www.technodompro.com\/index.php\/produkt\/sezonni-sleva-aqualine-sprchova-vanicka-akrylatova-ctvrtkruh-80x80x28cm-vcetne-nozicek-r550-c83-16122\/","name":"Sez\u00f3nn\u00ed Sleva Aqualine Sprchov\u00e1 vani\u010dka akryl\u00e1tov\u00e1, \u010dtvrtkruh 80x80x28cm, v\u010detn\u011b no\u017ei\u010dek, R550 C83 -","isPartOf":{"@id":"https:\/\/www.technodompro.com\/#website"},"primaryImageOfPage":{"@id":"https:\/\/www.technodompro.com\/index.php\/produkt\/sezonni-sleva-aqualine-sprchova-vanicka-akrylatova-ctvrtkruh-80x80x28cm-vcetne-nozicek-r550-c83-16122\/#primaryimage"},"image":{"@id":"https:\/\/www.technodompro.com\/index.php\/produkt\/sezonni-sleva-aqualine-sprchova-vanicka-akrylatova-ctvrtkruh-80x80x28cm-vcetne-nozicek-r550-c83-16122\/#primaryimage"},"thumbnailUrl":"https:\/\/www.technodompro.com\/wp-content\/uploads\/2026\/SK0012140-CZ20260425-093041-0-1777080643-6ac6f8fdb0e8b7d3d07681d39ea93149.webp","datePublished":"2026-04-27T04:41:09+00:00","breadcrumb":{"@id":"https:\/\/www.technodompro.com\/index.php\/produkt\/sezonni-sleva-aqualine-sprchova-vanicka-akrylatova-ctvrtkruh-80x80x28cm-vcetne-nozicek-r550-c83-16122\/#breadcrumb"},"inLanguage":"cs","potentialAction":[{"@type":"ReadAction","target":["https:\/\/www.technodompro.com\/index.php\/produkt\/sezonni-sleva-aqualine-sprchova-vanicka-akrylatova-ctvrtkruh-80x80x28cm-vcetne-nozicek-r550-c83-16122\/"]}]},{"@type":"ImageObject","inLanguage":"cs","@id":"https:\/\/www.technodompro.com\/index.php\/produkt\/sezonni-sleva-aqualine-sprchova-vanicka-akrylatova-ctvrtkruh-80x80x28cm-vcetne-nozicek-r550-c83-16122\/#primaryimage","url":"https:\/\/www.technodompro.com\/wp-content\/uploads\/2026\/SK0012140-CZ20260425-093041-0-1777080643-6ac6f8fdb0e8b7d3d07681d39ea93149.webp","contentUrl":"https:\/\/www.technodompro.com\/wp-content\/uploads\/2026\/SK0012140-CZ20260425-093041-0-1777080643-6ac6f8fdb0e8b7d3d07681d39ea93149.webp","width":790,"height":800},{"@type":"BreadcrumbList","@id":"https:\/\/www.technodompro.com\/index.php\/produkt\/sezonni-sleva-aqualine-sprchova-vanicka-akrylatova-ctvrtkruh-80x80x28cm-vcetne-nozicek-r550-c83-16122\/#breadcrumb","itemListElement":[{"@type":"ListItem","position":1,"name":"Home","item":"https:\/\/www.technodompro.com\/"},{"@type":"ListItem","position":2,"name":"Products","item":"https:\/\/www.technodompro.com\/index.php\/products\/"},{"@type":"ListItem","position":3,"name":"Sez\u00f3nn\u00ed Sleva Aqualine Sprchov\u00e1 vani\u010dka akryl\u00e1tov\u00e1, \u010dtvrtkruh 80x80x28cm, v\u010detn\u011b no\u017ei\u010dek, R550 C83"}]},{"@type":"WebSite","@id":"https:\/\/www.technodompro.com\/#website","url":"https:\/\/www.technodompro.com\/","name":"","description":"","potentialAction":[{"@type":"SearchAction","target":{"@type":"EntryPoint","urlTemplate":"https:\/\/www.technodompro.com\/?s={search_term_string}"},"query-input":{"@type":"PropertyValueSpecification","valueRequired":true,"valueName":"search_term_string"}}],"inLanguage":"cs"}]}},"_links":{"self":[{"href":"https:\/\/www.technodompro.com\/index.php\/wp-json\/wp\/v2\/product\/16122","targetHints":{"allow":["GET"]}}],"collection":[{"href":"https:\/\/www.technodompro.com\/index.php\/wp-json\/wp\/v2\/product"}],"about":[{"href":"https:\/\/www.technodompro.com\/index.php\/wp-json\/wp\/v2\/types\/product"}],"replies":[{"embeddable":true,"href":"https:\/\/www.technodompro.com\/index.php\/wp-json\/wp\/v2\/comments?post=16122"}],"wp:featuredmedia":[{"embeddable":true,"href":"https:\/\/www.technodompro.com\/index.php\/wp-json\/wp\/v2\/media\/16222"}],"wp:attachment":[{"href":"https:\/\/www.technodompro.com\/index.php\/wp-json\/wp\/v2\/media?parent=16122"}],"wp:term":[{"taxonomy":"product_brand","embeddable":true,"href":"https:\/\/www.technodompro.com\/index.php\/wp-json\/wp\/v2\/product_brand?post=16122"},{"taxonomy":"product_cat","embeddable":true,"href":"https:\/\/www.technodompro.com\/index.php\/wp-json\/wp\/v2\/product_cat?post=16122"},{"taxonomy":"product_tag","embeddable":true,"href":"https:\/\/www.technodompro.com\/index.php\/wp-json\/wp\/v2\/product_tag?post=16122"}],"curies":[{"name":"wp","href":"https:\/\/api.w.org\/{rel}","templated":true}]}}