{"id":16124,"date":"2026-04-27T04:41:09","date_gmt":"2026-04-27T04:41:09","guid":{"rendered":""},"modified":"2026-04-27T04:41:09","modified_gmt":"2026-04-27T04:41:09","slug":"cenova-bomba-koupelnovy-vesak-na-rucniky-mexen-base-c-zlaty-70882321-50-16124","status":"publish","type":"product","link":"https:\/\/www.technodompro.com\/index.php\/produkt\/cenova-bomba-koupelnovy-vesak-na-rucniky-mexen-base-c-zlaty-70882321-50-16124\/","title":{"rendered":"Cenov\u00e1 Bomba Koupelnov\u00fd v\u011b\u0161\u00e1k na ru\u010dn\u00edky MEXEN BASE C &#8211; zlat\u00fd, 70882321-50"},"content":{"rendered":"<div class=\"tabs__content-outer\" id=\"tab_description\" data-hash=\"description\" data-tabindex=\"-1\">\n<div class=\"tabs__content toggle_description\" id=\"content_description\">\n<div class=\"wysiwyg-content\">\n<div class=\"product__tab product__description full-width\">\n<div class=\"container\">\n<div >\n<h3>Koupelnov\u00fd v\u011b\u0161\u00e1k na ru\u010dn\u00edky BASE C &#8211; zlat\u00fd<\/h3>\n<p><span style=\"font-family: verdana, geneva, sans-serif; font-size: 12pt;\">Modern\u00ed a jednoduch\u00fd n\u00e1st\u011bnn\u00fd v\u011b\u0161\u00e1k na ru\u010dn\u00edky s 1 velk\u00fdm h\u00e1\u010dkem.\u00a0Dr\u017e\u00e1k d\u00edky modern\u00edmu designu dokonale lad\u00ed s jak\u00fdmkoli stylem koupelny.<\/span><\/p>\n<p><span style=\"font-family: verdana, geneva, sans-serif; font-size: 12pt;\"><strong>Parametry:\u00a0<\/strong><\/span><\/p>\n<ul>\n<li style=\"font-family: verdana, geneva, sans-serif; font-size: 12pt;\"><span style=\"font-family: verdana, geneva, sans-serif; font-size: 12pt;\">materi\u00e1l: kov\u00a0<\/span><\/li>\n<li style=\"font-family: verdana, geneva, sans-serif; font-size: 12pt;\"><span style=\"font-family: verdana, geneva, sans-serif; font-size: 12pt;\">barva: zlat\u00e1 leskl\u00e1\u00a0<\/span><\/li>\n<li style=\"font-family: verdana, geneva, sans-serif; font-size: 12pt;\"><span style=\"font-family: verdana, geneva, sans-serif; font-size: 12pt;\">\u0161\u00ed\u0159ka: 205 mm\u00a0<\/span><\/li>\n<li style=\"font-family: verdana, geneva, sans-serif; font-size: 12pt;\"><span style=\"font-family: verdana, geneva, sans-serif; font-size: 12pt;\">v\u00fd\u0161ka: 108 mm\u00a0<\/span><\/li>\n<li style=\"font-family: verdana, geneva, sans-serif; font-size: 12pt;\"><span style=\"font-family: verdana, geneva, sans-serif; font-size: 12pt;\">hloubka: 50 mm\u00a0<\/span><\/li>\n<\/ul>\n<\/div><\/div>\n<\/p><\/div>\n<\/p><\/div>\n<\/p><\/div>\n","protected":false},"excerpt":{"rendered":"<p>Koupelnov\u00fd v\u011b\u0161\u00e1k na ru\u010dn\u00edky BASE C &#8211; zlat\u00fd Modern\u00ed a jednoduch\u00fd n\u00e1st\u011bnn\u00fd v\u011b\u0161\u00e1k na ru\u010dn\u00edky s 1 velk\u00fdm h\u00e1\u010dkem.\u00a0Dr\u017e\u00e1k d\u00edky modern\u00edmu designu dokonale lad\u00ed s jak\u00fdmkoli stylem koupelny. Parametry:\u00a0 materi\u00e1l: kov\u00a0 barva: zlat\u00e1 leskl\u00e1\u00a0 \u0161\u00ed\u0159ka: 205 mm\u00a0 v\u00fd\u0161ka: 108 mm\u00a0 hloubka: 50 mm\u00a0<\/p>\n","protected":false},"featured_media":16224,"comment_status":"open","ping_status":"open","template":"","meta":[],"product_brand":[],"product_cat":[77],"product_tag":[],"class_list":{"0":"post-16124","1":"product","2":"type-product","3":"status-publish","4":"has-post-thumbnail","6":"product_cat-koupelna","8":"first","9":"instock","10":"sale","11":"shipping-taxable","12":"purchasable","13":"product-type-simple"},"yoast_head":"<!-- This site is optimized with the Yoast SEO plugin v26.8 - https:\/\/yoast.com\/product\/yoast-seo-wordpress\/ -->\n<title>Cenov\u00e1 Bomba Koupelnov\u00fd v\u011b\u0161\u00e1k na ru\u010dn\u00edky MEXEN BASE C - zlat\u00fd, 70882321-50 -<\/title>\n<meta name=\"robots\" content=\"index, follow, max-snippet:-1, max-image-preview:large, max-video-preview:-1\" \/>\n<link rel=\"canonical\" href=\"https:\/\/www.technodompro.com\/index.php\/produkt\/cenova-bomba-koupelnovy-vesak-na-rucniky-mexen-base-c-zlaty-70882321-50-16124\/\" \/>\n<meta property=\"og:locale\" content=\"cs_CZ\" \/>\n<meta property=\"og:type\" content=\"article\" \/>\n<meta property=\"og:title\" content=\"Cenov\u00e1 Bomba Koupelnov\u00fd v\u011b\u0161\u00e1k na ru\u010dn\u00edky MEXEN BASE C - zlat\u00fd, 70882321-50 -\" \/>\n<meta property=\"og:description\" content=\"Koupelnov\u00fd v\u011b\u0161\u00e1k na ru\u010dn\u00edky BASE C &#8211; zlat\u00fd Modern\u00ed a jednoduch\u00fd n\u00e1st\u011bnn\u00fd v\u011b\u0161\u00e1k na ru\u010dn\u00edky s 1 velk\u00fdm h\u00e1\u010dkem.\u00a0Dr\u017e\u00e1k d\u00edky modern\u00edmu designu dokonale lad\u00ed s jak\u00fdmkoli stylem koupelny. Parametry:\u00a0 materi\u00e1l: kov\u00a0 barva: zlat\u00e1 leskl\u00e1\u00a0 \u0161\u00ed\u0159ka: 205 mm\u00a0 v\u00fd\u0161ka: 108 mm\u00a0 hloubka: 50 mm\u00a0\" \/>\n<meta property=\"og:url\" content=\"https:\/\/www.technodompro.com\/index.php\/produkt\/cenova-bomba-koupelnovy-vesak-na-rucniky-mexen-base-c-zlaty-70882321-50-16124\/\" \/>\n<meta property=\"og:image\" content=\"https:\/\/www.technodompro.com\/wp-content\/uploads\/2026\/SK0012142-CZ20260425-093041-0-1777080643-export_1tfu-ip.webp\" \/>\n\t<meta property=\"og:image:width\" content=\"975\" \/>\n\t<meta property=\"og:image:height\" content=\"800\" \/>\n\t<meta property=\"og:image:type\" content=\"image\/webp\" \/>\n<meta name=\"twitter:card\" content=\"summary_large_image\" \/>\n<script type=\"application\/ld+json\" class=\"yoast-schema-graph\">{\"@context\":\"https:\/\/schema.org\",\"@graph\":[{\"@type\":\"WebPage\",\"@id\":\"https:\/\/www.technodompro.com\/index.php\/produkt\/cenova-bomba-koupelnovy-vesak-na-rucniky-mexen-base-c-zlaty-70882321-50-16124\/\",\"url\":\"https:\/\/www.technodompro.com\/index.php\/produkt\/cenova-bomba-koupelnovy-vesak-na-rucniky-mexen-base-c-zlaty-70882321-50-16124\/\",\"name\":\"Cenov\u00e1 Bomba Koupelnov\u00fd v\u011b\u0161\u00e1k na ru\u010dn\u00edky MEXEN BASE C - zlat\u00fd, 70882321-50 -\",\"isPartOf\":{\"@id\":\"https:\/\/www.technodompro.com\/#website\"},\"primaryImageOfPage\":{\"@id\":\"https:\/\/www.technodompro.com\/index.php\/produkt\/cenova-bomba-koupelnovy-vesak-na-rucniky-mexen-base-c-zlaty-70882321-50-16124\/#primaryimage\"},\"image\":{\"@id\":\"https:\/\/www.technodompro.com\/index.php\/produkt\/cenova-bomba-koupelnovy-vesak-na-rucniky-mexen-base-c-zlaty-70882321-50-16124\/#primaryimage\"},\"thumbnailUrl\":\"https:\/\/www.technodompro.com\/wp-content\/uploads\/2026\/SK0012142-CZ20260425-093041-0-1777080643-export_1tfu-ip.webp\",\"datePublished\":\"2026-04-27T04:41:09+00:00\",\"breadcrumb\":{\"@id\":\"https:\/\/www.technodompro.com\/index.php\/produkt\/cenova-bomba-koupelnovy-vesak-na-rucniky-mexen-base-c-zlaty-70882321-50-16124\/#breadcrumb\"},\"inLanguage\":\"cs\",\"potentialAction\":[{\"@type\":\"ReadAction\",\"target\":[\"https:\/\/www.technodompro.com\/index.php\/produkt\/cenova-bomba-koupelnovy-vesak-na-rucniky-mexen-base-c-zlaty-70882321-50-16124\/\"]}]},{\"@type\":\"ImageObject\",\"inLanguage\":\"cs\",\"@id\":\"https:\/\/www.technodompro.com\/index.php\/produkt\/cenova-bomba-koupelnovy-vesak-na-rucniky-mexen-base-c-zlaty-70882321-50-16124\/#primaryimage\",\"url\":\"https:\/\/www.technodompro.com\/wp-content\/uploads\/2026\/SK0012142-CZ20260425-093041-0-1777080643-export_1tfu-ip.webp\",\"contentUrl\":\"https:\/\/www.technodompro.com\/wp-content\/uploads\/2026\/SK0012142-CZ20260425-093041-0-1777080643-export_1tfu-ip.webp\",\"width\":975,\"height\":800},{\"@type\":\"BreadcrumbList\",\"@id\":\"https:\/\/www.technodompro.com\/index.php\/produkt\/cenova-bomba-koupelnovy-vesak-na-rucniky-mexen-base-c-zlaty-70882321-50-16124\/#breadcrumb\",\"itemListElement\":[{\"@type\":\"ListItem\",\"position\":1,\"name\":\"Home\",\"item\":\"https:\/\/www.technodompro.com\/\"},{\"@type\":\"ListItem\",\"position\":2,\"name\":\"Products\",\"item\":\"https:\/\/www.technodompro.com\/index.php\/products\/\"},{\"@type\":\"ListItem\",\"position\":3,\"name\":\"Cenov\u00e1 Bomba Koupelnov\u00fd v\u011b\u0161\u00e1k na ru\u010dn\u00edky MEXEN BASE C &#8211; zlat\u00fd, 70882321-50\"}]},{\"@type\":\"WebSite\",\"@id\":\"https:\/\/www.technodompro.com\/#website\",\"url\":\"https:\/\/www.technodompro.com\/\",\"name\":\"\",\"description\":\"\",\"potentialAction\":[{\"@type\":\"SearchAction\",\"target\":{\"@type\":\"EntryPoint\",\"urlTemplate\":\"https:\/\/www.technodompro.com\/?s={search_term_string}\"},\"query-input\":{\"@type\":\"PropertyValueSpecification\",\"valueRequired\":true,\"valueName\":\"search_term_string\"}}],\"inLanguage\":\"cs\"}]}<\/script>\n<!-- \/ Yoast SEO plugin. -->","yoast_head_json":{"title":"Cenov\u00e1 Bomba Koupelnov\u00fd v\u011b\u0161\u00e1k na ru\u010dn\u00edky MEXEN BASE C - zlat\u00fd, 70882321-50 -","robots":{"index":"index","follow":"follow","max-snippet":"max-snippet:-1","max-image-preview":"max-image-preview:large","max-video-preview":"max-video-preview:-1"},"canonical":"https:\/\/www.technodompro.com\/index.php\/produkt\/cenova-bomba-koupelnovy-vesak-na-rucniky-mexen-base-c-zlaty-70882321-50-16124\/","og_locale":"cs_CZ","og_type":"article","og_title":"Cenov\u00e1 Bomba Koupelnov\u00fd v\u011b\u0161\u00e1k na ru\u010dn\u00edky MEXEN BASE C - zlat\u00fd, 70882321-50 -","og_description":"Koupelnov\u00fd v\u011b\u0161\u00e1k na ru\u010dn\u00edky BASE C &#8211; zlat\u00fd Modern\u00ed a jednoduch\u00fd n\u00e1st\u011bnn\u00fd v\u011b\u0161\u00e1k na ru\u010dn\u00edky s 1 velk\u00fdm h\u00e1\u010dkem.\u00a0Dr\u017e\u00e1k d\u00edky modern\u00edmu designu dokonale lad\u00ed s jak\u00fdmkoli stylem koupelny. Parametry:\u00a0 materi\u00e1l: kov\u00a0 barva: zlat\u00e1 leskl\u00e1\u00a0 \u0161\u00ed\u0159ka: 205 mm\u00a0 v\u00fd\u0161ka: 108 mm\u00a0 hloubka: 50 mm\u00a0","og_url":"https:\/\/www.technodompro.com\/index.php\/produkt\/cenova-bomba-koupelnovy-vesak-na-rucniky-mexen-base-c-zlaty-70882321-50-16124\/","og_image":[{"width":975,"height":800,"url":"https:\/\/www.technodompro.com\/wp-content\/uploads\/2026\/SK0012142-CZ20260425-093041-0-1777080643-export_1tfu-ip.webp","type":"image\/webp"}],"twitter_card":"summary_large_image","schema":{"@context":"https:\/\/schema.org","@graph":[{"@type":"WebPage","@id":"https:\/\/www.technodompro.com\/index.php\/produkt\/cenova-bomba-koupelnovy-vesak-na-rucniky-mexen-base-c-zlaty-70882321-50-16124\/","url":"https:\/\/www.technodompro.com\/index.php\/produkt\/cenova-bomba-koupelnovy-vesak-na-rucniky-mexen-base-c-zlaty-70882321-50-16124\/","name":"Cenov\u00e1 Bomba Koupelnov\u00fd v\u011b\u0161\u00e1k na ru\u010dn\u00edky MEXEN BASE C - zlat\u00fd, 70882321-50 -","isPartOf":{"@id":"https:\/\/www.technodompro.com\/#website"},"primaryImageOfPage":{"@id":"https:\/\/www.technodompro.com\/index.php\/produkt\/cenova-bomba-koupelnovy-vesak-na-rucniky-mexen-base-c-zlaty-70882321-50-16124\/#primaryimage"},"image":{"@id":"https:\/\/www.technodompro.com\/index.php\/produkt\/cenova-bomba-koupelnovy-vesak-na-rucniky-mexen-base-c-zlaty-70882321-50-16124\/#primaryimage"},"thumbnailUrl":"https:\/\/www.technodompro.com\/wp-content\/uploads\/2026\/SK0012142-CZ20260425-093041-0-1777080643-export_1tfu-ip.webp","datePublished":"2026-04-27T04:41:09+00:00","breadcrumb":{"@id":"https:\/\/www.technodompro.com\/index.php\/produkt\/cenova-bomba-koupelnovy-vesak-na-rucniky-mexen-base-c-zlaty-70882321-50-16124\/#breadcrumb"},"inLanguage":"cs","potentialAction":[{"@type":"ReadAction","target":["https:\/\/www.technodompro.com\/index.php\/produkt\/cenova-bomba-koupelnovy-vesak-na-rucniky-mexen-base-c-zlaty-70882321-50-16124\/"]}]},{"@type":"ImageObject","inLanguage":"cs","@id":"https:\/\/www.technodompro.com\/index.php\/produkt\/cenova-bomba-koupelnovy-vesak-na-rucniky-mexen-base-c-zlaty-70882321-50-16124\/#primaryimage","url":"https:\/\/www.technodompro.com\/wp-content\/uploads\/2026\/SK0012142-CZ20260425-093041-0-1777080643-export_1tfu-ip.webp","contentUrl":"https:\/\/www.technodompro.com\/wp-content\/uploads\/2026\/SK0012142-CZ20260425-093041-0-1777080643-export_1tfu-ip.webp","width":975,"height":800},{"@type":"BreadcrumbList","@id":"https:\/\/www.technodompro.com\/index.php\/produkt\/cenova-bomba-koupelnovy-vesak-na-rucniky-mexen-base-c-zlaty-70882321-50-16124\/#breadcrumb","itemListElement":[{"@type":"ListItem","position":1,"name":"Home","item":"https:\/\/www.technodompro.com\/"},{"@type":"ListItem","position":2,"name":"Products","item":"https:\/\/www.technodompro.com\/index.php\/products\/"},{"@type":"ListItem","position":3,"name":"Cenov\u00e1 Bomba Koupelnov\u00fd v\u011b\u0161\u00e1k na ru\u010dn\u00edky MEXEN BASE C &#8211; zlat\u00fd, 70882321-50"}]},{"@type":"WebSite","@id":"https:\/\/www.technodompro.com\/#website","url":"https:\/\/www.technodompro.com\/","name":"","description":"","potentialAction":[{"@type":"SearchAction","target":{"@type":"EntryPoint","urlTemplate":"https:\/\/www.technodompro.com\/?s={search_term_string}"},"query-input":{"@type":"PropertyValueSpecification","valueRequired":true,"valueName":"search_term_string"}}],"inLanguage":"cs"}]}},"_links":{"self":[{"href":"https:\/\/www.technodompro.com\/index.php\/wp-json\/wp\/v2\/product\/16124","targetHints":{"allow":["GET"]}}],"collection":[{"href":"https:\/\/www.technodompro.com\/index.php\/wp-json\/wp\/v2\/product"}],"about":[{"href":"https:\/\/www.technodompro.com\/index.php\/wp-json\/wp\/v2\/types\/product"}],"replies":[{"embeddable":true,"href":"https:\/\/www.technodompro.com\/index.php\/wp-json\/wp\/v2\/comments?post=16124"}],"wp:featuredmedia":[{"embeddable":true,"href":"https:\/\/www.technodompro.com\/index.php\/wp-json\/wp\/v2\/media\/16224"}],"wp:attachment":[{"href":"https:\/\/www.technodompro.com\/index.php\/wp-json\/wp\/v2\/media?parent=16124"}],"wp:term":[{"taxonomy":"product_brand","embeddable":true,"href":"https:\/\/www.technodompro.com\/index.php\/wp-json\/wp\/v2\/product_brand?post=16124"},{"taxonomy":"product_cat","embeddable":true,"href":"https:\/\/www.technodompro.com\/index.php\/wp-json\/wp\/v2\/product_cat?post=16124"},{"taxonomy":"product_tag","embeddable":true,"href":"https:\/\/www.technodompro.com\/index.php\/wp-json\/wp\/v2\/product_tag?post=16124"}],"curies":[{"name":"wp","href":"https:\/\/api.w.org\/{rel}","templated":true}]}}