{"id":16138,"date":"2026-04-27T04:41:09","date_gmt":"2026-04-27T04:41:09","guid":{"rendered":""},"modified":"2026-04-27T04:41:09","modified_gmt":"2026-04-27T04:41:09","slug":"sapho-samblung-zrcadlo-ve-vyrezavanem-ramu-60x80cm-stribrna-in115-novinka-16138","status":"publish","type":"product","link":"https:\/\/www.technodompro.com\/index.php\/produkt\/sapho-samblung-zrcadlo-ve-vyrezavanem-ramu-60x80cm-stribrna-in115-novinka-16138\/","title":{"rendered":"Sapho SAMBLUNG zrcadlo ve vy\u0159ez\u00e1van\u00e9m r\u00e1mu 60x80cm, st\u0159\u00edbrn\u00e1 IN115 Novinka"},"content":{"rendered":"<div class=\"tabs__content-outer\" id=\"tab_description\" data-hash=\"description\" data-tabindex=\"-1\">\n<div class=\"tabs__content toggle_description\" id=\"content_description\">\n<div class=\"wysiwyg-content\">\n<div class=\"product__tab product__description full-width\">\n<div class=\"container\">\n<div >\n<h3>Sapho SAMBLUNG zrcadlo ve vy\u0159ez\u00e1van\u00e9m r\u00e1mu 60x80cm, st\u0159\u00edbrn\u00e1 IN115<\/h3>\n<p>Ru\u010dn\u011b vy\u0159ez\u00e1van\u00fd d\u0159ev\u011bn\u00fd r\u00e1m o \u0161\u00ed\u0159ce 14,5 cm.<\/p>\n<p> <\/p>\n<p><strong>Vlastnosti<\/strong><\/p>\n<ul>\n<li><span>Materi\u00e1l:<\/span> Masiv d\u0159evo<\/li>\n<li><span>Tvar:<\/span> Obd\u00e9ln\u00edk<\/li>\n<li><span>Rozm\u011br:<\/span> 60&#215;80 cm<\/li>\n<li><span>\u0160\u00ed\u0159ka:<\/span> 600 mm<\/li>\n<li><span>V\u00fd\u0161ka:<\/span> 800 mm<\/li>\n<li><span>Typ zrcadla:<\/span> Zrcadla v r\u00e1mu<\/li>\n<li><span>Barva r\u00e1mu:<\/span> St\u0159\u00edbrn\u00e1<\/li>\n<\/ul>\n<\/div><\/div>\n<\/p><\/div>\n<\/p><\/div>\n<\/p><\/div>\n","protected":false},"excerpt":{"rendered":"<p>Sapho SAMBLUNG zrcadlo ve vy\u0159ez\u00e1van\u00e9m r\u00e1mu 60x80cm, st\u0159\u00edbrn\u00e1 IN115 Ru\u010dn\u011b vy\u0159ez\u00e1van\u00fd d\u0159ev\u011bn\u00fd r\u00e1m o \u0161\u00ed\u0159ce 14,5 cm. Vlastnosti Materi\u00e1l: Masiv d\u0159evo Tvar: Obd\u00e9ln\u00edk Rozm\u011br: 60&#215;80 cm \u0160\u00ed\u0159ka: 600 mm V\u00fd\u0161ka: 800 mm Typ zrcadla: Zrcadla v r\u00e1mu Barva r\u00e1mu: St\u0159\u00edbrn\u00e1<\/p>\n","protected":false},"featured_media":16238,"comment_status":"open","ping_status":"open","template":"","meta":[],"product_brand":[],"product_cat":[77],"product_tag":[],"class_list":{"0":"post-16138","1":"product","2":"type-product","3":"status-publish","4":"has-post-thumbnail","6":"product_cat-koupelna","8":"first","9":"instock","10":"sale","11":"shipping-taxable","12":"purchasable","13":"product-type-simple"},"yoast_head":"<!-- This site is optimized with the Yoast SEO plugin v26.8 - https:\/\/yoast.com\/product\/yoast-seo-wordpress\/ -->\n<title>Sapho SAMBLUNG zrcadlo ve vy\u0159ez\u00e1van\u00e9m r\u00e1mu 60x80cm, st\u0159\u00edbrn\u00e1 IN115 Novinka -<\/title>\n<meta name=\"robots\" content=\"index, follow, max-snippet:-1, max-image-preview:large, max-video-preview:-1\" \/>\n<link rel=\"canonical\" href=\"https:\/\/www.technodompro.com\/index.php\/produkt\/sapho-samblung-zrcadlo-ve-vyrezavanem-ramu-60x80cm-stribrna-in115-novinka-16138\/\" \/>\n<meta property=\"og:locale\" content=\"cs_CZ\" \/>\n<meta property=\"og:type\" content=\"article\" \/>\n<meta property=\"og:title\" content=\"Sapho SAMBLUNG zrcadlo ve vy\u0159ez\u00e1van\u00e9m r\u00e1mu 60x80cm, st\u0159\u00edbrn\u00e1 IN115 Novinka -\" \/>\n<meta property=\"og:description\" content=\"Sapho SAMBLUNG zrcadlo ve vy\u0159ez\u00e1van\u00e9m r\u00e1mu 60x80cm, st\u0159\u00edbrn\u00e1 IN115 Ru\u010dn\u011b vy\u0159ez\u00e1van\u00fd d\u0159ev\u011bn\u00fd r\u00e1m o \u0161\u00ed\u0159ce 14,5 cm. Vlastnosti Materi\u00e1l: Masiv d\u0159evo Tvar: Obd\u00e9ln\u00edk Rozm\u011br: 60&#215;80 cm \u0160\u00ed\u0159ka: 600 mm V\u00fd\u0161ka: 800 mm Typ zrcadla: Zrcadla v r\u00e1mu Barva r\u00e1mu: St\u0159\u00edbrn\u00e1\" \/>\n<meta property=\"og:url\" content=\"https:\/\/www.technodompro.com\/index.php\/produkt\/sapho-samblung-zrcadlo-ve-vyrezavanem-ramu-60x80cm-stribrna-in115-novinka-16138\/\" \/>\n<meta property=\"og:image\" content=\"https:\/\/www.technodompro.com\/wp-content\/uploads\/2026\/SK0012156-CZ20260425-093041-0-1777080643-d46b99a4e0c112b69293e6285906fc07.webp\" \/>\n\t<meta property=\"og:image:width\" content=\"506\" \/>\n\t<meta property=\"og:image:height\" content=\"800\" \/>\n\t<meta property=\"og:image:type\" content=\"image\/webp\" \/>\n<meta name=\"twitter:card\" content=\"summary_large_image\" \/>\n<script type=\"application\/ld+json\" class=\"yoast-schema-graph\">{\"@context\":\"https:\/\/schema.org\",\"@graph\":[{\"@type\":\"WebPage\",\"@id\":\"https:\/\/www.technodompro.com\/index.php\/produkt\/sapho-samblung-zrcadlo-ve-vyrezavanem-ramu-60x80cm-stribrna-in115-novinka-16138\/\",\"url\":\"https:\/\/www.technodompro.com\/index.php\/produkt\/sapho-samblung-zrcadlo-ve-vyrezavanem-ramu-60x80cm-stribrna-in115-novinka-16138\/\",\"name\":\"Sapho SAMBLUNG zrcadlo ve vy\u0159ez\u00e1van\u00e9m r\u00e1mu 60x80cm, st\u0159\u00edbrn\u00e1 IN115 Novinka -\",\"isPartOf\":{\"@id\":\"https:\/\/www.technodompro.com\/#website\"},\"primaryImageOfPage\":{\"@id\":\"https:\/\/www.technodompro.com\/index.php\/produkt\/sapho-samblung-zrcadlo-ve-vyrezavanem-ramu-60x80cm-stribrna-in115-novinka-16138\/#primaryimage\"},\"image\":{\"@id\":\"https:\/\/www.technodompro.com\/index.php\/produkt\/sapho-samblung-zrcadlo-ve-vyrezavanem-ramu-60x80cm-stribrna-in115-novinka-16138\/#primaryimage\"},\"thumbnailUrl\":\"https:\/\/www.technodompro.com\/wp-content\/uploads\/2026\/SK0012156-CZ20260425-093041-0-1777080643-d46b99a4e0c112b69293e6285906fc07.webp\",\"datePublished\":\"2026-04-27T04:41:09+00:00\",\"breadcrumb\":{\"@id\":\"https:\/\/www.technodompro.com\/index.php\/produkt\/sapho-samblung-zrcadlo-ve-vyrezavanem-ramu-60x80cm-stribrna-in115-novinka-16138\/#breadcrumb\"},\"inLanguage\":\"cs\",\"potentialAction\":[{\"@type\":\"ReadAction\",\"target\":[\"https:\/\/www.technodompro.com\/index.php\/produkt\/sapho-samblung-zrcadlo-ve-vyrezavanem-ramu-60x80cm-stribrna-in115-novinka-16138\/\"]}]},{\"@type\":\"ImageObject\",\"inLanguage\":\"cs\",\"@id\":\"https:\/\/www.technodompro.com\/index.php\/produkt\/sapho-samblung-zrcadlo-ve-vyrezavanem-ramu-60x80cm-stribrna-in115-novinka-16138\/#primaryimage\",\"url\":\"https:\/\/www.technodompro.com\/wp-content\/uploads\/2026\/SK0012156-CZ20260425-093041-0-1777080643-d46b99a4e0c112b69293e6285906fc07.webp\",\"contentUrl\":\"https:\/\/www.technodompro.com\/wp-content\/uploads\/2026\/SK0012156-CZ20260425-093041-0-1777080643-d46b99a4e0c112b69293e6285906fc07.webp\",\"width\":506,\"height\":800},{\"@type\":\"BreadcrumbList\",\"@id\":\"https:\/\/www.technodompro.com\/index.php\/produkt\/sapho-samblung-zrcadlo-ve-vyrezavanem-ramu-60x80cm-stribrna-in115-novinka-16138\/#breadcrumb\",\"itemListElement\":[{\"@type\":\"ListItem\",\"position\":1,\"name\":\"Home\",\"item\":\"https:\/\/www.technodompro.com\/\"},{\"@type\":\"ListItem\",\"position\":2,\"name\":\"Products\",\"item\":\"https:\/\/www.technodompro.com\/index.php\/products\/\"},{\"@type\":\"ListItem\",\"position\":3,\"name\":\"Sapho SAMBLUNG zrcadlo ve vy\u0159ez\u00e1van\u00e9m r\u00e1mu 60x80cm, st\u0159\u00edbrn\u00e1 IN115 Novinka\"}]},{\"@type\":\"WebSite\",\"@id\":\"https:\/\/www.technodompro.com\/#website\",\"url\":\"https:\/\/www.technodompro.com\/\",\"name\":\"\",\"description\":\"\",\"potentialAction\":[{\"@type\":\"SearchAction\",\"target\":{\"@type\":\"EntryPoint\",\"urlTemplate\":\"https:\/\/www.technodompro.com\/?s={search_term_string}\"},\"query-input\":{\"@type\":\"PropertyValueSpecification\",\"valueRequired\":true,\"valueName\":\"search_term_string\"}}],\"inLanguage\":\"cs\"}]}<\/script>\n<!-- \/ Yoast SEO plugin. -->","yoast_head_json":{"title":"Sapho SAMBLUNG zrcadlo ve vy\u0159ez\u00e1van\u00e9m r\u00e1mu 60x80cm, st\u0159\u00edbrn\u00e1 IN115 Novinka -","robots":{"index":"index","follow":"follow","max-snippet":"max-snippet:-1","max-image-preview":"max-image-preview:large","max-video-preview":"max-video-preview:-1"},"canonical":"https:\/\/www.technodompro.com\/index.php\/produkt\/sapho-samblung-zrcadlo-ve-vyrezavanem-ramu-60x80cm-stribrna-in115-novinka-16138\/","og_locale":"cs_CZ","og_type":"article","og_title":"Sapho SAMBLUNG zrcadlo ve vy\u0159ez\u00e1van\u00e9m r\u00e1mu 60x80cm, st\u0159\u00edbrn\u00e1 IN115 Novinka -","og_description":"Sapho SAMBLUNG zrcadlo ve vy\u0159ez\u00e1van\u00e9m r\u00e1mu 60x80cm, st\u0159\u00edbrn\u00e1 IN115 Ru\u010dn\u011b vy\u0159ez\u00e1van\u00fd d\u0159ev\u011bn\u00fd r\u00e1m o \u0161\u00ed\u0159ce 14,5 cm. Vlastnosti Materi\u00e1l: Masiv d\u0159evo Tvar: Obd\u00e9ln\u00edk Rozm\u011br: 60&#215;80 cm \u0160\u00ed\u0159ka: 600 mm V\u00fd\u0161ka: 800 mm Typ zrcadla: Zrcadla v r\u00e1mu Barva r\u00e1mu: St\u0159\u00edbrn\u00e1","og_url":"https:\/\/www.technodompro.com\/index.php\/produkt\/sapho-samblung-zrcadlo-ve-vyrezavanem-ramu-60x80cm-stribrna-in115-novinka-16138\/","og_image":[{"width":506,"height":800,"url":"https:\/\/www.technodompro.com\/wp-content\/uploads\/2026\/SK0012156-CZ20260425-093041-0-1777080643-d46b99a4e0c112b69293e6285906fc07.webp","type":"image\/webp"}],"twitter_card":"summary_large_image","schema":{"@context":"https:\/\/schema.org","@graph":[{"@type":"WebPage","@id":"https:\/\/www.technodompro.com\/index.php\/produkt\/sapho-samblung-zrcadlo-ve-vyrezavanem-ramu-60x80cm-stribrna-in115-novinka-16138\/","url":"https:\/\/www.technodompro.com\/index.php\/produkt\/sapho-samblung-zrcadlo-ve-vyrezavanem-ramu-60x80cm-stribrna-in115-novinka-16138\/","name":"Sapho SAMBLUNG zrcadlo ve vy\u0159ez\u00e1van\u00e9m r\u00e1mu 60x80cm, st\u0159\u00edbrn\u00e1 IN115 Novinka -","isPartOf":{"@id":"https:\/\/www.technodompro.com\/#website"},"primaryImageOfPage":{"@id":"https:\/\/www.technodompro.com\/index.php\/produkt\/sapho-samblung-zrcadlo-ve-vyrezavanem-ramu-60x80cm-stribrna-in115-novinka-16138\/#primaryimage"},"image":{"@id":"https:\/\/www.technodompro.com\/index.php\/produkt\/sapho-samblung-zrcadlo-ve-vyrezavanem-ramu-60x80cm-stribrna-in115-novinka-16138\/#primaryimage"},"thumbnailUrl":"https:\/\/www.technodompro.com\/wp-content\/uploads\/2026\/SK0012156-CZ20260425-093041-0-1777080643-d46b99a4e0c112b69293e6285906fc07.webp","datePublished":"2026-04-27T04:41:09+00:00","breadcrumb":{"@id":"https:\/\/www.technodompro.com\/index.php\/produkt\/sapho-samblung-zrcadlo-ve-vyrezavanem-ramu-60x80cm-stribrna-in115-novinka-16138\/#breadcrumb"},"inLanguage":"cs","potentialAction":[{"@type":"ReadAction","target":["https:\/\/www.technodompro.com\/index.php\/produkt\/sapho-samblung-zrcadlo-ve-vyrezavanem-ramu-60x80cm-stribrna-in115-novinka-16138\/"]}]},{"@type":"ImageObject","inLanguage":"cs","@id":"https:\/\/www.technodompro.com\/index.php\/produkt\/sapho-samblung-zrcadlo-ve-vyrezavanem-ramu-60x80cm-stribrna-in115-novinka-16138\/#primaryimage","url":"https:\/\/www.technodompro.com\/wp-content\/uploads\/2026\/SK0012156-CZ20260425-093041-0-1777080643-d46b99a4e0c112b69293e6285906fc07.webp","contentUrl":"https:\/\/www.technodompro.com\/wp-content\/uploads\/2026\/SK0012156-CZ20260425-093041-0-1777080643-d46b99a4e0c112b69293e6285906fc07.webp","width":506,"height":800},{"@type":"BreadcrumbList","@id":"https:\/\/www.technodompro.com\/index.php\/produkt\/sapho-samblung-zrcadlo-ve-vyrezavanem-ramu-60x80cm-stribrna-in115-novinka-16138\/#breadcrumb","itemListElement":[{"@type":"ListItem","position":1,"name":"Home","item":"https:\/\/www.technodompro.com\/"},{"@type":"ListItem","position":2,"name":"Products","item":"https:\/\/www.technodompro.com\/index.php\/products\/"},{"@type":"ListItem","position":3,"name":"Sapho SAMBLUNG zrcadlo ve vy\u0159ez\u00e1van\u00e9m r\u00e1mu 60x80cm, st\u0159\u00edbrn\u00e1 IN115 Novinka"}]},{"@type":"WebSite","@id":"https:\/\/www.technodompro.com\/#website","url":"https:\/\/www.technodompro.com\/","name":"","description":"","potentialAction":[{"@type":"SearchAction","target":{"@type":"EntryPoint","urlTemplate":"https:\/\/www.technodompro.com\/?s={search_term_string}"},"query-input":{"@type":"PropertyValueSpecification","valueRequired":true,"valueName":"search_term_string"}}],"inLanguage":"cs"}]}},"_links":{"self":[{"href":"https:\/\/www.technodompro.com\/index.php\/wp-json\/wp\/v2\/product\/16138","targetHints":{"allow":["GET"]}}],"collection":[{"href":"https:\/\/www.technodompro.com\/index.php\/wp-json\/wp\/v2\/product"}],"about":[{"href":"https:\/\/www.technodompro.com\/index.php\/wp-json\/wp\/v2\/types\/product"}],"replies":[{"embeddable":true,"href":"https:\/\/www.technodompro.com\/index.php\/wp-json\/wp\/v2\/comments?post=16138"}],"wp:featuredmedia":[{"embeddable":true,"href":"https:\/\/www.technodompro.com\/index.php\/wp-json\/wp\/v2\/media\/16238"}],"wp:attachment":[{"href":"https:\/\/www.technodompro.com\/index.php\/wp-json\/wp\/v2\/media?parent=16138"}],"wp:term":[{"taxonomy":"product_brand","embeddable":true,"href":"https:\/\/www.technodompro.com\/index.php\/wp-json\/wp\/v2\/product_brand?post=16138"},{"taxonomy":"product_cat","embeddable":true,"href":"https:\/\/www.technodompro.com\/index.php\/wp-json\/wp\/v2\/product_cat?post=16138"},{"taxonomy":"product_tag","embeddable":true,"href":"https:\/\/www.technodompro.com\/index.php\/wp-json\/wp\/v2\/product_tag?post=16138"}],"curies":[{"name":"wp","href":"https:\/\/api.w.org\/{rel}","templated":true}]}}