{"id":16142,"date":"2026-04-27T04:41:09","date_gmt":"2026-04-27T04:41:09","guid":{"rendered":""},"modified":"2026-04-27T04:41:09","modified_gmt":"2026-04-27T04:41:09","slug":"bezpecna-platba-sapho-float-zrcadlo-s-led-podsvicenim-500x700mm-bila-22571-16142","status":"publish","type":"product","link":"https:\/\/www.technodompro.com\/index.php\/produkt\/bezpecna-platba-sapho-float-zrcadlo-s-led-podsvicenim-500x700mm-bila-22571-16142\/","title":{"rendered":"Bezpe\u010dn\u00e1 Platba Sapho FLOAT zrcadlo s LED podsv\u00edcen\u00edm 500x700mm, b\u00edl\u00e1 22571"},"content":{"rendered":"<div class=\"tabs__content-outer\" id=\"tab_description\" data-hash=\"description\" data-tabindex=\"-1\">\n<div class=\"tabs__content toggle_description\" id=\"content_description\">\n<div class=\"wysiwyg-content\">\n<div class=\"product__tab product__description full-width\">\n<div class=\"container\">\n<div >\n<h3>Sapho FLOAT zrcadlo s LED podsv\u00edcen\u00edm 500x700mm, b\u00edl\u00e1 22571<\/h3>\n<p style=\"text-align: justify;\">Podsv\u00edcen\u00e1 zrcadla FLOAT svou efektn\u00ed konstrukc\u00ed evokuj\u00ed dojem jakoby zrcadlov\u00e1 plocha plavala v\u00a0r\u00e1mu. \u0160t\u011brbinou mezi r\u00e1mem a zrcadlem pronik\u00e1 do koupelny rozpt\u00fdlen\u00e9 intimn\u00ed sv\u011btlo. Standardn\u011b jsou zrcadla osazena b\u00edl\u00fdm LED osv\u011btlen\u00edm.<\/p>\n<ul>\n<li><span>Barva r\u00e1mu: b\u00edl\u00e1 lesk<\/span><\/li>\n<li><span>Ovl\u00e1d\u00e1n\u00ed zrcadla p\u0159es extern\u00ed vyp\u00edna\u010d<\/span><\/li>\n<\/ul>\n<p><strong>Technick\u00e9 parametry pro zrcadla s LED p\u00e1skem:<\/strong><\/p>\n<ul type=\"disc\">\n<li>P\u0159\u00edkon: 9,6 W\/m<\/li>\n<li>Sv\u011bteln\u00fd tok: 1080 lm\/m<\/li>\n<li>Bez vyp\u00edna\u010de &#8211; zrcadlo se p\u0159ipoj\u00ed na extern\u00ed vyp\u00edna\u010d<\/li>\n<li>Barva sv\u011btla: denn\u00ed b\u00edl\u00e1<\/li>\n<li>Teplota chromati\u010dnosti: 4000K<\/li>\n<li>Chip: SMD 2835 Sanan<\/li>\n<li>Po\u010det LED: 120\/m<\/li>\n<li>Nap\u00e1jec\u00ed nap\u011bt\u00ed: 12 V\/DC<\/li>\n<li>\u017divotnost: a\u017e 50.000 h<\/li>\n<li>Vyza\u0159ovac\u00ed \u00fahel: 120\u00b0<\/li>\n<li>Pracovn\u00ed teplota: -15 \u00b0C a\u017e +60 \u00b0C<\/li>\n<li>\u0160\u00ed\u0159ka p\u00e1sku: 8 mm\u00a0<\/li>\n<li>LED driver 230 V\/12 V, vodot\u011bsn\u00fd IP67<\/li>\n<\/ul>\n<div class=\"product-explanation-item\">\n<h3>Barva LED: Denn\u00ed b\u00edl\u00e1<\/h3>\n<p style=\"text-align: justify;\">Pro ur\u010den\u00ed barvy sv\u011btla se pou\u017e\u00edv\u00e1 pojem \u201eteplota chromati\u010dnosti\u201c. Jej\u00ed hodnoty se ud\u00e1vaj\u00ed v jednotk\u00e1ch Kelvin\u016f (K). Denn\u00ed b\u00edl\u00e1 je barva vyza\u0159ovan\u00e9ho sv\u011btla v rozmez\u00ed 4000 &#8211; 5000 K. Toto sv\u011btlo je pocitov\u011b neutr\u00e1ln\u00ed, nejv\u00edce p\u0159ipom\u00edn\u00e1 denn\u00ed sv\u011btlo. Nezkresluje vn\u00edm\u00e1n\u00ed barev osv\u011btlen\u00fdch p\u0159edm\u011bt\u016f, proto je vhodn\u00e9 do obytn\u00fdch prostor, kuchyn\u00ed a koupelen.<\/p>\n<p style=\"text-align: justify;\">\n<\/p><\/div>\n<p> <\/p>\n<p><strong>Vlastnosti<\/strong><\/p>\n<ul>\n<li><span>Materi\u00e1l:<\/span> Plast<\/li>\n<li><span>Stupe\u0148_kryt\u00ed:<\/span> IP44<\/li>\n<li><span>Tvar:<\/span> Obd\u00e9ln\u00edk<\/li>\n<li><span>Rozm\u011br:<\/span> 50&#215;70 cm<\/li>\n<li><span>\u0160\u00ed\u0159ka:<\/span> 500 mm<\/li>\n<li><span>V\u00fd\u0161ka:<\/span> 700 mm<\/li>\n<li><span>Barva LED:<\/span> Denn\u00ed b\u00edl\u00e1 (4 000 &#8211; 5 000 K)<\/li>\n<li><span>Typ zrcadla:<\/span> Zrcadla podsv\u00edcen\u00e1, Zrcadla v r\u00e1mu<\/li>\n<li><span>\u017divotnost (LED):<\/span> 50000 hod.<\/li>\n<li><span>Ovl\u00e1d\u00e1n\u00ed sv\u011btla:<\/span> Nen\u00ed sou\u010d\u00e1st\u00ed<\/li>\n<li><span>Barva r\u00e1mu:<\/span> B\u00edl\u00e1<\/li>\n<\/ul>\n<\/div><\/div>\n<\/p><\/div>\n<\/p><\/div>\n<\/p><\/div>\n","protected":false},"excerpt":{"rendered":"<p>Sapho FLOAT zrcadlo s LED podsv\u00edcen\u00edm 500x700mm, b\u00edl\u00e1 22571 Podsv\u00edcen\u00e1 zrcadla FLOAT svou efektn\u00ed konstrukc\u00ed evokuj\u00ed dojem jakoby zrcadlov\u00e1 plocha plavala v\u00a0r\u00e1mu. \u0160t\u011brbinou mezi r\u00e1mem a zrcadlem pronik\u00e1 do koupelny rozpt\u00fdlen\u00e9 intimn\u00ed sv\u011btlo. Standardn\u011b jsou zrcadla osazena b\u00edl\u00fdm LED osv\u011btlen\u00edm. Barva r\u00e1mu: b\u00edl\u00e1 lesk Ovl\u00e1d\u00e1n\u00ed zrcadla p\u0159es extern\u00ed vyp\u00edna\u010d Technick\u00e9 parametry pro zrcadla s LED [&hellip;]<\/p>\n","protected":false},"featured_media":16242,"comment_status":"open","ping_status":"open","template":"","meta":[],"product_brand":[],"product_cat":[77],"product_tag":[],"class_list":{"0":"post-16142","1":"product","2":"type-product","3":"status-publish","4":"has-post-thumbnail","6":"product_cat-koupelna","8":"first","9":"instock","10":"sale","11":"shipping-taxable","12":"purchasable","13":"product-type-simple"},"yoast_head":"<!-- This site is optimized with the Yoast SEO plugin v26.8 - https:\/\/yoast.com\/product\/yoast-seo-wordpress\/ -->\n<title>Bezpe\u010dn\u00e1 Platba Sapho FLOAT zrcadlo s LED podsv\u00edcen\u00edm 500x700mm, b\u00edl\u00e1 22571 -<\/title>\n<meta name=\"robots\" content=\"index, follow, max-snippet:-1, max-image-preview:large, max-video-preview:-1\" \/>\n<link rel=\"canonical\" href=\"https:\/\/www.technodompro.com\/index.php\/produkt\/bezpecna-platba-sapho-float-zrcadlo-s-led-podsvicenim-500x700mm-bila-22571-16142\/\" \/>\n<meta property=\"og:locale\" content=\"cs_CZ\" \/>\n<meta property=\"og:type\" content=\"article\" \/>\n<meta property=\"og:title\" content=\"Bezpe\u010dn\u00e1 Platba Sapho FLOAT zrcadlo s LED podsv\u00edcen\u00edm 500x700mm, b\u00edl\u00e1 22571 -\" \/>\n<meta property=\"og:description\" content=\"Sapho FLOAT zrcadlo s LED podsv\u00edcen\u00edm 500x700mm, b\u00edl\u00e1 22571 Podsv\u00edcen\u00e1 zrcadla FLOAT svou efektn\u00ed konstrukc\u00ed evokuj\u00ed dojem jakoby zrcadlov\u00e1 plocha plavala v\u00a0r\u00e1mu. \u0160t\u011brbinou mezi r\u00e1mem a zrcadlem pronik\u00e1 do koupelny rozpt\u00fdlen\u00e9 intimn\u00ed sv\u011btlo. Standardn\u011b jsou zrcadla osazena b\u00edl\u00fdm LED osv\u011btlen\u00edm. Barva r\u00e1mu: b\u00edl\u00e1 lesk Ovl\u00e1d\u00e1n\u00ed zrcadla p\u0159es extern\u00ed vyp\u00edna\u010d Technick\u00e9 parametry pro zrcadla s LED [&hellip;]\" \/>\n<meta property=\"og:url\" content=\"https:\/\/www.technodompro.com\/index.php\/produkt\/bezpecna-platba-sapho-float-zrcadlo-s-led-podsvicenim-500x700mm-bila-22571-16142\/\" \/>\n<meta property=\"og:image\" content=\"https:\/\/www.technodompro.com\/wp-content\/uploads\/2026\/SK0012160-CZ20260425-093041-0-1777080643-6aa38769c3684b889df4f55cf1ac15bb.webp\" \/>\n\t<meta property=\"og:image:width\" content=\"440\" \/>\n\t<meta property=\"og:image:height\" content=\"798\" \/>\n\t<meta property=\"og:image:type\" content=\"image\/webp\" \/>\n<meta name=\"twitter:card\" content=\"summary_large_image\" \/>\n<meta name=\"twitter:label1\" content=\"Odhadovan\u00e1 doba \u010dten\u00ed\" \/>\n\t<meta name=\"twitter:data1\" content=\"1 minuta\" \/>\n<script type=\"application\/ld+json\" class=\"yoast-schema-graph\">{\"@context\":\"https:\/\/schema.org\",\"@graph\":[{\"@type\":\"WebPage\",\"@id\":\"https:\/\/www.technodompro.com\/index.php\/produkt\/bezpecna-platba-sapho-float-zrcadlo-s-led-podsvicenim-500x700mm-bila-22571-16142\/\",\"url\":\"https:\/\/www.technodompro.com\/index.php\/produkt\/bezpecna-platba-sapho-float-zrcadlo-s-led-podsvicenim-500x700mm-bila-22571-16142\/\",\"name\":\"Bezpe\u010dn\u00e1 Platba Sapho FLOAT zrcadlo s LED podsv\u00edcen\u00edm 500x700mm, b\u00edl\u00e1 22571 -\",\"isPartOf\":{\"@id\":\"https:\/\/www.technodompro.com\/#website\"},\"primaryImageOfPage\":{\"@id\":\"https:\/\/www.technodompro.com\/index.php\/produkt\/bezpecna-platba-sapho-float-zrcadlo-s-led-podsvicenim-500x700mm-bila-22571-16142\/#primaryimage\"},\"image\":{\"@id\":\"https:\/\/www.technodompro.com\/index.php\/produkt\/bezpecna-platba-sapho-float-zrcadlo-s-led-podsvicenim-500x700mm-bila-22571-16142\/#primaryimage\"},\"thumbnailUrl\":\"https:\/\/www.technodompro.com\/wp-content\/uploads\/2026\/SK0012160-CZ20260425-093041-0-1777080643-6aa38769c3684b889df4f55cf1ac15bb.webp\",\"datePublished\":\"2026-04-27T04:41:09+00:00\",\"breadcrumb\":{\"@id\":\"https:\/\/www.technodompro.com\/index.php\/produkt\/bezpecna-platba-sapho-float-zrcadlo-s-led-podsvicenim-500x700mm-bila-22571-16142\/#breadcrumb\"},\"inLanguage\":\"cs\",\"potentialAction\":[{\"@type\":\"ReadAction\",\"target\":[\"https:\/\/www.technodompro.com\/index.php\/produkt\/bezpecna-platba-sapho-float-zrcadlo-s-led-podsvicenim-500x700mm-bila-22571-16142\/\"]}]},{\"@type\":\"ImageObject\",\"inLanguage\":\"cs\",\"@id\":\"https:\/\/www.technodompro.com\/index.php\/produkt\/bezpecna-platba-sapho-float-zrcadlo-s-led-podsvicenim-500x700mm-bila-22571-16142\/#primaryimage\",\"url\":\"https:\/\/www.technodompro.com\/wp-content\/uploads\/2026\/SK0012160-CZ20260425-093041-0-1777080643-6aa38769c3684b889df4f55cf1ac15bb.webp\",\"contentUrl\":\"https:\/\/www.technodompro.com\/wp-content\/uploads\/2026\/SK0012160-CZ20260425-093041-0-1777080643-6aa38769c3684b889df4f55cf1ac15bb.webp\",\"width\":440,\"height\":798},{\"@type\":\"BreadcrumbList\",\"@id\":\"https:\/\/www.technodompro.com\/index.php\/produkt\/bezpecna-platba-sapho-float-zrcadlo-s-led-podsvicenim-500x700mm-bila-22571-16142\/#breadcrumb\",\"itemListElement\":[{\"@type\":\"ListItem\",\"position\":1,\"name\":\"Home\",\"item\":\"https:\/\/www.technodompro.com\/\"},{\"@type\":\"ListItem\",\"position\":2,\"name\":\"Products\",\"item\":\"https:\/\/www.technodompro.com\/index.php\/products\/\"},{\"@type\":\"ListItem\",\"position\":3,\"name\":\"Bezpe\u010dn\u00e1 Platba Sapho FLOAT zrcadlo s LED podsv\u00edcen\u00edm 500x700mm, b\u00edl\u00e1 22571\"}]},{\"@type\":\"WebSite\",\"@id\":\"https:\/\/www.technodompro.com\/#website\",\"url\":\"https:\/\/www.technodompro.com\/\",\"name\":\"\",\"description\":\"\",\"potentialAction\":[{\"@type\":\"SearchAction\",\"target\":{\"@type\":\"EntryPoint\",\"urlTemplate\":\"https:\/\/www.technodompro.com\/?s={search_term_string}\"},\"query-input\":{\"@type\":\"PropertyValueSpecification\",\"valueRequired\":true,\"valueName\":\"search_term_string\"}}],\"inLanguage\":\"cs\"}]}<\/script>\n<!-- \/ Yoast SEO plugin. -->","yoast_head_json":{"title":"Bezpe\u010dn\u00e1 Platba Sapho FLOAT zrcadlo s LED podsv\u00edcen\u00edm 500x700mm, b\u00edl\u00e1 22571 -","robots":{"index":"index","follow":"follow","max-snippet":"max-snippet:-1","max-image-preview":"max-image-preview:large","max-video-preview":"max-video-preview:-1"},"canonical":"https:\/\/www.technodompro.com\/index.php\/produkt\/bezpecna-platba-sapho-float-zrcadlo-s-led-podsvicenim-500x700mm-bila-22571-16142\/","og_locale":"cs_CZ","og_type":"article","og_title":"Bezpe\u010dn\u00e1 Platba Sapho FLOAT zrcadlo s LED podsv\u00edcen\u00edm 500x700mm, b\u00edl\u00e1 22571 -","og_description":"Sapho FLOAT zrcadlo s LED podsv\u00edcen\u00edm 500x700mm, b\u00edl\u00e1 22571 Podsv\u00edcen\u00e1 zrcadla FLOAT svou efektn\u00ed konstrukc\u00ed evokuj\u00ed dojem jakoby zrcadlov\u00e1 plocha plavala v\u00a0r\u00e1mu. \u0160t\u011brbinou mezi r\u00e1mem a zrcadlem pronik\u00e1 do koupelny rozpt\u00fdlen\u00e9 intimn\u00ed sv\u011btlo. Standardn\u011b jsou zrcadla osazena b\u00edl\u00fdm LED osv\u011btlen\u00edm. Barva r\u00e1mu: b\u00edl\u00e1 lesk Ovl\u00e1d\u00e1n\u00ed zrcadla p\u0159es extern\u00ed vyp\u00edna\u010d Technick\u00e9 parametry pro zrcadla s LED [&hellip;]","og_url":"https:\/\/www.technodompro.com\/index.php\/produkt\/bezpecna-platba-sapho-float-zrcadlo-s-led-podsvicenim-500x700mm-bila-22571-16142\/","og_image":[{"width":440,"height":798,"url":"https:\/\/www.technodompro.com\/wp-content\/uploads\/2026\/SK0012160-CZ20260425-093041-0-1777080643-6aa38769c3684b889df4f55cf1ac15bb.webp","type":"image\/webp"}],"twitter_card":"summary_large_image","twitter_misc":{"Odhadovan\u00e1 doba \u010dten\u00ed":"1 minuta"},"schema":{"@context":"https:\/\/schema.org","@graph":[{"@type":"WebPage","@id":"https:\/\/www.technodompro.com\/index.php\/produkt\/bezpecna-platba-sapho-float-zrcadlo-s-led-podsvicenim-500x700mm-bila-22571-16142\/","url":"https:\/\/www.technodompro.com\/index.php\/produkt\/bezpecna-platba-sapho-float-zrcadlo-s-led-podsvicenim-500x700mm-bila-22571-16142\/","name":"Bezpe\u010dn\u00e1 Platba Sapho FLOAT zrcadlo s LED podsv\u00edcen\u00edm 500x700mm, b\u00edl\u00e1 22571 -","isPartOf":{"@id":"https:\/\/www.technodompro.com\/#website"},"primaryImageOfPage":{"@id":"https:\/\/www.technodompro.com\/index.php\/produkt\/bezpecna-platba-sapho-float-zrcadlo-s-led-podsvicenim-500x700mm-bila-22571-16142\/#primaryimage"},"image":{"@id":"https:\/\/www.technodompro.com\/index.php\/produkt\/bezpecna-platba-sapho-float-zrcadlo-s-led-podsvicenim-500x700mm-bila-22571-16142\/#primaryimage"},"thumbnailUrl":"https:\/\/www.technodompro.com\/wp-content\/uploads\/2026\/SK0012160-CZ20260425-093041-0-1777080643-6aa38769c3684b889df4f55cf1ac15bb.webp","datePublished":"2026-04-27T04:41:09+00:00","breadcrumb":{"@id":"https:\/\/www.technodompro.com\/index.php\/produkt\/bezpecna-platba-sapho-float-zrcadlo-s-led-podsvicenim-500x700mm-bila-22571-16142\/#breadcrumb"},"inLanguage":"cs","potentialAction":[{"@type":"ReadAction","target":["https:\/\/www.technodompro.com\/index.php\/produkt\/bezpecna-platba-sapho-float-zrcadlo-s-led-podsvicenim-500x700mm-bila-22571-16142\/"]}]},{"@type":"ImageObject","inLanguage":"cs","@id":"https:\/\/www.technodompro.com\/index.php\/produkt\/bezpecna-platba-sapho-float-zrcadlo-s-led-podsvicenim-500x700mm-bila-22571-16142\/#primaryimage","url":"https:\/\/www.technodompro.com\/wp-content\/uploads\/2026\/SK0012160-CZ20260425-093041-0-1777080643-6aa38769c3684b889df4f55cf1ac15bb.webp","contentUrl":"https:\/\/www.technodompro.com\/wp-content\/uploads\/2026\/SK0012160-CZ20260425-093041-0-1777080643-6aa38769c3684b889df4f55cf1ac15bb.webp","width":440,"height":798},{"@type":"BreadcrumbList","@id":"https:\/\/www.technodompro.com\/index.php\/produkt\/bezpecna-platba-sapho-float-zrcadlo-s-led-podsvicenim-500x700mm-bila-22571-16142\/#breadcrumb","itemListElement":[{"@type":"ListItem","position":1,"name":"Home","item":"https:\/\/www.technodompro.com\/"},{"@type":"ListItem","position":2,"name":"Products","item":"https:\/\/www.technodompro.com\/index.php\/products\/"},{"@type":"ListItem","position":3,"name":"Bezpe\u010dn\u00e1 Platba Sapho FLOAT zrcadlo s LED podsv\u00edcen\u00edm 500x700mm, b\u00edl\u00e1 22571"}]},{"@type":"WebSite","@id":"https:\/\/www.technodompro.com\/#website","url":"https:\/\/www.technodompro.com\/","name":"","description":"","potentialAction":[{"@type":"SearchAction","target":{"@type":"EntryPoint","urlTemplate":"https:\/\/www.technodompro.com\/?s={search_term_string}"},"query-input":{"@type":"PropertyValueSpecification","valueRequired":true,"valueName":"search_term_string"}}],"inLanguage":"cs"}]}},"_links":{"self":[{"href":"https:\/\/www.technodompro.com\/index.php\/wp-json\/wp\/v2\/product\/16142","targetHints":{"allow":["GET"]}}],"collection":[{"href":"https:\/\/www.technodompro.com\/index.php\/wp-json\/wp\/v2\/product"}],"about":[{"href":"https:\/\/www.technodompro.com\/index.php\/wp-json\/wp\/v2\/types\/product"}],"replies":[{"embeddable":true,"href":"https:\/\/www.technodompro.com\/index.php\/wp-json\/wp\/v2\/comments?post=16142"}],"wp:featuredmedia":[{"embeddable":true,"href":"https:\/\/www.technodompro.com\/index.php\/wp-json\/wp\/v2\/media\/16242"}],"wp:attachment":[{"href":"https:\/\/www.technodompro.com\/index.php\/wp-json\/wp\/v2\/media?parent=16142"}],"wp:term":[{"taxonomy":"product_brand","embeddable":true,"href":"https:\/\/www.technodompro.com\/index.php\/wp-json\/wp\/v2\/product_brand?post=16142"},{"taxonomy":"product_cat","embeddable":true,"href":"https:\/\/www.technodompro.com\/index.php\/wp-json\/wp\/v2\/product_cat?post=16142"},{"taxonomy":"product_tag","embeddable":true,"href":"https:\/\/www.technodompro.com\/index.php\/wp-json\/wp\/v2\/product_tag?post=16142"}],"curies":[{"name":"wp","href":"https:\/\/api.w.org\/{rel}","templated":true}]}}