{"id":21721,"date":"2026-04-27T04:41:25","date_gmt":"2026-04-27T04:41:25","guid":{"rendered":""},"modified":"2026-04-27T04:41:25","modified_gmt":"2026-04-27T04:41:25","slug":"znackovy-ronal-cadura-pevna-stena-samostatna-s-vyrovnavacim-profilem-cat41300687-21721","status":"publish","type":"product","link":"https:\/\/www.technodompro.com\/index.php\/produkt\/znackovy-ronal-cadura-pevna-stena-samostatna-s-vyrovnavacim-profilem-cat41300687-21721\/","title":{"rendered":"Zna\u010dkov\u00fd RONAL CADURA Pevn\u00e1 st\u011bna samostatn\u00e1 s vyrovn\u00e1vac\u00edm profilem CAT41300687"},"content":{"rendered":"<div class=\"basic-description\">\n<h3>Detailn\u00ed popis produktu<\/h3>\n<p>                                    Walk-in z\u00e1st\u011bna CADURA BLACK LINE \u2013 pevn\u00e1 st\u011bna samostatn\u00e1 s\u00a0vyrovn\u00e1vac\u00edm profilem je aktu\u00e1ln\u00edm trendem pro modern\u00ed koupelny. 6mm bezpe\u010dnostn\u00ed sklo je pokryto antiplakovou \u00fapravou AQUAPERLE pro eliminaci vodn\u00edho kamene na skle Walk-in z\u00e1st\u011bny. Celkov\u00e1 v\u00fd\u0161ka v\u010detn\u011b vodorovn\u00e9 vzp\u011bry je 2024 mm. Walk-in z\u00e1st\u011bnu CAT4 lze pou\u017e\u00edt samostatn\u011b nebo v\u00a0kombinaci s\u00a0bo\u010dn\u00ed st\u011bnou CAT3. V\u0161echny pohledov\u00e9 d\u00edlky jsou v\u00a0aluchromov\u00e9m proveden\u00ed. Dekorov\u00e9 sklo 87 &#8211; Screen.                            <\/p><\/div>\n","protected":false},"excerpt":{"rendered":"<p>Detailn\u00ed popis produktu Walk-in z\u00e1st\u011bna CADURA BLACK LINE \u2013 pevn\u00e1 st\u011bna samostatn\u00e1 s\u00a0vyrovn\u00e1vac\u00edm profilem je aktu\u00e1ln\u00edm trendem pro modern\u00ed koupelny. 6mm bezpe\u010dnostn\u00ed sklo je pokryto antiplakovou \u00fapravou AQUAPERLE pro eliminaci vodn\u00edho kamene na skle Walk-in z\u00e1st\u011bny. Celkov\u00e1 v\u00fd\u0161ka v\u010detn\u011b vodorovn\u00e9 vzp\u011bry je 2024 mm. Walk-in z\u00e1st\u011bnu CAT4 lze pou\u017e\u00edt samostatn\u011b nebo v\u00a0kombinaci s\u00a0bo\u010dn\u00ed st\u011bnou CAT3. [&hellip;]<\/p>\n","protected":false},"featured_media":21821,"comment_status":"open","ping_status":"open","template":"","meta":[],"product_brand":[],"product_cat":[78],"product_tag":[],"class_list":{"0":"post-21721","1":"product","2":"type-product","3":"status-publish","4":"has-post-thumbnail","6":"product_cat-koupelny-a-sanitarni-technika","8":"first","9":"instock","10":"sale","11":"shipping-taxable","12":"purchasable","13":"product-type-simple"},"yoast_head":"<!-- This site is optimized with the Yoast SEO plugin v26.8 - https:\/\/yoast.com\/product\/yoast-seo-wordpress\/ -->\n<title>Zna\u010dkov\u00fd RONAL CADURA Pevn\u00e1 st\u011bna samostatn\u00e1 s vyrovn\u00e1vac\u00edm profilem CAT41300687 -<\/title>\n<meta name=\"robots\" content=\"index, follow, max-snippet:-1, max-image-preview:large, max-video-preview:-1\" \/>\n<link rel=\"canonical\" href=\"https:\/\/www.technodompro.com\/index.php\/produkt\/znackovy-ronal-cadura-pevna-stena-samostatna-s-vyrovnavacim-profilem-cat41300687-21721\/\" \/>\n<meta property=\"og:locale\" content=\"cs_CZ\" \/>\n<meta property=\"og:type\" content=\"article\" \/>\n<meta property=\"og:title\" content=\"Zna\u010dkov\u00fd RONAL CADURA Pevn\u00e1 st\u011bna samostatn\u00e1 s vyrovn\u00e1vac\u00edm profilem CAT41300687 -\" \/>\n<meta property=\"og:description\" content=\"Detailn\u00ed popis produktu Walk-in z\u00e1st\u011bna CADURA BLACK LINE \u2013 pevn\u00e1 st\u011bna samostatn\u00e1 s\u00a0vyrovn\u00e1vac\u00edm profilem je aktu\u00e1ln\u00edm trendem pro modern\u00ed koupelny. 6mm bezpe\u010dnostn\u00ed sklo je pokryto antiplakovou \u00fapravou AQUAPERLE pro eliminaci vodn\u00edho kamene na skle Walk-in z\u00e1st\u011bny. Celkov\u00e1 v\u00fd\u0161ka v\u010detn\u011b vodorovn\u00e9 vzp\u011bry je 2024 mm. Walk-in z\u00e1st\u011bnu CAT4 lze pou\u017e\u00edt samostatn\u011b nebo v\u00a0kombinaci s\u00a0bo\u010dn\u00ed st\u011bnou CAT3. [&hellip;]\" \/>\n<meta property=\"og:url\" content=\"https:\/\/www.technodompro.com\/index.php\/produkt\/znackovy-ronal-cadura-pevna-stena-samostatna-s-vyrovnavacim-profilem-cat41300687-21721\/\" \/>\n<meta property=\"og:image\" content=\"https:\/\/www.technodompro.com\/wp-content\/uploads\/2026\/SK0012883-CZ20260425-093351-0-1777080838-1178101_ronal-cadura-pevna-stena-samostatna-s-vyrovnavacim-.webp\" \/>\n\t<meta property=\"og:image:width\" content=\"1000\" \/>\n\t<meta property=\"og:image:height\" content=\"750\" \/>\n\t<meta property=\"og:image:type\" content=\"image\/webp\" \/>\n<meta name=\"twitter:card\" content=\"summary_large_image\" \/>\n<script type=\"application\/ld+json\" class=\"yoast-schema-graph\">{\"@context\":\"https:\/\/schema.org\",\"@graph\":[{\"@type\":\"WebPage\",\"@id\":\"https:\/\/www.technodompro.com\/index.php\/produkt\/znackovy-ronal-cadura-pevna-stena-samostatna-s-vyrovnavacim-profilem-cat41300687-21721\/\",\"url\":\"https:\/\/www.technodompro.com\/index.php\/produkt\/znackovy-ronal-cadura-pevna-stena-samostatna-s-vyrovnavacim-profilem-cat41300687-21721\/\",\"name\":\"Zna\u010dkov\u00fd RONAL CADURA Pevn\u00e1 st\u011bna samostatn\u00e1 s vyrovn\u00e1vac\u00edm profilem CAT41300687 -\",\"isPartOf\":{\"@id\":\"https:\/\/www.technodompro.com\/#website\"},\"primaryImageOfPage\":{\"@id\":\"https:\/\/www.technodompro.com\/index.php\/produkt\/znackovy-ronal-cadura-pevna-stena-samostatna-s-vyrovnavacim-profilem-cat41300687-21721\/#primaryimage\"},\"image\":{\"@id\":\"https:\/\/www.technodompro.com\/index.php\/produkt\/znackovy-ronal-cadura-pevna-stena-samostatna-s-vyrovnavacim-profilem-cat41300687-21721\/#primaryimage\"},\"thumbnailUrl\":\"https:\/\/www.technodompro.com\/wp-content\/uploads\/2026\/SK0012883-CZ20260425-093351-0-1777080838-1178101_ronal-cadura-pevna-stena-samostatna-s-vyrovnavacim-.webp\",\"datePublished\":\"2026-04-27T04:41:25+00:00\",\"breadcrumb\":{\"@id\":\"https:\/\/www.technodompro.com\/index.php\/produkt\/znackovy-ronal-cadura-pevna-stena-samostatna-s-vyrovnavacim-profilem-cat41300687-21721\/#breadcrumb\"},\"inLanguage\":\"cs\",\"potentialAction\":[{\"@type\":\"ReadAction\",\"target\":[\"https:\/\/www.technodompro.com\/index.php\/produkt\/znackovy-ronal-cadura-pevna-stena-samostatna-s-vyrovnavacim-profilem-cat41300687-21721\/\"]}]},{\"@type\":\"ImageObject\",\"inLanguage\":\"cs\",\"@id\":\"https:\/\/www.technodompro.com\/index.php\/produkt\/znackovy-ronal-cadura-pevna-stena-samostatna-s-vyrovnavacim-profilem-cat41300687-21721\/#primaryimage\",\"url\":\"https:\/\/www.technodompro.com\/wp-content\/uploads\/2026\/SK0012883-CZ20260425-093351-0-1777080838-1178101_ronal-cadura-pevna-stena-samostatna-s-vyrovnavacim-.webp\",\"contentUrl\":\"https:\/\/www.technodompro.com\/wp-content\/uploads\/2026\/SK0012883-CZ20260425-093351-0-1777080838-1178101_ronal-cadura-pevna-stena-samostatna-s-vyrovnavacim-.webp\",\"width\":1000,\"height\":750},{\"@type\":\"BreadcrumbList\",\"@id\":\"https:\/\/www.technodompro.com\/index.php\/produkt\/znackovy-ronal-cadura-pevna-stena-samostatna-s-vyrovnavacim-profilem-cat41300687-21721\/#breadcrumb\",\"itemListElement\":[{\"@type\":\"ListItem\",\"position\":1,\"name\":\"Home\",\"item\":\"https:\/\/www.technodompro.com\/\"},{\"@type\":\"ListItem\",\"position\":2,\"name\":\"Products\",\"item\":\"https:\/\/www.technodompro.com\/index.php\/products\/\"},{\"@type\":\"ListItem\",\"position\":3,\"name\":\"Zna\u010dkov\u00fd RONAL CADURA Pevn\u00e1 st\u011bna samostatn\u00e1 s vyrovn\u00e1vac\u00edm profilem CAT41300687\"}]},{\"@type\":\"WebSite\",\"@id\":\"https:\/\/www.technodompro.com\/#website\",\"url\":\"https:\/\/www.technodompro.com\/\",\"name\":\"\",\"description\":\"\",\"potentialAction\":[{\"@type\":\"SearchAction\",\"target\":{\"@type\":\"EntryPoint\",\"urlTemplate\":\"https:\/\/www.technodompro.com\/?s={search_term_string}\"},\"query-input\":{\"@type\":\"PropertyValueSpecification\",\"valueRequired\":true,\"valueName\":\"search_term_string\"}}],\"inLanguage\":\"cs\"}]}<\/script>\n<!-- \/ Yoast SEO plugin. -->","yoast_head_json":{"title":"Zna\u010dkov\u00fd RONAL CADURA Pevn\u00e1 st\u011bna samostatn\u00e1 s vyrovn\u00e1vac\u00edm profilem CAT41300687 -","robots":{"index":"index","follow":"follow","max-snippet":"max-snippet:-1","max-image-preview":"max-image-preview:large","max-video-preview":"max-video-preview:-1"},"canonical":"https:\/\/www.technodompro.com\/index.php\/produkt\/znackovy-ronal-cadura-pevna-stena-samostatna-s-vyrovnavacim-profilem-cat41300687-21721\/","og_locale":"cs_CZ","og_type":"article","og_title":"Zna\u010dkov\u00fd RONAL CADURA Pevn\u00e1 st\u011bna samostatn\u00e1 s vyrovn\u00e1vac\u00edm profilem CAT41300687 -","og_description":"Detailn\u00ed popis produktu Walk-in z\u00e1st\u011bna CADURA BLACK LINE \u2013 pevn\u00e1 st\u011bna samostatn\u00e1 s\u00a0vyrovn\u00e1vac\u00edm profilem je aktu\u00e1ln\u00edm trendem pro modern\u00ed koupelny. 6mm bezpe\u010dnostn\u00ed sklo je pokryto antiplakovou \u00fapravou AQUAPERLE pro eliminaci vodn\u00edho kamene na skle Walk-in z\u00e1st\u011bny. Celkov\u00e1 v\u00fd\u0161ka v\u010detn\u011b vodorovn\u00e9 vzp\u011bry je 2024 mm. Walk-in z\u00e1st\u011bnu CAT4 lze pou\u017e\u00edt samostatn\u011b nebo v\u00a0kombinaci s\u00a0bo\u010dn\u00ed st\u011bnou CAT3. [&hellip;]","og_url":"https:\/\/www.technodompro.com\/index.php\/produkt\/znackovy-ronal-cadura-pevna-stena-samostatna-s-vyrovnavacim-profilem-cat41300687-21721\/","og_image":[{"width":1000,"height":750,"url":"https:\/\/www.technodompro.com\/wp-content\/uploads\/2026\/SK0012883-CZ20260425-093351-0-1777080838-1178101_ronal-cadura-pevna-stena-samostatna-s-vyrovnavacim-.webp","type":"image\/webp"}],"twitter_card":"summary_large_image","schema":{"@context":"https:\/\/schema.org","@graph":[{"@type":"WebPage","@id":"https:\/\/www.technodompro.com\/index.php\/produkt\/znackovy-ronal-cadura-pevna-stena-samostatna-s-vyrovnavacim-profilem-cat41300687-21721\/","url":"https:\/\/www.technodompro.com\/index.php\/produkt\/znackovy-ronal-cadura-pevna-stena-samostatna-s-vyrovnavacim-profilem-cat41300687-21721\/","name":"Zna\u010dkov\u00fd RONAL CADURA Pevn\u00e1 st\u011bna samostatn\u00e1 s vyrovn\u00e1vac\u00edm profilem CAT41300687 -","isPartOf":{"@id":"https:\/\/www.technodompro.com\/#website"},"primaryImageOfPage":{"@id":"https:\/\/www.technodompro.com\/index.php\/produkt\/znackovy-ronal-cadura-pevna-stena-samostatna-s-vyrovnavacim-profilem-cat41300687-21721\/#primaryimage"},"image":{"@id":"https:\/\/www.technodompro.com\/index.php\/produkt\/znackovy-ronal-cadura-pevna-stena-samostatna-s-vyrovnavacim-profilem-cat41300687-21721\/#primaryimage"},"thumbnailUrl":"https:\/\/www.technodompro.com\/wp-content\/uploads\/2026\/SK0012883-CZ20260425-093351-0-1777080838-1178101_ronal-cadura-pevna-stena-samostatna-s-vyrovnavacim-.webp","datePublished":"2026-04-27T04:41:25+00:00","breadcrumb":{"@id":"https:\/\/www.technodompro.com\/index.php\/produkt\/znackovy-ronal-cadura-pevna-stena-samostatna-s-vyrovnavacim-profilem-cat41300687-21721\/#breadcrumb"},"inLanguage":"cs","potentialAction":[{"@type":"ReadAction","target":["https:\/\/www.technodompro.com\/index.php\/produkt\/znackovy-ronal-cadura-pevna-stena-samostatna-s-vyrovnavacim-profilem-cat41300687-21721\/"]}]},{"@type":"ImageObject","inLanguage":"cs","@id":"https:\/\/www.technodompro.com\/index.php\/produkt\/znackovy-ronal-cadura-pevna-stena-samostatna-s-vyrovnavacim-profilem-cat41300687-21721\/#primaryimage","url":"https:\/\/www.technodompro.com\/wp-content\/uploads\/2026\/SK0012883-CZ20260425-093351-0-1777080838-1178101_ronal-cadura-pevna-stena-samostatna-s-vyrovnavacim-.webp","contentUrl":"https:\/\/www.technodompro.com\/wp-content\/uploads\/2026\/SK0012883-CZ20260425-093351-0-1777080838-1178101_ronal-cadura-pevna-stena-samostatna-s-vyrovnavacim-.webp","width":1000,"height":750},{"@type":"BreadcrumbList","@id":"https:\/\/www.technodompro.com\/index.php\/produkt\/znackovy-ronal-cadura-pevna-stena-samostatna-s-vyrovnavacim-profilem-cat41300687-21721\/#breadcrumb","itemListElement":[{"@type":"ListItem","position":1,"name":"Home","item":"https:\/\/www.technodompro.com\/"},{"@type":"ListItem","position":2,"name":"Products","item":"https:\/\/www.technodompro.com\/index.php\/products\/"},{"@type":"ListItem","position":3,"name":"Zna\u010dkov\u00fd RONAL CADURA Pevn\u00e1 st\u011bna samostatn\u00e1 s vyrovn\u00e1vac\u00edm profilem CAT41300687"}]},{"@type":"WebSite","@id":"https:\/\/www.technodompro.com\/#website","url":"https:\/\/www.technodompro.com\/","name":"","description":"","potentialAction":[{"@type":"SearchAction","target":{"@type":"EntryPoint","urlTemplate":"https:\/\/www.technodompro.com\/?s={search_term_string}"},"query-input":{"@type":"PropertyValueSpecification","valueRequired":true,"valueName":"search_term_string"}}],"inLanguage":"cs"}]}},"_links":{"self":[{"href":"https:\/\/www.technodompro.com\/index.php\/wp-json\/wp\/v2\/product\/21721","targetHints":{"allow":["GET"]}}],"collection":[{"href":"https:\/\/www.technodompro.com\/index.php\/wp-json\/wp\/v2\/product"}],"about":[{"href":"https:\/\/www.technodompro.com\/index.php\/wp-json\/wp\/v2\/types\/product"}],"replies":[{"embeddable":true,"href":"https:\/\/www.technodompro.com\/index.php\/wp-json\/wp\/v2\/comments?post=21721"}],"wp:featuredmedia":[{"embeddable":true,"href":"https:\/\/www.technodompro.com\/index.php\/wp-json\/wp\/v2\/media\/21821"}],"wp:attachment":[{"href":"https:\/\/www.technodompro.com\/index.php\/wp-json\/wp\/v2\/media?parent=21721"}],"wp:term":[{"taxonomy":"product_brand","embeddable":true,"href":"https:\/\/www.technodompro.com\/index.php\/wp-json\/wp\/v2\/product_brand?post=21721"},{"taxonomy":"product_cat","embeddable":true,"href":"https:\/\/www.technodompro.com\/index.php\/wp-json\/wp\/v2\/product_cat?post=21721"},{"taxonomy":"product_tag","embeddable":true,"href":"https:\/\/www.technodompro.com\/index.php\/wp-json\/wp\/v2\/product_tag?post=21721"}],"curies":[{"name":"wp","href":"https:\/\/api.w.org\/{rel}","templated":true}]}}