{"id":24535,"date":"2026-04-27T04:41:33","date_gmt":"2026-04-27T04:41:33","guid":{"rendered":""},"modified":"2026-04-27T04:41:33","modified_gmt":"2026-04-27T04:41:33","slug":"akce-almeva-koleno-0-90deg-nastavitelne-o130-24535","status":"publish","type":"product","link":"https:\/\/www.technodompro.com\/produkt\/akce-almeva-koleno-0-90deg-nastavitelne-o130-24535\/","title":{"rendered":"Akce Almeva Koleno 0-90\u00b0 nastaviteln\u00e9 &#8211; \u00f8130"},"content":{"rendered":"<div id=\"e22250\" class=\"pages\">\n<div>\n<div id=\"PDDescription\" class=\"UserContentView userContent v1a v1 bs-view dcon dc164 PDDescription\" ><dc-con><dc-con><bs-empty><\/bs-empty><\/dc-con><dc-con>        <\/p>\n<div class=\"customDescription\">                    <\/div>\n<p><\/dc-con><dc-con><\/p>\n<div id=\"main-top\" style=\"color: #000000; text-transform: none; text-indent: 0px; letter-spacing: normal; font-family: Arial, Verdana, Tahoma; font-size: 14px; font-style: normal; font-weight: normal; word-spacing: 0px; white-space: normal; orphans: 2; widows: 2; background-color: #ffffff; font-variant-ligatures: normal; font-variant-caps: normal; -webkit-text-stroke-width: 0px;\">\n<h1 id=\"page-title\">KH &#8211; ocel<\/h1>\n<\/div>\n<div id=\"main-content\" style=\"color: #000000; text-transform: none; text-indent: 0px; letter-spacing: normal; font-family: Arial, Verdana, Tahoma; font-size: 14px; font-style: normal; font-weight: normal; word-spacing: 0px; white-space: normal; orphans: 2; widows: 2; background-color: #ffffff; font-variant-ligatures: normal; font-variant-caps: normal; -webkit-text-stroke-width: 0px;\">\n<div id=\"content\">\n<div id=\"node-753\">\n<div>\n<div>\n<div>\n<div>\n<ul>\n<li>\u010cern\u00e1 kou\u0159ovina KH je tvo\u0159ena pevn\u00fdmi trubkami a\u00a0tvarovkami.<\/li>\n<li>Syst\u00e9m\u00a0KH je nab\u00edzen v pr\u016fm\u011brech od\u00a0120 mm do\u00a0200 mm.<\/li>\n<li>Je u\u010den\u00fd zejm\u00e9na pro dopojen\u00ed spot\u0159ebi\u010d\u016f na pevn\u00e1 palina do kom\u00ednov\u00e9ho pr\u016fduchu.<\/li>\n<li>Spojov\u00e1n\u00ed jednotliv\u00fdch prvk\u016f syst\u00e9mu\u00a0KH je hrdlov\u00fdmi spoji.<\/li>\n<li>Charakteristika dle \u010cSN EN 1856-2:\u00a0<br \/>T400 N1 D Vm L01 150\/200 O<\/li>\n<\/ul>\n<p style=\"padding-top: 0px; padding-bottom: 0px; margin-top: 0px; margin-bottom: 0px;\">Slou\u017e\u00ed k odvodu spalin od spot\u0159ebi\u010d\u016f na pevn\u00e1 paliva s nejvy\u0161\u0161\u00ed teplotou spalin na hrdle odkou\u0159en\u00ed spot\u0159ebi\u010de 400\u00b0C. Je ur\u010den p\u0159ev\u00e1\u017en\u011b pro kom\u00edny s p\u0159irozen\u00fdm tahem. Nen\u00ed ur\u010den pro spalinov\u00e9 cesty, ve kter\u00fdch m\u016f\u017ee doj\u00edt k vyho\u0159en\u00ed saz\u00ed. Je vhodn\u00fd pro kom\u00edny, kter\u00e9 jsou pl\u00e1novit\u011b provozov\u00e1ny v such\u00e9m provozn\u00edm re\u017eimu.<\/p>\n<p style=\"padding-top: 0px; padding-bottom: 0px; margin-top: 0px; margin-bottom: 0px;\">\u00a0<\/p>\n<p style=\"padding-top: 0px; padding-bottom: 0px; margin-top: 0px; margin-bottom: 0px;\"><strong>Almeva Koleno 0-90\u00b0 nastaviteln\u00e9 &#8211; \u00f8130<\/strong><\/p>\n<\/div>\n<\/div>\n<\/div>\n<\/div>\n<\/div>\n<\/div>\n<\/div>\n<p><\/dc-con><\/dc-con><\/div>\n<div id=\"PDDescription2\" class=\"UserContentView userContent v1a v1 bs-view dcon dc165 PDDescription2\" >\n<table class=\"techparam_table\" style=\"height: 237px;\" width=\"411\">\n<tbody>\n<tr>\n<td><strong>Materi\u00e1l<\/strong><\/td>\n<td>ocelov\u00fd plech<\/td>\n<\/tr>\n<tr>\n<td><strong>Pr\u016fm\u011br<\/strong><\/td>\n<td>120 mm<\/td>\n<\/tr>\n<tr>\n<td><strong>Barva<\/strong><\/td>\n<td>\u010dern\u00e1<\/td>\n<\/tr>\n<tr>\n<td><strong>Tepeln\u00e1 odolnost<\/strong><\/td>\n<td>1000 \u00b0C<\/td>\n<\/tr>\n<tr>\n<td><strong>\u00dahel<\/strong><\/td>\n<td>0-90\u00b0<\/td>\n<\/tr>\n<tr>\n<td><strong>D\u00e9lka p\u0159ekryt\u00ed<\/strong><\/td>\n<td>60 mm<\/td>\n<\/tr>\n<tr>\n<td><strong>Tlou\u0161\u0165ka<\/strong><\/td>\n<td>1,5 mm<\/td>\n<\/tr>\n<tr>\n<td><strong>Rozm\u011br A=<\/strong><\/td>\n<td>130 mm<\/td>\n<\/tr>\n<tr>\n<td><strong>Rozm\u011br B=<\/strong><\/td>\n<td>180 mm<\/td>\n<\/tr>\n<\/tbody>\n<\/table>\n<\/div><\/div>\n<div id=\"PDTable3\" class=\"ProductDetailTableView v3a v3 bs-view dcon dc185 PDTable3\" >\n<table>\n<thead><\/thead>\n<tbody>\n<tr class=\"attribute attr_prumer attr_v attr_mm\">\n<td class=\"caption\">Pr\u016fm\u011br v mm<\/td>\n<td class=\"value\">130<\/td>\n<\/tr>\n<tr class=\"attribute attr_typ\">\n<td class=\"caption\">Typ<\/td>\n<td class=\"value\">Kolena<\/td>\n<\/tr>\n<tr class=\"attribute attr_bsshop_maker\">\n<td class=\"caption\">V\u00fdrobce<\/td>\n<td class=\"value\">Almeva<\/td>\n<\/tr>\n<tr class=\"weight\">\n<td class=\"caption\"><span>Hmotnost<\/span><\/td>\n<td class=\"value\"><span>1,87 kg<\/span><\/td>\n<\/tr>\n<\/tbody>\n<\/table>\n<\/div>\n<\/div>\n<div id=\"e22251\" class=\"tabs\">\n","protected":false},"excerpt":{"rendered":"<p>KH &#8211; ocel \u010cern\u00e1 kou\u0159ovina KH je tvo\u0159ena pevn\u00fdmi trubkami a\u00a0tvarovkami. Syst\u00e9m\u00a0KH je nab\u00edzen v pr\u016fm\u011brech od\u00a0120 mm do\u00a0200 mm. Je u\u010den\u00fd zejm\u00e9na pro dopojen\u00ed spot\u0159ebi\u010d\u016f na pevn\u00e1 palina do kom\u00ednov\u00e9ho pr\u016fduchu. Spojov\u00e1n\u00ed jednotliv\u00fdch prvk\u016f syst\u00e9mu\u00a0KH je hrdlov\u00fdmi spoji. Charakteristika dle \u010cSN EN 1856-2:\u00a0T400 N1 D Vm L01 150\/200 O Slou\u017e\u00ed k odvodu spalin od [&hellip;]<\/p>\n","protected":false},"featured_media":24635,"template":"","meta":[],"product_brand":[],"product_cat":[86],"product_tag":[],"class_list":{"0":"post-24535","1":"product","2":"type-product","3":"status-publish","4":"has-post-thumbnail","6":"product_cat-kotle","8":"first","9":"instock","10":"sale","11":"shipping-taxable","12":"purchasable","13":"product-type-simple"},"yoast_head":"<!-- This site is optimized with the Yoast SEO plugin v26.8 - https:\/\/yoast.com\/product\/yoast-seo-wordpress\/ -->\n<title>Akce Almeva Koleno 0-90\u00b0 nastaviteln\u00e9 - \u00f8130 - Modern\u00ed koupelny &amp; sanita a interi\u00e9rov\u00e9 vybaven\u00ed pro v\u00e1\u0161 domov<\/title>\n<meta name=\"robots\" content=\"index, follow, max-snippet:-1, max-image-preview:large, max-video-preview:-1\" \/>\n<link rel=\"canonical\" href=\"https:\/\/www.technodompro.com\/index.php\/produkt\/akce-almeva-koleno-0-90deg-nastavitelne-o130-24535\/\" \/>\n<meta property=\"og:locale\" content=\"cs_CZ\" \/>\n<meta property=\"og:type\" content=\"article\" \/>\n<meta property=\"og:title\" content=\"Akce Almeva Koleno 0-90\u00b0 nastaviteln\u00e9 - \u00f8130 - Modern\u00ed koupelny &amp; sanita a interi\u00e9rov\u00e9 vybaven\u00ed pro v\u00e1\u0161 domov\" \/>\n<meta property=\"og:description\" content=\"KH &#8211; ocel \u010cern\u00e1 kou\u0159ovina KH je tvo\u0159ena pevn\u00fdmi trubkami a\u00a0tvarovkami. Syst\u00e9m\u00a0KH je nab\u00edzen v pr\u016fm\u011brech od\u00a0120 mm do\u00a0200 mm. Je u\u010den\u00fd zejm\u00e9na pro dopojen\u00ed spot\u0159ebi\u010d\u016f na pevn\u00e1 palina do kom\u00ednov\u00e9ho pr\u016fduchu. Spojov\u00e1n\u00ed jednotliv\u00fdch prvk\u016f syst\u00e9mu\u00a0KH je hrdlov\u00fdmi spoji. Charakteristika dle \u010cSN EN 1856-2:\u00a0T400 N1 D Vm L01 150\/200 O Slou\u017e\u00ed k odvodu spalin od [&hellip;]\" \/>\n<meta property=\"og:url\" content=\"https:\/\/www.technodompro.com\/index.php\/produkt\/akce-almeva-koleno-0-90deg-nastavitelne-o130-24535\/\" \/>\n<meta property=\"og:site_name\" content=\"Modern\u00ed koupelny &amp; sanita a interi\u00e9rov\u00e9 vybaven\u00ed pro v\u00e1\u0161 domov\" \/>\n<meta property=\"og:image\" content=\"https:\/\/www.technodompro.com\/wp-content\/uploads\/2026\/SK0011631-CZ20260425-093449-0-1777080895-almeva-koleno-0-90-nastavitelne-130.webp\" \/>\n\t<meta property=\"og:image:width\" content=\"1000\" \/>\n\t<meta property=\"og:image:height\" content=\"525\" \/>\n\t<meta property=\"og:image:type\" content=\"image\/webp\" \/>\n<meta name=\"twitter:card\" content=\"summary_large_image\" \/>\n<meta name=\"twitter:label1\" content=\"Odhadovan\u00e1 doba \u010dten\u00ed\" \/>\n\t<meta name=\"twitter:data1\" content=\"1 minuta\" \/>\n<script type=\"application\/ld+json\" class=\"yoast-schema-graph\">{\"@context\":\"https:\/\/schema.org\",\"@graph\":[{\"@type\":\"WebPage\",\"@id\":\"https:\/\/www.technodompro.com\/index.php\/produkt\/akce-almeva-koleno-0-90deg-nastavitelne-o130-24535\/\",\"url\":\"https:\/\/www.technodompro.com\/index.php\/produkt\/akce-almeva-koleno-0-90deg-nastavitelne-o130-24535\/\",\"name\":\"Akce Almeva Koleno 0-90\u00b0 nastaviteln\u00e9 - \u00f8130 - Modern\u00ed koupelny &amp; sanita a interi\u00e9rov\u00e9 vybaven\u00ed pro v\u00e1\u0161 domov\",\"isPartOf\":{\"@id\":\"https:\/\/www.technodompro.com\/#website\"},\"primaryImageOfPage\":{\"@id\":\"https:\/\/www.technodompro.com\/index.php\/produkt\/akce-almeva-koleno-0-90deg-nastavitelne-o130-24535\/#primaryimage\"},\"image\":{\"@id\":\"https:\/\/www.technodompro.com\/index.php\/produkt\/akce-almeva-koleno-0-90deg-nastavitelne-o130-24535\/#primaryimage\"},\"thumbnailUrl\":\"https:\/\/www.technodompro.com\/wp-content\/uploads\/2026\/SK0011631-CZ20260425-093449-0-1777080895-almeva-koleno-0-90-nastavitelne-130.webp\",\"datePublished\":\"2026-04-27T04:41:33+00:00\",\"breadcrumb\":{\"@id\":\"https:\/\/www.technodompro.com\/index.php\/produkt\/akce-almeva-koleno-0-90deg-nastavitelne-o130-24535\/#breadcrumb\"},\"inLanguage\":\"cs\",\"potentialAction\":[{\"@type\":\"ReadAction\",\"target\":[\"https:\/\/www.technodompro.com\/index.php\/produkt\/akce-almeva-koleno-0-90deg-nastavitelne-o130-24535\/\"]}]},{\"@type\":\"ImageObject\",\"inLanguage\":\"cs\",\"@id\":\"https:\/\/www.technodompro.com\/index.php\/produkt\/akce-almeva-koleno-0-90deg-nastavitelne-o130-24535\/#primaryimage\",\"url\":\"https:\/\/www.technodompro.com\/wp-content\/uploads\/2026\/SK0011631-CZ20260425-093449-0-1777080895-almeva-koleno-0-90-nastavitelne-130.webp\",\"contentUrl\":\"https:\/\/www.technodompro.com\/wp-content\/uploads\/2026\/SK0011631-CZ20260425-093449-0-1777080895-almeva-koleno-0-90-nastavitelne-130.webp\",\"width\":1000,\"height\":525},{\"@type\":\"BreadcrumbList\",\"@id\":\"https:\/\/www.technodompro.com\/index.php\/produkt\/akce-almeva-koleno-0-90deg-nastavitelne-o130-24535\/#breadcrumb\",\"itemListElement\":[{\"@type\":\"ListItem\",\"position\":1,\"name\":\"Home\",\"item\":\"https:\/\/www.technodompro.com\/\"},{\"@type\":\"ListItem\",\"position\":2,\"name\":\"Products\",\"item\":\"https:\/\/www.technodompro.com\/products\/\"},{\"@type\":\"ListItem\",\"position\":3,\"name\":\"Akce Almeva Koleno 0-90\u00b0 nastaviteln\u00e9 &#8211; \u00f8130\"}]},{\"@type\":\"WebSite\",\"@id\":\"https:\/\/www.technodompro.com\/#website\",\"url\":\"https:\/\/www.technodompro.com\/\",\"name\":\"Modern\u00ed koupelny &amp; sanita a interi\u00e9rov\u00e9 vybaven\u00ed pro v\u00e1\u0161 domov\",\"description\":\"Modern\u00ed koupelny &amp; sanita a interi\u00e9rov\u00e9 vybaven\u00ed pro v\u00e1\u0161 domov\",\"publisher\":{\"@id\":\"https:\/\/www.technodompro.com\/#organization\"},\"potentialAction\":[{\"@type\":\"SearchAction\",\"target\":{\"@type\":\"EntryPoint\",\"urlTemplate\":\"https:\/\/www.technodompro.com\/?s={search_term_string}\"},\"query-input\":{\"@type\":\"PropertyValueSpecification\",\"valueRequired\":true,\"valueName\":\"search_term_string\"}}],\"inLanguage\":\"cs\"},{\"@type\":\"Organization\",\"@id\":\"https:\/\/www.technodompro.com\/#organization\",\"name\":\"Modern\u00ed koupelny &amp; sanita a interi\u00e9rov\u00e9 vybaven\u00ed pro v\u00e1\u0161 domov\",\"url\":\"https:\/\/www.technodompro.com\/\",\"logo\":{\"@type\":\"ImageObject\",\"inLanguage\":\"cs\",\"@id\":\"https:\/\/www.technodompro.com\/#\/schema\/logo\/image\/\",\"url\":\"https:\/\/www.technodompro.com\/wp-content\/uploads\/2026\/04\/technodompro_logo.svg\",\"contentUrl\":\"https:\/\/www.technodompro.com\/wp-content\/uploads\/2026\/04\/technodompro_logo.svg\",\"width\":760,\"height\":180,\"caption\":\"Modern\u00ed koupelny &amp; sanita a interi\u00e9rov\u00e9 vybaven\u00ed pro v\u00e1\u0161 domov\"},\"image\":{\"@id\":\"https:\/\/www.technodompro.com\/#\/schema\/logo\/image\/\"}}]}<\/script>\n<!-- \/ Yoast SEO plugin. -->","yoast_head_json":{"title":"Akce Almeva Koleno 0-90\u00b0 nastaviteln\u00e9 - \u00f8130 - Modern\u00ed koupelny &amp; sanita a interi\u00e9rov\u00e9 vybaven\u00ed pro v\u00e1\u0161 domov","robots":{"index":"index","follow":"follow","max-snippet":"max-snippet:-1","max-image-preview":"max-image-preview:large","max-video-preview":"max-video-preview:-1"},"canonical":"https:\/\/www.technodompro.com\/index.php\/produkt\/akce-almeva-koleno-0-90deg-nastavitelne-o130-24535\/","og_locale":"cs_CZ","og_type":"article","og_title":"Akce Almeva Koleno 0-90\u00b0 nastaviteln\u00e9 - \u00f8130 - Modern\u00ed koupelny &amp; sanita a interi\u00e9rov\u00e9 vybaven\u00ed pro v\u00e1\u0161 domov","og_description":"KH &#8211; ocel \u010cern\u00e1 kou\u0159ovina KH je tvo\u0159ena pevn\u00fdmi trubkami a\u00a0tvarovkami. Syst\u00e9m\u00a0KH je nab\u00edzen v pr\u016fm\u011brech od\u00a0120 mm do\u00a0200 mm. Je u\u010den\u00fd zejm\u00e9na pro dopojen\u00ed spot\u0159ebi\u010d\u016f na pevn\u00e1 palina do kom\u00ednov\u00e9ho pr\u016fduchu. Spojov\u00e1n\u00ed jednotliv\u00fdch prvk\u016f syst\u00e9mu\u00a0KH je hrdlov\u00fdmi spoji. Charakteristika dle \u010cSN EN 1856-2:\u00a0T400 N1 D Vm L01 150\/200 O Slou\u017e\u00ed k odvodu spalin od [&hellip;]","og_url":"https:\/\/www.technodompro.com\/index.php\/produkt\/akce-almeva-koleno-0-90deg-nastavitelne-o130-24535\/","og_site_name":"Modern\u00ed koupelny &amp; sanita a interi\u00e9rov\u00e9 vybaven\u00ed pro v\u00e1\u0161 domov","og_image":[{"width":1000,"height":525,"url":"https:\/\/www.technodompro.com\/wp-content\/uploads\/2026\/SK0011631-CZ20260425-093449-0-1777080895-almeva-koleno-0-90-nastavitelne-130.webp","type":"image\/webp"}],"twitter_card":"summary_large_image","twitter_misc":{"Odhadovan\u00e1 doba \u010dten\u00ed":"1 minuta"},"schema":{"@context":"https:\/\/schema.org","@graph":[{"@type":"WebPage","@id":"https:\/\/www.technodompro.com\/index.php\/produkt\/akce-almeva-koleno-0-90deg-nastavitelne-o130-24535\/","url":"https:\/\/www.technodompro.com\/index.php\/produkt\/akce-almeva-koleno-0-90deg-nastavitelne-o130-24535\/","name":"Akce Almeva Koleno 0-90\u00b0 nastaviteln\u00e9 - \u00f8130 - Modern\u00ed koupelny &amp; sanita a interi\u00e9rov\u00e9 vybaven\u00ed pro v\u00e1\u0161 domov","isPartOf":{"@id":"https:\/\/www.technodompro.com\/#website"},"primaryImageOfPage":{"@id":"https:\/\/www.technodompro.com\/index.php\/produkt\/akce-almeva-koleno-0-90deg-nastavitelne-o130-24535\/#primaryimage"},"image":{"@id":"https:\/\/www.technodompro.com\/index.php\/produkt\/akce-almeva-koleno-0-90deg-nastavitelne-o130-24535\/#primaryimage"},"thumbnailUrl":"https:\/\/www.technodompro.com\/wp-content\/uploads\/2026\/SK0011631-CZ20260425-093449-0-1777080895-almeva-koleno-0-90-nastavitelne-130.webp","datePublished":"2026-04-27T04:41:33+00:00","breadcrumb":{"@id":"https:\/\/www.technodompro.com\/index.php\/produkt\/akce-almeva-koleno-0-90deg-nastavitelne-o130-24535\/#breadcrumb"},"inLanguage":"cs","potentialAction":[{"@type":"ReadAction","target":["https:\/\/www.technodompro.com\/index.php\/produkt\/akce-almeva-koleno-0-90deg-nastavitelne-o130-24535\/"]}]},{"@type":"ImageObject","inLanguage":"cs","@id":"https:\/\/www.technodompro.com\/index.php\/produkt\/akce-almeva-koleno-0-90deg-nastavitelne-o130-24535\/#primaryimage","url":"https:\/\/www.technodompro.com\/wp-content\/uploads\/2026\/SK0011631-CZ20260425-093449-0-1777080895-almeva-koleno-0-90-nastavitelne-130.webp","contentUrl":"https:\/\/www.technodompro.com\/wp-content\/uploads\/2026\/SK0011631-CZ20260425-093449-0-1777080895-almeva-koleno-0-90-nastavitelne-130.webp","width":1000,"height":525},{"@type":"BreadcrumbList","@id":"https:\/\/www.technodompro.com\/index.php\/produkt\/akce-almeva-koleno-0-90deg-nastavitelne-o130-24535\/#breadcrumb","itemListElement":[{"@type":"ListItem","position":1,"name":"Home","item":"https:\/\/www.technodompro.com\/"},{"@type":"ListItem","position":2,"name":"Products","item":"https:\/\/www.technodompro.com\/products\/"},{"@type":"ListItem","position":3,"name":"Akce Almeva Koleno 0-90\u00b0 nastaviteln\u00e9 &#8211; \u00f8130"}]},{"@type":"WebSite","@id":"https:\/\/www.technodompro.com\/#website","url":"https:\/\/www.technodompro.com\/","name":"Modern\u00ed koupelny &amp; sanita a interi\u00e9rov\u00e9 vybaven\u00ed pro v\u00e1\u0161 domov","description":"Modern\u00ed koupelny &amp; sanita a interi\u00e9rov\u00e9 vybaven\u00ed pro v\u00e1\u0161 domov","publisher":{"@id":"https:\/\/www.technodompro.com\/#organization"},"potentialAction":[{"@type":"SearchAction","target":{"@type":"EntryPoint","urlTemplate":"https:\/\/www.technodompro.com\/?s={search_term_string}"},"query-input":{"@type":"PropertyValueSpecification","valueRequired":true,"valueName":"search_term_string"}}],"inLanguage":"cs"},{"@type":"Organization","@id":"https:\/\/www.technodompro.com\/#organization","name":"Modern\u00ed koupelny &amp; sanita a interi\u00e9rov\u00e9 vybaven\u00ed pro v\u00e1\u0161 domov","url":"https:\/\/www.technodompro.com\/","logo":{"@type":"ImageObject","inLanguage":"cs","@id":"https:\/\/www.technodompro.com\/#\/schema\/logo\/image\/","url":"https:\/\/www.technodompro.com\/wp-content\/uploads\/2026\/04\/technodompro_logo.svg","contentUrl":"https:\/\/www.technodompro.com\/wp-content\/uploads\/2026\/04\/technodompro_logo.svg","width":760,"height":180,"caption":"Modern\u00ed koupelny &amp; sanita a interi\u00e9rov\u00e9 vybaven\u00ed pro v\u00e1\u0161 domov"},"image":{"@id":"https:\/\/www.technodompro.com\/#\/schema\/logo\/image\/"}}]}},"_links":{"self":[{"href":"https:\/\/www.technodompro.com\/wp-json\/wp\/v2\/product\/24535","targetHints":{"allow":["GET"]}}],"collection":[{"href":"https:\/\/www.technodompro.com\/wp-json\/wp\/v2\/product"}],"about":[{"href":"https:\/\/www.technodompro.com\/wp-json\/wp\/v2\/types\/product"}],"wp:featuredmedia":[{"embeddable":true,"href":"https:\/\/www.technodompro.com\/wp-json\/wp\/v2\/media\/24635"}],"wp:attachment":[{"href":"https:\/\/www.technodompro.com\/wp-json\/wp\/v2\/media?parent=24535"}],"wp:term":[{"taxonomy":"product_brand","embeddable":true,"href":"https:\/\/www.technodompro.com\/wp-json\/wp\/v2\/product_brand?post=24535"},{"taxonomy":"product_cat","embeddable":true,"href":"https:\/\/www.technodompro.com\/wp-json\/wp\/v2\/product_cat?post=24535"},{"taxonomy":"product_tag","embeddable":true,"href":"https:\/\/www.technodompro.com\/wp-json\/wp\/v2\/product_tag?post=24535"}],"curies":[{"name":"wp","href":"https:\/\/api.w.org\/{rel}","templated":true}]}}