{"id":2493,"date":"2026-04-27T04:40:40","date_gmt":"2026-04-27T04:40:40","guid":{"rendered":""},"modified":"2026-04-27T04:40:40","modified_gmt":"2026-04-27T04:40:40","slug":"bradas-dvoucestny-rozdelovac-bradas-white-line-solid-s-ventily-pro-kohout-1-nebo-3-4-vikendova-akce-2493","status":"publish","type":"product","link":"https:\/\/www.technodompro.com\/index.php\/produkt\/bradas-dvoucestny-rozdelovac-bradas-white-line-solid-s-ventily-pro-kohout-1-nebo-3-4-vikendova-akce-2493\/","title":{"rendered":"Bradas Dvoucestn\u00fd rozd\u011blova\u010d Bradas White Line SOLID s ventily pro kohout 1&#8243; nebo 3\/4&#8243; V\u00edkendov\u00e1 Akce"},"content":{"rendered":"<div class=\"detail-description__right\">\t\t\t\t<\/div>\n<div class=\"detail-description__top\">\t\t\t\t<\/div>\n<div class=\"detail-description__left\">\n<div class=\"detail-description__left__overflow\">\n<div class=\"detail-description__left__head\">\t\t\t\t\t\tPopis:\t\t\t\t\t<\/div>\n<div class=\"ul-style ul-style--check\">\n<p><strong>Dvoucestn\u00fd rozd\u011blova\u010d Bradas White Line SOLID s\u00a0ventily prokohout 1&#8243; nebo\u00a03\/4&#8243;<\/strong><\/p>\n<p>Dvoucestn\u00fd rozd\u011blova\u010d BRADAS pro sou\u010dasn\u00e9 p\u0159ipojen\u00ed n\u011bkolikaza\u0159\u00edzen\u00ed nebo hadic k\u00a0jednomu zdroji\u00a0vody.<\/p>\n<p>Ka\u017ed\u00fd z\u00a0ventil\u016f je nez\u00e1visle regulovateln\u00fd a osazen zakon\u010den\u00edm prosnadn\u00e9 p\u0159ipojen\u00ed pomoc\u00ed rychlospojek BRADAS.<\/p>\n<p>P\u0159ipojen\u00ed na zdroj vody s\u00a0redukc\u00ed 1&#8243; nebo 3\/4&#8243;.<\/p>\n<\/div>\n<div class=\"detail-description__left__more\">\t\t\t\t\t\t<span> <\/span><span> <\/span>\t\t\t\t\t<\/div>\n<\/p><\/div>\n<\/p><\/div>\n<div class=\"detail-description__more\"><span> <\/span><span> <\/span><\/div>\n<\/p><\/div>\n<\/p><\/div>\n","protected":false},"excerpt":{"rendered":"<p>Popis: Dvoucestn\u00fd rozd\u011blova\u010d Bradas White Line SOLID s\u00a0ventily prokohout 1&#8243; nebo\u00a03\/4&#8243; Dvoucestn\u00fd rozd\u011blova\u010d BRADAS pro sou\u010dasn\u00e9 p\u0159ipojen\u00ed n\u011bkolikaza\u0159\u00edzen\u00ed nebo hadic k\u00a0jednomu zdroji\u00a0vody. Ka\u017ed\u00fd z\u00a0ventil\u016f je nez\u00e1visle regulovateln\u00fd a osazen zakon\u010den\u00edm prosnadn\u00e9 p\u0159ipojen\u00ed pomoc\u00ed rychlospojek BRADAS. P\u0159ipojen\u00ed na zdroj vody s\u00a0redukc\u00ed 1&#8243; nebo 3\/4&#8243;.<\/p>\n","protected":false},"featured_media":2593,"comment_status":"open","ping_status":"open","template":"","meta":[],"product_brand":[],"product_cat":[36],"product_tag":[],"class_list":{"0":"post-2493","1":"product","2":"type-product","3":"status-publish","4":"has-post-thumbnail","6":"product_cat-zahrada","8":"first","9":"instock","10":"sale","11":"shipping-taxable","12":"purchasable","13":"product-type-simple"},"yoast_head":"<!-- This site is optimized with the Yoast SEO plugin v26.8 - https:\/\/yoast.com\/product\/yoast-seo-wordpress\/ -->\n<title>Bradas Dvoucestn\u00fd rozd\u011blova\u010d Bradas White Line SOLID s ventily pro kohout 1&quot; nebo 3\/4&quot; V\u00edkendov\u00e1 Akce -<\/title>\n<meta name=\"robots\" content=\"index, follow, max-snippet:-1, max-image-preview:large, max-video-preview:-1\" \/>\n<link rel=\"canonical\" href=\"https:\/\/www.technodompro.com\/index.php\/produkt\/bradas-dvoucestny-rozdelovac-bradas-white-line-solid-s-ventily-pro-kohout-1-nebo-3-4-vikendova-akce-2493\/\" \/>\n<meta property=\"og:locale\" content=\"cs_CZ\" \/>\n<meta property=\"og:type\" content=\"article\" \/>\n<meta property=\"og:title\" content=\"Bradas Dvoucestn\u00fd rozd\u011blova\u010d Bradas White Line SOLID s ventily pro kohout 1&quot; nebo 3\/4&quot; V\u00edkendov\u00e1 Akce -\" \/>\n<meta property=\"og:description\" content=\"Popis: Dvoucestn\u00fd rozd\u011blova\u010d Bradas White Line SOLID s\u00a0ventily prokohout 1&#8243; nebo\u00a03\/4&#8243; Dvoucestn\u00fd rozd\u011blova\u010d BRADAS pro sou\u010dasn\u00e9 p\u0159ipojen\u00ed n\u011bkolikaza\u0159\u00edzen\u00ed nebo hadic k\u00a0jednomu zdroji\u00a0vody. Ka\u017ed\u00fd z\u00a0ventil\u016f je nez\u00e1visle regulovateln\u00fd a osazen zakon\u010den\u00edm prosnadn\u00e9 p\u0159ipojen\u00ed pomoc\u00ed rychlospojek BRADAS. P\u0159ipojen\u00ed na zdroj vody s\u00a0redukc\u00ed 1&#8243; nebo 3\/4&#8243;.\" \/>\n<meta property=\"og:url\" content=\"https:\/\/www.technodompro.com\/index.php\/produkt\/bradas-dvoucestny-rozdelovac-bradas-white-line-solid-s-ventily-pro-kohout-1-nebo-3-4-vikendova-akce-2493\/\" \/>\n<meta property=\"og:image\" content=\"https:\/\/www.technodompro.com\/wp-content\/uploads\/2026\/SK0017775-CZ20260425-091936-0-1777079982-bradas-dvoucestny-rozdelovac-bradas-white-line-solid-s-vent.webp\" \/>\n\t<meta property=\"og:image:width\" content=\"1000\" \/>\n\t<meta property=\"og:image:height\" content=\"523\" \/>\n\t<meta property=\"og:image:type\" content=\"image\/webp\" \/>\n<meta name=\"twitter:card\" content=\"summary_large_image\" \/>\n<script type=\"application\/ld+json\" class=\"yoast-schema-graph\">{\"@context\":\"https:\/\/schema.org\",\"@graph\":[{\"@type\":\"WebPage\",\"@id\":\"https:\/\/www.technodompro.com\/index.php\/produkt\/bradas-dvoucestny-rozdelovac-bradas-white-line-solid-s-ventily-pro-kohout-1-nebo-3-4-vikendova-akce-2493\/\",\"url\":\"https:\/\/www.technodompro.com\/index.php\/produkt\/bradas-dvoucestny-rozdelovac-bradas-white-line-solid-s-ventily-pro-kohout-1-nebo-3-4-vikendova-akce-2493\/\",\"name\":\"Bradas Dvoucestn\u00fd rozd\u011blova\u010d Bradas White Line SOLID s ventily pro kohout 1\\\" nebo 3\/4\\\" V\u00edkendov\u00e1 Akce -\",\"isPartOf\":{\"@id\":\"https:\/\/www.technodompro.com\/#website\"},\"primaryImageOfPage\":{\"@id\":\"https:\/\/www.technodompro.com\/index.php\/produkt\/bradas-dvoucestny-rozdelovac-bradas-white-line-solid-s-ventily-pro-kohout-1-nebo-3-4-vikendova-akce-2493\/#primaryimage\"},\"image\":{\"@id\":\"https:\/\/www.technodompro.com\/index.php\/produkt\/bradas-dvoucestny-rozdelovac-bradas-white-line-solid-s-ventily-pro-kohout-1-nebo-3-4-vikendova-akce-2493\/#primaryimage\"},\"thumbnailUrl\":\"https:\/\/www.technodompro.com\/wp-content\/uploads\/2026\/SK0017775-CZ20260425-091936-0-1777079982-bradas-dvoucestny-rozdelovac-bradas-white-line-solid-s-vent.webp\",\"datePublished\":\"2026-04-27T04:40:40+00:00\",\"breadcrumb\":{\"@id\":\"https:\/\/www.technodompro.com\/index.php\/produkt\/bradas-dvoucestny-rozdelovac-bradas-white-line-solid-s-ventily-pro-kohout-1-nebo-3-4-vikendova-akce-2493\/#breadcrumb\"},\"inLanguage\":\"cs\",\"potentialAction\":[{\"@type\":\"ReadAction\",\"target\":[\"https:\/\/www.technodompro.com\/index.php\/produkt\/bradas-dvoucestny-rozdelovac-bradas-white-line-solid-s-ventily-pro-kohout-1-nebo-3-4-vikendova-akce-2493\/\"]}]},{\"@type\":\"ImageObject\",\"inLanguage\":\"cs\",\"@id\":\"https:\/\/www.technodompro.com\/index.php\/produkt\/bradas-dvoucestny-rozdelovac-bradas-white-line-solid-s-ventily-pro-kohout-1-nebo-3-4-vikendova-akce-2493\/#primaryimage\",\"url\":\"https:\/\/www.technodompro.com\/wp-content\/uploads\/2026\/SK0017775-CZ20260425-091936-0-1777079982-bradas-dvoucestny-rozdelovac-bradas-white-line-solid-s-vent.webp\",\"contentUrl\":\"https:\/\/www.technodompro.com\/wp-content\/uploads\/2026\/SK0017775-CZ20260425-091936-0-1777079982-bradas-dvoucestny-rozdelovac-bradas-white-line-solid-s-vent.webp\",\"width\":1000,\"height\":523},{\"@type\":\"BreadcrumbList\",\"@id\":\"https:\/\/www.technodompro.com\/index.php\/produkt\/bradas-dvoucestny-rozdelovac-bradas-white-line-solid-s-ventily-pro-kohout-1-nebo-3-4-vikendova-akce-2493\/#breadcrumb\",\"itemListElement\":[{\"@type\":\"ListItem\",\"position\":1,\"name\":\"Home\",\"item\":\"https:\/\/www.technodompro.com\/\"},{\"@type\":\"ListItem\",\"position\":2,\"name\":\"Products\",\"item\":\"https:\/\/www.technodompro.com\/index.php\/products\/\"},{\"@type\":\"ListItem\",\"position\":3,\"name\":\"Bradas Dvoucestn\u00fd rozd\u011blova\u010d Bradas White Line SOLID s ventily pro kohout 1&#8243; nebo 3\/4&#8243; V\u00edkendov\u00e1 Akce\"}]},{\"@type\":\"WebSite\",\"@id\":\"https:\/\/www.technodompro.com\/#website\",\"url\":\"https:\/\/www.technodompro.com\/\",\"name\":\"\",\"description\":\"\",\"potentialAction\":[{\"@type\":\"SearchAction\",\"target\":{\"@type\":\"EntryPoint\",\"urlTemplate\":\"https:\/\/www.technodompro.com\/?s={search_term_string}\"},\"query-input\":{\"@type\":\"PropertyValueSpecification\",\"valueRequired\":true,\"valueName\":\"search_term_string\"}}],\"inLanguage\":\"cs\"}]}<\/script>\n<!-- \/ Yoast SEO plugin. -->","yoast_head_json":{"title":"Bradas Dvoucestn\u00fd rozd\u011blova\u010d Bradas White Line SOLID s ventily pro kohout 1\" nebo 3\/4\" V\u00edkendov\u00e1 Akce -","robots":{"index":"index","follow":"follow","max-snippet":"max-snippet:-1","max-image-preview":"max-image-preview:large","max-video-preview":"max-video-preview:-1"},"canonical":"https:\/\/www.technodompro.com\/index.php\/produkt\/bradas-dvoucestny-rozdelovac-bradas-white-line-solid-s-ventily-pro-kohout-1-nebo-3-4-vikendova-akce-2493\/","og_locale":"cs_CZ","og_type":"article","og_title":"Bradas Dvoucestn\u00fd rozd\u011blova\u010d Bradas White Line SOLID s ventily pro kohout 1\" nebo 3\/4\" V\u00edkendov\u00e1 Akce -","og_description":"Popis: Dvoucestn\u00fd rozd\u011blova\u010d Bradas White Line SOLID s\u00a0ventily prokohout 1&#8243; nebo\u00a03\/4&#8243; Dvoucestn\u00fd rozd\u011blova\u010d BRADAS pro sou\u010dasn\u00e9 p\u0159ipojen\u00ed n\u011bkolikaza\u0159\u00edzen\u00ed nebo hadic k\u00a0jednomu zdroji\u00a0vody. Ka\u017ed\u00fd z\u00a0ventil\u016f je nez\u00e1visle regulovateln\u00fd a osazen zakon\u010den\u00edm prosnadn\u00e9 p\u0159ipojen\u00ed pomoc\u00ed rychlospojek BRADAS. P\u0159ipojen\u00ed na zdroj vody s\u00a0redukc\u00ed 1&#8243; nebo 3\/4&#8243;.","og_url":"https:\/\/www.technodompro.com\/index.php\/produkt\/bradas-dvoucestny-rozdelovac-bradas-white-line-solid-s-ventily-pro-kohout-1-nebo-3-4-vikendova-akce-2493\/","og_image":[{"width":1000,"height":523,"url":"https:\/\/www.technodompro.com\/wp-content\/uploads\/2026\/SK0017775-CZ20260425-091936-0-1777079982-bradas-dvoucestny-rozdelovac-bradas-white-line-solid-s-vent.webp","type":"image\/webp"}],"twitter_card":"summary_large_image","schema":{"@context":"https:\/\/schema.org","@graph":[{"@type":"WebPage","@id":"https:\/\/www.technodompro.com\/index.php\/produkt\/bradas-dvoucestny-rozdelovac-bradas-white-line-solid-s-ventily-pro-kohout-1-nebo-3-4-vikendova-akce-2493\/","url":"https:\/\/www.technodompro.com\/index.php\/produkt\/bradas-dvoucestny-rozdelovac-bradas-white-line-solid-s-ventily-pro-kohout-1-nebo-3-4-vikendova-akce-2493\/","name":"Bradas Dvoucestn\u00fd rozd\u011blova\u010d Bradas White Line SOLID s ventily pro kohout 1\" nebo 3\/4\" V\u00edkendov\u00e1 Akce -","isPartOf":{"@id":"https:\/\/www.technodompro.com\/#website"},"primaryImageOfPage":{"@id":"https:\/\/www.technodompro.com\/index.php\/produkt\/bradas-dvoucestny-rozdelovac-bradas-white-line-solid-s-ventily-pro-kohout-1-nebo-3-4-vikendova-akce-2493\/#primaryimage"},"image":{"@id":"https:\/\/www.technodompro.com\/index.php\/produkt\/bradas-dvoucestny-rozdelovac-bradas-white-line-solid-s-ventily-pro-kohout-1-nebo-3-4-vikendova-akce-2493\/#primaryimage"},"thumbnailUrl":"https:\/\/www.technodompro.com\/wp-content\/uploads\/2026\/SK0017775-CZ20260425-091936-0-1777079982-bradas-dvoucestny-rozdelovac-bradas-white-line-solid-s-vent.webp","datePublished":"2026-04-27T04:40:40+00:00","breadcrumb":{"@id":"https:\/\/www.technodompro.com\/index.php\/produkt\/bradas-dvoucestny-rozdelovac-bradas-white-line-solid-s-ventily-pro-kohout-1-nebo-3-4-vikendova-akce-2493\/#breadcrumb"},"inLanguage":"cs","potentialAction":[{"@type":"ReadAction","target":["https:\/\/www.technodompro.com\/index.php\/produkt\/bradas-dvoucestny-rozdelovac-bradas-white-line-solid-s-ventily-pro-kohout-1-nebo-3-4-vikendova-akce-2493\/"]}]},{"@type":"ImageObject","inLanguage":"cs","@id":"https:\/\/www.technodompro.com\/index.php\/produkt\/bradas-dvoucestny-rozdelovac-bradas-white-line-solid-s-ventily-pro-kohout-1-nebo-3-4-vikendova-akce-2493\/#primaryimage","url":"https:\/\/www.technodompro.com\/wp-content\/uploads\/2026\/SK0017775-CZ20260425-091936-0-1777079982-bradas-dvoucestny-rozdelovac-bradas-white-line-solid-s-vent.webp","contentUrl":"https:\/\/www.technodompro.com\/wp-content\/uploads\/2026\/SK0017775-CZ20260425-091936-0-1777079982-bradas-dvoucestny-rozdelovac-bradas-white-line-solid-s-vent.webp","width":1000,"height":523},{"@type":"BreadcrumbList","@id":"https:\/\/www.technodompro.com\/index.php\/produkt\/bradas-dvoucestny-rozdelovac-bradas-white-line-solid-s-ventily-pro-kohout-1-nebo-3-4-vikendova-akce-2493\/#breadcrumb","itemListElement":[{"@type":"ListItem","position":1,"name":"Home","item":"https:\/\/www.technodompro.com\/"},{"@type":"ListItem","position":2,"name":"Products","item":"https:\/\/www.technodompro.com\/index.php\/products\/"},{"@type":"ListItem","position":3,"name":"Bradas Dvoucestn\u00fd rozd\u011blova\u010d Bradas White Line SOLID s ventily pro kohout 1&#8243; nebo 3\/4&#8243; V\u00edkendov\u00e1 Akce"}]},{"@type":"WebSite","@id":"https:\/\/www.technodompro.com\/#website","url":"https:\/\/www.technodompro.com\/","name":"","description":"","potentialAction":[{"@type":"SearchAction","target":{"@type":"EntryPoint","urlTemplate":"https:\/\/www.technodompro.com\/?s={search_term_string}"},"query-input":{"@type":"PropertyValueSpecification","valueRequired":true,"valueName":"search_term_string"}}],"inLanguage":"cs"}]}},"_links":{"self":[{"href":"https:\/\/www.technodompro.com\/index.php\/wp-json\/wp\/v2\/product\/2493","targetHints":{"allow":["GET"]}}],"collection":[{"href":"https:\/\/www.technodompro.com\/index.php\/wp-json\/wp\/v2\/product"}],"about":[{"href":"https:\/\/www.technodompro.com\/index.php\/wp-json\/wp\/v2\/types\/product"}],"replies":[{"embeddable":true,"href":"https:\/\/www.technodompro.com\/index.php\/wp-json\/wp\/v2\/comments?post=2493"}],"wp:featuredmedia":[{"embeddable":true,"href":"https:\/\/www.technodompro.com\/index.php\/wp-json\/wp\/v2\/media\/2593"}],"wp:attachment":[{"href":"https:\/\/www.technodompro.com\/index.php\/wp-json\/wp\/v2\/media?parent=2493"}],"wp:term":[{"taxonomy":"product_brand","embeddable":true,"href":"https:\/\/www.technodompro.com\/index.php\/wp-json\/wp\/v2\/product_brand?post=2493"},{"taxonomy":"product_cat","embeddable":true,"href":"https:\/\/www.technodompro.com\/index.php\/wp-json\/wp\/v2\/product_cat?post=2493"},{"taxonomy":"product_tag","embeddable":true,"href":"https:\/\/www.technodompro.com\/index.php\/wp-json\/wp\/v2\/product_tag?post=2493"}],"curies":[{"name":"wp","href":"https:\/\/api.w.org\/{rel}","templated":true}]}}