{"id":2496,"date":"2026-04-27T04:40:40","date_gmt":"2026-04-27T04:40:40","guid":{"rendered":""},"modified":"2026-04-27T04:40:40","modified_gmt":"2026-04-27T04:40:40","slug":"bradas-netkana-textilie-role-bila-jarni-zimni-1-6x100m-koupit-online-2496","status":"publish","type":"product","link":"https:\/\/www.technodompro.com\/index.php\/produkt\/bradas-netkana-textilie-role-bila-jarni-zimni-1-6x100m-koupit-online-2496\/","title":{"rendered":"Bradas Netkan\u00e1 textilie role b\u00edl\u00e1 jarn\u00ed \/ zimn\u00ed &#8211; 1,6x100m Koupit Online"},"content":{"rendered":"<div class=\"detail-description__right\">\t\t\t\t<\/div>\n<div class=\"detail-description__top\">\n<div class=\"rating-promo\">\n<div class=\"raty raty--big\" data-score=\"5\" data-read-only=\"true\" title=\"5\"><\/div>\n<div class=\"rating-promo__number\">\t\t\t<strong>1<\/strong><small>recenze<\/small>\t\t<\/div>\n<div class=\"rating-promo__number\">\t\t\t<strong>1<\/strong><small>z\u00e1kazn\u00edk doporu\u010duje<\/small>\t\t<\/div>\n<p>\t\tV\u0161echny recenze\t<\/p><\/div>\n<\/p><\/div>\n<div class=\"detail-description__left\">\n<div class=\"detail-description__left__overflow\">\n<div class=\"detail-description__left__head\">\t\t\t\t\t\tPopis:\t\t\t\t\t<\/div>\n<div class=\"ul-style ul-style--check\">\n<p>Netkan\u00e1 taxtilie zimn\u00ed\/jarn\u00ed b\u00edl\u00e1\u00a0\u2013 role 1,6\u00d7100m<\/p>\n<p>Zimn\u00ed b\u00edl\u00e1 netkan\u00e1 textile b\u00edl\u00e1 role 1,6\u00a0\u00d7\u00a0100 m\u00a0\u2013 pou\u017e\u00edv\u00e1 senej\u010dast\u011bji p\u0159i p\u011bstov\u00e1n\u00ed zeleniny. Na po\u010d\u00e1tku sez\u00f3ny nebo v\u00a0zimn\u00edmobdob\u00ed chr\u00e1n\u00ed rostliny a ke\u0159e p\u0159ed nep\u0159\u00edzn\u00ed po\u010das\u00ed nap\u0159.p\u0159\u00edzemn\u00edmi mraz\u00edky, siln\u00fdm v\u011btrem, kroupami nebo \u0161k\u016fdci. Textiliezaji\u0161\u2019tuje rostlin\u00e1m st\u00e1le mikroklima, udr\u017euje konstatn\u00ed teplotu, vlhkosta propou\u0161t\u00ed sv\u011btlo. Je odoln\u00e1 proti UV z\u00e1\u0159en\u00ed.<\/p>\n<p><strong>Rozm\u011bry:<\/strong><\/p>\n<ul class=\"plusminus\">\n<li><i class=\"fas fa-check\"><\/i><span>Gram\u00e1\u017e: 30\u00a0gr\/m<sup>2<\/sup><\/span><\/li>\n<li><i class=\"fas fa-check\"><\/i><span>Rozm\u011bry: 1,6\u00d7100 m<\/span><\/li>\n<\/ul>\n<\/div>\n<div class=\"detail-description__left__more\">\t\t\t\t\t\t<span> <\/span><span> <\/span>\t\t\t\t\t<\/div>\n<\/p><\/div>\n<\/p><\/div>\n<div class=\"detail-description__more\"><span> <\/span><span> <\/span><\/div>\n<\/p><\/div>\n<\/p><\/div>\n","protected":false},"excerpt":{"rendered":"<p>1recenze 1z\u00e1kazn\u00edk doporu\u010duje V\u0161echny recenze Popis: Netkan\u00e1 taxtilie zimn\u00ed\/jarn\u00ed b\u00edl\u00e1\u00a0\u2013 role 1,6\u00d7100m Zimn\u00ed b\u00edl\u00e1 netkan\u00e1 textile b\u00edl\u00e1 role 1,6\u00a0\u00d7\u00a0100 m\u00a0\u2013 pou\u017e\u00edv\u00e1 senej\u010dast\u011bji p\u0159i p\u011bstov\u00e1n\u00ed zeleniny. Na po\u010d\u00e1tku sez\u00f3ny nebo v\u00a0zimn\u00edmobdob\u00ed chr\u00e1n\u00ed rostliny a ke\u0159e p\u0159ed nep\u0159\u00edzn\u00ed po\u010das\u00ed nap\u0159.p\u0159\u00edzemn\u00edmi mraz\u00edky, siln\u00fdm v\u011btrem, kroupami nebo \u0161k\u016fdci. Textiliezaji\u0161\u2019tuje rostlin\u00e1m st\u00e1le mikroklima, udr\u017euje konstatn\u00ed teplotu, vlhkosta propou\u0161t\u00ed sv\u011btlo. Je [&hellip;]<\/p>\n","protected":false},"featured_media":2596,"comment_status":"open","ping_status":"open","template":"","meta":[],"product_brand":[],"product_cat":[36],"product_tag":[],"class_list":{"0":"post-2496","1":"product","2":"type-product","3":"status-publish","4":"has-post-thumbnail","6":"product_cat-zahrada","8":"first","9":"instock","10":"sale","11":"shipping-taxable","12":"purchasable","13":"product-type-simple"},"yoast_head":"<!-- This site is optimized with the Yoast SEO plugin v26.8 - https:\/\/yoast.com\/product\/yoast-seo-wordpress\/ -->\n<title>Bradas Netkan\u00e1 textilie role b\u00edl\u00e1 jarn\u00ed \/ zimn\u00ed - 1,6x100m Koupit Online -<\/title>\n<meta name=\"robots\" content=\"index, follow, max-snippet:-1, max-image-preview:large, max-video-preview:-1\" \/>\n<link rel=\"canonical\" href=\"https:\/\/www.technodompro.com\/index.php\/produkt\/bradas-netkana-textilie-role-bila-jarni-zimni-1-6x100m-koupit-online-2496\/\" \/>\n<meta property=\"og:locale\" content=\"cs_CZ\" \/>\n<meta property=\"og:type\" content=\"article\" \/>\n<meta property=\"og:title\" content=\"Bradas Netkan\u00e1 textilie role b\u00edl\u00e1 jarn\u00ed \/ zimn\u00ed - 1,6x100m Koupit Online -\" \/>\n<meta property=\"og:description\" content=\"1recenze 1z\u00e1kazn\u00edk doporu\u010duje V\u0161echny recenze Popis: Netkan\u00e1 taxtilie zimn\u00ed\/jarn\u00ed b\u00edl\u00e1\u00a0\u2013 role 1,6\u00d7100m Zimn\u00ed b\u00edl\u00e1 netkan\u00e1 textile b\u00edl\u00e1 role 1,6\u00a0\u00d7\u00a0100 m\u00a0\u2013 pou\u017e\u00edv\u00e1 senej\u010dast\u011bji p\u0159i p\u011bstov\u00e1n\u00ed zeleniny. Na po\u010d\u00e1tku sez\u00f3ny nebo v\u00a0zimn\u00edmobdob\u00ed chr\u00e1n\u00ed rostliny a ke\u0159e p\u0159ed nep\u0159\u00edzn\u00ed po\u010das\u00ed nap\u0159.p\u0159\u00edzemn\u00edmi mraz\u00edky, siln\u00fdm v\u011btrem, kroupami nebo \u0161k\u016fdci. Textiliezaji\u0161\u2019tuje rostlin\u00e1m st\u00e1le mikroklima, udr\u017euje konstatn\u00ed teplotu, vlhkosta propou\u0161t\u00ed sv\u011btlo. Je [&hellip;]\" \/>\n<meta property=\"og:url\" content=\"https:\/\/www.technodompro.com\/index.php\/produkt\/bradas-netkana-textilie-role-bila-jarni-zimni-1-6x100m-koupit-online-2496\/\" \/>\n<meta property=\"og:image\" content=\"https:\/\/www.technodompro.com\/wp-content\/uploads\/2026\/SK0017778-CZ20260425-091936-0-1777079982-bradas-netkana-textilie-role-bila-jarni-zimni-1-6x100m-w120.webp\" \/>\n\t<meta property=\"og:image:width\" content=\"1000\" \/>\n\t<meta property=\"og:image:height\" content=\"523\" \/>\n\t<meta property=\"og:image:type\" content=\"image\/webp\" \/>\n<meta name=\"twitter:card\" content=\"summary_large_image\" \/>\n<meta name=\"twitter:label1\" content=\"Odhadovan\u00e1 doba \u010dten\u00ed\" \/>\n\t<meta name=\"twitter:data1\" content=\"1 minuta\" \/>\n<script type=\"application\/ld+json\" class=\"yoast-schema-graph\">{\"@context\":\"https:\/\/schema.org\",\"@graph\":[{\"@type\":\"WebPage\",\"@id\":\"https:\/\/www.technodompro.com\/index.php\/produkt\/bradas-netkana-textilie-role-bila-jarni-zimni-1-6x100m-koupit-online-2496\/\",\"url\":\"https:\/\/www.technodompro.com\/index.php\/produkt\/bradas-netkana-textilie-role-bila-jarni-zimni-1-6x100m-koupit-online-2496\/\",\"name\":\"Bradas Netkan\u00e1 textilie role b\u00edl\u00e1 jarn\u00ed \/ zimn\u00ed - 1,6x100m Koupit Online -\",\"isPartOf\":{\"@id\":\"https:\/\/www.technodompro.com\/#website\"},\"primaryImageOfPage\":{\"@id\":\"https:\/\/www.technodompro.com\/index.php\/produkt\/bradas-netkana-textilie-role-bila-jarni-zimni-1-6x100m-koupit-online-2496\/#primaryimage\"},\"image\":{\"@id\":\"https:\/\/www.technodompro.com\/index.php\/produkt\/bradas-netkana-textilie-role-bila-jarni-zimni-1-6x100m-koupit-online-2496\/#primaryimage\"},\"thumbnailUrl\":\"https:\/\/www.technodompro.com\/wp-content\/uploads\/2026\/SK0017778-CZ20260425-091936-0-1777079982-bradas-netkana-textilie-role-bila-jarni-zimni-1-6x100m-w120.webp\",\"datePublished\":\"2026-04-27T04:40:40+00:00\",\"breadcrumb\":{\"@id\":\"https:\/\/www.technodompro.com\/index.php\/produkt\/bradas-netkana-textilie-role-bila-jarni-zimni-1-6x100m-koupit-online-2496\/#breadcrumb\"},\"inLanguage\":\"cs\",\"potentialAction\":[{\"@type\":\"ReadAction\",\"target\":[\"https:\/\/www.technodompro.com\/index.php\/produkt\/bradas-netkana-textilie-role-bila-jarni-zimni-1-6x100m-koupit-online-2496\/\"]}]},{\"@type\":\"ImageObject\",\"inLanguage\":\"cs\",\"@id\":\"https:\/\/www.technodompro.com\/index.php\/produkt\/bradas-netkana-textilie-role-bila-jarni-zimni-1-6x100m-koupit-online-2496\/#primaryimage\",\"url\":\"https:\/\/www.technodompro.com\/wp-content\/uploads\/2026\/SK0017778-CZ20260425-091936-0-1777079982-bradas-netkana-textilie-role-bila-jarni-zimni-1-6x100m-w120.webp\",\"contentUrl\":\"https:\/\/www.technodompro.com\/wp-content\/uploads\/2026\/SK0017778-CZ20260425-091936-0-1777079982-bradas-netkana-textilie-role-bila-jarni-zimni-1-6x100m-w120.webp\",\"width\":1000,\"height\":523},{\"@type\":\"BreadcrumbList\",\"@id\":\"https:\/\/www.technodompro.com\/index.php\/produkt\/bradas-netkana-textilie-role-bila-jarni-zimni-1-6x100m-koupit-online-2496\/#breadcrumb\",\"itemListElement\":[{\"@type\":\"ListItem\",\"position\":1,\"name\":\"Home\",\"item\":\"https:\/\/www.technodompro.com\/\"},{\"@type\":\"ListItem\",\"position\":2,\"name\":\"Products\",\"item\":\"https:\/\/www.technodompro.com\/index.php\/products\/\"},{\"@type\":\"ListItem\",\"position\":3,\"name\":\"Bradas Netkan\u00e1 textilie role b\u00edl\u00e1 jarn\u00ed \/ zimn\u00ed &#8211; 1,6x100m Koupit Online\"}]},{\"@type\":\"WebSite\",\"@id\":\"https:\/\/www.technodompro.com\/#website\",\"url\":\"https:\/\/www.technodompro.com\/\",\"name\":\"\",\"description\":\"\",\"potentialAction\":[{\"@type\":\"SearchAction\",\"target\":{\"@type\":\"EntryPoint\",\"urlTemplate\":\"https:\/\/www.technodompro.com\/?s={search_term_string}\"},\"query-input\":{\"@type\":\"PropertyValueSpecification\",\"valueRequired\":true,\"valueName\":\"search_term_string\"}}],\"inLanguage\":\"cs\"}]}<\/script>\n<!-- \/ Yoast SEO plugin. -->","yoast_head_json":{"title":"Bradas Netkan\u00e1 textilie role b\u00edl\u00e1 jarn\u00ed \/ zimn\u00ed - 1,6x100m Koupit Online -","robots":{"index":"index","follow":"follow","max-snippet":"max-snippet:-1","max-image-preview":"max-image-preview:large","max-video-preview":"max-video-preview:-1"},"canonical":"https:\/\/www.technodompro.com\/index.php\/produkt\/bradas-netkana-textilie-role-bila-jarni-zimni-1-6x100m-koupit-online-2496\/","og_locale":"cs_CZ","og_type":"article","og_title":"Bradas Netkan\u00e1 textilie role b\u00edl\u00e1 jarn\u00ed \/ zimn\u00ed - 1,6x100m Koupit Online -","og_description":"1recenze 1z\u00e1kazn\u00edk doporu\u010duje V\u0161echny recenze Popis: Netkan\u00e1 taxtilie zimn\u00ed\/jarn\u00ed b\u00edl\u00e1\u00a0\u2013 role 1,6\u00d7100m Zimn\u00ed b\u00edl\u00e1 netkan\u00e1 textile b\u00edl\u00e1 role 1,6\u00a0\u00d7\u00a0100 m\u00a0\u2013 pou\u017e\u00edv\u00e1 senej\u010dast\u011bji p\u0159i p\u011bstov\u00e1n\u00ed zeleniny. Na po\u010d\u00e1tku sez\u00f3ny nebo v\u00a0zimn\u00edmobdob\u00ed chr\u00e1n\u00ed rostliny a ke\u0159e p\u0159ed nep\u0159\u00edzn\u00ed po\u010das\u00ed nap\u0159.p\u0159\u00edzemn\u00edmi mraz\u00edky, siln\u00fdm v\u011btrem, kroupami nebo \u0161k\u016fdci. Textiliezaji\u0161\u2019tuje rostlin\u00e1m st\u00e1le mikroklima, udr\u017euje konstatn\u00ed teplotu, vlhkosta propou\u0161t\u00ed sv\u011btlo. Je [&hellip;]","og_url":"https:\/\/www.technodompro.com\/index.php\/produkt\/bradas-netkana-textilie-role-bila-jarni-zimni-1-6x100m-koupit-online-2496\/","og_image":[{"width":1000,"height":523,"url":"https:\/\/www.technodompro.com\/wp-content\/uploads\/2026\/SK0017778-CZ20260425-091936-0-1777079982-bradas-netkana-textilie-role-bila-jarni-zimni-1-6x100m-w120.webp","type":"image\/webp"}],"twitter_card":"summary_large_image","twitter_misc":{"Odhadovan\u00e1 doba \u010dten\u00ed":"1 minuta"},"schema":{"@context":"https:\/\/schema.org","@graph":[{"@type":"WebPage","@id":"https:\/\/www.technodompro.com\/index.php\/produkt\/bradas-netkana-textilie-role-bila-jarni-zimni-1-6x100m-koupit-online-2496\/","url":"https:\/\/www.technodompro.com\/index.php\/produkt\/bradas-netkana-textilie-role-bila-jarni-zimni-1-6x100m-koupit-online-2496\/","name":"Bradas Netkan\u00e1 textilie role b\u00edl\u00e1 jarn\u00ed \/ zimn\u00ed - 1,6x100m Koupit Online -","isPartOf":{"@id":"https:\/\/www.technodompro.com\/#website"},"primaryImageOfPage":{"@id":"https:\/\/www.technodompro.com\/index.php\/produkt\/bradas-netkana-textilie-role-bila-jarni-zimni-1-6x100m-koupit-online-2496\/#primaryimage"},"image":{"@id":"https:\/\/www.technodompro.com\/index.php\/produkt\/bradas-netkana-textilie-role-bila-jarni-zimni-1-6x100m-koupit-online-2496\/#primaryimage"},"thumbnailUrl":"https:\/\/www.technodompro.com\/wp-content\/uploads\/2026\/SK0017778-CZ20260425-091936-0-1777079982-bradas-netkana-textilie-role-bila-jarni-zimni-1-6x100m-w120.webp","datePublished":"2026-04-27T04:40:40+00:00","breadcrumb":{"@id":"https:\/\/www.technodompro.com\/index.php\/produkt\/bradas-netkana-textilie-role-bila-jarni-zimni-1-6x100m-koupit-online-2496\/#breadcrumb"},"inLanguage":"cs","potentialAction":[{"@type":"ReadAction","target":["https:\/\/www.technodompro.com\/index.php\/produkt\/bradas-netkana-textilie-role-bila-jarni-zimni-1-6x100m-koupit-online-2496\/"]}]},{"@type":"ImageObject","inLanguage":"cs","@id":"https:\/\/www.technodompro.com\/index.php\/produkt\/bradas-netkana-textilie-role-bila-jarni-zimni-1-6x100m-koupit-online-2496\/#primaryimage","url":"https:\/\/www.technodompro.com\/wp-content\/uploads\/2026\/SK0017778-CZ20260425-091936-0-1777079982-bradas-netkana-textilie-role-bila-jarni-zimni-1-6x100m-w120.webp","contentUrl":"https:\/\/www.technodompro.com\/wp-content\/uploads\/2026\/SK0017778-CZ20260425-091936-0-1777079982-bradas-netkana-textilie-role-bila-jarni-zimni-1-6x100m-w120.webp","width":1000,"height":523},{"@type":"BreadcrumbList","@id":"https:\/\/www.technodompro.com\/index.php\/produkt\/bradas-netkana-textilie-role-bila-jarni-zimni-1-6x100m-koupit-online-2496\/#breadcrumb","itemListElement":[{"@type":"ListItem","position":1,"name":"Home","item":"https:\/\/www.technodompro.com\/"},{"@type":"ListItem","position":2,"name":"Products","item":"https:\/\/www.technodompro.com\/index.php\/products\/"},{"@type":"ListItem","position":3,"name":"Bradas Netkan\u00e1 textilie role b\u00edl\u00e1 jarn\u00ed \/ zimn\u00ed &#8211; 1,6x100m Koupit Online"}]},{"@type":"WebSite","@id":"https:\/\/www.technodompro.com\/#website","url":"https:\/\/www.technodompro.com\/","name":"","description":"","potentialAction":[{"@type":"SearchAction","target":{"@type":"EntryPoint","urlTemplate":"https:\/\/www.technodompro.com\/?s={search_term_string}"},"query-input":{"@type":"PropertyValueSpecification","valueRequired":true,"valueName":"search_term_string"}}],"inLanguage":"cs"}]}},"_links":{"self":[{"href":"https:\/\/www.technodompro.com\/index.php\/wp-json\/wp\/v2\/product\/2496","targetHints":{"allow":["GET"]}}],"collection":[{"href":"https:\/\/www.technodompro.com\/index.php\/wp-json\/wp\/v2\/product"}],"about":[{"href":"https:\/\/www.technodompro.com\/index.php\/wp-json\/wp\/v2\/types\/product"}],"replies":[{"embeddable":true,"href":"https:\/\/www.technodompro.com\/index.php\/wp-json\/wp\/v2\/comments?post=2496"}],"wp:featuredmedia":[{"embeddable":true,"href":"https:\/\/www.technodompro.com\/index.php\/wp-json\/wp\/v2\/media\/2596"}],"wp:attachment":[{"href":"https:\/\/www.technodompro.com\/index.php\/wp-json\/wp\/v2\/media?parent=2496"}],"wp:term":[{"taxonomy":"product_brand","embeddable":true,"href":"https:\/\/www.technodompro.com\/index.php\/wp-json\/wp\/v2\/product_brand?post=2496"},{"taxonomy":"product_cat","embeddable":true,"href":"https:\/\/www.technodompro.com\/index.php\/wp-json\/wp\/v2\/product_cat?post=2496"},{"taxonomy":"product_tag","embeddable":true,"href":"https:\/\/www.technodompro.com\/index.php\/wp-json\/wp\/v2\/product_tag?post=2496"}],"curies":[{"name":"wp","href":"https:\/\/api.w.org\/{rel}","templated":true}]}}