{"id":2500,"date":"2026-04-27T04:40:40","date_gmt":"2026-04-27T04:40:40","guid":{"rendered":""},"modified":"2026-04-27T04:40:40","modified_gmt":"2026-04-27T04:40:40","slug":"bradas-zahradni-nuzky-dvoucepelove-v-series-d-nejlepsi-cena-2500","status":"publish","type":"product","link":"https:\/\/www.technodompro.com\/index.php\/produkt\/bradas-zahradni-nuzky-dvoucepelove-v-series-d-nejlepsi-cena-2500\/","title":{"rendered":"Bradas Zahradn\u00ed n\u016f\u017eky dvou\u010depelov\u00e9  V-SERIES D Nejlep\u0161\u00ed Cena"},"content":{"rendered":"<div class=\"detail-description__right\">\t\t\t\t<\/div>\n<div class=\"detail-description__top\">\t\t\t\t<\/div>\n<div class=\"detail-description__left\">\n<div class=\"detail-description__left__overflow\">\n<div class=\"detail-description__left__head\">\t\t\t\t\t\tPopis:\t\t\t\t\t<\/div>\n<div class=\"ul-style ul-style--check\">\n<p><strong>Zahradn\u00ed n\u016f\u017eky dvou\u010depelov\u00e9 BRADAS V-SERIES D<\/strong><\/p>\n<p>Dvou\u010depelov\u00e9 zahradnick\u00e9 n\u016f\u017eky s\u00a0pr\u016fm\u011brem \u0159ezu a\u017e 5\u00a0mm. Vybaven\u00e9ergonomicky tvarovanou rukojet\u00ed a bezpe\u010dnostn\u00edm z\u00e1mkem proti otev\u0159en\u00ed.Ide\u00e1ln\u00ed pro \u0159ez\u00e1n\u00ed kv\u011btin a\u00a0ke\u0159\u016f.<\/p>\n<p><strong>Vlastnosti:<\/strong><\/p>\n<ul class=\"plusminus\">\n<li><i class=\"fas fa-check\"><\/i><span>Vysoce kvalitn\u00ed \u010depel<\/span><\/li>\n<li><i class=\"fas fa-check\"><\/i><span>Maxim\u00e1ln\u00ed pr\u016fm\u011br \u0159ezu 5\u00a0mm<\/span><\/li>\n<li><i class=\"fas fa-check\"><\/i><span>Bezpe\u010dnostn\u00ed z\u00e1mek<\/span><\/li>\n<li><i class=\"fas fa-check\"><\/i><span>Ergonomick\u00e1 rukoje\u0165<\/span><\/li>\n<li><i class=\"fas fa-check\"><\/i><span>Ide\u00e1ln\u00ed pro \u0159ez\u00e1n\u00ed kv\u011btin a ke\u0159\u016f<\/span><\/li>\n<\/ul>\n<\/div>\n<div class=\"detail-description__left__more\">\t\t\t\t\t\t<span> <\/span><span> <\/span>\t\t\t\t\t<\/div>\n<\/p><\/div>\n<\/p><\/div>\n<div class=\"detail-description__more\"><span> <\/span><span> <\/span><\/div>\n<\/p><\/div>\n<\/p><\/div>\n","protected":false},"excerpt":{"rendered":"<p>Popis: Zahradn\u00ed n\u016f\u017eky dvou\u010depelov\u00e9 BRADAS V-SERIES D Dvou\u010depelov\u00e9 zahradnick\u00e9 n\u016f\u017eky s\u00a0pr\u016fm\u011brem \u0159ezu a\u017e 5\u00a0mm. Vybaven\u00e9ergonomicky tvarovanou rukojet\u00ed a bezpe\u010dnostn\u00edm z\u00e1mkem proti otev\u0159en\u00ed.Ide\u00e1ln\u00ed pro \u0159ez\u00e1n\u00ed kv\u011btin a\u00a0ke\u0159\u016f. Vlastnosti: Vysoce kvalitn\u00ed \u010depel Maxim\u00e1ln\u00ed pr\u016fm\u011br \u0159ezu 5\u00a0mm Bezpe\u010dnostn\u00ed z\u00e1mek Ergonomick\u00e1 rukoje\u0165 Ide\u00e1ln\u00ed pro \u0159ez\u00e1n\u00ed kv\u011btin a ke\u0159\u016f<\/p>\n","protected":false},"featured_media":2600,"comment_status":"open","ping_status":"open","template":"","meta":[],"product_brand":[],"product_cat":[36],"product_tag":[],"class_list":{"0":"post-2500","1":"product","2":"type-product","3":"status-publish","4":"has-post-thumbnail","6":"product_cat-zahrada","8":"first","9":"instock","10":"sale","11":"shipping-taxable","12":"purchasable","13":"product-type-simple"},"yoast_head":"<!-- This site is optimized with the Yoast SEO plugin v26.8 - https:\/\/yoast.com\/product\/yoast-seo-wordpress\/ -->\n<title>Bradas Zahradn\u00ed n\u016f\u017eky dvou\u010depelov\u00e9 V-SERIES D Nejlep\u0161\u00ed Cena -<\/title>\n<meta name=\"robots\" content=\"index, follow, max-snippet:-1, max-image-preview:large, max-video-preview:-1\" \/>\n<link rel=\"canonical\" href=\"https:\/\/www.technodompro.com\/index.php\/produkt\/bradas-zahradni-nuzky-dvoucepelove-v-series-d-nejlepsi-cena-2500\/\" \/>\n<meta property=\"og:locale\" content=\"cs_CZ\" \/>\n<meta property=\"og:type\" content=\"article\" \/>\n<meta property=\"og:title\" content=\"Bradas Zahradn\u00ed n\u016f\u017eky dvou\u010depelov\u00e9 V-SERIES D Nejlep\u0161\u00ed Cena -\" \/>\n<meta property=\"og:description\" content=\"Popis: Zahradn\u00ed n\u016f\u017eky dvou\u010depelov\u00e9 BRADAS V-SERIES D Dvou\u010depelov\u00e9 zahradnick\u00e9 n\u016f\u017eky s\u00a0pr\u016fm\u011brem \u0159ezu a\u017e 5\u00a0mm. Vybaven\u00e9ergonomicky tvarovanou rukojet\u00ed a bezpe\u010dnostn\u00edm z\u00e1mkem proti otev\u0159en\u00ed.Ide\u00e1ln\u00ed pro \u0159ez\u00e1n\u00ed kv\u011btin a\u00a0ke\u0159\u016f. Vlastnosti: Vysoce kvalitn\u00ed \u010depel Maxim\u00e1ln\u00ed pr\u016fm\u011br \u0159ezu 5\u00a0mm Bezpe\u010dnostn\u00ed z\u00e1mek Ergonomick\u00e1 rukoje\u0165 Ide\u00e1ln\u00ed pro \u0159ez\u00e1n\u00ed kv\u011btin a ke\u0159\u016f\" \/>\n<meta property=\"og:url\" content=\"https:\/\/www.technodompro.com\/index.php\/produkt\/bradas-zahradni-nuzky-dvoucepelove-v-series-d-nejlepsi-cena-2500\/\" \/>\n<meta property=\"og:image\" content=\"https:\/\/www.technodompro.com\/wp-content\/uploads\/2026\/SK0017782-CZ20260425-091936-0-1777079982-bradas-zahradni-nuzky-dvoucepelove-v-series-d-w1200-h628-f8.webp\" \/>\n\t<meta property=\"og:image:width\" content=\"1000\" \/>\n\t<meta property=\"og:image:height\" content=\"523\" \/>\n\t<meta property=\"og:image:type\" content=\"image\/webp\" \/>\n<meta name=\"twitter:card\" content=\"summary_large_image\" \/>\n<script type=\"application\/ld+json\" class=\"yoast-schema-graph\">{\"@context\":\"https:\/\/schema.org\",\"@graph\":[{\"@type\":\"WebPage\",\"@id\":\"https:\/\/www.technodompro.com\/index.php\/produkt\/bradas-zahradni-nuzky-dvoucepelove-v-series-d-nejlepsi-cena-2500\/\",\"url\":\"https:\/\/www.technodompro.com\/index.php\/produkt\/bradas-zahradni-nuzky-dvoucepelove-v-series-d-nejlepsi-cena-2500\/\",\"name\":\"Bradas Zahradn\u00ed n\u016f\u017eky dvou\u010depelov\u00e9 V-SERIES D Nejlep\u0161\u00ed Cena -\",\"isPartOf\":{\"@id\":\"https:\/\/www.technodompro.com\/#website\"},\"primaryImageOfPage\":{\"@id\":\"https:\/\/www.technodompro.com\/index.php\/produkt\/bradas-zahradni-nuzky-dvoucepelove-v-series-d-nejlepsi-cena-2500\/#primaryimage\"},\"image\":{\"@id\":\"https:\/\/www.technodompro.com\/index.php\/produkt\/bradas-zahradni-nuzky-dvoucepelove-v-series-d-nejlepsi-cena-2500\/#primaryimage\"},\"thumbnailUrl\":\"https:\/\/www.technodompro.com\/wp-content\/uploads\/2026\/SK0017782-CZ20260425-091936-0-1777079982-bradas-zahradni-nuzky-dvoucepelove-v-series-d-w1200-h628-f8.webp\",\"datePublished\":\"2026-04-27T04:40:40+00:00\",\"breadcrumb\":{\"@id\":\"https:\/\/www.technodompro.com\/index.php\/produkt\/bradas-zahradni-nuzky-dvoucepelove-v-series-d-nejlepsi-cena-2500\/#breadcrumb\"},\"inLanguage\":\"cs\",\"potentialAction\":[{\"@type\":\"ReadAction\",\"target\":[\"https:\/\/www.technodompro.com\/index.php\/produkt\/bradas-zahradni-nuzky-dvoucepelove-v-series-d-nejlepsi-cena-2500\/\"]}]},{\"@type\":\"ImageObject\",\"inLanguage\":\"cs\",\"@id\":\"https:\/\/www.technodompro.com\/index.php\/produkt\/bradas-zahradni-nuzky-dvoucepelove-v-series-d-nejlepsi-cena-2500\/#primaryimage\",\"url\":\"https:\/\/www.technodompro.com\/wp-content\/uploads\/2026\/SK0017782-CZ20260425-091936-0-1777079982-bradas-zahradni-nuzky-dvoucepelove-v-series-d-w1200-h628-f8.webp\",\"contentUrl\":\"https:\/\/www.technodompro.com\/wp-content\/uploads\/2026\/SK0017782-CZ20260425-091936-0-1777079982-bradas-zahradni-nuzky-dvoucepelove-v-series-d-w1200-h628-f8.webp\",\"width\":1000,\"height\":523},{\"@type\":\"BreadcrumbList\",\"@id\":\"https:\/\/www.technodompro.com\/index.php\/produkt\/bradas-zahradni-nuzky-dvoucepelove-v-series-d-nejlepsi-cena-2500\/#breadcrumb\",\"itemListElement\":[{\"@type\":\"ListItem\",\"position\":1,\"name\":\"Home\",\"item\":\"https:\/\/www.technodompro.com\/\"},{\"@type\":\"ListItem\",\"position\":2,\"name\":\"Products\",\"item\":\"https:\/\/www.technodompro.com\/index.php\/products\/\"},{\"@type\":\"ListItem\",\"position\":3,\"name\":\"Bradas Zahradn\u00ed n\u016f\u017eky dvou\u010depelov\u00e9 V-SERIES D Nejlep\u0161\u00ed Cena\"}]},{\"@type\":\"WebSite\",\"@id\":\"https:\/\/www.technodompro.com\/#website\",\"url\":\"https:\/\/www.technodompro.com\/\",\"name\":\"\",\"description\":\"\",\"potentialAction\":[{\"@type\":\"SearchAction\",\"target\":{\"@type\":\"EntryPoint\",\"urlTemplate\":\"https:\/\/www.technodompro.com\/?s={search_term_string}\"},\"query-input\":{\"@type\":\"PropertyValueSpecification\",\"valueRequired\":true,\"valueName\":\"search_term_string\"}}],\"inLanguage\":\"cs\"}]}<\/script>\n<!-- \/ Yoast SEO plugin. -->","yoast_head_json":{"title":"Bradas Zahradn\u00ed n\u016f\u017eky dvou\u010depelov\u00e9 V-SERIES D Nejlep\u0161\u00ed Cena -","robots":{"index":"index","follow":"follow","max-snippet":"max-snippet:-1","max-image-preview":"max-image-preview:large","max-video-preview":"max-video-preview:-1"},"canonical":"https:\/\/www.technodompro.com\/index.php\/produkt\/bradas-zahradni-nuzky-dvoucepelove-v-series-d-nejlepsi-cena-2500\/","og_locale":"cs_CZ","og_type":"article","og_title":"Bradas Zahradn\u00ed n\u016f\u017eky dvou\u010depelov\u00e9 V-SERIES D Nejlep\u0161\u00ed Cena -","og_description":"Popis: Zahradn\u00ed n\u016f\u017eky dvou\u010depelov\u00e9 BRADAS V-SERIES D Dvou\u010depelov\u00e9 zahradnick\u00e9 n\u016f\u017eky s\u00a0pr\u016fm\u011brem \u0159ezu a\u017e 5\u00a0mm. Vybaven\u00e9ergonomicky tvarovanou rukojet\u00ed a bezpe\u010dnostn\u00edm z\u00e1mkem proti otev\u0159en\u00ed.Ide\u00e1ln\u00ed pro \u0159ez\u00e1n\u00ed kv\u011btin a\u00a0ke\u0159\u016f. Vlastnosti: Vysoce kvalitn\u00ed \u010depel Maxim\u00e1ln\u00ed pr\u016fm\u011br \u0159ezu 5\u00a0mm Bezpe\u010dnostn\u00ed z\u00e1mek Ergonomick\u00e1 rukoje\u0165 Ide\u00e1ln\u00ed pro \u0159ez\u00e1n\u00ed kv\u011btin a ke\u0159\u016f","og_url":"https:\/\/www.technodompro.com\/index.php\/produkt\/bradas-zahradni-nuzky-dvoucepelove-v-series-d-nejlepsi-cena-2500\/","og_image":[{"width":1000,"height":523,"url":"https:\/\/www.technodompro.com\/wp-content\/uploads\/2026\/SK0017782-CZ20260425-091936-0-1777079982-bradas-zahradni-nuzky-dvoucepelove-v-series-d-w1200-h628-f8.webp","type":"image\/webp"}],"twitter_card":"summary_large_image","schema":{"@context":"https:\/\/schema.org","@graph":[{"@type":"WebPage","@id":"https:\/\/www.technodompro.com\/index.php\/produkt\/bradas-zahradni-nuzky-dvoucepelove-v-series-d-nejlepsi-cena-2500\/","url":"https:\/\/www.technodompro.com\/index.php\/produkt\/bradas-zahradni-nuzky-dvoucepelove-v-series-d-nejlepsi-cena-2500\/","name":"Bradas Zahradn\u00ed n\u016f\u017eky dvou\u010depelov\u00e9 V-SERIES D Nejlep\u0161\u00ed Cena -","isPartOf":{"@id":"https:\/\/www.technodompro.com\/#website"},"primaryImageOfPage":{"@id":"https:\/\/www.technodompro.com\/index.php\/produkt\/bradas-zahradni-nuzky-dvoucepelove-v-series-d-nejlepsi-cena-2500\/#primaryimage"},"image":{"@id":"https:\/\/www.technodompro.com\/index.php\/produkt\/bradas-zahradni-nuzky-dvoucepelove-v-series-d-nejlepsi-cena-2500\/#primaryimage"},"thumbnailUrl":"https:\/\/www.technodompro.com\/wp-content\/uploads\/2026\/SK0017782-CZ20260425-091936-0-1777079982-bradas-zahradni-nuzky-dvoucepelove-v-series-d-w1200-h628-f8.webp","datePublished":"2026-04-27T04:40:40+00:00","breadcrumb":{"@id":"https:\/\/www.technodompro.com\/index.php\/produkt\/bradas-zahradni-nuzky-dvoucepelove-v-series-d-nejlepsi-cena-2500\/#breadcrumb"},"inLanguage":"cs","potentialAction":[{"@type":"ReadAction","target":["https:\/\/www.technodompro.com\/index.php\/produkt\/bradas-zahradni-nuzky-dvoucepelove-v-series-d-nejlepsi-cena-2500\/"]}]},{"@type":"ImageObject","inLanguage":"cs","@id":"https:\/\/www.technodompro.com\/index.php\/produkt\/bradas-zahradni-nuzky-dvoucepelove-v-series-d-nejlepsi-cena-2500\/#primaryimage","url":"https:\/\/www.technodompro.com\/wp-content\/uploads\/2026\/SK0017782-CZ20260425-091936-0-1777079982-bradas-zahradni-nuzky-dvoucepelove-v-series-d-w1200-h628-f8.webp","contentUrl":"https:\/\/www.technodompro.com\/wp-content\/uploads\/2026\/SK0017782-CZ20260425-091936-0-1777079982-bradas-zahradni-nuzky-dvoucepelove-v-series-d-w1200-h628-f8.webp","width":1000,"height":523},{"@type":"BreadcrumbList","@id":"https:\/\/www.technodompro.com\/index.php\/produkt\/bradas-zahradni-nuzky-dvoucepelove-v-series-d-nejlepsi-cena-2500\/#breadcrumb","itemListElement":[{"@type":"ListItem","position":1,"name":"Home","item":"https:\/\/www.technodompro.com\/"},{"@type":"ListItem","position":2,"name":"Products","item":"https:\/\/www.technodompro.com\/index.php\/products\/"},{"@type":"ListItem","position":3,"name":"Bradas Zahradn\u00ed n\u016f\u017eky dvou\u010depelov\u00e9 V-SERIES D Nejlep\u0161\u00ed Cena"}]},{"@type":"WebSite","@id":"https:\/\/www.technodompro.com\/#website","url":"https:\/\/www.technodompro.com\/","name":"","description":"","potentialAction":[{"@type":"SearchAction","target":{"@type":"EntryPoint","urlTemplate":"https:\/\/www.technodompro.com\/?s={search_term_string}"},"query-input":{"@type":"PropertyValueSpecification","valueRequired":true,"valueName":"search_term_string"}}],"inLanguage":"cs"}]}},"_links":{"self":[{"href":"https:\/\/www.technodompro.com\/index.php\/wp-json\/wp\/v2\/product\/2500","targetHints":{"allow":["GET"]}}],"collection":[{"href":"https:\/\/www.technodompro.com\/index.php\/wp-json\/wp\/v2\/product"}],"about":[{"href":"https:\/\/www.technodompro.com\/index.php\/wp-json\/wp\/v2\/types\/product"}],"replies":[{"embeddable":true,"href":"https:\/\/www.technodompro.com\/index.php\/wp-json\/wp\/v2\/comments?post=2500"}],"wp:featuredmedia":[{"embeddable":true,"href":"https:\/\/www.technodompro.com\/index.php\/wp-json\/wp\/v2\/media\/2600"}],"wp:attachment":[{"href":"https:\/\/www.technodompro.com\/index.php\/wp-json\/wp\/v2\/media?parent=2500"}],"wp:term":[{"taxonomy":"product_brand","embeddable":true,"href":"https:\/\/www.technodompro.com\/index.php\/wp-json\/wp\/v2\/product_brand?post=2500"},{"taxonomy":"product_cat","embeddable":true,"href":"https:\/\/www.technodompro.com\/index.php\/wp-json\/wp\/v2\/product_cat?post=2500"},{"taxonomy":"product_tag","embeddable":true,"href":"https:\/\/www.technodompro.com\/index.php\/wp-json\/wp\/v2\/product_tag?post=2500"}],"curies":[{"name":"wp","href":"https:\/\/api.w.org\/{rel}","templated":true}]}}