{"id":2508,"date":"2026-04-27T04:40:40","date_gmt":"2026-04-27T04:40:40","guid":{"rendered":""},"modified":"2026-04-27T04:40:40","modified_gmt":"2026-04-27T04:40:40","slug":"hit-sezony-bradas-zahradni-hadice-carat-20m-1-2-black-line-s-vozikem-a-prislusenstvim-2508","status":"publish","type":"product","link":"https:\/\/www.technodompro.com\/index.php\/produkt\/hit-sezony-bradas-zahradni-hadice-carat-20m-1-2-black-line-s-vozikem-a-prislusenstvim-2508\/","title":{"rendered":"Hit Sez\u00f3ny Bradas Zahradn\u00ed hadice Carat 20m 1\/2&#8243;  Black Line s voz\u00edkem a p\u0159\u00edslu\u0161enstv\u00edm"},"content":{"rendered":"<div class=\"detail-description__right\">\t\t\t\t<\/div>\n<div class=\"detail-description__top\">\t\t\t\t<\/div>\n<div class=\"detail-description__left\">\n<div class=\"detail-description__left__overflow\">\n<div class=\"detail-description__left__head\">\t\t\t\t\t\tPopis:\t\t\t\t\t<\/div>\n<div class=\"ul-style ul-style--check\">\n<p>Komplet zahradn\u00ed hadice 20m 1\/2&#8243; s\u00a0voz\u00edkem a p\u0159\u00edslu\u0161enstv\u00edm<\/p>\n<p>Zahradn\u00ed zavla\u017eovac\u00ed set obsahuje v\u0161e pot\u0159ebn\u00e9 pro mo\u017enostokam\u017eit\u00e9ho pou\u017eit\u00ed p\u0159i zal\u00e9v\u00e1n\u00ed va\u0161\u00ed zahrady nebo sklen\u00edku.<\/p>\n<p><strong>Sada obsahuje:<\/strong><\/p>\n<p>1.\u00a0T\u0159\u00edvrstvou zahradn\u00ed hadici CARAT 20m 1\/2&#8243;<\/p>\n<ul class=\"plusminus\">\n<li><i class=\"fas fa-check\"><\/i><span>1.\u00a0vrstva\u00a0\u2013 z\u00a0\u010dern\u00e9ho PVC s\u00a0UV filtrem zabra\u0148uje\tusazov\u00e1n\u00ed\u00a0\u0159as<\/span><\/li>\n<li><i class=\"fas fa-check\"><\/i><span>2.\u00a0vrstva\u00a0\u2013 k\u0159\u00ed\u017eov\u00fd oplet ze syntetick\u00e9ho vl\u00e1kna<\/span><\/li>\n<li><i class=\"fas fa-check\"><\/i><span>3.\u00a0vrstva\u00a0\u2013 vrchn\u00ed \u010dern\u00e1 se dv\u011bma oran\u017eov\u00fdmi prou\u017eky\tz\u00a0pru\u017en\u00e9ho\u00a0PVC<\/span><\/li>\n<\/ul>\n<p>2.\u00a0Kovov\u00fd voz\u00edk DAILY na zahradn\u00ed hadici<\/p>\n<ul class=\"plusminus\">\n<li><i class=\"fas fa-check\"><\/i><span>Kvalitn\u00ed kovov\u00fd voz\u00edk pro um\u00edst\u011bn\u00ed a\u017e 60\u00a0m 1\/2&#8243;\tzahradn\u00ed\u00a0hadice<\/span><\/li>\n<li><i class=\"fas fa-check\"><\/i><span>Antikorozn\u00ed \u00faprava<\/span><\/li>\n<li><i class=\"fas fa-check\"><\/i><span>Snadn\u00e1 mont\u00e1\u017e konstrukce<\/span><\/li>\n<li><i class=\"fas fa-check\"><\/i><span>Velk\u00e1 kola pro snadnou manipulaci<\/span><\/li>\n<li><i class=\"fas fa-check\"><\/i><span>Klika s\u00a0protiskluzovou \u00fapravou<\/span><\/li>\n<\/ul>\n<p>3.\u00a0Armatury\u00a0\u2013 p\u0159\u00edslu\u0161enstv\u00ed<\/p>\n<ul class=\"plusminus\">\n<li><i class=\"fas fa-check\"><\/i><span>3\u00d7 rychlospojka 1\/2&#8243; BLACKLINE<\/span><\/li>\n<li><i class=\"fas fa-check\"><\/i><span>1\u00d7 8funk\u010dn\u00ed zavla\u017eovac\u00ed pistole BLACKLINE<\/span><\/li>\n<li><i class=\"fas fa-check\"><\/i><span>1\u00d7 rychlospojka se stopem 1\/2&#8243; BLACKLINE<\/span><\/li>\n<li><i class=\"fas fa-check\"><\/i><span>1\u00d7 p\u0159\u00edpojka na vodovodn\u00ed kohout s\u00a0redukc\u00ed 3\/4&#8243;\u00a0\u2013 \u00a01\/2&#8243;<\/span><\/li>\n<li><i class=\"fas fa-check\"><\/i><span>1\u00d7 nastaviteln\u00fd t\u0159\u00edramenn\u00fd oto\u010dn\u00fd post\u0159ikova\u010d BLACK\u00a0LINE<\/span><\/li>\n<\/ul>\n<\/div>\n<div class=\"detail-description__left__more\">\t\t\t\t\t\t<span> <\/span><span> <\/span>\t\t\t\t\t<\/div>\n<\/p><\/div>\n<\/p><\/div>\n<div class=\"detail-description__more\"><span> <\/span><span> <\/span><\/div>\n<\/p><\/div>\n<\/p><\/div>\n","protected":false},"excerpt":{"rendered":"<p>Popis: Komplet zahradn\u00ed hadice 20m 1\/2&#8243; s\u00a0voz\u00edkem a p\u0159\u00edslu\u0161enstv\u00edm Zahradn\u00ed zavla\u017eovac\u00ed set obsahuje v\u0161e pot\u0159ebn\u00e9 pro mo\u017enostokam\u017eit\u00e9ho pou\u017eit\u00ed p\u0159i zal\u00e9v\u00e1n\u00ed va\u0161\u00ed zahrady nebo sklen\u00edku. Sada obsahuje: 1.\u00a0T\u0159\u00edvrstvou zahradn\u00ed hadici CARAT 20m 1\/2&#8243; 1.\u00a0vrstva\u00a0\u2013 z\u00a0\u010dern\u00e9ho PVC s\u00a0UV filtrem zabra\u0148uje usazov\u00e1n\u00ed\u00a0\u0159as 2.\u00a0vrstva\u00a0\u2013 k\u0159\u00ed\u017eov\u00fd oplet ze syntetick\u00e9ho vl\u00e1kna 3.\u00a0vrstva\u00a0\u2013 vrchn\u00ed \u010dern\u00e1 se dv\u011bma oran\u017eov\u00fdmi prou\u017eky z\u00a0pru\u017en\u00e9ho\u00a0PVC 2.\u00a0Kovov\u00fd voz\u00edk [&hellip;]<\/p>\n","protected":false},"featured_media":2608,"comment_status":"open","ping_status":"open","template":"","meta":[],"product_brand":[],"product_cat":[36],"product_tag":[],"class_list":{"0":"post-2508","1":"product","2":"type-product","3":"status-publish","4":"has-post-thumbnail","6":"product_cat-zahrada","8":"first","9":"instock","10":"sale","11":"shipping-taxable","12":"purchasable","13":"product-type-simple"},"yoast_head":"<!-- This site is optimized with the Yoast SEO plugin v26.8 - https:\/\/yoast.com\/product\/yoast-seo-wordpress\/ -->\n<title>Hit Sez\u00f3ny Bradas Zahradn\u00ed hadice Carat 20m 1\/2&quot; Black Line s voz\u00edkem a p\u0159\u00edslu\u0161enstv\u00edm -<\/title>\n<meta name=\"robots\" content=\"index, follow, max-snippet:-1, max-image-preview:large, max-video-preview:-1\" \/>\n<link rel=\"canonical\" href=\"https:\/\/www.technodompro.com\/index.php\/produkt\/hit-sezony-bradas-zahradni-hadice-carat-20m-1-2-black-line-s-vozikem-a-prislusenstvim-2508\/\" \/>\n<meta property=\"og:locale\" content=\"cs_CZ\" \/>\n<meta property=\"og:type\" content=\"article\" \/>\n<meta property=\"og:title\" content=\"Hit Sez\u00f3ny Bradas Zahradn\u00ed hadice Carat 20m 1\/2&quot; Black Line s voz\u00edkem a p\u0159\u00edslu\u0161enstv\u00edm -\" \/>\n<meta property=\"og:description\" content=\"Popis: Komplet zahradn\u00ed hadice 20m 1\/2&#8243; s\u00a0voz\u00edkem a p\u0159\u00edslu\u0161enstv\u00edm Zahradn\u00ed zavla\u017eovac\u00ed set obsahuje v\u0161e pot\u0159ebn\u00e9 pro mo\u017enostokam\u017eit\u00e9ho pou\u017eit\u00ed p\u0159i zal\u00e9v\u00e1n\u00ed va\u0161\u00ed zahrady nebo sklen\u00edku. Sada obsahuje: 1.\u00a0T\u0159\u00edvrstvou zahradn\u00ed hadici CARAT 20m 1\/2&#8243; 1.\u00a0vrstva\u00a0\u2013 z\u00a0\u010dern\u00e9ho PVC s\u00a0UV filtrem zabra\u0148uje usazov\u00e1n\u00ed\u00a0\u0159as 2.\u00a0vrstva\u00a0\u2013 k\u0159\u00ed\u017eov\u00fd oplet ze syntetick\u00e9ho vl\u00e1kna 3.\u00a0vrstva\u00a0\u2013 vrchn\u00ed \u010dern\u00e1 se dv\u011bma oran\u017eov\u00fdmi prou\u017eky z\u00a0pru\u017en\u00e9ho\u00a0PVC 2.\u00a0Kovov\u00fd voz\u00edk [&hellip;]\" \/>\n<meta property=\"og:url\" content=\"https:\/\/www.technodompro.com\/index.php\/produkt\/hit-sezony-bradas-zahradni-hadice-carat-20m-1-2-black-line-s-vozikem-a-prislusenstvim-2508\/\" \/>\n<meta property=\"og:image\" content=\"https:\/\/www.technodompro.com\/wp-content\/uploads\/2026\/SK0017790-CZ20260425-091936-0-1777079982-bradas-zahradni-hadice-carat-20m-1-2-black-line-s-vozikem-a.webp\" \/>\n\t<meta property=\"og:image:width\" content=\"1000\" \/>\n\t<meta property=\"og:image:height\" content=\"523\" \/>\n\t<meta property=\"og:image:type\" content=\"image\/webp\" \/>\n<meta name=\"twitter:card\" content=\"summary_large_image\" \/>\n<meta name=\"twitter:label1\" content=\"Odhadovan\u00e1 doba \u010dten\u00ed\" \/>\n\t<meta name=\"twitter:data1\" content=\"1 minuta\" \/>\n<script type=\"application\/ld+json\" class=\"yoast-schema-graph\">{\"@context\":\"https:\/\/schema.org\",\"@graph\":[{\"@type\":\"WebPage\",\"@id\":\"https:\/\/www.technodompro.com\/index.php\/produkt\/hit-sezony-bradas-zahradni-hadice-carat-20m-1-2-black-line-s-vozikem-a-prislusenstvim-2508\/\",\"url\":\"https:\/\/www.technodompro.com\/index.php\/produkt\/hit-sezony-bradas-zahradni-hadice-carat-20m-1-2-black-line-s-vozikem-a-prislusenstvim-2508\/\",\"name\":\"Hit Sez\u00f3ny Bradas Zahradn\u00ed hadice Carat 20m 1\/2\\\" Black Line s voz\u00edkem a p\u0159\u00edslu\u0161enstv\u00edm -\",\"isPartOf\":{\"@id\":\"https:\/\/www.technodompro.com\/#website\"},\"primaryImageOfPage\":{\"@id\":\"https:\/\/www.technodompro.com\/index.php\/produkt\/hit-sezony-bradas-zahradni-hadice-carat-20m-1-2-black-line-s-vozikem-a-prislusenstvim-2508\/#primaryimage\"},\"image\":{\"@id\":\"https:\/\/www.technodompro.com\/index.php\/produkt\/hit-sezony-bradas-zahradni-hadice-carat-20m-1-2-black-line-s-vozikem-a-prislusenstvim-2508\/#primaryimage\"},\"thumbnailUrl\":\"https:\/\/www.technodompro.com\/wp-content\/uploads\/2026\/SK0017790-CZ20260425-091936-0-1777079982-bradas-zahradni-hadice-carat-20m-1-2-black-line-s-vozikem-a.webp\",\"datePublished\":\"2026-04-27T04:40:40+00:00\",\"breadcrumb\":{\"@id\":\"https:\/\/www.technodompro.com\/index.php\/produkt\/hit-sezony-bradas-zahradni-hadice-carat-20m-1-2-black-line-s-vozikem-a-prislusenstvim-2508\/#breadcrumb\"},\"inLanguage\":\"cs\",\"potentialAction\":[{\"@type\":\"ReadAction\",\"target\":[\"https:\/\/www.technodompro.com\/index.php\/produkt\/hit-sezony-bradas-zahradni-hadice-carat-20m-1-2-black-line-s-vozikem-a-prislusenstvim-2508\/\"]}]},{\"@type\":\"ImageObject\",\"inLanguage\":\"cs\",\"@id\":\"https:\/\/www.technodompro.com\/index.php\/produkt\/hit-sezony-bradas-zahradni-hadice-carat-20m-1-2-black-line-s-vozikem-a-prislusenstvim-2508\/#primaryimage\",\"url\":\"https:\/\/www.technodompro.com\/wp-content\/uploads\/2026\/SK0017790-CZ20260425-091936-0-1777079982-bradas-zahradni-hadice-carat-20m-1-2-black-line-s-vozikem-a.webp\",\"contentUrl\":\"https:\/\/www.technodompro.com\/wp-content\/uploads\/2026\/SK0017790-CZ20260425-091936-0-1777079982-bradas-zahradni-hadice-carat-20m-1-2-black-line-s-vozikem-a.webp\",\"width\":1000,\"height\":523},{\"@type\":\"BreadcrumbList\",\"@id\":\"https:\/\/www.technodompro.com\/index.php\/produkt\/hit-sezony-bradas-zahradni-hadice-carat-20m-1-2-black-line-s-vozikem-a-prislusenstvim-2508\/#breadcrumb\",\"itemListElement\":[{\"@type\":\"ListItem\",\"position\":1,\"name\":\"Home\",\"item\":\"https:\/\/www.technodompro.com\/\"},{\"@type\":\"ListItem\",\"position\":2,\"name\":\"Products\",\"item\":\"https:\/\/www.technodompro.com\/index.php\/products\/\"},{\"@type\":\"ListItem\",\"position\":3,\"name\":\"Hit Sez\u00f3ny Bradas Zahradn\u00ed hadice Carat 20m 1\/2&#8243; Black Line s voz\u00edkem a p\u0159\u00edslu\u0161enstv\u00edm\"}]},{\"@type\":\"WebSite\",\"@id\":\"https:\/\/www.technodompro.com\/#website\",\"url\":\"https:\/\/www.technodompro.com\/\",\"name\":\"\",\"description\":\"\",\"potentialAction\":[{\"@type\":\"SearchAction\",\"target\":{\"@type\":\"EntryPoint\",\"urlTemplate\":\"https:\/\/www.technodompro.com\/?s={search_term_string}\"},\"query-input\":{\"@type\":\"PropertyValueSpecification\",\"valueRequired\":true,\"valueName\":\"search_term_string\"}}],\"inLanguage\":\"cs\"}]}<\/script>\n<!-- \/ Yoast SEO plugin. -->","yoast_head_json":{"title":"Hit Sez\u00f3ny Bradas Zahradn\u00ed hadice Carat 20m 1\/2\" Black Line s voz\u00edkem a p\u0159\u00edslu\u0161enstv\u00edm -","robots":{"index":"index","follow":"follow","max-snippet":"max-snippet:-1","max-image-preview":"max-image-preview:large","max-video-preview":"max-video-preview:-1"},"canonical":"https:\/\/www.technodompro.com\/index.php\/produkt\/hit-sezony-bradas-zahradni-hadice-carat-20m-1-2-black-line-s-vozikem-a-prislusenstvim-2508\/","og_locale":"cs_CZ","og_type":"article","og_title":"Hit Sez\u00f3ny Bradas Zahradn\u00ed hadice Carat 20m 1\/2\" Black Line s voz\u00edkem a p\u0159\u00edslu\u0161enstv\u00edm -","og_description":"Popis: Komplet zahradn\u00ed hadice 20m 1\/2&#8243; s\u00a0voz\u00edkem a p\u0159\u00edslu\u0161enstv\u00edm Zahradn\u00ed zavla\u017eovac\u00ed set obsahuje v\u0161e pot\u0159ebn\u00e9 pro mo\u017enostokam\u017eit\u00e9ho pou\u017eit\u00ed p\u0159i zal\u00e9v\u00e1n\u00ed va\u0161\u00ed zahrady nebo sklen\u00edku. Sada obsahuje: 1.\u00a0T\u0159\u00edvrstvou zahradn\u00ed hadici CARAT 20m 1\/2&#8243; 1.\u00a0vrstva\u00a0\u2013 z\u00a0\u010dern\u00e9ho PVC s\u00a0UV filtrem zabra\u0148uje usazov\u00e1n\u00ed\u00a0\u0159as 2.\u00a0vrstva\u00a0\u2013 k\u0159\u00ed\u017eov\u00fd oplet ze syntetick\u00e9ho vl\u00e1kna 3.\u00a0vrstva\u00a0\u2013 vrchn\u00ed \u010dern\u00e1 se dv\u011bma oran\u017eov\u00fdmi prou\u017eky z\u00a0pru\u017en\u00e9ho\u00a0PVC 2.\u00a0Kovov\u00fd voz\u00edk [&hellip;]","og_url":"https:\/\/www.technodompro.com\/index.php\/produkt\/hit-sezony-bradas-zahradni-hadice-carat-20m-1-2-black-line-s-vozikem-a-prislusenstvim-2508\/","og_image":[{"width":1000,"height":523,"url":"https:\/\/www.technodompro.com\/wp-content\/uploads\/2026\/SK0017790-CZ20260425-091936-0-1777079982-bradas-zahradni-hadice-carat-20m-1-2-black-line-s-vozikem-a.webp","type":"image\/webp"}],"twitter_card":"summary_large_image","twitter_misc":{"Odhadovan\u00e1 doba \u010dten\u00ed":"1 minuta"},"schema":{"@context":"https:\/\/schema.org","@graph":[{"@type":"WebPage","@id":"https:\/\/www.technodompro.com\/index.php\/produkt\/hit-sezony-bradas-zahradni-hadice-carat-20m-1-2-black-line-s-vozikem-a-prislusenstvim-2508\/","url":"https:\/\/www.technodompro.com\/index.php\/produkt\/hit-sezony-bradas-zahradni-hadice-carat-20m-1-2-black-line-s-vozikem-a-prislusenstvim-2508\/","name":"Hit Sez\u00f3ny Bradas Zahradn\u00ed hadice Carat 20m 1\/2\" Black Line s voz\u00edkem a p\u0159\u00edslu\u0161enstv\u00edm -","isPartOf":{"@id":"https:\/\/www.technodompro.com\/#website"},"primaryImageOfPage":{"@id":"https:\/\/www.technodompro.com\/index.php\/produkt\/hit-sezony-bradas-zahradni-hadice-carat-20m-1-2-black-line-s-vozikem-a-prislusenstvim-2508\/#primaryimage"},"image":{"@id":"https:\/\/www.technodompro.com\/index.php\/produkt\/hit-sezony-bradas-zahradni-hadice-carat-20m-1-2-black-line-s-vozikem-a-prislusenstvim-2508\/#primaryimage"},"thumbnailUrl":"https:\/\/www.technodompro.com\/wp-content\/uploads\/2026\/SK0017790-CZ20260425-091936-0-1777079982-bradas-zahradni-hadice-carat-20m-1-2-black-line-s-vozikem-a.webp","datePublished":"2026-04-27T04:40:40+00:00","breadcrumb":{"@id":"https:\/\/www.technodompro.com\/index.php\/produkt\/hit-sezony-bradas-zahradni-hadice-carat-20m-1-2-black-line-s-vozikem-a-prislusenstvim-2508\/#breadcrumb"},"inLanguage":"cs","potentialAction":[{"@type":"ReadAction","target":["https:\/\/www.technodompro.com\/index.php\/produkt\/hit-sezony-bradas-zahradni-hadice-carat-20m-1-2-black-line-s-vozikem-a-prislusenstvim-2508\/"]}]},{"@type":"ImageObject","inLanguage":"cs","@id":"https:\/\/www.technodompro.com\/index.php\/produkt\/hit-sezony-bradas-zahradni-hadice-carat-20m-1-2-black-line-s-vozikem-a-prislusenstvim-2508\/#primaryimage","url":"https:\/\/www.technodompro.com\/wp-content\/uploads\/2026\/SK0017790-CZ20260425-091936-0-1777079982-bradas-zahradni-hadice-carat-20m-1-2-black-line-s-vozikem-a.webp","contentUrl":"https:\/\/www.technodompro.com\/wp-content\/uploads\/2026\/SK0017790-CZ20260425-091936-0-1777079982-bradas-zahradni-hadice-carat-20m-1-2-black-line-s-vozikem-a.webp","width":1000,"height":523},{"@type":"BreadcrumbList","@id":"https:\/\/www.technodompro.com\/index.php\/produkt\/hit-sezony-bradas-zahradni-hadice-carat-20m-1-2-black-line-s-vozikem-a-prislusenstvim-2508\/#breadcrumb","itemListElement":[{"@type":"ListItem","position":1,"name":"Home","item":"https:\/\/www.technodompro.com\/"},{"@type":"ListItem","position":2,"name":"Products","item":"https:\/\/www.technodompro.com\/index.php\/products\/"},{"@type":"ListItem","position":3,"name":"Hit Sez\u00f3ny Bradas Zahradn\u00ed hadice Carat 20m 1\/2&#8243; Black Line s voz\u00edkem a p\u0159\u00edslu\u0161enstv\u00edm"}]},{"@type":"WebSite","@id":"https:\/\/www.technodompro.com\/#website","url":"https:\/\/www.technodompro.com\/","name":"","description":"","potentialAction":[{"@type":"SearchAction","target":{"@type":"EntryPoint","urlTemplate":"https:\/\/www.technodompro.com\/?s={search_term_string}"},"query-input":{"@type":"PropertyValueSpecification","valueRequired":true,"valueName":"search_term_string"}}],"inLanguage":"cs"}]}},"_links":{"self":[{"href":"https:\/\/www.technodompro.com\/index.php\/wp-json\/wp\/v2\/product\/2508","targetHints":{"allow":["GET"]}}],"collection":[{"href":"https:\/\/www.technodompro.com\/index.php\/wp-json\/wp\/v2\/product"}],"about":[{"href":"https:\/\/www.technodompro.com\/index.php\/wp-json\/wp\/v2\/types\/product"}],"replies":[{"embeddable":true,"href":"https:\/\/www.technodompro.com\/index.php\/wp-json\/wp\/v2\/comments?post=2508"}],"wp:featuredmedia":[{"embeddable":true,"href":"https:\/\/www.technodompro.com\/index.php\/wp-json\/wp\/v2\/media\/2608"}],"wp:attachment":[{"href":"https:\/\/www.technodompro.com\/index.php\/wp-json\/wp\/v2\/media?parent=2508"}],"wp:term":[{"taxonomy":"product_brand","embeddable":true,"href":"https:\/\/www.technodompro.com\/index.php\/wp-json\/wp\/v2\/product_brand?post=2508"},{"taxonomy":"product_cat","embeddable":true,"href":"https:\/\/www.technodompro.com\/index.php\/wp-json\/wp\/v2\/product_cat?post=2508"},{"taxonomy":"product_tag","embeddable":true,"href":"https:\/\/www.technodompro.com\/index.php\/wp-json\/wp\/v2\/product_tag?post=2508"}],"curies":[{"name":"wp","href":"https:\/\/api.w.org\/{rel}","templated":true}]}}