{"id":2509,"date":"2026-04-27T04:40:40","date_gmt":"2026-04-27T04:40:40","guid":{"rendered":""},"modified":"2026-04-27T04:40:40","modified_gmt":"2026-04-27T04:40:40","slug":"bradas-hadice-1-2-50-m-bradas-white-silver-plus-kompletni-set-s-vozikem-bezpecna-platba-2509","status":"publish","type":"product","link":"https:\/\/www.technodompro.com\/index.php\/produkt\/bradas-hadice-1-2-50-m-bradas-white-silver-plus-kompletni-set-s-vozikem-bezpecna-platba-2509\/","title":{"rendered":"Bradas Hadice 1\/2&#8243;, 50 m Bradas WHITE SILVER PLUS kompletn\u00ed set s voz\u00edkem Bezpe\u010dn\u00e1 Platba"},"content":{"rendered":"<div class=\"detail-description__right\">\t\t\t\t<\/div>\n<div class=\"detail-description__top\">\t\t\t\t<\/div>\n<div class=\"detail-description__left\">\n<div class=\"detail-description__left__overflow\">\n<div class=\"detail-description__left__head\">\t\t\t\t\t\tPopis:\t\t\t\t\t<\/div>\n<div class=\"ul-style ul-style--check\">\n<p>Sada Bradas WHITE SILVER PLUS s\u00a0hadic\u00ed 1\/2&#8243;, 50\u00a0m, p\u0159\u00edslu\u0161enstv\u00edm apoj\u00edzdn\u00fdm voz\u00edkem<\/p>\n<p>Zahradn\u00ed zavla\u017eovac\u00ed set obsahuje v\u0161e pot\u0159ebn\u00e9 pro mo\u017enostokam\u017eit\u00e9ho pou\u017eit\u00ed p\u0159i zal\u00e9v\u00e1n\u00ed va\u0161\u00ed zahrady nebo sklen\u00edku.<\/p>\n<p><strong>Sada obsahuje:<\/strong><\/p>\n<p>1.\u00a0Zahradn\u00ed hadici WHITE LINE 1\/2&#8243;, d\u00e9lka 50\u00a0metr\u016f<\/p>\n<ul class=\"plusminus\">\n<li><i class=\"fas fa-check\"><\/i><span>P\u011btivrstv\u00e1 hadice vyztu\u017eena speci\u00e1ln\u00edm v\u00fdpletem TRICOT se zv\u00fd\u0161enou\todolnost\u00ed proti tlaku\u00a0vody<\/span><\/li>\n<li><i class=\"fas fa-check\"><\/i><span>Zahradn\u00ed hadice je vyrobena z\u00a0nov\u00e9 generace PVC a neobsahuje\ttoxick\u00e9\u00a0l\u00e1tky<\/span><\/li>\n<li><i class=\"fas fa-check\"><\/i><span>Je odoln\u00e1 proti UV z\u00e1\u0159en\u00ed a pru\u017en\u00e1 i\u00a0p\u0159i n\u00edzk\u00fdch teplot\u00e1ch<\/span><\/li>\n<\/ul>\n<p>2.\u00a0Kovov\u00fd voz\u00edk WHITE SILVER PLUS na zahradn\u00ed hadici<\/p>\n<ul class=\"plusminus\">\n<li><i class=\"fas fa-check\"><\/i><span>Na nav\u00edjec\u00ed kovov\u00fd buben je mo\u017en\u00e9 um\u00edstit a\u017e 60\u00a0metr\u016f zahradn\u00ed\thadice 1\/2\u00a0&#8222;<\/span><\/li>\n<li><i class=\"fas fa-check\"><\/i><span>Stabiln\u00ed a odoln\u00e1 kovov\u00e1 konstrukce<\/span><\/li>\n<li><i class=\"fas fa-check\"><\/i><span>V\u00fd\u0161kov\u011b nastaviteln\u00e1 rukoje\u0165 pro snadnou manipulaci s\u00a0voz\u00edkem<\/span><\/li>\n<li><i class=\"fas fa-check\"><\/i><span>Oto\u010dn\u00e9 spojky zabra\u0148uj\u00ed ne\u017e\u00e1douc\u00edmu p\u0159ekrucov\u00e1n\u00ed p\u0159i\tnav\u00edjen\u00ed\u00a0hadice<\/span><\/li>\n<li><i class=\"fas fa-check\"><\/i><span>Pohodln\u00e1 rukoje\u0165<\/span><\/li>\n<li><i class=\"fas fa-check\"><\/i><span>Hladk\u00e1 plastov\u00e1 kola chr\u00e1n\u00ed tr\u00e1vn\u00edk p\u0159ed po\u0161kozen\u00edm<\/span><\/li>\n<\/ul>\n<p>3.\u00a0Armatury\u00a0\u2013 p\u0159\u00edslu\u0161enstv\u00ed WHITE LINE<\/p>\n<ul class=\"plusminus\">\n<li><i class=\"fas fa-check\"><\/i><span>1\u00d7 regulovateln\u00fd p\u0159\u00edm\u00fd post\u0159ikova\u010d WHITE LINE<\/span><\/li>\n<li><i class=\"fas fa-check\"><\/i><span>3\u00d7 rychlospojka 1\/2&#8243; WHITE LINE<\/span><\/li>\n<li><i class=\"fas fa-check\"><\/i><span>1\u00d7 rychlospojka s\u00a0funkc\u00ed stop 1\/2&#8243; WHITE LINE<\/span><\/li>\n<li><i class=\"fas fa-check\"><\/i><span>2\u00d7 p\u0159\u00edpojka ke zdroji vody 3\/4&#8243; WHITE LINE<\/span><\/li>\n<li><i class=\"fas fa-check\"><\/i><span>1\u00d7 p\u0159\u00edpojka ke zdroji vody s\u00a0redukc\u00ed 3\/4&#8243; na 1\/2&#8243; WHITE\u00a0LINE<\/span><\/li>\n<\/ul>\n<p><strong>K\u00a0pou\u017eit\u00ed hadice je nutn\u00e9:<\/strong><\/p>\n<ul class=\"plusminus\">\n<li><i class=\"fas fa-check\"><\/i><span>Od\u0159\u00edznout \u010d\u00e1st zahradn\u00ed hadice na po\u017eadovanou d\u00e9lku pomoc\u00ed\tp\u0159ilo\u017een\u00e9ho v\u00e1le\u010dku<\/span><\/li>\n<li><i class=\"fas fa-check\"><\/i><span>Nainsatlovat 2\u00d7 rychlospojku 1\/2 &#8220; WHITE LINE a 1\u00d7 p\u0159\u00edpojka ke zdroji\tvody s\u00a0redukc\u00ed 3\/4&#8243; na 1\/2&#8243; WHITE\u00a0LINE<\/span><\/li>\n<\/ul>\n<\/div>\n<div class=\"detail-description__left__more\">\t\t\t\t\t\t<span> <\/span><span> <\/span>\t\t\t\t\t<\/div>\n<\/p><\/div>\n<\/p><\/div>\n<div class=\"detail-description__more\"><span> <\/span><span> <\/span><\/div>\n<\/p><\/div>\n<\/p><\/div>\n","protected":false},"excerpt":{"rendered":"<p>Popis: Sada Bradas WHITE SILVER PLUS s\u00a0hadic\u00ed 1\/2&#8243;, 50\u00a0m, p\u0159\u00edslu\u0161enstv\u00edm apoj\u00edzdn\u00fdm voz\u00edkem Zahradn\u00ed zavla\u017eovac\u00ed set obsahuje v\u0161e pot\u0159ebn\u00e9 pro mo\u017enostokam\u017eit\u00e9ho pou\u017eit\u00ed p\u0159i zal\u00e9v\u00e1n\u00ed va\u0161\u00ed zahrady nebo sklen\u00edku. Sada obsahuje: 1.\u00a0Zahradn\u00ed hadici WHITE LINE 1\/2&#8243;, d\u00e9lka 50\u00a0metr\u016f P\u011btivrstv\u00e1 hadice vyztu\u017eena speci\u00e1ln\u00edm v\u00fdpletem TRICOT se zv\u00fd\u0161enou odolnost\u00ed proti tlaku\u00a0vody Zahradn\u00ed hadice je vyrobena z\u00a0nov\u00e9 generace PVC a [&hellip;]<\/p>\n","protected":false},"featured_media":2609,"comment_status":"open","ping_status":"open","template":"","meta":[],"product_brand":[],"product_cat":[36],"product_tag":[],"class_list":{"0":"post-2509","1":"product","2":"type-product","3":"status-publish","4":"has-post-thumbnail","6":"product_cat-zahrada","8":"first","9":"instock","10":"sale","11":"shipping-taxable","12":"purchasable","13":"product-type-simple"},"yoast_head":"<!-- This site is optimized with the Yoast SEO plugin v26.8 - https:\/\/yoast.com\/product\/yoast-seo-wordpress\/ -->\n<title>Bradas Hadice 1\/2&quot;, 50 m Bradas WHITE SILVER PLUS kompletn\u00ed set s voz\u00edkem Bezpe\u010dn\u00e1 Platba -<\/title>\n<meta name=\"robots\" content=\"index, follow, max-snippet:-1, max-image-preview:large, max-video-preview:-1\" \/>\n<link rel=\"canonical\" href=\"https:\/\/www.technodompro.com\/index.php\/produkt\/bradas-hadice-1-2-50-m-bradas-white-silver-plus-kompletni-set-s-vozikem-bezpecna-platba-2509\/\" \/>\n<meta property=\"og:locale\" content=\"cs_CZ\" \/>\n<meta property=\"og:type\" content=\"article\" \/>\n<meta property=\"og:title\" content=\"Bradas Hadice 1\/2&quot;, 50 m Bradas WHITE SILVER PLUS kompletn\u00ed set s voz\u00edkem Bezpe\u010dn\u00e1 Platba -\" \/>\n<meta property=\"og:description\" content=\"Popis: Sada Bradas WHITE SILVER PLUS s\u00a0hadic\u00ed 1\/2&#8243;, 50\u00a0m, p\u0159\u00edslu\u0161enstv\u00edm apoj\u00edzdn\u00fdm voz\u00edkem Zahradn\u00ed zavla\u017eovac\u00ed set obsahuje v\u0161e pot\u0159ebn\u00e9 pro mo\u017enostokam\u017eit\u00e9ho pou\u017eit\u00ed p\u0159i zal\u00e9v\u00e1n\u00ed va\u0161\u00ed zahrady nebo sklen\u00edku. Sada obsahuje: 1.\u00a0Zahradn\u00ed hadici WHITE LINE 1\/2&#8243;, d\u00e9lka 50\u00a0metr\u016f P\u011btivrstv\u00e1 hadice vyztu\u017eena speci\u00e1ln\u00edm v\u00fdpletem TRICOT se zv\u00fd\u0161enou odolnost\u00ed proti tlaku\u00a0vody Zahradn\u00ed hadice je vyrobena z\u00a0nov\u00e9 generace PVC a [&hellip;]\" \/>\n<meta property=\"og:url\" content=\"https:\/\/www.technodompro.com\/index.php\/produkt\/bradas-hadice-1-2-50-m-bradas-white-silver-plus-kompletni-set-s-vozikem-bezpecna-platba-2509\/\" \/>\n<meta property=\"og:image\" content=\"https:\/\/www.technodompro.com\/wp-content\/uploads\/2026\/SK0017791-CZ20260425-091936-0-1777079982-bradas-hadice-1-2-50-m-bradas-white-silver-plus-kompletni-s.webp\" \/>\n\t<meta property=\"og:image:width\" content=\"1000\" \/>\n\t<meta property=\"og:image:height\" content=\"523\" \/>\n\t<meta property=\"og:image:type\" content=\"image\/webp\" \/>\n<meta name=\"twitter:card\" content=\"summary_large_image\" \/>\n<meta name=\"twitter:label1\" content=\"Odhadovan\u00e1 doba \u010dten\u00ed\" \/>\n\t<meta name=\"twitter:data1\" content=\"1 minuta\" \/>\n<script type=\"application\/ld+json\" class=\"yoast-schema-graph\">{\"@context\":\"https:\/\/schema.org\",\"@graph\":[{\"@type\":\"WebPage\",\"@id\":\"https:\/\/www.technodompro.com\/index.php\/produkt\/bradas-hadice-1-2-50-m-bradas-white-silver-plus-kompletni-set-s-vozikem-bezpecna-platba-2509\/\",\"url\":\"https:\/\/www.technodompro.com\/index.php\/produkt\/bradas-hadice-1-2-50-m-bradas-white-silver-plus-kompletni-set-s-vozikem-bezpecna-platba-2509\/\",\"name\":\"Bradas Hadice 1\/2\\\", 50 m Bradas WHITE SILVER PLUS kompletn\u00ed set s voz\u00edkem Bezpe\u010dn\u00e1 Platba -\",\"isPartOf\":{\"@id\":\"https:\/\/www.technodompro.com\/#website\"},\"primaryImageOfPage\":{\"@id\":\"https:\/\/www.technodompro.com\/index.php\/produkt\/bradas-hadice-1-2-50-m-bradas-white-silver-plus-kompletni-set-s-vozikem-bezpecna-platba-2509\/#primaryimage\"},\"image\":{\"@id\":\"https:\/\/www.technodompro.com\/index.php\/produkt\/bradas-hadice-1-2-50-m-bradas-white-silver-plus-kompletni-set-s-vozikem-bezpecna-platba-2509\/#primaryimage\"},\"thumbnailUrl\":\"https:\/\/www.technodompro.com\/wp-content\/uploads\/2026\/SK0017791-CZ20260425-091936-0-1777079982-bradas-hadice-1-2-50-m-bradas-white-silver-plus-kompletni-s.webp\",\"datePublished\":\"2026-04-27T04:40:40+00:00\",\"breadcrumb\":{\"@id\":\"https:\/\/www.technodompro.com\/index.php\/produkt\/bradas-hadice-1-2-50-m-bradas-white-silver-plus-kompletni-set-s-vozikem-bezpecna-platba-2509\/#breadcrumb\"},\"inLanguage\":\"cs\",\"potentialAction\":[{\"@type\":\"ReadAction\",\"target\":[\"https:\/\/www.technodompro.com\/index.php\/produkt\/bradas-hadice-1-2-50-m-bradas-white-silver-plus-kompletni-set-s-vozikem-bezpecna-platba-2509\/\"]}]},{\"@type\":\"ImageObject\",\"inLanguage\":\"cs\",\"@id\":\"https:\/\/www.technodompro.com\/index.php\/produkt\/bradas-hadice-1-2-50-m-bradas-white-silver-plus-kompletni-set-s-vozikem-bezpecna-platba-2509\/#primaryimage\",\"url\":\"https:\/\/www.technodompro.com\/wp-content\/uploads\/2026\/SK0017791-CZ20260425-091936-0-1777079982-bradas-hadice-1-2-50-m-bradas-white-silver-plus-kompletni-s.webp\",\"contentUrl\":\"https:\/\/www.technodompro.com\/wp-content\/uploads\/2026\/SK0017791-CZ20260425-091936-0-1777079982-bradas-hadice-1-2-50-m-bradas-white-silver-plus-kompletni-s.webp\",\"width\":1000,\"height\":523},{\"@type\":\"BreadcrumbList\",\"@id\":\"https:\/\/www.technodompro.com\/index.php\/produkt\/bradas-hadice-1-2-50-m-bradas-white-silver-plus-kompletni-set-s-vozikem-bezpecna-platba-2509\/#breadcrumb\",\"itemListElement\":[{\"@type\":\"ListItem\",\"position\":1,\"name\":\"Home\",\"item\":\"https:\/\/www.technodompro.com\/\"},{\"@type\":\"ListItem\",\"position\":2,\"name\":\"Products\",\"item\":\"https:\/\/www.technodompro.com\/index.php\/products\/\"},{\"@type\":\"ListItem\",\"position\":3,\"name\":\"Bradas Hadice 1\/2&#8243;, 50 m Bradas WHITE SILVER PLUS kompletn\u00ed set s voz\u00edkem Bezpe\u010dn\u00e1 Platba\"}]},{\"@type\":\"WebSite\",\"@id\":\"https:\/\/www.technodompro.com\/#website\",\"url\":\"https:\/\/www.technodompro.com\/\",\"name\":\"\",\"description\":\"\",\"potentialAction\":[{\"@type\":\"SearchAction\",\"target\":{\"@type\":\"EntryPoint\",\"urlTemplate\":\"https:\/\/www.technodompro.com\/?s={search_term_string}\"},\"query-input\":{\"@type\":\"PropertyValueSpecification\",\"valueRequired\":true,\"valueName\":\"search_term_string\"}}],\"inLanguage\":\"cs\"}]}<\/script>\n<!-- \/ Yoast SEO plugin. -->","yoast_head_json":{"title":"Bradas Hadice 1\/2\", 50 m Bradas WHITE SILVER PLUS kompletn\u00ed set s voz\u00edkem Bezpe\u010dn\u00e1 Platba -","robots":{"index":"index","follow":"follow","max-snippet":"max-snippet:-1","max-image-preview":"max-image-preview:large","max-video-preview":"max-video-preview:-1"},"canonical":"https:\/\/www.technodompro.com\/index.php\/produkt\/bradas-hadice-1-2-50-m-bradas-white-silver-plus-kompletni-set-s-vozikem-bezpecna-platba-2509\/","og_locale":"cs_CZ","og_type":"article","og_title":"Bradas Hadice 1\/2\", 50 m Bradas WHITE SILVER PLUS kompletn\u00ed set s voz\u00edkem Bezpe\u010dn\u00e1 Platba -","og_description":"Popis: Sada Bradas WHITE SILVER PLUS s\u00a0hadic\u00ed 1\/2&#8243;, 50\u00a0m, p\u0159\u00edslu\u0161enstv\u00edm apoj\u00edzdn\u00fdm voz\u00edkem Zahradn\u00ed zavla\u017eovac\u00ed set obsahuje v\u0161e pot\u0159ebn\u00e9 pro mo\u017enostokam\u017eit\u00e9ho pou\u017eit\u00ed p\u0159i zal\u00e9v\u00e1n\u00ed va\u0161\u00ed zahrady nebo sklen\u00edku. Sada obsahuje: 1.\u00a0Zahradn\u00ed hadici WHITE LINE 1\/2&#8243;, d\u00e9lka 50\u00a0metr\u016f P\u011btivrstv\u00e1 hadice vyztu\u017eena speci\u00e1ln\u00edm v\u00fdpletem TRICOT se zv\u00fd\u0161enou odolnost\u00ed proti tlaku\u00a0vody Zahradn\u00ed hadice je vyrobena z\u00a0nov\u00e9 generace PVC a [&hellip;]","og_url":"https:\/\/www.technodompro.com\/index.php\/produkt\/bradas-hadice-1-2-50-m-bradas-white-silver-plus-kompletni-set-s-vozikem-bezpecna-platba-2509\/","og_image":[{"width":1000,"height":523,"url":"https:\/\/www.technodompro.com\/wp-content\/uploads\/2026\/SK0017791-CZ20260425-091936-0-1777079982-bradas-hadice-1-2-50-m-bradas-white-silver-plus-kompletni-s.webp","type":"image\/webp"}],"twitter_card":"summary_large_image","twitter_misc":{"Odhadovan\u00e1 doba \u010dten\u00ed":"1 minuta"},"schema":{"@context":"https:\/\/schema.org","@graph":[{"@type":"WebPage","@id":"https:\/\/www.technodompro.com\/index.php\/produkt\/bradas-hadice-1-2-50-m-bradas-white-silver-plus-kompletni-set-s-vozikem-bezpecna-platba-2509\/","url":"https:\/\/www.technodompro.com\/index.php\/produkt\/bradas-hadice-1-2-50-m-bradas-white-silver-plus-kompletni-set-s-vozikem-bezpecna-platba-2509\/","name":"Bradas Hadice 1\/2\", 50 m Bradas WHITE SILVER PLUS kompletn\u00ed set s voz\u00edkem Bezpe\u010dn\u00e1 Platba -","isPartOf":{"@id":"https:\/\/www.technodompro.com\/#website"},"primaryImageOfPage":{"@id":"https:\/\/www.technodompro.com\/index.php\/produkt\/bradas-hadice-1-2-50-m-bradas-white-silver-plus-kompletni-set-s-vozikem-bezpecna-platba-2509\/#primaryimage"},"image":{"@id":"https:\/\/www.technodompro.com\/index.php\/produkt\/bradas-hadice-1-2-50-m-bradas-white-silver-plus-kompletni-set-s-vozikem-bezpecna-platba-2509\/#primaryimage"},"thumbnailUrl":"https:\/\/www.technodompro.com\/wp-content\/uploads\/2026\/SK0017791-CZ20260425-091936-0-1777079982-bradas-hadice-1-2-50-m-bradas-white-silver-plus-kompletni-s.webp","datePublished":"2026-04-27T04:40:40+00:00","breadcrumb":{"@id":"https:\/\/www.technodompro.com\/index.php\/produkt\/bradas-hadice-1-2-50-m-bradas-white-silver-plus-kompletni-set-s-vozikem-bezpecna-platba-2509\/#breadcrumb"},"inLanguage":"cs","potentialAction":[{"@type":"ReadAction","target":["https:\/\/www.technodompro.com\/index.php\/produkt\/bradas-hadice-1-2-50-m-bradas-white-silver-plus-kompletni-set-s-vozikem-bezpecna-platba-2509\/"]}]},{"@type":"ImageObject","inLanguage":"cs","@id":"https:\/\/www.technodompro.com\/index.php\/produkt\/bradas-hadice-1-2-50-m-bradas-white-silver-plus-kompletni-set-s-vozikem-bezpecna-platba-2509\/#primaryimage","url":"https:\/\/www.technodompro.com\/wp-content\/uploads\/2026\/SK0017791-CZ20260425-091936-0-1777079982-bradas-hadice-1-2-50-m-bradas-white-silver-plus-kompletni-s.webp","contentUrl":"https:\/\/www.technodompro.com\/wp-content\/uploads\/2026\/SK0017791-CZ20260425-091936-0-1777079982-bradas-hadice-1-2-50-m-bradas-white-silver-plus-kompletni-s.webp","width":1000,"height":523},{"@type":"BreadcrumbList","@id":"https:\/\/www.technodompro.com\/index.php\/produkt\/bradas-hadice-1-2-50-m-bradas-white-silver-plus-kompletni-set-s-vozikem-bezpecna-platba-2509\/#breadcrumb","itemListElement":[{"@type":"ListItem","position":1,"name":"Home","item":"https:\/\/www.technodompro.com\/"},{"@type":"ListItem","position":2,"name":"Products","item":"https:\/\/www.technodompro.com\/index.php\/products\/"},{"@type":"ListItem","position":3,"name":"Bradas Hadice 1\/2&#8243;, 50 m Bradas WHITE SILVER PLUS kompletn\u00ed set s voz\u00edkem Bezpe\u010dn\u00e1 Platba"}]},{"@type":"WebSite","@id":"https:\/\/www.technodompro.com\/#website","url":"https:\/\/www.technodompro.com\/","name":"","description":"","potentialAction":[{"@type":"SearchAction","target":{"@type":"EntryPoint","urlTemplate":"https:\/\/www.technodompro.com\/?s={search_term_string}"},"query-input":{"@type":"PropertyValueSpecification","valueRequired":true,"valueName":"search_term_string"}}],"inLanguage":"cs"}]}},"_links":{"self":[{"href":"https:\/\/www.technodompro.com\/index.php\/wp-json\/wp\/v2\/product\/2509","targetHints":{"allow":["GET"]}}],"collection":[{"href":"https:\/\/www.technodompro.com\/index.php\/wp-json\/wp\/v2\/product"}],"about":[{"href":"https:\/\/www.technodompro.com\/index.php\/wp-json\/wp\/v2\/types\/product"}],"replies":[{"embeddable":true,"href":"https:\/\/www.technodompro.com\/index.php\/wp-json\/wp\/v2\/comments?post=2509"}],"wp:featuredmedia":[{"embeddable":true,"href":"https:\/\/www.technodompro.com\/index.php\/wp-json\/wp\/v2\/media\/2609"}],"wp:attachment":[{"href":"https:\/\/www.technodompro.com\/index.php\/wp-json\/wp\/v2\/media?parent=2509"}],"wp:term":[{"taxonomy":"product_brand","embeddable":true,"href":"https:\/\/www.technodompro.com\/index.php\/wp-json\/wp\/v2\/product_brand?post=2509"},{"taxonomy":"product_cat","embeddable":true,"href":"https:\/\/www.technodompro.com\/index.php\/wp-json\/wp\/v2\/product_cat?post=2509"},{"taxonomy":"product_tag","embeddable":true,"href":"https:\/\/www.technodompro.com\/index.php\/wp-json\/wp\/v2\/product_tag?post=2509"}],"curies":[{"name":"wp","href":"https:\/\/api.w.org\/{rel}","templated":true}]}}