{"id":25562,"date":"2026-04-27T04:41:35","date_gmt":"2026-04-27T04:41:35","guid":{"rendered":""},"modified":"2026-04-27T04:41:35","modified_gmt":"2026-04-27T04:41:35","slug":"znackovy-almeva-lil-koleno-45deg-60-100-25562","status":"publish","type":"product","link":"https:\/\/www.technodompro.com\/produkt\/znackovy-almeva-lil-koleno-45deg-60-100-25562\/","title":{"rendered":"Zna\u010dkov\u00fd ALMEVA LIL koleno 45\u00b0 60\/100"},"content":{"rendered":"<div id=\"e65239\" class=\"pages\">\n<div>\n<div id=\"PDDescription\" class=\"UserContentView userContent v1a v1 bs-view dcon dc164 PDDescription\" ><dc-con><dc-con><bs-empty><\/bs-empty><\/dc-con><dc-con>        <\/p>\n<div class=\"customDescription\">                    <\/div>\n<p><\/dc-con><dc-con><\/p>\n<h1 id=\"page-title\">LIL- PPH\/nerez &#8211; b\u00edl\u00fd komaxit<\/h1>\n<ul>\n<li>Plastov\u00fd syst\u00e9m odkou\u0159en\u00ed\u00a0LIL je tvo\u0159en\u00fd\u00a0koncentrick\u00fdmi pevn\u00fdmi trubkami a tvarovkami PPH\/nerez &#8211; b\u00edl\u00fd komaxit.<\/li>\n<li>Syst\u00e9m\u00a0LIL je nab\u00edzen v pr\u016fm\u011brech od\u00a060\/100 mm\u00a0do\u00a0200\/300 mm.<\/li>\n<li>Je u\u010den\u00fd zejm\u00e9na pro\u00a0spalinov\u00e9 cesty ve vnit\u0159n\u00edm prost\u0159ed\u00ed.<\/li>\n<li>Spojov\u00e1n\u00ed jednotliv\u00fdch prvk\u016f syst\u00e9mu\u00a0LIL je\u00a0hrdlov\u00fdmi spoji s EPDM t\u011bsn\u011bn\u00edm.<\/li>\n<li>Charakteristika dle \u010cSN EN 14471:T120 H1\/P1 O W 2 O00\u00a0E E L0<\/li>\n<\/ul>\n<p>Slou\u017e\u00ed k odvodu spalin od kondenza\u010dn\u00edch a n\u00edzkoteplotn\u00edch kotl\u016f s nejvy\u0161\u0161\u00ed teplotou spalin na hrdle odkou\u0159en\u00ed spot\u0159ebi\u010de 120\u00b0C. Je ur\u010den p\u0159ev\u00e1\u017en\u011b pro p\u0159etlakov\u00e9 a vysokop\u0159etlakov\u00e9 spalinov\u00e9 cesty. M\u016f\u017ee b\u00fdt pou\u017eit i pro kom\u00edny s p\u0159irozen\u00fdm tahem. Nen\u00ed ur\u010den pro spalinov\u00e9 cesty, ve kter\u00fdch m\u016f\u017ee doj\u00edt k vyho\u0159en\u00ed saz\u00ed. Je vhodn\u00fd pro kom\u00edny, kter\u00e9 jsou pl\u00e1novit\u011b provozov\u00e1ny v mokr\u00e9m provozn\u00edm re\u017eimu a pou\u017eiteln\u00fd pro spalinovou cestu od spot\u0159ebi\u010d\u016f spaluj\u00edc\u00edch plynn\u00e1 paliva resp. zemn\u00ed plyn (L,H) a tekut\u00e1 paliva (LTO s obsahem s\u00edry do 0,2% kerosin).<\/p>\n<p><strong>ALMEVA LIL koleno 45\u00b0 60\/100<\/strong><\/p>\n<p><\/dc-con><\/dc-con><\/div>\n<div id=\"PDDescription2\" class=\"UserContentView userContent v1a v1 bs-view dcon dc165 PDDescription2\" >\n<p>Vnit\u0159n\u00ed koncentrick\u00fd ( koaxi\u00e1ln\u00ed ) vzducho-spalinov\u00fd syst\u00e9m LIL pro kondenza\u010dn\u00ed kotle<\/p>\n<p><strong>Univerz\u00e1ln\u00ed odkou\u0159en\u00ed pro v\u0161echny v\u00fdrobce i typy kondenza\u010dn<\/strong><strong>\u00edch kotl\u016f.<\/strong><\/p>\n<p>materi\u00e1l PPH\/nerez- b\u00edl\u00fd komaxit<\/p>\n<\/div><\/div>\n<div id=\"PDTable3\" class=\"ProductDetailTableView v3a v3 bs-view dcon dc185 PDTable3\" >\n<table>\n<thead><\/thead>\n<tbody>\n<tr class=\"attribute attr_prumer\">\n<td class=\"caption\">Pr\u016fm\u011br<\/td>\n<td class=\"value\">60\/100 mm<\/td>\n<\/tr>\n<tr class=\"attribute attr_typ\">\n<td class=\"caption\">Typ<\/td>\n<td class=\"value\">Kolena<\/td>\n<\/tr>\n<tr class=\"attribute attr_bsshop_maker\">\n<td class=\"caption\">V\u00fdrobce<\/td>\n<td class=\"value\">Almeva<\/td>\n<\/tr>\n<tr class=\"weight\">\n<td class=\"caption\"><span>Hmotnost<\/span><\/td>\n<td class=\"value\"><span>0,36 kg<\/span><\/td>\n<\/tr>\n<\/tbody>\n<\/table>\n<\/div>\n<\/div>\n<div id=\"e65240\" class=\"tabs\">\n","protected":false},"excerpt":{"rendered":"<p>LIL- PPH\/nerez &#8211; b\u00edl\u00fd komaxit Plastov\u00fd syst\u00e9m odkou\u0159en\u00ed\u00a0LIL je tvo\u0159en\u00fd\u00a0koncentrick\u00fdmi pevn\u00fdmi trubkami a tvarovkami PPH\/nerez &#8211; b\u00edl\u00fd komaxit. Syst\u00e9m\u00a0LIL je nab\u00edzen v pr\u016fm\u011brech od\u00a060\/100 mm\u00a0do\u00a0200\/300 mm. Je u\u010den\u00fd zejm\u00e9na pro\u00a0spalinov\u00e9 cesty ve vnit\u0159n\u00edm prost\u0159ed\u00ed. Spojov\u00e1n\u00ed jednotliv\u00fdch prvk\u016f syst\u00e9mu\u00a0LIL je\u00a0hrdlov\u00fdmi spoji s EPDM t\u011bsn\u011bn\u00edm. Charakteristika dle \u010cSN EN 14471:T120 H1\/P1 O W 2 O00\u00a0E E L0 [&hellip;]<\/p>\n","protected":false},"featured_media":25662,"template":"","meta":[],"product_brand":[],"product_cat":[86],"product_tag":[],"class_list":{"0":"post-25562","1":"product","2":"type-product","3":"status-publish","4":"has-post-thumbnail","6":"product_cat-kotle","8":"first","9":"instock","10":"sale","11":"shipping-taxable","12":"purchasable","13":"product-type-simple"},"yoast_head":"<!-- This site is optimized with the Yoast SEO plugin v26.8 - https:\/\/yoast.com\/product\/yoast-seo-wordpress\/ -->\n<title>Zna\u010dkov\u00fd ALMEVA LIL koleno 45\u00b0 60\/100 - Modern\u00ed koupelny &amp; sanita a interi\u00e9rov\u00e9 vybaven\u00ed pro v\u00e1\u0161 domov<\/title>\n<meta name=\"robots\" content=\"index, follow, max-snippet:-1, max-image-preview:large, max-video-preview:-1\" \/>\n<link rel=\"canonical\" href=\"https:\/\/www.technodompro.com\/index.php\/produkt\/znackovy-almeva-lil-koleno-45deg-60-100-25562\/\" \/>\n<meta property=\"og:locale\" content=\"cs_CZ\" \/>\n<meta property=\"og:type\" content=\"article\" \/>\n<meta property=\"og:title\" content=\"Zna\u010dkov\u00fd ALMEVA LIL koleno 45\u00b0 60\/100 - Modern\u00ed koupelny &amp; sanita a interi\u00e9rov\u00e9 vybaven\u00ed pro v\u00e1\u0161 domov\" \/>\n<meta property=\"og:description\" content=\"LIL- PPH\/nerez &#8211; b\u00edl\u00fd komaxit Plastov\u00fd syst\u00e9m odkou\u0159en\u00ed\u00a0LIL je tvo\u0159en\u00fd\u00a0koncentrick\u00fdmi pevn\u00fdmi trubkami a tvarovkami PPH\/nerez &#8211; b\u00edl\u00fd komaxit. Syst\u00e9m\u00a0LIL je nab\u00edzen v pr\u016fm\u011brech od\u00a060\/100 mm\u00a0do\u00a0200\/300 mm. Je u\u010den\u00fd zejm\u00e9na pro\u00a0spalinov\u00e9 cesty ve vnit\u0159n\u00edm prost\u0159ed\u00ed. Spojov\u00e1n\u00ed jednotliv\u00fdch prvk\u016f syst\u00e9mu\u00a0LIL je\u00a0hrdlov\u00fdmi spoji s EPDM t\u011bsn\u011bn\u00edm. Charakteristika dle \u010cSN EN 14471:T120 H1\/P1 O W 2 O00\u00a0E E L0 [&hellip;]\" \/>\n<meta property=\"og:url\" content=\"https:\/\/www.technodompro.com\/index.php\/produkt\/znackovy-almeva-lil-koleno-45deg-60-100-25562\/\" \/>\n<meta property=\"og:site_name\" content=\"Modern\u00ed koupelny &amp; sanita a interi\u00e9rov\u00e9 vybaven\u00ed pro v\u00e1\u0161 domov\" \/>\n<meta property=\"og:image\" content=\"https:\/\/www.technodompro.com\/wp-content\/uploads\/2026\/SK0012206-CZ20260425-093449-0-1777080895-almeva-lil-koleno-45-60-100.webp\" \/>\n\t<meta property=\"og:image:width\" content=\"1000\" \/>\n\t<meta property=\"og:image:height\" content=\"525\" \/>\n\t<meta property=\"og:image:type\" content=\"image\/webp\" \/>\n<meta name=\"twitter:card\" content=\"summary_large_image\" \/>\n<meta name=\"twitter:label1\" content=\"Odhadovan\u00e1 doba \u010dten\u00ed\" \/>\n\t<meta name=\"twitter:data1\" content=\"1 minuta\" \/>\n<script type=\"application\/ld+json\" class=\"yoast-schema-graph\">{\"@context\":\"https:\/\/schema.org\",\"@graph\":[{\"@type\":\"WebPage\",\"@id\":\"https:\/\/www.technodompro.com\/index.php\/produkt\/znackovy-almeva-lil-koleno-45deg-60-100-25562\/\",\"url\":\"https:\/\/www.technodompro.com\/index.php\/produkt\/znackovy-almeva-lil-koleno-45deg-60-100-25562\/\",\"name\":\"Zna\u010dkov\u00fd ALMEVA LIL koleno 45\u00b0 60\/100 - Modern\u00ed koupelny &amp; sanita a interi\u00e9rov\u00e9 vybaven\u00ed pro v\u00e1\u0161 domov\",\"isPartOf\":{\"@id\":\"https:\/\/www.technodompro.com\/#website\"},\"primaryImageOfPage\":{\"@id\":\"https:\/\/www.technodompro.com\/index.php\/produkt\/znackovy-almeva-lil-koleno-45deg-60-100-25562\/#primaryimage\"},\"image\":{\"@id\":\"https:\/\/www.technodompro.com\/index.php\/produkt\/znackovy-almeva-lil-koleno-45deg-60-100-25562\/#primaryimage\"},\"thumbnailUrl\":\"https:\/\/www.technodompro.com\/wp-content\/uploads\/2026\/SK0012206-CZ20260425-093449-0-1777080895-almeva-lil-koleno-45-60-100.webp\",\"datePublished\":\"2026-04-27T04:41:35+00:00\",\"breadcrumb\":{\"@id\":\"https:\/\/www.technodompro.com\/index.php\/produkt\/znackovy-almeva-lil-koleno-45deg-60-100-25562\/#breadcrumb\"},\"inLanguage\":\"cs\",\"potentialAction\":[{\"@type\":\"ReadAction\",\"target\":[\"https:\/\/www.technodompro.com\/index.php\/produkt\/znackovy-almeva-lil-koleno-45deg-60-100-25562\/\"]}]},{\"@type\":\"ImageObject\",\"inLanguage\":\"cs\",\"@id\":\"https:\/\/www.technodompro.com\/index.php\/produkt\/znackovy-almeva-lil-koleno-45deg-60-100-25562\/#primaryimage\",\"url\":\"https:\/\/www.technodompro.com\/wp-content\/uploads\/2026\/SK0012206-CZ20260425-093449-0-1777080895-almeva-lil-koleno-45-60-100.webp\",\"contentUrl\":\"https:\/\/www.technodompro.com\/wp-content\/uploads\/2026\/SK0012206-CZ20260425-093449-0-1777080895-almeva-lil-koleno-45-60-100.webp\",\"width\":1000,\"height\":525},{\"@type\":\"BreadcrumbList\",\"@id\":\"https:\/\/www.technodompro.com\/index.php\/produkt\/znackovy-almeva-lil-koleno-45deg-60-100-25562\/#breadcrumb\",\"itemListElement\":[{\"@type\":\"ListItem\",\"position\":1,\"name\":\"Home\",\"item\":\"https:\/\/www.technodompro.com\/\"},{\"@type\":\"ListItem\",\"position\":2,\"name\":\"Products\",\"item\":\"https:\/\/www.technodompro.com\/products\/\"},{\"@type\":\"ListItem\",\"position\":3,\"name\":\"Zna\u010dkov\u00fd ALMEVA LIL koleno 45\u00b0 60\/100\"}]},{\"@type\":\"WebSite\",\"@id\":\"https:\/\/www.technodompro.com\/#website\",\"url\":\"https:\/\/www.technodompro.com\/\",\"name\":\"Modern\u00ed koupelny &amp; sanita a interi\u00e9rov\u00e9 vybaven\u00ed pro v\u00e1\u0161 domov\",\"description\":\"Modern\u00ed koupelny &amp; sanita a interi\u00e9rov\u00e9 vybaven\u00ed pro v\u00e1\u0161 domov\",\"publisher\":{\"@id\":\"https:\/\/www.technodompro.com\/#organization\"},\"potentialAction\":[{\"@type\":\"SearchAction\",\"target\":{\"@type\":\"EntryPoint\",\"urlTemplate\":\"https:\/\/www.technodompro.com\/?s={search_term_string}\"},\"query-input\":{\"@type\":\"PropertyValueSpecification\",\"valueRequired\":true,\"valueName\":\"search_term_string\"}}],\"inLanguage\":\"cs\"},{\"@type\":\"Organization\",\"@id\":\"https:\/\/www.technodompro.com\/#organization\",\"name\":\"Modern\u00ed koupelny &amp; sanita a interi\u00e9rov\u00e9 vybaven\u00ed pro v\u00e1\u0161 domov\",\"url\":\"https:\/\/www.technodompro.com\/\",\"logo\":{\"@type\":\"ImageObject\",\"inLanguage\":\"cs\",\"@id\":\"https:\/\/www.technodompro.com\/#\/schema\/logo\/image\/\",\"url\":\"https:\/\/www.technodompro.com\/wp-content\/uploads\/2026\/04\/technodompro_logo.svg\",\"contentUrl\":\"https:\/\/www.technodompro.com\/wp-content\/uploads\/2026\/04\/technodompro_logo.svg\",\"width\":760,\"height\":180,\"caption\":\"Modern\u00ed koupelny &amp; sanita a interi\u00e9rov\u00e9 vybaven\u00ed pro v\u00e1\u0161 domov\"},\"image\":{\"@id\":\"https:\/\/www.technodompro.com\/#\/schema\/logo\/image\/\"}}]}<\/script>\n<!-- \/ Yoast SEO plugin. -->","yoast_head_json":{"title":"Zna\u010dkov\u00fd ALMEVA LIL koleno 45\u00b0 60\/100 - Modern\u00ed koupelny &amp; sanita a interi\u00e9rov\u00e9 vybaven\u00ed pro v\u00e1\u0161 domov","robots":{"index":"index","follow":"follow","max-snippet":"max-snippet:-1","max-image-preview":"max-image-preview:large","max-video-preview":"max-video-preview:-1"},"canonical":"https:\/\/www.technodompro.com\/index.php\/produkt\/znackovy-almeva-lil-koleno-45deg-60-100-25562\/","og_locale":"cs_CZ","og_type":"article","og_title":"Zna\u010dkov\u00fd ALMEVA LIL koleno 45\u00b0 60\/100 - Modern\u00ed koupelny &amp; sanita a interi\u00e9rov\u00e9 vybaven\u00ed pro v\u00e1\u0161 domov","og_description":"LIL- PPH\/nerez &#8211; b\u00edl\u00fd komaxit Plastov\u00fd syst\u00e9m odkou\u0159en\u00ed\u00a0LIL je tvo\u0159en\u00fd\u00a0koncentrick\u00fdmi pevn\u00fdmi trubkami a tvarovkami PPH\/nerez &#8211; b\u00edl\u00fd komaxit. Syst\u00e9m\u00a0LIL je nab\u00edzen v pr\u016fm\u011brech od\u00a060\/100 mm\u00a0do\u00a0200\/300 mm. Je u\u010den\u00fd zejm\u00e9na pro\u00a0spalinov\u00e9 cesty ve vnit\u0159n\u00edm prost\u0159ed\u00ed. Spojov\u00e1n\u00ed jednotliv\u00fdch prvk\u016f syst\u00e9mu\u00a0LIL je\u00a0hrdlov\u00fdmi spoji s EPDM t\u011bsn\u011bn\u00edm. Charakteristika dle \u010cSN EN 14471:T120 H1\/P1 O W 2 O00\u00a0E E L0 [&hellip;]","og_url":"https:\/\/www.technodompro.com\/index.php\/produkt\/znackovy-almeva-lil-koleno-45deg-60-100-25562\/","og_site_name":"Modern\u00ed koupelny &amp; sanita a interi\u00e9rov\u00e9 vybaven\u00ed pro v\u00e1\u0161 domov","og_image":[{"width":1000,"height":525,"url":"https:\/\/www.technodompro.com\/wp-content\/uploads\/2026\/SK0012206-CZ20260425-093449-0-1777080895-almeva-lil-koleno-45-60-100.webp","type":"image\/webp"}],"twitter_card":"summary_large_image","twitter_misc":{"Odhadovan\u00e1 doba \u010dten\u00ed":"1 minuta"},"schema":{"@context":"https:\/\/schema.org","@graph":[{"@type":"WebPage","@id":"https:\/\/www.technodompro.com\/index.php\/produkt\/znackovy-almeva-lil-koleno-45deg-60-100-25562\/","url":"https:\/\/www.technodompro.com\/index.php\/produkt\/znackovy-almeva-lil-koleno-45deg-60-100-25562\/","name":"Zna\u010dkov\u00fd ALMEVA LIL koleno 45\u00b0 60\/100 - Modern\u00ed koupelny &amp; sanita a interi\u00e9rov\u00e9 vybaven\u00ed pro v\u00e1\u0161 domov","isPartOf":{"@id":"https:\/\/www.technodompro.com\/#website"},"primaryImageOfPage":{"@id":"https:\/\/www.technodompro.com\/index.php\/produkt\/znackovy-almeva-lil-koleno-45deg-60-100-25562\/#primaryimage"},"image":{"@id":"https:\/\/www.technodompro.com\/index.php\/produkt\/znackovy-almeva-lil-koleno-45deg-60-100-25562\/#primaryimage"},"thumbnailUrl":"https:\/\/www.technodompro.com\/wp-content\/uploads\/2026\/SK0012206-CZ20260425-093449-0-1777080895-almeva-lil-koleno-45-60-100.webp","datePublished":"2026-04-27T04:41:35+00:00","breadcrumb":{"@id":"https:\/\/www.technodompro.com\/index.php\/produkt\/znackovy-almeva-lil-koleno-45deg-60-100-25562\/#breadcrumb"},"inLanguage":"cs","potentialAction":[{"@type":"ReadAction","target":["https:\/\/www.technodompro.com\/index.php\/produkt\/znackovy-almeva-lil-koleno-45deg-60-100-25562\/"]}]},{"@type":"ImageObject","inLanguage":"cs","@id":"https:\/\/www.technodompro.com\/index.php\/produkt\/znackovy-almeva-lil-koleno-45deg-60-100-25562\/#primaryimage","url":"https:\/\/www.technodompro.com\/wp-content\/uploads\/2026\/SK0012206-CZ20260425-093449-0-1777080895-almeva-lil-koleno-45-60-100.webp","contentUrl":"https:\/\/www.technodompro.com\/wp-content\/uploads\/2026\/SK0012206-CZ20260425-093449-0-1777080895-almeva-lil-koleno-45-60-100.webp","width":1000,"height":525},{"@type":"BreadcrumbList","@id":"https:\/\/www.technodompro.com\/index.php\/produkt\/znackovy-almeva-lil-koleno-45deg-60-100-25562\/#breadcrumb","itemListElement":[{"@type":"ListItem","position":1,"name":"Home","item":"https:\/\/www.technodompro.com\/"},{"@type":"ListItem","position":2,"name":"Products","item":"https:\/\/www.technodompro.com\/products\/"},{"@type":"ListItem","position":3,"name":"Zna\u010dkov\u00fd ALMEVA LIL koleno 45\u00b0 60\/100"}]},{"@type":"WebSite","@id":"https:\/\/www.technodompro.com\/#website","url":"https:\/\/www.technodompro.com\/","name":"Modern\u00ed koupelny &amp; sanita a interi\u00e9rov\u00e9 vybaven\u00ed pro v\u00e1\u0161 domov","description":"Modern\u00ed koupelny &amp; sanita a interi\u00e9rov\u00e9 vybaven\u00ed pro v\u00e1\u0161 domov","publisher":{"@id":"https:\/\/www.technodompro.com\/#organization"},"potentialAction":[{"@type":"SearchAction","target":{"@type":"EntryPoint","urlTemplate":"https:\/\/www.technodompro.com\/?s={search_term_string}"},"query-input":{"@type":"PropertyValueSpecification","valueRequired":true,"valueName":"search_term_string"}}],"inLanguage":"cs"},{"@type":"Organization","@id":"https:\/\/www.technodompro.com\/#organization","name":"Modern\u00ed koupelny &amp; sanita a interi\u00e9rov\u00e9 vybaven\u00ed pro v\u00e1\u0161 domov","url":"https:\/\/www.technodompro.com\/","logo":{"@type":"ImageObject","inLanguage":"cs","@id":"https:\/\/www.technodompro.com\/#\/schema\/logo\/image\/","url":"https:\/\/www.technodompro.com\/wp-content\/uploads\/2026\/04\/technodompro_logo.svg","contentUrl":"https:\/\/www.technodompro.com\/wp-content\/uploads\/2026\/04\/technodompro_logo.svg","width":760,"height":180,"caption":"Modern\u00ed koupelny &amp; sanita a interi\u00e9rov\u00e9 vybaven\u00ed pro v\u00e1\u0161 domov"},"image":{"@id":"https:\/\/www.technodompro.com\/#\/schema\/logo\/image\/"}}]}},"_links":{"self":[{"href":"https:\/\/www.technodompro.com\/wp-json\/wp\/v2\/product\/25562","targetHints":{"allow":["GET"]}}],"collection":[{"href":"https:\/\/www.technodompro.com\/wp-json\/wp\/v2\/product"}],"about":[{"href":"https:\/\/www.technodompro.com\/wp-json\/wp\/v2\/types\/product"}],"wp:featuredmedia":[{"embeddable":true,"href":"https:\/\/www.technodompro.com\/wp-json\/wp\/v2\/media\/25662"}],"wp:attachment":[{"href":"https:\/\/www.technodompro.com\/wp-json\/wp\/v2\/media?parent=25562"}],"wp:term":[{"taxonomy":"product_brand","embeddable":true,"href":"https:\/\/www.technodompro.com\/wp-json\/wp\/v2\/product_brand?post=25562"},{"taxonomy":"product_cat","embeddable":true,"href":"https:\/\/www.technodompro.com\/wp-json\/wp\/v2\/product_cat?post=25562"},{"taxonomy":"product_tag","embeddable":true,"href":"https:\/\/www.technodompro.com\/wp-json\/wp\/v2\/product_tag?post=25562"}],"curies":[{"name":"wp","href":"https:\/\/api.w.org\/{rel}","templated":true}]}}