{"id":2564,"date":"2026-04-27T04:40:40","date_gmt":"2026-04-27T04:40:40","guid":{"rendered":""},"modified":"2026-04-27T04:40:40","modified_gmt":"2026-04-27T04:40:40","slug":"geberit-deska-ovladaci-geberit-200f-alpska-bila-115-222-11-1-sleva-2564","status":"publish","type":"product","link":"https:\/\/www.technodompro.com\/index.php\/produkt\/geberit-deska-ovladaci-geberit-200f-alpska-bila-115-222-11-1-sleva-2564\/","title":{"rendered":"Geberit Deska ovl\u00e1dac\u00ed GEBERIT 200F alpsk\u00e1 b\u00edl\u00e1, 115.222.11.1 Sleva"},"content":{"rendered":"<div class=\"detail-description__right\">\t\t\t\t<\/div>\n<div class=\"detail-description__top\">\t\t\t\t<\/div>\n<div class=\"detail-description__left\">\n<div class=\"detail-description__left__overflow\">\n<div class=\"detail-description__left__head\">\t\t\t\t\t\tPopis:\t\t\t\t\t<\/div>\n<div class=\"ul-style ul-style--check\">\n<p><strong>Popis<\/strong><\/p>\n<p><strong>Geberit ovl\u00e1dac\u00ed tla\u010d\u00edtko 200F, pro splachov\u00e1n\u00edStart\/Stop\u00a0<\/strong><\/p>\n<p>\u00da\u010del pou\u017eit\u00ed:<\/p>\n<ul class=\"plusminus\">\n<li><i class=\"fas fa-check\"><\/i><span>K\u00a0ovl\u00e1d\u00e1n\u00ed splachov\u00e1n\u00ed u\u00a0splachovac\u00edch n\u00e1dr\u017eek pod om\u00edtku Geberit\tTwinline<\/span><\/li>\n<\/ul>\n<p>Vlastnosti:<\/p>\n<ul class=\"plusminus\">\n<li><i class=\"fas fa-check\"><\/i><span>Ovl\u00e1d\u00e1n\u00ed zep\u0159edu<\/span><\/li>\n<\/ul>\n<p>Obsah dod\u00e1vky:<\/p>\n<ul class=\"plusminus\">\n<li><i class=\"fas fa-check\"><\/i><span>Upev\u0148ovac\u00ed r\u00e1me\u010dek<\/span><\/li>\n<li><i class=\"fas fa-check\"><\/i><span>Ty\u010dka tla\u010d\u00edtka<\/span><\/li>\n<li><i class=\"fas fa-check\"><\/i><span>Funk\u010dn\u00ed d\u00edl Stop<\/span><\/li>\n<li><i class=\"fas fa-check\"><\/i><span>Upev\u0148ovac\u00ed materi\u00e1l<\/span><\/li>\n<\/ul>\n<\/div>\n<div class=\"detail-description__left__more\">\t\t\t\t\t\t<span> <\/span><span> <\/span>\t\t\t\t\t<\/div>\n<\/p><\/div>\n<\/p><\/div>\n<div class=\"detail-description__more\"><span> <\/span><span> <\/span><\/div>\n<\/p><\/div>\n<\/p><\/div>\n","protected":false},"excerpt":{"rendered":"<p>Popis: Popis Geberit ovl\u00e1dac\u00ed tla\u010d\u00edtko 200F, pro splachov\u00e1n\u00edStart\/Stop\u00a0 \u00da\u010del pou\u017eit\u00ed: K\u00a0ovl\u00e1d\u00e1n\u00ed splachov\u00e1n\u00ed u\u00a0splachovac\u00edch n\u00e1dr\u017eek pod om\u00edtku Geberit Twinline Vlastnosti: Ovl\u00e1d\u00e1n\u00ed zep\u0159edu Obsah dod\u00e1vky: Upev\u0148ovac\u00ed r\u00e1me\u010dek Ty\u010dka tla\u010d\u00edtka Funk\u010dn\u00ed d\u00edl Stop Upev\u0148ovac\u00ed materi\u00e1l<\/p>\n","protected":false},"featured_media":2664,"comment_status":"open","ping_status":"open","template":"","meta":[],"product_brand":[],"product_cat":[39],"product_tag":[],"class_list":{"0":"post-2564","1":"product","2":"type-product","3":"status-publish","4":"has-post-thumbnail","6":"product_cat-sanita","8":"first","9":"instock","10":"sale","11":"shipping-taxable","12":"purchasable","13":"product-type-simple"},"yoast_head":"<!-- This site is optimized with the Yoast SEO plugin v26.8 - https:\/\/yoast.com\/product\/yoast-seo-wordpress\/ -->\n<title>Geberit Deska ovl\u00e1dac\u00ed GEBERIT 200F alpsk\u00e1 b\u00edl\u00e1, 115.222.11.1 Sleva -<\/title>\n<meta name=\"robots\" content=\"index, follow, max-snippet:-1, max-image-preview:large, max-video-preview:-1\" \/>\n<link rel=\"canonical\" href=\"https:\/\/www.technodompro.com\/index.php\/produkt\/geberit-deska-ovladaci-geberit-200f-alpska-bila-115-222-11-1-sleva-2564\/\" \/>\n<meta property=\"og:locale\" content=\"cs_CZ\" \/>\n<meta property=\"og:type\" content=\"article\" \/>\n<meta property=\"og:title\" content=\"Geberit Deska ovl\u00e1dac\u00ed GEBERIT 200F alpsk\u00e1 b\u00edl\u00e1, 115.222.11.1 Sleva -\" \/>\n<meta property=\"og:description\" content=\"Popis: Popis Geberit ovl\u00e1dac\u00ed tla\u010d\u00edtko 200F, pro splachov\u00e1n\u00edStart\/Stop\u00a0 \u00da\u010del pou\u017eit\u00ed: K\u00a0ovl\u00e1d\u00e1n\u00ed splachov\u00e1n\u00ed u\u00a0splachovac\u00edch n\u00e1dr\u017eek pod om\u00edtku Geberit Twinline Vlastnosti: Ovl\u00e1d\u00e1n\u00ed zep\u0159edu Obsah dod\u00e1vky: Upev\u0148ovac\u00ed r\u00e1me\u010dek Ty\u010dka tla\u010d\u00edtka Funk\u010dn\u00ed d\u00edl Stop Upev\u0148ovac\u00ed materi\u00e1l\" \/>\n<meta property=\"og:url\" content=\"https:\/\/www.technodompro.com\/index.php\/produkt\/geberit-deska-ovladaci-geberit-200f-alpska-bila-115-222-11-1-sleva-2564\/\" \/>\n<meta property=\"og:image\" content=\"https:\/\/www.technodompro.com\/wp-content\/uploads\/2026\/SK0017846-CZ20260425-091936-0-1777079982-geberit-deska-ovladaci-geberit-200f-alpska-bila-115-222-11-.webp\" \/>\n\t<meta property=\"og:image:width\" content=\"1000\" \/>\n\t<meta property=\"og:image:height\" content=\"523\" \/>\n\t<meta property=\"og:image:type\" content=\"image\/webp\" \/>\n<meta name=\"twitter:card\" content=\"summary_large_image\" \/>\n<script type=\"application\/ld+json\" class=\"yoast-schema-graph\">{\"@context\":\"https:\/\/schema.org\",\"@graph\":[{\"@type\":\"WebPage\",\"@id\":\"https:\/\/www.technodompro.com\/index.php\/produkt\/geberit-deska-ovladaci-geberit-200f-alpska-bila-115-222-11-1-sleva-2564\/\",\"url\":\"https:\/\/www.technodompro.com\/index.php\/produkt\/geberit-deska-ovladaci-geberit-200f-alpska-bila-115-222-11-1-sleva-2564\/\",\"name\":\"Geberit Deska ovl\u00e1dac\u00ed GEBERIT 200F alpsk\u00e1 b\u00edl\u00e1, 115.222.11.1 Sleva -\",\"isPartOf\":{\"@id\":\"https:\/\/www.technodompro.com\/#website\"},\"primaryImageOfPage\":{\"@id\":\"https:\/\/www.technodompro.com\/index.php\/produkt\/geberit-deska-ovladaci-geberit-200f-alpska-bila-115-222-11-1-sleva-2564\/#primaryimage\"},\"image\":{\"@id\":\"https:\/\/www.technodompro.com\/index.php\/produkt\/geberit-deska-ovladaci-geberit-200f-alpska-bila-115-222-11-1-sleva-2564\/#primaryimage\"},\"thumbnailUrl\":\"https:\/\/www.technodompro.com\/wp-content\/uploads\/2026\/SK0017846-CZ20260425-091936-0-1777079982-geberit-deska-ovladaci-geberit-200f-alpska-bila-115-222-11-.webp\",\"datePublished\":\"2026-04-27T04:40:40+00:00\",\"breadcrumb\":{\"@id\":\"https:\/\/www.technodompro.com\/index.php\/produkt\/geberit-deska-ovladaci-geberit-200f-alpska-bila-115-222-11-1-sleva-2564\/#breadcrumb\"},\"inLanguage\":\"cs\",\"potentialAction\":[{\"@type\":\"ReadAction\",\"target\":[\"https:\/\/www.technodompro.com\/index.php\/produkt\/geberit-deska-ovladaci-geberit-200f-alpska-bila-115-222-11-1-sleva-2564\/\"]}]},{\"@type\":\"ImageObject\",\"inLanguage\":\"cs\",\"@id\":\"https:\/\/www.technodompro.com\/index.php\/produkt\/geberit-deska-ovladaci-geberit-200f-alpska-bila-115-222-11-1-sleva-2564\/#primaryimage\",\"url\":\"https:\/\/www.technodompro.com\/wp-content\/uploads\/2026\/SK0017846-CZ20260425-091936-0-1777079982-geberit-deska-ovladaci-geberit-200f-alpska-bila-115-222-11-.webp\",\"contentUrl\":\"https:\/\/www.technodompro.com\/wp-content\/uploads\/2026\/SK0017846-CZ20260425-091936-0-1777079982-geberit-deska-ovladaci-geberit-200f-alpska-bila-115-222-11-.webp\",\"width\":1000,\"height\":523},{\"@type\":\"BreadcrumbList\",\"@id\":\"https:\/\/www.technodompro.com\/index.php\/produkt\/geberit-deska-ovladaci-geberit-200f-alpska-bila-115-222-11-1-sleva-2564\/#breadcrumb\",\"itemListElement\":[{\"@type\":\"ListItem\",\"position\":1,\"name\":\"Home\",\"item\":\"https:\/\/www.technodompro.com\/\"},{\"@type\":\"ListItem\",\"position\":2,\"name\":\"Products\",\"item\":\"https:\/\/www.technodompro.com\/index.php\/products\/\"},{\"@type\":\"ListItem\",\"position\":3,\"name\":\"Geberit Deska ovl\u00e1dac\u00ed GEBERIT 200F alpsk\u00e1 b\u00edl\u00e1, 115.222.11.1 Sleva\"}]},{\"@type\":\"WebSite\",\"@id\":\"https:\/\/www.technodompro.com\/#website\",\"url\":\"https:\/\/www.technodompro.com\/\",\"name\":\"\",\"description\":\"\",\"potentialAction\":[{\"@type\":\"SearchAction\",\"target\":{\"@type\":\"EntryPoint\",\"urlTemplate\":\"https:\/\/www.technodompro.com\/?s={search_term_string}\"},\"query-input\":{\"@type\":\"PropertyValueSpecification\",\"valueRequired\":true,\"valueName\":\"search_term_string\"}}],\"inLanguage\":\"cs\"}]}<\/script>\n<!-- \/ Yoast SEO plugin. -->","yoast_head_json":{"title":"Geberit Deska ovl\u00e1dac\u00ed GEBERIT 200F alpsk\u00e1 b\u00edl\u00e1, 115.222.11.1 Sleva -","robots":{"index":"index","follow":"follow","max-snippet":"max-snippet:-1","max-image-preview":"max-image-preview:large","max-video-preview":"max-video-preview:-1"},"canonical":"https:\/\/www.technodompro.com\/index.php\/produkt\/geberit-deska-ovladaci-geberit-200f-alpska-bila-115-222-11-1-sleva-2564\/","og_locale":"cs_CZ","og_type":"article","og_title":"Geberit Deska ovl\u00e1dac\u00ed GEBERIT 200F alpsk\u00e1 b\u00edl\u00e1, 115.222.11.1 Sleva -","og_description":"Popis: Popis Geberit ovl\u00e1dac\u00ed tla\u010d\u00edtko 200F, pro splachov\u00e1n\u00edStart\/Stop\u00a0 \u00da\u010del pou\u017eit\u00ed: K\u00a0ovl\u00e1d\u00e1n\u00ed splachov\u00e1n\u00ed u\u00a0splachovac\u00edch n\u00e1dr\u017eek pod om\u00edtku Geberit Twinline Vlastnosti: Ovl\u00e1d\u00e1n\u00ed zep\u0159edu Obsah dod\u00e1vky: Upev\u0148ovac\u00ed r\u00e1me\u010dek Ty\u010dka tla\u010d\u00edtka Funk\u010dn\u00ed d\u00edl Stop Upev\u0148ovac\u00ed materi\u00e1l","og_url":"https:\/\/www.technodompro.com\/index.php\/produkt\/geberit-deska-ovladaci-geberit-200f-alpska-bila-115-222-11-1-sleva-2564\/","og_image":[{"width":1000,"height":523,"url":"https:\/\/www.technodompro.com\/wp-content\/uploads\/2026\/SK0017846-CZ20260425-091936-0-1777079982-geberit-deska-ovladaci-geberit-200f-alpska-bila-115-222-11-.webp","type":"image\/webp"}],"twitter_card":"summary_large_image","schema":{"@context":"https:\/\/schema.org","@graph":[{"@type":"WebPage","@id":"https:\/\/www.technodompro.com\/index.php\/produkt\/geberit-deska-ovladaci-geberit-200f-alpska-bila-115-222-11-1-sleva-2564\/","url":"https:\/\/www.technodompro.com\/index.php\/produkt\/geberit-deska-ovladaci-geberit-200f-alpska-bila-115-222-11-1-sleva-2564\/","name":"Geberit Deska ovl\u00e1dac\u00ed GEBERIT 200F alpsk\u00e1 b\u00edl\u00e1, 115.222.11.1 Sleva -","isPartOf":{"@id":"https:\/\/www.technodompro.com\/#website"},"primaryImageOfPage":{"@id":"https:\/\/www.technodompro.com\/index.php\/produkt\/geberit-deska-ovladaci-geberit-200f-alpska-bila-115-222-11-1-sleva-2564\/#primaryimage"},"image":{"@id":"https:\/\/www.technodompro.com\/index.php\/produkt\/geberit-deska-ovladaci-geberit-200f-alpska-bila-115-222-11-1-sleva-2564\/#primaryimage"},"thumbnailUrl":"https:\/\/www.technodompro.com\/wp-content\/uploads\/2026\/SK0017846-CZ20260425-091936-0-1777079982-geberit-deska-ovladaci-geberit-200f-alpska-bila-115-222-11-.webp","datePublished":"2026-04-27T04:40:40+00:00","breadcrumb":{"@id":"https:\/\/www.technodompro.com\/index.php\/produkt\/geberit-deska-ovladaci-geberit-200f-alpska-bila-115-222-11-1-sleva-2564\/#breadcrumb"},"inLanguage":"cs","potentialAction":[{"@type":"ReadAction","target":["https:\/\/www.technodompro.com\/index.php\/produkt\/geberit-deska-ovladaci-geberit-200f-alpska-bila-115-222-11-1-sleva-2564\/"]}]},{"@type":"ImageObject","inLanguage":"cs","@id":"https:\/\/www.technodompro.com\/index.php\/produkt\/geberit-deska-ovladaci-geberit-200f-alpska-bila-115-222-11-1-sleva-2564\/#primaryimage","url":"https:\/\/www.technodompro.com\/wp-content\/uploads\/2026\/SK0017846-CZ20260425-091936-0-1777079982-geberit-deska-ovladaci-geberit-200f-alpska-bila-115-222-11-.webp","contentUrl":"https:\/\/www.technodompro.com\/wp-content\/uploads\/2026\/SK0017846-CZ20260425-091936-0-1777079982-geberit-deska-ovladaci-geberit-200f-alpska-bila-115-222-11-.webp","width":1000,"height":523},{"@type":"BreadcrumbList","@id":"https:\/\/www.technodompro.com\/index.php\/produkt\/geberit-deska-ovladaci-geberit-200f-alpska-bila-115-222-11-1-sleva-2564\/#breadcrumb","itemListElement":[{"@type":"ListItem","position":1,"name":"Home","item":"https:\/\/www.technodompro.com\/"},{"@type":"ListItem","position":2,"name":"Products","item":"https:\/\/www.technodompro.com\/index.php\/products\/"},{"@type":"ListItem","position":3,"name":"Geberit Deska ovl\u00e1dac\u00ed GEBERIT 200F alpsk\u00e1 b\u00edl\u00e1, 115.222.11.1 Sleva"}]},{"@type":"WebSite","@id":"https:\/\/www.technodompro.com\/#website","url":"https:\/\/www.technodompro.com\/","name":"","description":"","potentialAction":[{"@type":"SearchAction","target":{"@type":"EntryPoint","urlTemplate":"https:\/\/www.technodompro.com\/?s={search_term_string}"},"query-input":{"@type":"PropertyValueSpecification","valueRequired":true,"valueName":"search_term_string"}}],"inLanguage":"cs"}]}},"_links":{"self":[{"href":"https:\/\/www.technodompro.com\/index.php\/wp-json\/wp\/v2\/product\/2564","targetHints":{"allow":["GET"]}}],"collection":[{"href":"https:\/\/www.technodompro.com\/index.php\/wp-json\/wp\/v2\/product"}],"about":[{"href":"https:\/\/www.technodompro.com\/index.php\/wp-json\/wp\/v2\/types\/product"}],"replies":[{"embeddable":true,"href":"https:\/\/www.technodompro.com\/index.php\/wp-json\/wp\/v2\/comments?post=2564"}],"wp:featuredmedia":[{"embeddable":true,"href":"https:\/\/www.technodompro.com\/index.php\/wp-json\/wp\/v2\/media\/2664"}],"wp:attachment":[{"href":"https:\/\/www.technodompro.com\/index.php\/wp-json\/wp\/v2\/media?parent=2564"}],"wp:term":[{"taxonomy":"product_brand","embeddable":true,"href":"https:\/\/www.technodompro.com\/index.php\/wp-json\/wp\/v2\/product_brand?post=2564"},{"taxonomy":"product_cat","embeddable":true,"href":"https:\/\/www.technodompro.com\/index.php\/wp-json\/wp\/v2\/product_cat?post=2564"},{"taxonomy":"product_tag","embeddable":true,"href":"https:\/\/www.technodompro.com\/index.php\/wp-json\/wp\/v2\/product_tag?post=2564"}],"curies":[{"name":"wp","href":"https:\/\/api.w.org\/{rel}","templated":true}]}}