{"id":26523,"date":"2026-04-27T04:41:38","date_gmt":"2026-04-27T04:41:38","guid":{"rendered":""},"modified":"2026-04-27T04:41:38","modified_gmt":"2026-04-27T04:41:38","slug":"znackovy-opop-lambda-sonda-set-lambda-modul-sondy-26523","status":"publish","type":"product","link":"https:\/\/www.technodompro.com\/index.php\/produkt\/znackovy-opop-lambda-sonda-set-lambda-modul-sondy-26523\/","title":{"rendered":"Zna\u010dkov\u00fd OPOP Lambda sonda set (lambda + modul sondy)"},"content":{"rendered":"<div id=\"e324487\" class=\"pages\">\n<div>\n<div id=\"PDDescription\" class=\"UserContentView userContent v1a v1 bs-view dcon dc164 PDDescription\" ><dc-con><dc-con><bs-empty><\/bs-empty><\/dc-con><dc-con>        <\/p>\n<div class=\"customDescription\">                    <\/div>\n<p><\/dc-con><dc-con><\/p>\n<p><strong>OPOP Lambda sonda set <\/strong>(lambda + modul sondy)<\/p>\n<p>Chcete, aby v\u00e1\u0161 kotel v\u017edy pracoval co nejl\u00e9pe?\u00a0Lambda sonda m\u011b\u0159\u00ed p\u0159ebyte\u010dn\u00fd kysl\u00edk v kotli a\u00a0n\u00e1sledn\u011b reguluje spalovac\u00ed proces, aby byl co\u00a0nejefektivn\u011bj\u0161\u00ed.<\/p>\n<p>Slou\u017e\u00ed k\u00a0udr\u017eov\u00e1n\u00ed po\u017eadovan\u00e9ho zbytkov\u00e9ho kysl\u00edku v\u00a0kotli. D\u00edky tomu se automaticky optimalizuje spalovac\u00ed proces s\u00a0po\u017eadavkem doc\u00edlit co nejni\u017e\u0161\u00edch emis\u00ed a\u00a0kvalitn\u00edho spalov\u00e1n\u00ed s\u00a0minimem popela. Lambda sonda m\u011b\u0159\u00ed aktu\u00e1ln\u00ed nesp\u00e1len\u00fd kysl\u00edk na vstupu z\u00a0kotle do kom\u00edna a\u00a0sna\u017e\u00ed se jej udr\u017eet ve stanoven\u00e9m rozmez\u00ed \u2013 v\u011bt\u0161inou kolem 8% pro maxim\u00e1ln\u00ed v\u00fdkon a\u00a0kolem 12% pro minim\u00e1ln\u00ed v\u00fdkon. To zajist\u00ed optim\u00e1ln\u00ed emisn\u00ed hodnoty oxidu uhelnat\u00e9ho, oxid\u016f dus\u00edku a\u00a0minimalizuje se tak mno\u017estv\u00ed prachov\u00fdch \u010d\u00e1stic, kter\u00e9 uniknou do kom\u00edna.\u00a0<\/p>\n<p><\/dc-con><\/dc-con><\/div>\n<\/p><\/div>\n<div id=\"PDTable3\" class=\"ProductDetailTableView v3a v3 bs-view dcon dc185 PDTable3\" >\n<table>\n<thead><\/thead>\n<tbody>\n<tr class=\"attribute attr_palivo1\">\n<td class=\"caption\">Palivo <\/td>\n<td class=\"value\">15480<\/td>\n<\/tr>\n<tr class=\"attribute attr_bsshop_maker\">\n<td class=\"caption\">V\u00fdrobce<\/td>\n<td class=\"value\">Opop<\/td>\n<\/tr>\n<\/tbody>\n<\/table>\n<\/div>\n<div id=\"PdProductGpsr\" class=\"ProductGpsrView v1a v1 bs-view dcon dc217 PdProductGpsr\" >\n<div class=\"subject\"><dc-root class=\"dcon dc219\"><span class=\"title\">Zodpov\u011bdn&#253; subjekt:<\/span><dc-con><dc-con><span class=\"company\">OPOP s.r.o.<\/span><span class=\"name\">Opop<\/span><\/dc-con><dc-con><span class=\"street\">Za\u0161ovsk&#225; 750<\/span><span class=\"city\">Vala\u0161sk&#233; Mezi\u0159&#237;\u010d&#237;<\/span><span class=\"zip\">757 01<\/span><span class=\"country\">\u010cesko<\/span><\/dc-con><span class=\"email\">sales@opop.cz<\/span><span class=\"phone\">571 675 240<\/span><bs-empty><\/bs-empty><a href=\"https:\/\/www.opop.cz\/\" class=\"link\" target=\"_blank\">https:\/\/www.opop.cz\/<\/a><\/dc-con><bs-empty><\/bs-empty><\/dc-root><\/div>\n<p><bs-empty><\/bs-empty><\/div>\n<\/div>\n<div id=\"e324488\" class=\"tabs\">\n","protected":false},"excerpt":{"rendered":"<p>OPOP Lambda sonda set (lambda + modul sondy) Chcete, aby v\u00e1\u0161 kotel v\u017edy pracoval co nejl\u00e9pe?\u00a0Lambda sonda m\u011b\u0159\u00ed p\u0159ebyte\u010dn\u00fd kysl\u00edk v kotli a\u00a0n\u00e1sledn\u011b reguluje spalovac\u00ed proces, aby byl co\u00a0nejefektivn\u011bj\u0161\u00ed. Slou\u017e\u00ed k\u00a0udr\u017eov\u00e1n\u00ed po\u017eadovan\u00e9ho zbytkov\u00e9ho kysl\u00edku v\u00a0kotli. D\u00edky tomu se automaticky optimalizuje spalovac\u00ed proces s\u00a0po\u017eadavkem doc\u00edlit co nejni\u017e\u0161\u00edch emis\u00ed a\u00a0kvalitn\u00edho spalov\u00e1n\u00ed s\u00a0minimem popela. Lambda sonda m\u011b\u0159\u00ed aktu\u00e1ln\u00ed [&hellip;]<\/p>\n","protected":false},"featured_media":26623,"comment_status":"open","ping_status":"open","template":"","meta":[],"product_brand":[],"product_cat":[86],"product_tag":[],"class_list":{"0":"post-26523","1":"product","2":"type-product","3":"status-publish","4":"has-post-thumbnail","6":"product_cat-kotle","8":"first","9":"instock","10":"sale","11":"shipping-taxable","12":"purchasable","13":"product-type-simple"},"yoast_head":"<!-- This site is optimized with the Yoast SEO plugin v26.8 - https:\/\/yoast.com\/product\/yoast-seo-wordpress\/ -->\n<title>Zna\u010dkov\u00fd OPOP Lambda sonda set (lambda + modul sondy) -<\/title>\n<meta name=\"robots\" content=\"index, follow, max-snippet:-1, max-image-preview:large, max-video-preview:-1\" \/>\n<link rel=\"canonical\" href=\"https:\/\/www.technodompro.com\/index.php\/produkt\/znackovy-opop-lambda-sonda-set-lambda-modul-sondy-26523\/\" \/>\n<meta property=\"og:locale\" content=\"cs_CZ\" \/>\n<meta property=\"og:type\" content=\"article\" \/>\n<meta property=\"og:title\" content=\"Zna\u010dkov\u00fd OPOP Lambda sonda set (lambda + modul sondy) -\" \/>\n<meta property=\"og:description\" content=\"OPOP Lambda sonda set (lambda + modul sondy) Chcete, aby v\u00e1\u0161 kotel v\u017edy pracoval co nejl\u00e9pe?\u00a0Lambda sonda m\u011b\u0159\u00ed p\u0159ebyte\u010dn\u00fd kysl\u00edk v kotli a\u00a0n\u00e1sledn\u011b reguluje spalovac\u00ed proces, aby byl co\u00a0nejefektivn\u011bj\u0161\u00ed. Slou\u017e\u00ed k\u00a0udr\u017eov\u00e1n\u00ed po\u017eadovan\u00e9ho zbytkov\u00e9ho kysl\u00edku v\u00a0kotli. D\u00edky tomu se automaticky optimalizuje spalovac\u00ed proces s\u00a0po\u017eadavkem doc\u00edlit co nejni\u017e\u0161\u00edch emis\u00ed a\u00a0kvalitn\u00edho spalov\u00e1n\u00ed s\u00a0minimem popela. Lambda sonda m\u011b\u0159\u00ed aktu\u00e1ln\u00ed [&hellip;]\" \/>\n<meta property=\"og:url\" content=\"https:\/\/www.technodompro.com\/index.php\/produkt\/znackovy-opop-lambda-sonda-set-lambda-modul-sondy-26523\/\" \/>\n<meta property=\"og:image\" content=\"https:\/\/www.technodompro.com\/wp-content\/uploads\/2026\/SK0012678-CZ20260425-093449-0-1777080895-opop-lambda-sonda-set-lambda-modul-sondy.webp\" \/>\n\t<meta property=\"og:image:width\" content=\"1000\" \/>\n\t<meta property=\"og:image:height\" content=\"525\" \/>\n\t<meta property=\"og:image:type\" content=\"image\/webp\" \/>\n<meta name=\"twitter:card\" content=\"summary_large_image\" \/>\n<meta name=\"twitter:label1\" content=\"Odhadovan\u00e1 doba \u010dten\u00ed\" \/>\n\t<meta name=\"twitter:data1\" content=\"1 minuta\" \/>\n<script type=\"application\/ld+json\" class=\"yoast-schema-graph\">{\"@context\":\"https:\/\/schema.org\",\"@graph\":[{\"@type\":\"WebPage\",\"@id\":\"https:\/\/www.technodompro.com\/index.php\/produkt\/znackovy-opop-lambda-sonda-set-lambda-modul-sondy-26523\/\",\"url\":\"https:\/\/www.technodompro.com\/index.php\/produkt\/znackovy-opop-lambda-sonda-set-lambda-modul-sondy-26523\/\",\"name\":\"Zna\u010dkov\u00fd OPOP Lambda sonda set (lambda + modul sondy) -\",\"isPartOf\":{\"@id\":\"https:\/\/www.technodompro.com\/#website\"},\"primaryImageOfPage\":{\"@id\":\"https:\/\/www.technodompro.com\/index.php\/produkt\/znackovy-opop-lambda-sonda-set-lambda-modul-sondy-26523\/#primaryimage\"},\"image\":{\"@id\":\"https:\/\/www.technodompro.com\/index.php\/produkt\/znackovy-opop-lambda-sonda-set-lambda-modul-sondy-26523\/#primaryimage\"},\"thumbnailUrl\":\"https:\/\/www.technodompro.com\/wp-content\/uploads\/2026\/SK0012678-CZ20260425-093449-0-1777080895-opop-lambda-sonda-set-lambda-modul-sondy.webp\",\"datePublished\":\"2026-04-27T04:41:38+00:00\",\"breadcrumb\":{\"@id\":\"https:\/\/www.technodompro.com\/index.php\/produkt\/znackovy-opop-lambda-sonda-set-lambda-modul-sondy-26523\/#breadcrumb\"},\"inLanguage\":\"cs\",\"potentialAction\":[{\"@type\":\"ReadAction\",\"target\":[\"https:\/\/www.technodompro.com\/index.php\/produkt\/znackovy-opop-lambda-sonda-set-lambda-modul-sondy-26523\/\"]}]},{\"@type\":\"ImageObject\",\"inLanguage\":\"cs\",\"@id\":\"https:\/\/www.technodompro.com\/index.php\/produkt\/znackovy-opop-lambda-sonda-set-lambda-modul-sondy-26523\/#primaryimage\",\"url\":\"https:\/\/www.technodompro.com\/wp-content\/uploads\/2026\/SK0012678-CZ20260425-093449-0-1777080895-opop-lambda-sonda-set-lambda-modul-sondy.webp\",\"contentUrl\":\"https:\/\/www.technodompro.com\/wp-content\/uploads\/2026\/SK0012678-CZ20260425-093449-0-1777080895-opop-lambda-sonda-set-lambda-modul-sondy.webp\",\"width\":1000,\"height\":525},{\"@type\":\"BreadcrumbList\",\"@id\":\"https:\/\/www.technodompro.com\/index.php\/produkt\/znackovy-opop-lambda-sonda-set-lambda-modul-sondy-26523\/#breadcrumb\",\"itemListElement\":[{\"@type\":\"ListItem\",\"position\":1,\"name\":\"Home\",\"item\":\"https:\/\/www.technodompro.com\/\"},{\"@type\":\"ListItem\",\"position\":2,\"name\":\"Products\",\"item\":\"https:\/\/www.technodompro.com\/index.php\/products\/\"},{\"@type\":\"ListItem\",\"position\":3,\"name\":\"Zna\u010dkov\u00fd OPOP Lambda sonda set (lambda + modul sondy)\"}]},{\"@type\":\"WebSite\",\"@id\":\"https:\/\/www.technodompro.com\/#website\",\"url\":\"https:\/\/www.technodompro.com\/\",\"name\":\"\",\"description\":\"\",\"potentialAction\":[{\"@type\":\"SearchAction\",\"target\":{\"@type\":\"EntryPoint\",\"urlTemplate\":\"https:\/\/www.technodompro.com\/?s={search_term_string}\"},\"query-input\":{\"@type\":\"PropertyValueSpecification\",\"valueRequired\":true,\"valueName\":\"search_term_string\"}}],\"inLanguage\":\"cs\"}]}<\/script>\n<!-- \/ Yoast SEO plugin. -->","yoast_head_json":{"title":"Zna\u010dkov\u00fd OPOP Lambda sonda set (lambda + modul sondy) -","robots":{"index":"index","follow":"follow","max-snippet":"max-snippet:-1","max-image-preview":"max-image-preview:large","max-video-preview":"max-video-preview:-1"},"canonical":"https:\/\/www.technodompro.com\/index.php\/produkt\/znackovy-opop-lambda-sonda-set-lambda-modul-sondy-26523\/","og_locale":"cs_CZ","og_type":"article","og_title":"Zna\u010dkov\u00fd OPOP Lambda sonda set (lambda + modul sondy) -","og_description":"OPOP Lambda sonda set (lambda + modul sondy) Chcete, aby v\u00e1\u0161 kotel v\u017edy pracoval co nejl\u00e9pe?\u00a0Lambda sonda m\u011b\u0159\u00ed p\u0159ebyte\u010dn\u00fd kysl\u00edk v kotli a\u00a0n\u00e1sledn\u011b reguluje spalovac\u00ed proces, aby byl co\u00a0nejefektivn\u011bj\u0161\u00ed. Slou\u017e\u00ed k\u00a0udr\u017eov\u00e1n\u00ed po\u017eadovan\u00e9ho zbytkov\u00e9ho kysl\u00edku v\u00a0kotli. D\u00edky tomu se automaticky optimalizuje spalovac\u00ed proces s\u00a0po\u017eadavkem doc\u00edlit co nejni\u017e\u0161\u00edch emis\u00ed a\u00a0kvalitn\u00edho spalov\u00e1n\u00ed s\u00a0minimem popela. Lambda sonda m\u011b\u0159\u00ed aktu\u00e1ln\u00ed [&hellip;]","og_url":"https:\/\/www.technodompro.com\/index.php\/produkt\/znackovy-opop-lambda-sonda-set-lambda-modul-sondy-26523\/","og_image":[{"width":1000,"height":525,"url":"https:\/\/www.technodompro.com\/wp-content\/uploads\/2026\/SK0012678-CZ20260425-093449-0-1777080895-opop-lambda-sonda-set-lambda-modul-sondy.webp","type":"image\/webp"}],"twitter_card":"summary_large_image","twitter_misc":{"Odhadovan\u00e1 doba \u010dten\u00ed":"1 minuta"},"schema":{"@context":"https:\/\/schema.org","@graph":[{"@type":"WebPage","@id":"https:\/\/www.technodompro.com\/index.php\/produkt\/znackovy-opop-lambda-sonda-set-lambda-modul-sondy-26523\/","url":"https:\/\/www.technodompro.com\/index.php\/produkt\/znackovy-opop-lambda-sonda-set-lambda-modul-sondy-26523\/","name":"Zna\u010dkov\u00fd OPOP Lambda sonda set (lambda + modul sondy) -","isPartOf":{"@id":"https:\/\/www.technodompro.com\/#website"},"primaryImageOfPage":{"@id":"https:\/\/www.technodompro.com\/index.php\/produkt\/znackovy-opop-lambda-sonda-set-lambda-modul-sondy-26523\/#primaryimage"},"image":{"@id":"https:\/\/www.technodompro.com\/index.php\/produkt\/znackovy-opop-lambda-sonda-set-lambda-modul-sondy-26523\/#primaryimage"},"thumbnailUrl":"https:\/\/www.technodompro.com\/wp-content\/uploads\/2026\/SK0012678-CZ20260425-093449-0-1777080895-opop-lambda-sonda-set-lambda-modul-sondy.webp","datePublished":"2026-04-27T04:41:38+00:00","breadcrumb":{"@id":"https:\/\/www.technodompro.com\/index.php\/produkt\/znackovy-opop-lambda-sonda-set-lambda-modul-sondy-26523\/#breadcrumb"},"inLanguage":"cs","potentialAction":[{"@type":"ReadAction","target":["https:\/\/www.technodompro.com\/index.php\/produkt\/znackovy-opop-lambda-sonda-set-lambda-modul-sondy-26523\/"]}]},{"@type":"ImageObject","inLanguage":"cs","@id":"https:\/\/www.technodompro.com\/index.php\/produkt\/znackovy-opop-lambda-sonda-set-lambda-modul-sondy-26523\/#primaryimage","url":"https:\/\/www.technodompro.com\/wp-content\/uploads\/2026\/SK0012678-CZ20260425-093449-0-1777080895-opop-lambda-sonda-set-lambda-modul-sondy.webp","contentUrl":"https:\/\/www.technodompro.com\/wp-content\/uploads\/2026\/SK0012678-CZ20260425-093449-0-1777080895-opop-lambda-sonda-set-lambda-modul-sondy.webp","width":1000,"height":525},{"@type":"BreadcrumbList","@id":"https:\/\/www.technodompro.com\/index.php\/produkt\/znackovy-opop-lambda-sonda-set-lambda-modul-sondy-26523\/#breadcrumb","itemListElement":[{"@type":"ListItem","position":1,"name":"Home","item":"https:\/\/www.technodompro.com\/"},{"@type":"ListItem","position":2,"name":"Products","item":"https:\/\/www.technodompro.com\/index.php\/products\/"},{"@type":"ListItem","position":3,"name":"Zna\u010dkov\u00fd OPOP Lambda sonda set (lambda + modul sondy)"}]},{"@type":"WebSite","@id":"https:\/\/www.technodompro.com\/#website","url":"https:\/\/www.technodompro.com\/","name":"","description":"","potentialAction":[{"@type":"SearchAction","target":{"@type":"EntryPoint","urlTemplate":"https:\/\/www.technodompro.com\/?s={search_term_string}"},"query-input":{"@type":"PropertyValueSpecification","valueRequired":true,"valueName":"search_term_string"}}],"inLanguage":"cs"}]}},"_links":{"self":[{"href":"https:\/\/www.technodompro.com\/index.php\/wp-json\/wp\/v2\/product\/26523","targetHints":{"allow":["GET"]}}],"collection":[{"href":"https:\/\/www.technodompro.com\/index.php\/wp-json\/wp\/v2\/product"}],"about":[{"href":"https:\/\/www.technodompro.com\/index.php\/wp-json\/wp\/v2\/types\/product"}],"replies":[{"embeddable":true,"href":"https:\/\/www.technodompro.com\/index.php\/wp-json\/wp\/v2\/comments?post=26523"}],"wp:featuredmedia":[{"embeddable":true,"href":"https:\/\/www.technodompro.com\/index.php\/wp-json\/wp\/v2\/media\/26623"}],"wp:attachment":[{"href":"https:\/\/www.technodompro.com\/index.php\/wp-json\/wp\/v2\/media?parent=26523"}],"wp:term":[{"taxonomy":"product_brand","embeddable":true,"href":"https:\/\/www.technodompro.com\/index.php\/wp-json\/wp\/v2\/product_brand?post=26523"},{"taxonomy":"product_cat","embeddable":true,"href":"https:\/\/www.technodompro.com\/index.php\/wp-json\/wp\/v2\/product_cat?post=26523"},{"taxonomy":"product_tag","embeddable":true,"href":"https:\/\/www.technodompro.com\/index.php\/wp-json\/wp\/v2\/product_tag?post=26523"}],"curies":[{"name":"wp","href":"https:\/\/api.w.org\/{rel}","templated":true}]}}