{"id":26924,"date":"2026-04-27T04:41:39","date_gmt":"2026-04-27T04:41:39","guid":{"rendered":""},"modified":"2026-04-27T04:41:39","modified_gmt":"2026-04-27T04:41:39","slug":"sapho-schwab-vela-ovladaci-tlacitko-247x165-mm-cerna-mat-p47-0190-0253-top-prodej-26924","status":"publish","type":"product","link":"https:\/\/www.technodompro.com\/index.php\/produkt\/sapho-schwab-vela-ovladaci-tlacitko-247x165-mm-cerna-mat-p47-0190-0253-top-prodej-26924\/","title":{"rendered":"Sapho SCHWAB VELA ovl\u00e1dac\u00ed tla\u010d\u00edtko, 247&#215;165 mm, \u010dern\u00e1 mat P47-0190-0253 Top Prodej"},"content":{"rendered":"<div class=\"basic-description\">\n<h3>Detailn\u00ed popis produktu<\/h3>\n<p><\/p>\n<h2 class=\"props-title\">Vlastnosti<\/h2>\n<table>\n<tr>\n<th>Zna\u010dka<\/th>\n<td>SCHWAB<\/td>\n<\/tr>\n<tr>\n<th>Rozm\u011br<\/th>\n<td>247x165x14 mm<\/td>\n<\/tr>\n<tr>\n<th>Barva<\/th>\n<td>\u010cern\u00e1<\/td>\n<\/tr>\n<tr>\n<th>Materi\u00e1l<\/th>\n<td>Plast<\/td>\n<\/tr>\n<tr>\n<th>Hmotnost \/ ks<\/th>\n<td>0.4000&nbsp;kg<\/td>\n<\/tr>\n<tr>\n<th>Balen\u00ed<\/th>\n<td>1&nbsp;ks<\/td>\n<\/tr>\n<tr>\n<th>EAN<\/th>\n<td>8681282677115<\/td>\n<\/tr>\n<tr>\n<th>Taric<\/th>\n<td>39229000<\/td>\n<\/tr>\n<tr>\n<th>Z\u00e1ruka<\/th>\n<td>2 roky<\/td>\n<\/tr>\n<\/table><\/div>\n","protected":false},"excerpt":{"rendered":"<p>Detailn\u00ed popis produktu Vlastnosti Zna\u010dka SCHWAB Rozm\u011br 247x165x14 mm Barva \u010cern\u00e1 Materi\u00e1l Plast Hmotnost \/ ks 0.4000&nbsp;kg Balen\u00ed 1&nbsp;ks EAN 8681282677115 Taric 39229000 Z\u00e1ruka 2 roky<\/p>\n","protected":false},"featured_media":27024,"comment_status":"open","ping_status":"open","template":"","meta":[],"product_brand":[],"product_cat":[101],"product_tag":[],"class_list":{"0":"post-26924","1":"product","2":"type-product","3":"status-publish","4":"has-post-thumbnail","6":"product_cat-wc","8":"first","9":"instock","10":"sale","11":"shipping-taxable","12":"purchasable","13":"product-type-simple"},"yoast_head":"<!-- This site is optimized with the Yoast SEO plugin v26.8 - https:\/\/yoast.com\/product\/yoast-seo-wordpress\/ -->\n<title>Sapho SCHWAB VELA ovl\u00e1dac\u00ed tla\u010d\u00edtko, 247x165 mm, \u010dern\u00e1 mat P47-0190-0253 Top Prodej -<\/title>\n<meta name=\"robots\" content=\"index, follow, max-snippet:-1, max-image-preview:large, max-video-preview:-1\" \/>\n<link rel=\"canonical\" href=\"https:\/\/www.technodompro.com\/index.php\/produkt\/sapho-schwab-vela-ovladaci-tlacitko-247x165-mm-cerna-mat-p47-0190-0253-top-prodej-26924\/\" \/>\n<meta property=\"og:locale\" content=\"cs_CZ\" \/>\n<meta property=\"og:type\" content=\"article\" \/>\n<meta property=\"og:title\" content=\"Sapho SCHWAB VELA ovl\u00e1dac\u00ed tla\u010d\u00edtko, 247x165 mm, \u010dern\u00e1 mat P47-0190-0253 Top Prodej -\" \/>\n<meta property=\"og:description\" content=\"Detailn\u00ed popis produktu Vlastnosti Zna\u010dka SCHWAB Rozm\u011br 247x165x14 mm Barva \u010cern\u00e1 Materi\u00e1l Plast Hmotnost \/ ks 0.4000&nbsp;kg Balen\u00ed 1&nbsp;ks EAN 8681282677115 Taric 39229000 Z\u00e1ruka 2 roky\" \/>\n<meta property=\"og:url\" content=\"https:\/\/www.technodompro.com\/index.php\/produkt\/sapho-schwab-vela-ovladaci-tlacitko-247x165-mm-cerna-mat-p47-0190-0253-top-prodej-26924\/\" \/>\n<meta property=\"og:image\" content=\"https:\/\/www.technodompro.com\/wp-content\/uploads\/2026\/SK0012132-CZ20260425-093631-0-1777080994-265645_p47-0190-0253-184649233993188.webp\" \/>\n\t<meta property=\"og:image:width\" content=\"1000\" \/>\n\t<meta property=\"og:image:height\" content=\"750\" \/>\n\t<meta property=\"og:image:type\" content=\"image\/webp\" \/>\n<meta name=\"twitter:card\" content=\"summary_large_image\" \/>\n<script type=\"application\/ld+json\" class=\"yoast-schema-graph\">{\"@context\":\"https:\/\/schema.org\",\"@graph\":[{\"@type\":\"WebPage\",\"@id\":\"https:\/\/www.technodompro.com\/index.php\/produkt\/sapho-schwab-vela-ovladaci-tlacitko-247x165-mm-cerna-mat-p47-0190-0253-top-prodej-26924\/\",\"url\":\"https:\/\/www.technodompro.com\/index.php\/produkt\/sapho-schwab-vela-ovladaci-tlacitko-247x165-mm-cerna-mat-p47-0190-0253-top-prodej-26924\/\",\"name\":\"Sapho SCHWAB VELA ovl\u00e1dac\u00ed tla\u010d\u00edtko, 247x165 mm, \u010dern\u00e1 mat P47-0190-0253 Top Prodej -\",\"isPartOf\":{\"@id\":\"https:\/\/www.technodompro.com\/#website\"},\"primaryImageOfPage\":{\"@id\":\"https:\/\/www.technodompro.com\/index.php\/produkt\/sapho-schwab-vela-ovladaci-tlacitko-247x165-mm-cerna-mat-p47-0190-0253-top-prodej-26924\/#primaryimage\"},\"image\":{\"@id\":\"https:\/\/www.technodompro.com\/index.php\/produkt\/sapho-schwab-vela-ovladaci-tlacitko-247x165-mm-cerna-mat-p47-0190-0253-top-prodej-26924\/#primaryimage\"},\"thumbnailUrl\":\"https:\/\/www.technodompro.com\/wp-content\/uploads\/2026\/SK0012132-CZ20260425-093631-0-1777080994-265645_p47-0190-0253-184649233993188.webp\",\"datePublished\":\"2026-04-27T04:41:39+00:00\",\"breadcrumb\":{\"@id\":\"https:\/\/www.technodompro.com\/index.php\/produkt\/sapho-schwab-vela-ovladaci-tlacitko-247x165-mm-cerna-mat-p47-0190-0253-top-prodej-26924\/#breadcrumb\"},\"inLanguage\":\"cs\",\"potentialAction\":[{\"@type\":\"ReadAction\",\"target\":[\"https:\/\/www.technodompro.com\/index.php\/produkt\/sapho-schwab-vela-ovladaci-tlacitko-247x165-mm-cerna-mat-p47-0190-0253-top-prodej-26924\/\"]}]},{\"@type\":\"ImageObject\",\"inLanguage\":\"cs\",\"@id\":\"https:\/\/www.technodompro.com\/index.php\/produkt\/sapho-schwab-vela-ovladaci-tlacitko-247x165-mm-cerna-mat-p47-0190-0253-top-prodej-26924\/#primaryimage\",\"url\":\"https:\/\/www.technodompro.com\/wp-content\/uploads\/2026\/SK0012132-CZ20260425-093631-0-1777080994-265645_p47-0190-0253-184649233993188.webp\",\"contentUrl\":\"https:\/\/www.technodompro.com\/wp-content\/uploads\/2026\/SK0012132-CZ20260425-093631-0-1777080994-265645_p47-0190-0253-184649233993188.webp\",\"width\":1000,\"height\":750},{\"@type\":\"BreadcrumbList\",\"@id\":\"https:\/\/www.technodompro.com\/index.php\/produkt\/sapho-schwab-vela-ovladaci-tlacitko-247x165-mm-cerna-mat-p47-0190-0253-top-prodej-26924\/#breadcrumb\",\"itemListElement\":[{\"@type\":\"ListItem\",\"position\":1,\"name\":\"Home\",\"item\":\"https:\/\/www.technodompro.com\/\"},{\"@type\":\"ListItem\",\"position\":2,\"name\":\"Products\",\"item\":\"https:\/\/www.technodompro.com\/index.php\/products\/\"},{\"@type\":\"ListItem\",\"position\":3,\"name\":\"Sapho SCHWAB VELA ovl\u00e1dac\u00ed tla\u010d\u00edtko, 247&#215;165 mm, \u010dern\u00e1 mat P47-0190-0253 Top Prodej\"}]},{\"@type\":\"WebSite\",\"@id\":\"https:\/\/www.technodompro.com\/#website\",\"url\":\"https:\/\/www.technodompro.com\/\",\"name\":\"\",\"description\":\"\",\"potentialAction\":[{\"@type\":\"SearchAction\",\"target\":{\"@type\":\"EntryPoint\",\"urlTemplate\":\"https:\/\/www.technodompro.com\/?s={search_term_string}\"},\"query-input\":{\"@type\":\"PropertyValueSpecification\",\"valueRequired\":true,\"valueName\":\"search_term_string\"}}],\"inLanguage\":\"cs\"}]}<\/script>\n<!-- \/ Yoast SEO plugin. -->","yoast_head_json":{"title":"Sapho SCHWAB VELA ovl\u00e1dac\u00ed tla\u010d\u00edtko, 247x165 mm, \u010dern\u00e1 mat P47-0190-0253 Top Prodej -","robots":{"index":"index","follow":"follow","max-snippet":"max-snippet:-1","max-image-preview":"max-image-preview:large","max-video-preview":"max-video-preview:-1"},"canonical":"https:\/\/www.technodompro.com\/index.php\/produkt\/sapho-schwab-vela-ovladaci-tlacitko-247x165-mm-cerna-mat-p47-0190-0253-top-prodej-26924\/","og_locale":"cs_CZ","og_type":"article","og_title":"Sapho SCHWAB VELA ovl\u00e1dac\u00ed tla\u010d\u00edtko, 247x165 mm, \u010dern\u00e1 mat P47-0190-0253 Top Prodej -","og_description":"Detailn\u00ed popis produktu Vlastnosti Zna\u010dka SCHWAB Rozm\u011br 247x165x14 mm Barva \u010cern\u00e1 Materi\u00e1l Plast Hmotnost \/ ks 0.4000&nbsp;kg Balen\u00ed 1&nbsp;ks EAN 8681282677115 Taric 39229000 Z\u00e1ruka 2 roky","og_url":"https:\/\/www.technodompro.com\/index.php\/produkt\/sapho-schwab-vela-ovladaci-tlacitko-247x165-mm-cerna-mat-p47-0190-0253-top-prodej-26924\/","og_image":[{"width":1000,"height":750,"url":"https:\/\/www.technodompro.com\/wp-content\/uploads\/2026\/SK0012132-CZ20260425-093631-0-1777080994-265645_p47-0190-0253-184649233993188.webp","type":"image\/webp"}],"twitter_card":"summary_large_image","schema":{"@context":"https:\/\/schema.org","@graph":[{"@type":"WebPage","@id":"https:\/\/www.technodompro.com\/index.php\/produkt\/sapho-schwab-vela-ovladaci-tlacitko-247x165-mm-cerna-mat-p47-0190-0253-top-prodej-26924\/","url":"https:\/\/www.technodompro.com\/index.php\/produkt\/sapho-schwab-vela-ovladaci-tlacitko-247x165-mm-cerna-mat-p47-0190-0253-top-prodej-26924\/","name":"Sapho SCHWAB VELA ovl\u00e1dac\u00ed tla\u010d\u00edtko, 247x165 mm, \u010dern\u00e1 mat P47-0190-0253 Top Prodej -","isPartOf":{"@id":"https:\/\/www.technodompro.com\/#website"},"primaryImageOfPage":{"@id":"https:\/\/www.technodompro.com\/index.php\/produkt\/sapho-schwab-vela-ovladaci-tlacitko-247x165-mm-cerna-mat-p47-0190-0253-top-prodej-26924\/#primaryimage"},"image":{"@id":"https:\/\/www.technodompro.com\/index.php\/produkt\/sapho-schwab-vela-ovladaci-tlacitko-247x165-mm-cerna-mat-p47-0190-0253-top-prodej-26924\/#primaryimage"},"thumbnailUrl":"https:\/\/www.technodompro.com\/wp-content\/uploads\/2026\/SK0012132-CZ20260425-093631-0-1777080994-265645_p47-0190-0253-184649233993188.webp","datePublished":"2026-04-27T04:41:39+00:00","breadcrumb":{"@id":"https:\/\/www.technodompro.com\/index.php\/produkt\/sapho-schwab-vela-ovladaci-tlacitko-247x165-mm-cerna-mat-p47-0190-0253-top-prodej-26924\/#breadcrumb"},"inLanguage":"cs","potentialAction":[{"@type":"ReadAction","target":["https:\/\/www.technodompro.com\/index.php\/produkt\/sapho-schwab-vela-ovladaci-tlacitko-247x165-mm-cerna-mat-p47-0190-0253-top-prodej-26924\/"]}]},{"@type":"ImageObject","inLanguage":"cs","@id":"https:\/\/www.technodompro.com\/index.php\/produkt\/sapho-schwab-vela-ovladaci-tlacitko-247x165-mm-cerna-mat-p47-0190-0253-top-prodej-26924\/#primaryimage","url":"https:\/\/www.technodompro.com\/wp-content\/uploads\/2026\/SK0012132-CZ20260425-093631-0-1777080994-265645_p47-0190-0253-184649233993188.webp","contentUrl":"https:\/\/www.technodompro.com\/wp-content\/uploads\/2026\/SK0012132-CZ20260425-093631-0-1777080994-265645_p47-0190-0253-184649233993188.webp","width":1000,"height":750},{"@type":"BreadcrumbList","@id":"https:\/\/www.technodompro.com\/index.php\/produkt\/sapho-schwab-vela-ovladaci-tlacitko-247x165-mm-cerna-mat-p47-0190-0253-top-prodej-26924\/#breadcrumb","itemListElement":[{"@type":"ListItem","position":1,"name":"Home","item":"https:\/\/www.technodompro.com\/"},{"@type":"ListItem","position":2,"name":"Products","item":"https:\/\/www.technodompro.com\/index.php\/products\/"},{"@type":"ListItem","position":3,"name":"Sapho SCHWAB VELA ovl\u00e1dac\u00ed tla\u010d\u00edtko, 247&#215;165 mm, \u010dern\u00e1 mat P47-0190-0253 Top Prodej"}]},{"@type":"WebSite","@id":"https:\/\/www.technodompro.com\/#website","url":"https:\/\/www.technodompro.com\/","name":"","description":"","potentialAction":[{"@type":"SearchAction","target":{"@type":"EntryPoint","urlTemplate":"https:\/\/www.technodompro.com\/?s={search_term_string}"},"query-input":{"@type":"PropertyValueSpecification","valueRequired":true,"valueName":"search_term_string"}}],"inLanguage":"cs"}]}},"_links":{"self":[{"href":"https:\/\/www.technodompro.com\/index.php\/wp-json\/wp\/v2\/product\/26924","targetHints":{"allow":["GET"]}}],"collection":[{"href":"https:\/\/www.technodompro.com\/index.php\/wp-json\/wp\/v2\/product"}],"about":[{"href":"https:\/\/www.technodompro.com\/index.php\/wp-json\/wp\/v2\/types\/product"}],"replies":[{"embeddable":true,"href":"https:\/\/www.technodompro.com\/index.php\/wp-json\/wp\/v2\/comments?post=26924"}],"wp:featuredmedia":[{"embeddable":true,"href":"https:\/\/www.technodompro.com\/index.php\/wp-json\/wp\/v2\/media\/27024"}],"wp:attachment":[{"href":"https:\/\/www.technodompro.com\/index.php\/wp-json\/wp\/v2\/media?parent=26924"}],"wp:term":[{"taxonomy":"product_brand","embeddable":true,"href":"https:\/\/www.technodompro.com\/index.php\/wp-json\/wp\/v2\/product_brand?post=26924"},{"taxonomy":"product_cat","embeddable":true,"href":"https:\/\/www.technodompro.com\/index.php\/wp-json\/wp\/v2\/product_cat?post=26924"},{"taxonomy":"product_tag","embeddable":true,"href":"https:\/\/www.technodompro.com\/index.php\/wp-json\/wp\/v2\/product_tag?post=26924"}],"curies":[{"name":"wp","href":"https:\/\/api.w.org\/{rel}","templated":true}]}}