{"id":26945,"date":"2026-04-27T04:41:39","date_gmt":"2026-04-27T04:41:39","guid":{"rendered":""},"modified":"2026-04-27T04:41:39","modified_gmt":"2026-04-27T04:41:39","slug":"sapho-enis-koupelnovy-salavy-topny-panel-600w-ip44-590x1200-mm-cerna-mat-rh600b-akcni-cena-26945","status":"publish","type":"product","link":"https:\/\/www.technodompro.com\/index.php\/produkt\/sapho-enis-koupelnovy-salavy-topny-panel-600w-ip44-590x1200-mm-cerna-mat-rh600b-akcni-cena-26945\/","title":{"rendered":"Sapho ENIS koupelnov\u00fd s\u00e1lav\u00fd topn\u00fd panel 600W, IP44, 590&#215;1200 mm, \u010dern\u00e1 mat RH600B Ak\u010dn\u00ed Cena"},"content":{"rendered":"<div class=\"basic-description\">\n<h3>Detailn\u00ed popis produktu<\/h3>\n<div>\n<p><strong>Rozd\u00edl mezi konvek\u010dn\u00edm a s\u00e1lav\u00fdm vyt\u00e1p\u011bn\u00edm:<\/strong><br \/>U\u00a0konvek\u010dn\u00edho vyt\u00e1p\u011bn\u00ed je topn\u00fdm t\u011blesem oh\u0159\u00edv\u00e1n vzduch, kter\u00fd proud\u00ed sm\u011brem vzh\u016fru ke stropu a \u010d\u00e1ste\u010dn\u011b ochlazen\u00fd se vrac\u00ed zp\u011bt k podlaze. Tento syst\u00e9m vyt\u00e1p\u011bn\u00ed, kdy tepl\u00fd vzduch stoup\u00e1 vzh\u016fru a chladn\u00fd se dr\u017e\u00ed v komfortn\u00ed v\u00fd\u0161ce, je neefektivn\u00ed. Z hlediska pom\u011bru p\u0159ed\u00e1van\u00e9ho tepla je s\u00e1lav\u00e1 slo\u017eka minim\u00e1ln\u00ed. U s\u00e1lav\u00e9ho vyt\u00e1p\u011bn\u00ed je pom\u011br obr\u00e1cen\u00fd &#8211; z\u00e1\u0159en\u00ed neoh\u0159\u00edv\u00e1 vzduch (voln\u011b j\u00edm proch\u00e1z\u00ed) a ke sd\u00edlen\u00ed tepla doch\u00e1z\u00ed p\u0159edev\u0161\u00edm s\u00e1l\u00e1n\u00edm. Z\u00e1\u0159iv\u00fd tok se po dopadu na p\u0159edm\u011bty (st\u011bny, podlaha, n\u00e1bytek) \u010d\u00e1ste\u010dn\u011b odraz\u00ed (cca 15%), ale jeho v\u011bt\u0161\u00ed \u010d\u00e1st (cca 85%) je pohlcov\u00e1na p\u0159edm\u011bty, na kter\u00e9 dopad\u00e1. S\u00e1lav\u00e1 energie takto p\u0159\u00edmo oh\u0159\u00edv\u00e1 p\u0159edm\u011bty,<br \/>st\u011bny i\u00a0osoby v m\u00edstnosti. Tento princip je tak\u00e9 ozna\u010dov\u00e1n jako infra\u010derven\u00e9 vyt\u00e1p\u011bn\u00ed.<\/p>\n<p><strong>Ovl\u00e1d\u00e1n\u00ed panelu p\u0159es extern\u00ed termostat:<br \/><\/strong>Regulaci teploty doporu\u010dujeme pomoc\u00ed vestav\u011bn\u00e9ho \u010didla termostatu (sleduje teplotu vzduchu nebo teplotu m\u00edstnosti)<\/p>\n<p>Prostorov\u00fd termostat by m\u011bl b\u00fdt um\u00edst\u011bn tak, aby\u00a0nebyl v s\u00e1lav\u00e9m poli topn\u00e9ho panelu, neovliv\u0148ovalo ho p\u0159\u00edm\u00e9 slune\u010dn\u00ed z\u00e1\u0159en\u00ed\u00a0ani jin\u00fd p\u0159\u00edm\u00fd zdroj tepla \u010di chladu. Obvykle se umis\u0165uje na vnit\u0159n\u00ed st\u011bnu do v\u00fd\u0161ky cca 1,2 m nad podlahu.<\/p>\n<\/div>\n<p><\/p>\n<h2 class=\"props-title\">Vlastnosti<\/h2>\n<table>\n<tr>\n<th>Zna\u010dka<\/th>\n<td>SAPHO<\/td>\n<\/tr>\n<tr>\n<th>3D model<\/th>\n<td>ANO<\/td>\n<\/tr>\n<tr>\n<th>Rozm\u011br<\/th>\n<td>590&#215;1200 mm<\/td>\n<\/tr>\n<tr>\n<th>\u0160\u00ed\u0159ka<\/th>\n<td>590&nbsp;mm<\/td>\n<\/tr>\n<tr>\n<th>V\u00fd\u0161ka<\/th>\n<td>1200&nbsp;mm<\/td>\n<\/tr>\n<tr>\n<th>Barva<\/th>\n<td>\u010cern\u00e1 mat<\/td>\n<\/tr>\n<tr>\n<th>Materi\u00e1l<\/th>\n<td>Ocel<\/td>\n<\/tr>\n<tr>\n<th>Tvar<\/th>\n<td>Deskov\u00e9<\/td>\n<\/tr>\n<tr>\n<th>Mo\u017enost vyt\u00e1p\u011bn\u00ed<\/th>\n<td>Elektrick\u00e9 vyt\u00e1p\u011bn\u00ed integrovan\u00e9 v t\u011blese<\/td>\n<\/tr>\n<tr>\n<th>P\u0159\u00edkon<\/th>\n<td>600.00&nbsp;W<\/td>\n<\/tr>\n<tr>\n<th>Stupe\u0148 kryt\u00ed<\/th>\n<td>IP44<\/td>\n<\/tr>\n<tr>\n<th>Hmotnost \/ ks<\/th>\n<td>13.7000&nbsp;kg<\/td>\n<\/tr>\n<tr>\n<th>Balen\u00ed<\/th>\n<td>1&nbsp;ks<\/td>\n<\/tr>\n<tr>\n<th>EAN<\/th>\n<td>8590913926815<\/td>\n<\/tr>\n<tr>\n<th>Taric<\/th>\n<td>85168080<\/td>\n<\/tr>\n<tr>\n<th>Z\u00e1ruka<\/th>\n<td>2 roky<\/td>\n<\/tr>\n<\/table><\/div>\n","protected":false},"excerpt":{"rendered":"<p>Detailn\u00ed popis produktu Rozd\u00edl mezi konvek\u010dn\u00edm a s\u00e1lav\u00fdm vyt\u00e1p\u011bn\u00edm:U\u00a0konvek\u010dn\u00edho vyt\u00e1p\u011bn\u00ed je topn\u00fdm t\u011blesem oh\u0159\u00edv\u00e1n vzduch, kter\u00fd proud\u00ed sm\u011brem vzh\u016fru ke stropu a \u010d\u00e1ste\u010dn\u011b ochlazen\u00fd se vrac\u00ed zp\u011bt k podlaze. Tento syst\u00e9m vyt\u00e1p\u011bn\u00ed, kdy tepl\u00fd vzduch stoup\u00e1 vzh\u016fru a chladn\u00fd se dr\u017e\u00ed v komfortn\u00ed v\u00fd\u0161ce, je neefektivn\u00ed. Z hlediska pom\u011bru p\u0159ed\u00e1van\u00e9ho tepla je s\u00e1lav\u00e1 slo\u017eka minim\u00e1ln\u00ed. [&hellip;]<\/p>\n","protected":false},"featured_media":27045,"comment_status":"open","ping_status":"open","template":"","meta":[],"product_brand":[],"product_cat":[100],"product_tag":[],"class_list":{"0":"post-26945","1":"product","2":"type-product","3":"status-publish","4":"has-post-thumbnail","6":"product_cat-vytapeni","8":"first","9":"instock","10":"sale","11":"shipping-taxable","12":"purchasable","13":"product-type-simple"},"yoast_head":"<!-- This site is optimized with the Yoast SEO plugin v26.8 - https:\/\/yoast.com\/product\/yoast-seo-wordpress\/ -->\n<title>Sapho ENIS koupelnov\u00fd s\u00e1lav\u00fd topn\u00fd panel 600W, IP44, 590x1200 mm, \u010dern\u00e1 mat RH600B Ak\u010dn\u00ed Cena -<\/title>\n<meta name=\"robots\" content=\"index, follow, max-snippet:-1, max-image-preview:large, max-video-preview:-1\" \/>\n<link rel=\"canonical\" href=\"https:\/\/www.technodompro.com\/index.php\/produkt\/sapho-enis-koupelnovy-salavy-topny-panel-600w-ip44-590x1200-mm-cerna-mat-rh600b-akcni-cena-26945\/\" \/>\n<meta property=\"og:locale\" content=\"cs_CZ\" \/>\n<meta property=\"og:type\" content=\"article\" \/>\n<meta property=\"og:title\" content=\"Sapho ENIS koupelnov\u00fd s\u00e1lav\u00fd topn\u00fd panel 600W, IP44, 590x1200 mm, \u010dern\u00e1 mat RH600B Ak\u010dn\u00ed Cena -\" \/>\n<meta property=\"og:description\" content=\"Detailn\u00ed popis produktu Rozd\u00edl mezi konvek\u010dn\u00edm a s\u00e1lav\u00fdm vyt\u00e1p\u011bn\u00edm:U\u00a0konvek\u010dn\u00edho vyt\u00e1p\u011bn\u00ed je topn\u00fdm t\u011blesem oh\u0159\u00edv\u00e1n vzduch, kter\u00fd proud\u00ed sm\u011brem vzh\u016fru ke stropu a \u010d\u00e1ste\u010dn\u011b ochlazen\u00fd se vrac\u00ed zp\u011bt k podlaze. Tento syst\u00e9m vyt\u00e1p\u011bn\u00ed, kdy tepl\u00fd vzduch stoup\u00e1 vzh\u016fru a chladn\u00fd se dr\u017e\u00ed v komfortn\u00ed v\u00fd\u0161ce, je neefektivn\u00ed. Z hlediska pom\u011bru p\u0159ed\u00e1van\u00e9ho tepla je s\u00e1lav\u00e1 slo\u017eka minim\u00e1ln\u00ed. [&hellip;]\" \/>\n<meta property=\"og:url\" content=\"https:\/\/www.technodompro.com\/index.php\/produkt\/sapho-enis-koupelnovy-salavy-topny-panel-600w-ip44-590x1200-mm-cerna-mat-rh600b-akcni-cena-26945\/\" \/>\n<meta property=\"og:image\" content=\"https:\/\/www.technodompro.com\/wp-content\/uploads\/2026\/SK0012154-CZ20260425-093631-0-1777080994-265786_rh600b-195429601916235.webp\" \/>\n\t<meta property=\"og:image:width\" content=\"1000\" \/>\n\t<meta property=\"og:image:height\" content=\"750\" \/>\n\t<meta property=\"og:image:type\" content=\"image\/webp\" \/>\n<meta name=\"twitter:card\" content=\"summary_large_image\" \/>\n<meta name=\"twitter:label1\" content=\"Odhadovan\u00e1 doba \u010dten\u00ed\" \/>\n\t<meta name=\"twitter:data1\" content=\"2 minuty\" \/>\n<script type=\"application\/ld+json\" class=\"yoast-schema-graph\">{\"@context\":\"https:\/\/schema.org\",\"@graph\":[{\"@type\":\"WebPage\",\"@id\":\"https:\/\/www.technodompro.com\/index.php\/produkt\/sapho-enis-koupelnovy-salavy-topny-panel-600w-ip44-590x1200-mm-cerna-mat-rh600b-akcni-cena-26945\/\",\"url\":\"https:\/\/www.technodompro.com\/index.php\/produkt\/sapho-enis-koupelnovy-salavy-topny-panel-600w-ip44-590x1200-mm-cerna-mat-rh600b-akcni-cena-26945\/\",\"name\":\"Sapho ENIS koupelnov\u00fd s\u00e1lav\u00fd topn\u00fd panel 600W, IP44, 590x1200 mm, \u010dern\u00e1 mat RH600B Ak\u010dn\u00ed Cena -\",\"isPartOf\":{\"@id\":\"https:\/\/www.technodompro.com\/#website\"},\"primaryImageOfPage\":{\"@id\":\"https:\/\/www.technodompro.com\/index.php\/produkt\/sapho-enis-koupelnovy-salavy-topny-panel-600w-ip44-590x1200-mm-cerna-mat-rh600b-akcni-cena-26945\/#primaryimage\"},\"image\":{\"@id\":\"https:\/\/www.technodompro.com\/index.php\/produkt\/sapho-enis-koupelnovy-salavy-topny-panel-600w-ip44-590x1200-mm-cerna-mat-rh600b-akcni-cena-26945\/#primaryimage\"},\"thumbnailUrl\":\"https:\/\/www.technodompro.com\/wp-content\/uploads\/2026\/SK0012154-CZ20260425-093631-0-1777080994-265786_rh600b-195429601916235.webp\",\"datePublished\":\"2026-04-27T04:41:39+00:00\",\"breadcrumb\":{\"@id\":\"https:\/\/www.technodompro.com\/index.php\/produkt\/sapho-enis-koupelnovy-salavy-topny-panel-600w-ip44-590x1200-mm-cerna-mat-rh600b-akcni-cena-26945\/#breadcrumb\"},\"inLanguage\":\"cs\",\"potentialAction\":[{\"@type\":\"ReadAction\",\"target\":[\"https:\/\/www.technodompro.com\/index.php\/produkt\/sapho-enis-koupelnovy-salavy-topny-panel-600w-ip44-590x1200-mm-cerna-mat-rh600b-akcni-cena-26945\/\"]}]},{\"@type\":\"ImageObject\",\"inLanguage\":\"cs\",\"@id\":\"https:\/\/www.technodompro.com\/index.php\/produkt\/sapho-enis-koupelnovy-salavy-topny-panel-600w-ip44-590x1200-mm-cerna-mat-rh600b-akcni-cena-26945\/#primaryimage\",\"url\":\"https:\/\/www.technodompro.com\/wp-content\/uploads\/2026\/SK0012154-CZ20260425-093631-0-1777080994-265786_rh600b-195429601916235.webp\",\"contentUrl\":\"https:\/\/www.technodompro.com\/wp-content\/uploads\/2026\/SK0012154-CZ20260425-093631-0-1777080994-265786_rh600b-195429601916235.webp\",\"width\":1000,\"height\":750},{\"@type\":\"BreadcrumbList\",\"@id\":\"https:\/\/www.technodompro.com\/index.php\/produkt\/sapho-enis-koupelnovy-salavy-topny-panel-600w-ip44-590x1200-mm-cerna-mat-rh600b-akcni-cena-26945\/#breadcrumb\",\"itemListElement\":[{\"@type\":\"ListItem\",\"position\":1,\"name\":\"Home\",\"item\":\"https:\/\/www.technodompro.com\/\"},{\"@type\":\"ListItem\",\"position\":2,\"name\":\"Products\",\"item\":\"https:\/\/www.technodompro.com\/index.php\/products\/\"},{\"@type\":\"ListItem\",\"position\":3,\"name\":\"Sapho ENIS koupelnov\u00fd s\u00e1lav\u00fd topn\u00fd panel 600W, IP44, 590&#215;1200 mm, \u010dern\u00e1 mat RH600B Ak\u010dn\u00ed Cena\"}]},{\"@type\":\"WebSite\",\"@id\":\"https:\/\/www.technodompro.com\/#website\",\"url\":\"https:\/\/www.technodompro.com\/\",\"name\":\"\",\"description\":\"\",\"potentialAction\":[{\"@type\":\"SearchAction\",\"target\":{\"@type\":\"EntryPoint\",\"urlTemplate\":\"https:\/\/www.technodompro.com\/?s={search_term_string}\"},\"query-input\":{\"@type\":\"PropertyValueSpecification\",\"valueRequired\":true,\"valueName\":\"search_term_string\"}}],\"inLanguage\":\"cs\"}]}<\/script>\n<!-- \/ Yoast SEO plugin. -->","yoast_head_json":{"title":"Sapho ENIS koupelnov\u00fd s\u00e1lav\u00fd topn\u00fd panel 600W, IP44, 590x1200 mm, \u010dern\u00e1 mat RH600B Ak\u010dn\u00ed Cena -","robots":{"index":"index","follow":"follow","max-snippet":"max-snippet:-1","max-image-preview":"max-image-preview:large","max-video-preview":"max-video-preview:-1"},"canonical":"https:\/\/www.technodompro.com\/index.php\/produkt\/sapho-enis-koupelnovy-salavy-topny-panel-600w-ip44-590x1200-mm-cerna-mat-rh600b-akcni-cena-26945\/","og_locale":"cs_CZ","og_type":"article","og_title":"Sapho ENIS koupelnov\u00fd s\u00e1lav\u00fd topn\u00fd panel 600W, IP44, 590x1200 mm, \u010dern\u00e1 mat RH600B Ak\u010dn\u00ed Cena -","og_description":"Detailn\u00ed popis produktu Rozd\u00edl mezi konvek\u010dn\u00edm a s\u00e1lav\u00fdm vyt\u00e1p\u011bn\u00edm:U\u00a0konvek\u010dn\u00edho vyt\u00e1p\u011bn\u00ed je topn\u00fdm t\u011blesem oh\u0159\u00edv\u00e1n vzduch, kter\u00fd proud\u00ed sm\u011brem vzh\u016fru ke stropu a \u010d\u00e1ste\u010dn\u011b ochlazen\u00fd se vrac\u00ed zp\u011bt k podlaze. Tento syst\u00e9m vyt\u00e1p\u011bn\u00ed, kdy tepl\u00fd vzduch stoup\u00e1 vzh\u016fru a chladn\u00fd se dr\u017e\u00ed v komfortn\u00ed v\u00fd\u0161ce, je neefektivn\u00ed. Z hlediska pom\u011bru p\u0159ed\u00e1van\u00e9ho tepla je s\u00e1lav\u00e1 slo\u017eka minim\u00e1ln\u00ed. [&hellip;]","og_url":"https:\/\/www.technodompro.com\/index.php\/produkt\/sapho-enis-koupelnovy-salavy-topny-panel-600w-ip44-590x1200-mm-cerna-mat-rh600b-akcni-cena-26945\/","og_image":[{"width":1000,"height":750,"url":"https:\/\/www.technodompro.com\/wp-content\/uploads\/2026\/SK0012154-CZ20260425-093631-0-1777080994-265786_rh600b-195429601916235.webp","type":"image\/webp"}],"twitter_card":"summary_large_image","twitter_misc":{"Odhadovan\u00e1 doba \u010dten\u00ed":"2 minuty"},"schema":{"@context":"https:\/\/schema.org","@graph":[{"@type":"WebPage","@id":"https:\/\/www.technodompro.com\/index.php\/produkt\/sapho-enis-koupelnovy-salavy-topny-panel-600w-ip44-590x1200-mm-cerna-mat-rh600b-akcni-cena-26945\/","url":"https:\/\/www.technodompro.com\/index.php\/produkt\/sapho-enis-koupelnovy-salavy-topny-panel-600w-ip44-590x1200-mm-cerna-mat-rh600b-akcni-cena-26945\/","name":"Sapho ENIS koupelnov\u00fd s\u00e1lav\u00fd topn\u00fd panel 600W, IP44, 590x1200 mm, \u010dern\u00e1 mat RH600B Ak\u010dn\u00ed Cena -","isPartOf":{"@id":"https:\/\/www.technodompro.com\/#website"},"primaryImageOfPage":{"@id":"https:\/\/www.technodompro.com\/index.php\/produkt\/sapho-enis-koupelnovy-salavy-topny-panel-600w-ip44-590x1200-mm-cerna-mat-rh600b-akcni-cena-26945\/#primaryimage"},"image":{"@id":"https:\/\/www.technodompro.com\/index.php\/produkt\/sapho-enis-koupelnovy-salavy-topny-panel-600w-ip44-590x1200-mm-cerna-mat-rh600b-akcni-cena-26945\/#primaryimage"},"thumbnailUrl":"https:\/\/www.technodompro.com\/wp-content\/uploads\/2026\/SK0012154-CZ20260425-093631-0-1777080994-265786_rh600b-195429601916235.webp","datePublished":"2026-04-27T04:41:39+00:00","breadcrumb":{"@id":"https:\/\/www.technodompro.com\/index.php\/produkt\/sapho-enis-koupelnovy-salavy-topny-panel-600w-ip44-590x1200-mm-cerna-mat-rh600b-akcni-cena-26945\/#breadcrumb"},"inLanguage":"cs","potentialAction":[{"@type":"ReadAction","target":["https:\/\/www.technodompro.com\/index.php\/produkt\/sapho-enis-koupelnovy-salavy-topny-panel-600w-ip44-590x1200-mm-cerna-mat-rh600b-akcni-cena-26945\/"]}]},{"@type":"ImageObject","inLanguage":"cs","@id":"https:\/\/www.technodompro.com\/index.php\/produkt\/sapho-enis-koupelnovy-salavy-topny-panel-600w-ip44-590x1200-mm-cerna-mat-rh600b-akcni-cena-26945\/#primaryimage","url":"https:\/\/www.technodompro.com\/wp-content\/uploads\/2026\/SK0012154-CZ20260425-093631-0-1777080994-265786_rh600b-195429601916235.webp","contentUrl":"https:\/\/www.technodompro.com\/wp-content\/uploads\/2026\/SK0012154-CZ20260425-093631-0-1777080994-265786_rh600b-195429601916235.webp","width":1000,"height":750},{"@type":"BreadcrumbList","@id":"https:\/\/www.technodompro.com\/index.php\/produkt\/sapho-enis-koupelnovy-salavy-topny-panel-600w-ip44-590x1200-mm-cerna-mat-rh600b-akcni-cena-26945\/#breadcrumb","itemListElement":[{"@type":"ListItem","position":1,"name":"Home","item":"https:\/\/www.technodompro.com\/"},{"@type":"ListItem","position":2,"name":"Products","item":"https:\/\/www.technodompro.com\/index.php\/products\/"},{"@type":"ListItem","position":3,"name":"Sapho ENIS koupelnov\u00fd s\u00e1lav\u00fd topn\u00fd panel 600W, IP44, 590&#215;1200 mm, \u010dern\u00e1 mat RH600B Ak\u010dn\u00ed Cena"}]},{"@type":"WebSite","@id":"https:\/\/www.technodompro.com\/#website","url":"https:\/\/www.technodompro.com\/","name":"","description":"","potentialAction":[{"@type":"SearchAction","target":{"@type":"EntryPoint","urlTemplate":"https:\/\/www.technodompro.com\/?s={search_term_string}"},"query-input":{"@type":"PropertyValueSpecification","valueRequired":true,"valueName":"search_term_string"}}],"inLanguage":"cs"}]}},"_links":{"self":[{"href":"https:\/\/www.technodompro.com\/index.php\/wp-json\/wp\/v2\/product\/26945","targetHints":{"allow":["GET"]}}],"collection":[{"href":"https:\/\/www.technodompro.com\/index.php\/wp-json\/wp\/v2\/product"}],"about":[{"href":"https:\/\/www.technodompro.com\/index.php\/wp-json\/wp\/v2\/types\/product"}],"replies":[{"embeddable":true,"href":"https:\/\/www.technodompro.com\/index.php\/wp-json\/wp\/v2\/comments?post=26945"}],"wp:featuredmedia":[{"embeddable":true,"href":"https:\/\/www.technodompro.com\/index.php\/wp-json\/wp\/v2\/media\/27045"}],"wp:attachment":[{"href":"https:\/\/www.technodompro.com\/index.php\/wp-json\/wp\/v2\/media?parent=26945"}],"wp:term":[{"taxonomy":"product_brand","embeddable":true,"href":"https:\/\/www.technodompro.com\/index.php\/wp-json\/wp\/v2\/product_brand?post=26945"},{"taxonomy":"product_cat","embeddable":true,"href":"https:\/\/www.technodompro.com\/index.php\/wp-json\/wp\/v2\/product_cat?post=26945"},{"taxonomy":"product_tag","embeddable":true,"href":"https:\/\/www.technodompro.com\/index.php\/wp-json\/wp\/v2\/product_tag?post=26945"}],"curies":[{"name":"wp","href":"https:\/\/api.w.org\/{rel}","templated":true}]}}