{"id":27168,"date":"2026-04-27T04:41:40","date_gmt":"2026-04-27T04:41:40","guid":{"rendered":""},"modified":"2026-04-27T04:41:40","modified_gmt":"2026-04-27T04:41:40","slug":"sapho-norm-keramicke-umyvadlo-100x52cm-oble-bila-extraglaze-8643111-koupit-online-27168","status":"publish","type":"product","link":"https:\/\/www.technodompro.com\/produkt\/sapho-norm-keramicke-umyvadlo-100x52cm-oble-bila-extraglaze-8643111-koupit-online-27168\/","title":{"rendered":"Sapho NORM keramick\u00e9 umyvadlo 100x52cm, obl\u00e9, b\u00edl\u00e1 ExtraGlaze 8643111 Koupit Online"},"content":{"rendered":"<div class=\"basic-description\">\n<h3>Detailn\u00ed popis produktu<\/h3>\n<p><\/p>\n<p style=\"text-align: justify;\">NORM je minimalistick\u00e1 s\u00e9rie pro klienty s vkusem, kte\u0159\u00ed oce\u0148uj\u00ed jednoduchost. NORM je jednoduch\u00e1 \u0159ada, kde nen\u00ed nic nadbyte\u010dn\u00e9ho ani okrasn\u00e9ho. Rozmanit\u00e9 varianty a funk\u010dnost tvo\u0159\u00ed s\u00e9rii, kterou lze p\u0159izp\u016fsobit \u0161irok\u00e9 \u0161k\u00e1le prostor\u016f a po\u017eadavk\u016f. Zkombinov\u00e1n\u00edm s dopl\u0148ky a dal\u0161\u00edm za\u0159\u00edzen\u00edm koupelny vytv\u00e1\u0159\u00ed tato \u0159ada dojem p\u0159\u00edjemn\u00e9ho, funk\u010dn\u00edho, elegantn\u00edho a minimalistick\u00e9ho koupelnov\u00e9ho prostoru.<\/p>\n<h2 class=\"props-title\">Vlastnosti<\/h2>\n<table>\n<tr>\n<th>Zna\u010dka<\/th>\n<td>GSI<\/td>\n<\/tr>\n<tr>\n<th>S\u00e9rie<\/th>\n<td>NORM<\/td>\n<\/tr>\n<tr>\n<th>3D model<\/th>\n<td>ANO<\/td>\n<\/tr>\n<tr>\n<th>Rozm\u011br<\/th>\n<td>100x18x52 cm<\/td>\n<\/tr>\n<tr>\n<th>\u0160\u00ed\u0159ka<\/th>\n<td>1004&nbsp;mm<\/td>\n<\/tr>\n<tr>\n<th>V\u00fd\u0161ka<\/th>\n<td>180&nbsp;mm<\/td>\n<\/tr>\n<tr>\n<th>Hloubka<\/th>\n<td>520&nbsp;mm<\/td>\n<\/tr>\n<tr>\n<th>Barva<\/th>\n<td>B\u00edl\u00e1<\/td>\n<\/tr>\n<tr>\n<th>Materi\u00e1l<\/th>\n<td>Keramika<\/td>\n<\/tr>\n<tr>\n<th>Instalace<\/th>\n<td>N\u00e1st\u011bnn\u00e1-\u0161rouby<\/td>\n<\/tr>\n<tr>\n<th>Typ umyvadla<\/th>\n<td>Klasick\u00e9 umyvadlo<\/td>\n<\/tr>\n<tr>\n<th>Otvor pro baterii<\/th>\n<td>1 otvor<\/td>\n<\/tr>\n<tr>\n<th>P\u0159epad<\/th>\n<td>ANO<\/td>\n<\/tr>\n<tr>\n<th>Tvar<\/th>\n<td>P\u016flkruh<\/td>\n<\/tr>\n<tr>\n<th>Ostatn\u00ed<\/th>\n<td>ExtraGlaze<\/td>\n<\/tr>\n<tr>\n<th>Hmotnost \/ ks<\/th>\n<td>28.9000&nbsp;kg<\/td>\n<\/tr>\n<tr>\n<th>Balen\u00ed<\/th>\n<td>1&nbsp;ks<\/td>\n<\/tr>\n<tr>\n<th>EAN<\/th>\n<td>8056590010716<\/td>\n<\/tr>\n<tr>\n<th>Taric<\/th>\n<td>69109000<\/td>\n<\/tr>\n<tr>\n<th>Z\u00e1ruka<\/th>\n<td>2 roky<\/td>\n<\/tr>\n<\/table>\n<div class=\"product-explanation-item\">\n<h3><strong>Keramick\u00e1 glazura ExtraGlaze&reg; Antibacterial<\/strong><\/h3>\n<p style=\"text-align: justify;\">Antibakteri\u00e1ln\u00ed glazura Extraglaze&reg; Antibacterial, je obohacen\u00e1 o ionty st\u0159\u00edbra a titanu. Aplikuje se na produkty ji\u017e b\u011bhem v\u00fdrobn\u00edho procesu p\u0159ed vyp\u00e1len\u00edm, \u010d\u00edm\u017e je zaru\u010den jej\u00ed trval\u00fd \u00fa\u010dinek. Extraglaze&reg; Antibacterial dod\u00e1v\u00e1 keramice dokonale hladk\u00fd povrch, vysok\u00fd lesk, antibakteri\u00e1ln\u00ed \u00fa\u010dinek a ochranu proti v\u00e1penn\u00fdm usazenin\u00e1m. Povrch Extraglaze&reg; Antibacterial je standardn\u011b aplikov\u00e1n na v\u0161echny v\u00fdrobky spole\u010dnosti GSI.<\/p>\n<\/div><\/div>\n","protected":false},"excerpt":{"rendered":"<p>Detailn\u00ed popis produktu NORM je minimalistick\u00e1 s\u00e9rie pro klienty s vkusem, kte\u0159\u00ed oce\u0148uj\u00ed jednoduchost. NORM je jednoduch\u00e1 \u0159ada, kde nen\u00ed nic nadbyte\u010dn\u00e9ho ani okrasn\u00e9ho. Rozmanit\u00e9 varianty a funk\u010dnost tvo\u0159\u00ed s\u00e9rii, kterou lze p\u0159izp\u016fsobit \u0161irok\u00e9 \u0161k\u00e1le prostor\u016f a po\u017eadavk\u016f. Zkombinov\u00e1n\u00edm s dopl\u0148ky a dal\u0161\u00edm za\u0159\u00edzen\u00edm koupelny vytv\u00e1\u0159\u00ed tato \u0159ada dojem p\u0159\u00edjemn\u00e9ho, funk\u010dn\u00edho, elegantn\u00edho a minimalistick\u00e9ho koupelnov\u00e9ho [&hellip;]<\/p>\n","protected":false},"featured_media":27268,"template":"","meta":[],"product_brand":[],"product_cat":[102],"product_tag":[],"class_list":{"0":"post-27168","1":"product","2":"type-product","3":"status-publish","4":"has-post-thumbnail","6":"product_cat-koupelnove-vybaveni","8":"first","9":"instock","10":"sale","11":"shipping-taxable","12":"purchasable","13":"product-type-simple"},"yoast_head":"<!-- This site is optimized with the Yoast SEO plugin v26.8 - https:\/\/yoast.com\/product\/yoast-seo-wordpress\/ -->\n<title>Sapho NORM keramick\u00e9 umyvadlo 100x52cm, obl\u00e9, b\u00edl\u00e1 ExtraGlaze 8643111 Koupit Online - Modern\u00ed koupelny &amp; sanita a interi\u00e9rov\u00e9 vybaven\u00ed pro v\u00e1\u0161 domov<\/title>\n<meta name=\"robots\" content=\"index, follow, max-snippet:-1, max-image-preview:large, max-video-preview:-1\" \/>\n<link rel=\"canonical\" href=\"https:\/\/www.technodompro.com\/index.php\/produkt\/sapho-norm-keramicke-umyvadlo-100x52cm-oble-bila-extraglaze-8643111-koupit-online-27168\/\" \/>\n<meta property=\"og:locale\" content=\"cs_CZ\" \/>\n<meta property=\"og:type\" content=\"article\" \/>\n<meta property=\"og:title\" content=\"Sapho NORM keramick\u00e9 umyvadlo 100x52cm, obl\u00e9, b\u00edl\u00e1 ExtraGlaze 8643111 Koupit Online - Modern\u00ed koupelny &amp; sanita a interi\u00e9rov\u00e9 vybaven\u00ed pro v\u00e1\u0161 domov\" \/>\n<meta property=\"og:description\" content=\"Detailn\u00ed popis produktu NORM je minimalistick\u00e1 s\u00e9rie pro klienty s vkusem, kte\u0159\u00ed oce\u0148uj\u00ed jednoduchost. NORM je jednoduch\u00e1 \u0159ada, kde nen\u00ed nic nadbyte\u010dn\u00e9ho ani okrasn\u00e9ho. Rozmanit\u00e9 varianty a funk\u010dnost tvo\u0159\u00ed s\u00e9rii, kterou lze p\u0159izp\u016fsobit \u0161irok\u00e9 \u0161k\u00e1le prostor\u016f a po\u017eadavk\u016f. Zkombinov\u00e1n\u00edm s dopl\u0148ky a dal\u0161\u00edm za\u0159\u00edzen\u00edm koupelny vytv\u00e1\u0159\u00ed tato \u0159ada dojem p\u0159\u00edjemn\u00e9ho, funk\u010dn\u00edho, elegantn\u00edho a minimalistick\u00e9ho koupelnov\u00e9ho [&hellip;]\" \/>\n<meta property=\"og:url\" content=\"https:\/\/www.technodompro.com\/index.php\/produkt\/sapho-norm-keramicke-umyvadlo-100x52cm-oble-bila-extraglaze-8643111-koupit-online-27168\/\" \/>\n<meta property=\"og:site_name\" content=\"Modern\u00ed koupelny &amp; sanita a interi\u00e9rov\u00e9 vybaven\u00ed pro v\u00e1\u0161 domov\" \/>\n<meta property=\"og:image\" content=\"https:\/\/www.technodompro.com\/wp-content\/uploads\/2026\/SK0012303-CZ20260425-093631-0-1777080994-266572_sapho-norm-keramicke-umyvadlo-100x52cm--oble--bila-e.webp\" \/>\n\t<meta property=\"og:image:width\" content=\"1000\" \/>\n\t<meta property=\"og:image:height\" content=\"750\" \/>\n\t<meta property=\"og:image:type\" content=\"image\/webp\" \/>\n<meta name=\"twitter:card\" content=\"summary_large_image\" \/>\n<meta name=\"twitter:label1\" content=\"Odhadovan\u00e1 doba \u010dten\u00ed\" \/>\n\t<meta name=\"twitter:data1\" content=\"1 minuta\" \/>\n<script type=\"application\/ld+json\" class=\"yoast-schema-graph\">{\"@context\":\"https:\/\/schema.org\",\"@graph\":[{\"@type\":\"WebPage\",\"@id\":\"https:\/\/www.technodompro.com\/index.php\/produkt\/sapho-norm-keramicke-umyvadlo-100x52cm-oble-bila-extraglaze-8643111-koupit-online-27168\/\",\"url\":\"https:\/\/www.technodompro.com\/index.php\/produkt\/sapho-norm-keramicke-umyvadlo-100x52cm-oble-bila-extraglaze-8643111-koupit-online-27168\/\",\"name\":\"Sapho NORM keramick\u00e9 umyvadlo 100x52cm, obl\u00e9, b\u00edl\u00e1 ExtraGlaze 8643111 Koupit Online - Modern\u00ed koupelny &amp; sanita a interi\u00e9rov\u00e9 vybaven\u00ed pro v\u00e1\u0161 domov\",\"isPartOf\":{\"@id\":\"https:\/\/www.technodompro.com\/#website\"},\"primaryImageOfPage\":{\"@id\":\"https:\/\/www.technodompro.com\/index.php\/produkt\/sapho-norm-keramicke-umyvadlo-100x52cm-oble-bila-extraglaze-8643111-koupit-online-27168\/#primaryimage\"},\"image\":{\"@id\":\"https:\/\/www.technodompro.com\/index.php\/produkt\/sapho-norm-keramicke-umyvadlo-100x52cm-oble-bila-extraglaze-8643111-koupit-online-27168\/#primaryimage\"},\"thumbnailUrl\":\"https:\/\/www.technodompro.com\/wp-content\/uploads\/2026\/SK0012303-CZ20260425-093631-0-1777080994-266572_sapho-norm-keramicke-umyvadlo-100x52cm--oble--bila-e.webp\",\"datePublished\":\"2026-04-27T04:41:40+00:00\",\"breadcrumb\":{\"@id\":\"https:\/\/www.technodompro.com\/index.php\/produkt\/sapho-norm-keramicke-umyvadlo-100x52cm-oble-bila-extraglaze-8643111-koupit-online-27168\/#breadcrumb\"},\"inLanguage\":\"cs\",\"potentialAction\":[{\"@type\":\"ReadAction\",\"target\":[\"https:\/\/www.technodompro.com\/index.php\/produkt\/sapho-norm-keramicke-umyvadlo-100x52cm-oble-bila-extraglaze-8643111-koupit-online-27168\/\"]}]},{\"@type\":\"ImageObject\",\"inLanguage\":\"cs\",\"@id\":\"https:\/\/www.technodompro.com\/index.php\/produkt\/sapho-norm-keramicke-umyvadlo-100x52cm-oble-bila-extraglaze-8643111-koupit-online-27168\/#primaryimage\",\"url\":\"https:\/\/www.technodompro.com\/wp-content\/uploads\/2026\/SK0012303-CZ20260425-093631-0-1777080994-266572_sapho-norm-keramicke-umyvadlo-100x52cm--oble--bila-e.webp\",\"contentUrl\":\"https:\/\/www.technodompro.com\/wp-content\/uploads\/2026\/SK0012303-CZ20260425-093631-0-1777080994-266572_sapho-norm-keramicke-umyvadlo-100x52cm--oble--bila-e.webp\",\"width\":1000,\"height\":750},{\"@type\":\"BreadcrumbList\",\"@id\":\"https:\/\/www.technodompro.com\/index.php\/produkt\/sapho-norm-keramicke-umyvadlo-100x52cm-oble-bila-extraglaze-8643111-koupit-online-27168\/#breadcrumb\",\"itemListElement\":[{\"@type\":\"ListItem\",\"position\":1,\"name\":\"Home\",\"item\":\"https:\/\/www.technodompro.com\/\"},{\"@type\":\"ListItem\",\"position\":2,\"name\":\"Products\",\"item\":\"https:\/\/www.technodompro.com\/products\/\"},{\"@type\":\"ListItem\",\"position\":3,\"name\":\"Sapho NORM keramick\u00e9 umyvadlo 100x52cm, obl\u00e9, b\u00edl\u00e1 ExtraGlaze 8643111 Koupit Online\"}]},{\"@type\":\"WebSite\",\"@id\":\"https:\/\/www.technodompro.com\/#website\",\"url\":\"https:\/\/www.technodompro.com\/\",\"name\":\"Modern\u00ed koupelny &amp; sanita a interi\u00e9rov\u00e9 vybaven\u00ed pro v\u00e1\u0161 domov\",\"description\":\"Modern\u00ed koupelny &amp; sanita a interi\u00e9rov\u00e9 vybaven\u00ed pro v\u00e1\u0161 domov\",\"publisher\":{\"@id\":\"https:\/\/www.technodompro.com\/#organization\"},\"potentialAction\":[{\"@type\":\"SearchAction\",\"target\":{\"@type\":\"EntryPoint\",\"urlTemplate\":\"https:\/\/www.technodompro.com\/?s={search_term_string}\"},\"query-input\":{\"@type\":\"PropertyValueSpecification\",\"valueRequired\":true,\"valueName\":\"search_term_string\"}}],\"inLanguage\":\"cs\"},{\"@type\":\"Organization\",\"@id\":\"https:\/\/www.technodompro.com\/#organization\",\"name\":\"Modern\u00ed koupelny &amp; sanita a interi\u00e9rov\u00e9 vybaven\u00ed pro v\u00e1\u0161 domov\",\"url\":\"https:\/\/www.technodompro.com\/\",\"logo\":{\"@type\":\"ImageObject\",\"inLanguage\":\"cs\",\"@id\":\"https:\/\/www.technodompro.com\/#\/schema\/logo\/image\/\",\"url\":\"https:\/\/www.technodompro.com\/wp-content\/uploads\/2026\/04\/technodompro_logo.svg\",\"contentUrl\":\"https:\/\/www.technodompro.com\/wp-content\/uploads\/2026\/04\/technodompro_logo.svg\",\"width\":760,\"height\":180,\"caption\":\"Modern\u00ed koupelny &amp; sanita a interi\u00e9rov\u00e9 vybaven\u00ed pro v\u00e1\u0161 domov\"},\"image\":{\"@id\":\"https:\/\/www.technodompro.com\/#\/schema\/logo\/image\/\"}}]}<\/script>\n<!-- \/ Yoast SEO plugin. -->","yoast_head_json":{"title":"Sapho NORM keramick\u00e9 umyvadlo 100x52cm, obl\u00e9, b\u00edl\u00e1 ExtraGlaze 8643111 Koupit Online - Modern\u00ed koupelny &amp; sanita a interi\u00e9rov\u00e9 vybaven\u00ed pro v\u00e1\u0161 domov","robots":{"index":"index","follow":"follow","max-snippet":"max-snippet:-1","max-image-preview":"max-image-preview:large","max-video-preview":"max-video-preview:-1"},"canonical":"https:\/\/www.technodompro.com\/index.php\/produkt\/sapho-norm-keramicke-umyvadlo-100x52cm-oble-bila-extraglaze-8643111-koupit-online-27168\/","og_locale":"cs_CZ","og_type":"article","og_title":"Sapho NORM keramick\u00e9 umyvadlo 100x52cm, obl\u00e9, b\u00edl\u00e1 ExtraGlaze 8643111 Koupit Online - Modern\u00ed koupelny &amp; sanita a interi\u00e9rov\u00e9 vybaven\u00ed pro v\u00e1\u0161 domov","og_description":"Detailn\u00ed popis produktu NORM je minimalistick\u00e1 s\u00e9rie pro klienty s vkusem, kte\u0159\u00ed oce\u0148uj\u00ed jednoduchost. NORM je jednoduch\u00e1 \u0159ada, kde nen\u00ed nic nadbyte\u010dn\u00e9ho ani okrasn\u00e9ho. Rozmanit\u00e9 varianty a funk\u010dnost tvo\u0159\u00ed s\u00e9rii, kterou lze p\u0159izp\u016fsobit \u0161irok\u00e9 \u0161k\u00e1le prostor\u016f a po\u017eadavk\u016f. Zkombinov\u00e1n\u00edm s dopl\u0148ky a dal\u0161\u00edm za\u0159\u00edzen\u00edm koupelny vytv\u00e1\u0159\u00ed tato \u0159ada dojem p\u0159\u00edjemn\u00e9ho, funk\u010dn\u00edho, elegantn\u00edho a minimalistick\u00e9ho koupelnov\u00e9ho [&hellip;]","og_url":"https:\/\/www.technodompro.com\/index.php\/produkt\/sapho-norm-keramicke-umyvadlo-100x52cm-oble-bila-extraglaze-8643111-koupit-online-27168\/","og_site_name":"Modern\u00ed koupelny &amp; sanita a interi\u00e9rov\u00e9 vybaven\u00ed pro v\u00e1\u0161 domov","og_image":[{"width":1000,"height":750,"url":"https:\/\/www.technodompro.com\/wp-content\/uploads\/2026\/SK0012303-CZ20260425-093631-0-1777080994-266572_sapho-norm-keramicke-umyvadlo-100x52cm--oble--bila-e.webp","type":"image\/webp"}],"twitter_card":"summary_large_image","twitter_misc":{"Odhadovan\u00e1 doba \u010dten\u00ed":"1 minuta"},"schema":{"@context":"https:\/\/schema.org","@graph":[{"@type":"WebPage","@id":"https:\/\/www.technodompro.com\/index.php\/produkt\/sapho-norm-keramicke-umyvadlo-100x52cm-oble-bila-extraglaze-8643111-koupit-online-27168\/","url":"https:\/\/www.technodompro.com\/index.php\/produkt\/sapho-norm-keramicke-umyvadlo-100x52cm-oble-bila-extraglaze-8643111-koupit-online-27168\/","name":"Sapho NORM keramick\u00e9 umyvadlo 100x52cm, obl\u00e9, b\u00edl\u00e1 ExtraGlaze 8643111 Koupit Online - Modern\u00ed koupelny &amp; sanita a interi\u00e9rov\u00e9 vybaven\u00ed pro v\u00e1\u0161 domov","isPartOf":{"@id":"https:\/\/www.technodompro.com\/#website"},"primaryImageOfPage":{"@id":"https:\/\/www.technodompro.com\/index.php\/produkt\/sapho-norm-keramicke-umyvadlo-100x52cm-oble-bila-extraglaze-8643111-koupit-online-27168\/#primaryimage"},"image":{"@id":"https:\/\/www.technodompro.com\/index.php\/produkt\/sapho-norm-keramicke-umyvadlo-100x52cm-oble-bila-extraglaze-8643111-koupit-online-27168\/#primaryimage"},"thumbnailUrl":"https:\/\/www.technodompro.com\/wp-content\/uploads\/2026\/SK0012303-CZ20260425-093631-0-1777080994-266572_sapho-norm-keramicke-umyvadlo-100x52cm--oble--bila-e.webp","datePublished":"2026-04-27T04:41:40+00:00","breadcrumb":{"@id":"https:\/\/www.technodompro.com\/index.php\/produkt\/sapho-norm-keramicke-umyvadlo-100x52cm-oble-bila-extraglaze-8643111-koupit-online-27168\/#breadcrumb"},"inLanguage":"cs","potentialAction":[{"@type":"ReadAction","target":["https:\/\/www.technodompro.com\/index.php\/produkt\/sapho-norm-keramicke-umyvadlo-100x52cm-oble-bila-extraglaze-8643111-koupit-online-27168\/"]}]},{"@type":"ImageObject","inLanguage":"cs","@id":"https:\/\/www.technodompro.com\/index.php\/produkt\/sapho-norm-keramicke-umyvadlo-100x52cm-oble-bila-extraglaze-8643111-koupit-online-27168\/#primaryimage","url":"https:\/\/www.technodompro.com\/wp-content\/uploads\/2026\/SK0012303-CZ20260425-093631-0-1777080994-266572_sapho-norm-keramicke-umyvadlo-100x52cm--oble--bila-e.webp","contentUrl":"https:\/\/www.technodompro.com\/wp-content\/uploads\/2026\/SK0012303-CZ20260425-093631-0-1777080994-266572_sapho-norm-keramicke-umyvadlo-100x52cm--oble--bila-e.webp","width":1000,"height":750},{"@type":"BreadcrumbList","@id":"https:\/\/www.technodompro.com\/index.php\/produkt\/sapho-norm-keramicke-umyvadlo-100x52cm-oble-bila-extraglaze-8643111-koupit-online-27168\/#breadcrumb","itemListElement":[{"@type":"ListItem","position":1,"name":"Home","item":"https:\/\/www.technodompro.com\/"},{"@type":"ListItem","position":2,"name":"Products","item":"https:\/\/www.technodompro.com\/products\/"},{"@type":"ListItem","position":3,"name":"Sapho NORM keramick\u00e9 umyvadlo 100x52cm, obl\u00e9, b\u00edl\u00e1 ExtraGlaze 8643111 Koupit Online"}]},{"@type":"WebSite","@id":"https:\/\/www.technodompro.com\/#website","url":"https:\/\/www.technodompro.com\/","name":"Modern\u00ed koupelny &amp; sanita a interi\u00e9rov\u00e9 vybaven\u00ed pro v\u00e1\u0161 domov","description":"Modern\u00ed koupelny &amp; sanita a interi\u00e9rov\u00e9 vybaven\u00ed pro v\u00e1\u0161 domov","publisher":{"@id":"https:\/\/www.technodompro.com\/#organization"},"potentialAction":[{"@type":"SearchAction","target":{"@type":"EntryPoint","urlTemplate":"https:\/\/www.technodompro.com\/?s={search_term_string}"},"query-input":{"@type":"PropertyValueSpecification","valueRequired":true,"valueName":"search_term_string"}}],"inLanguage":"cs"},{"@type":"Organization","@id":"https:\/\/www.technodompro.com\/#organization","name":"Modern\u00ed koupelny &amp; sanita a interi\u00e9rov\u00e9 vybaven\u00ed pro v\u00e1\u0161 domov","url":"https:\/\/www.technodompro.com\/","logo":{"@type":"ImageObject","inLanguage":"cs","@id":"https:\/\/www.technodompro.com\/#\/schema\/logo\/image\/","url":"https:\/\/www.technodompro.com\/wp-content\/uploads\/2026\/04\/technodompro_logo.svg","contentUrl":"https:\/\/www.technodompro.com\/wp-content\/uploads\/2026\/04\/technodompro_logo.svg","width":760,"height":180,"caption":"Modern\u00ed koupelny &amp; sanita a interi\u00e9rov\u00e9 vybaven\u00ed pro v\u00e1\u0161 domov"},"image":{"@id":"https:\/\/www.technodompro.com\/#\/schema\/logo\/image\/"}}]}},"_links":{"self":[{"href":"https:\/\/www.technodompro.com\/wp-json\/wp\/v2\/product\/27168","targetHints":{"allow":["GET"]}}],"collection":[{"href":"https:\/\/www.technodompro.com\/wp-json\/wp\/v2\/product"}],"about":[{"href":"https:\/\/www.technodompro.com\/wp-json\/wp\/v2\/types\/product"}],"wp:featuredmedia":[{"embeddable":true,"href":"https:\/\/www.technodompro.com\/wp-json\/wp\/v2\/media\/27268"}],"wp:attachment":[{"href":"https:\/\/www.technodompro.com\/wp-json\/wp\/v2\/media?parent=27168"}],"wp:term":[{"taxonomy":"product_brand","embeddable":true,"href":"https:\/\/www.technodompro.com\/wp-json\/wp\/v2\/product_brand?post=27168"},{"taxonomy":"product_cat","embeddable":true,"href":"https:\/\/www.technodompro.com\/wp-json\/wp\/v2\/product_cat?post=27168"},{"taxonomy":"product_tag","embeddable":true,"href":"https:\/\/www.technodompro.com\/wp-json\/wp\/v2\/product_tag?post=27168"}],"curies":[{"name":"wp","href":"https:\/\/api.w.org\/{rel}","templated":true}]}}