{"id":27169,"date":"2026-04-27T04:41:40","date_gmt":"2026-04-27T04:41:40","guid":{"rendered":""},"modified":"2026-04-27T04:41:40","modified_gmt":"2026-04-27T04:41:40","slug":"oblibeny-sapho-avva-bidet-zavesny-35-5x53-cm-cerna-mat-100324-110-27169","status":"publish","type":"product","link":"https:\/\/www.technodompro.com\/index.php\/produkt\/oblibeny-sapho-avva-bidet-zavesny-35-5x53-cm-cerna-mat-100324-110-27169\/","title":{"rendered":"Obl\u00edben\u00fd Sapho AVVA bidet z\u00e1v\u011bsn\u00fd 35,5&#215;53 cm, \u010dern\u00e1 mat 100324-110"},"content":{"rendered":"<div class=\"basic-description\">\n<h3>Detailn\u00ed popis produktu<\/h3>\n<p><\/p>\n<h2 class=\"props-title\">Vlastnosti<\/h2>\n<table>\n<tr>\n<th>Zna\u010dka<\/th>\n<td>SAPHO<\/td>\n<\/tr>\n<tr>\n<th>3D model<\/th>\n<td>ANO<\/td>\n<\/tr>\n<tr>\n<th>Rozm\u011br<\/th>\n<td>35,5&#215;53 cm<\/td>\n<\/tr>\n<tr>\n<th>\u0160\u00ed\u0159ka<\/th>\n<td>355&nbsp;mm<\/td>\n<\/tr>\n<tr>\n<th>Hloubka<\/th>\n<td>530&nbsp;mm<\/td>\n<\/tr>\n<tr>\n<th>Barva<\/th>\n<td>\u010cern\u00e1<\/td>\n<\/tr>\n<tr>\n<th>Materi\u00e1l<\/th>\n<td>Keramika<\/td>\n<\/tr>\n<tr>\n<th>Tvar<\/th>\n<td>Klasik<\/td>\n<\/tr>\n<tr>\n<th>Hmotnost \/ ks<\/th>\n<td>23.6000&nbsp;kg<\/td>\n<\/tr>\n<tr>\n<th>Balen\u00ed<\/th>\n<td>1&nbsp;ks<\/td>\n<\/tr>\n<tr>\n<th>EAN<\/th>\n<td>8590913933110<\/td>\n<\/tr>\n<tr>\n<th>Taric<\/th>\n<td>69109000<\/td>\n<\/tr>\n<tr>\n<th>Z\u00e1ruka<\/th>\n<td>2 roky<\/td>\n<\/tr>\n<\/table><\/div>\n","protected":false},"excerpt":{"rendered":"<p>Detailn\u00ed popis produktu Vlastnosti Zna\u010dka SAPHO 3D model ANO Rozm\u011br 35,5&#215;53 cm \u0160\u00ed\u0159ka 355&nbsp;mm Hloubka 530&nbsp;mm Barva \u010cern\u00e1 Materi\u00e1l Keramika Tvar Klasik Hmotnost \/ ks 23.6000&nbsp;kg Balen\u00ed 1&nbsp;ks EAN 8590913933110 Taric 69109000 Z\u00e1ruka 2 roky<\/p>\n","protected":false},"featured_media":27269,"comment_status":"open","ping_status":"open","template":"","meta":[],"product_brand":[],"product_cat":[101],"product_tag":[],"class_list":{"0":"post-27169","1":"product","2":"type-product","3":"status-publish","4":"has-post-thumbnail","6":"product_cat-wc","8":"first","9":"instock","10":"sale","11":"shipping-taxable","12":"purchasable","13":"product-type-simple"},"yoast_head":"<!-- This site is optimized with the Yoast SEO plugin v26.8 - https:\/\/yoast.com\/product\/yoast-seo-wordpress\/ -->\n<title>Obl\u00edben\u00fd Sapho AVVA bidet z\u00e1v\u011bsn\u00fd 35,5x53 cm, \u010dern\u00e1 mat 100324-110 -<\/title>\n<meta name=\"robots\" content=\"index, follow, max-snippet:-1, max-image-preview:large, max-video-preview:-1\" \/>\n<link rel=\"canonical\" href=\"https:\/\/www.technodompro.com\/index.php\/produkt\/oblibeny-sapho-avva-bidet-zavesny-35-5x53-cm-cerna-mat-100324-110-27169\/\" \/>\n<meta property=\"og:locale\" content=\"cs_CZ\" \/>\n<meta property=\"og:type\" content=\"article\" \/>\n<meta property=\"og:title\" content=\"Obl\u00edben\u00fd Sapho AVVA bidet z\u00e1v\u011bsn\u00fd 35,5x53 cm, \u010dern\u00e1 mat 100324-110 -\" \/>\n<meta property=\"og:description\" content=\"Detailn\u00ed popis produktu Vlastnosti Zna\u010dka SAPHO 3D model ANO Rozm\u011br 35,5&#215;53 cm \u0160\u00ed\u0159ka 355&nbsp;mm Hloubka 530&nbsp;mm Barva \u010cern\u00e1 Materi\u00e1l Keramika Tvar Klasik Hmotnost \/ ks 23.6000&nbsp;kg Balen\u00ed 1&nbsp;ks EAN 8590913933110 Taric 69109000 Z\u00e1ruka 2 roky\" \/>\n<meta property=\"og:url\" content=\"https:\/\/www.technodompro.com\/index.php\/produkt\/oblibeny-sapho-avva-bidet-zavesny-35-5x53-cm-cerna-mat-100324-110-27169\/\" \/>\n<meta property=\"og:image\" content=\"https:\/\/www.technodompro.com\/wp-content\/uploads\/2026\/SK0012304-CZ20260425-093631-0-1777080994-266575_sapho-avva-bidet-zavesny-35-5x53-cm--cerna-mat-10032.webp\" \/>\n\t<meta property=\"og:image:width\" content=\"1000\" \/>\n\t<meta property=\"og:image:height\" content=\"750\" \/>\n\t<meta property=\"og:image:type\" content=\"image\/webp\" \/>\n<meta name=\"twitter:card\" content=\"summary_large_image\" \/>\n<script type=\"application\/ld+json\" class=\"yoast-schema-graph\">{\"@context\":\"https:\/\/schema.org\",\"@graph\":[{\"@type\":\"WebPage\",\"@id\":\"https:\/\/www.technodompro.com\/index.php\/produkt\/oblibeny-sapho-avva-bidet-zavesny-35-5x53-cm-cerna-mat-100324-110-27169\/\",\"url\":\"https:\/\/www.technodompro.com\/index.php\/produkt\/oblibeny-sapho-avva-bidet-zavesny-35-5x53-cm-cerna-mat-100324-110-27169\/\",\"name\":\"Obl\u00edben\u00fd Sapho AVVA bidet z\u00e1v\u011bsn\u00fd 35,5x53 cm, \u010dern\u00e1 mat 100324-110 -\",\"isPartOf\":{\"@id\":\"https:\/\/www.technodompro.com\/#website\"},\"primaryImageOfPage\":{\"@id\":\"https:\/\/www.technodompro.com\/index.php\/produkt\/oblibeny-sapho-avva-bidet-zavesny-35-5x53-cm-cerna-mat-100324-110-27169\/#primaryimage\"},\"image\":{\"@id\":\"https:\/\/www.technodompro.com\/index.php\/produkt\/oblibeny-sapho-avva-bidet-zavesny-35-5x53-cm-cerna-mat-100324-110-27169\/#primaryimage\"},\"thumbnailUrl\":\"https:\/\/www.technodompro.com\/wp-content\/uploads\/2026\/SK0012304-CZ20260425-093631-0-1777080994-266575_sapho-avva-bidet-zavesny-35-5x53-cm--cerna-mat-10032.webp\",\"datePublished\":\"2026-04-27T04:41:40+00:00\",\"breadcrumb\":{\"@id\":\"https:\/\/www.technodompro.com\/index.php\/produkt\/oblibeny-sapho-avva-bidet-zavesny-35-5x53-cm-cerna-mat-100324-110-27169\/#breadcrumb\"},\"inLanguage\":\"cs\",\"potentialAction\":[{\"@type\":\"ReadAction\",\"target\":[\"https:\/\/www.technodompro.com\/index.php\/produkt\/oblibeny-sapho-avva-bidet-zavesny-35-5x53-cm-cerna-mat-100324-110-27169\/\"]}]},{\"@type\":\"ImageObject\",\"inLanguage\":\"cs\",\"@id\":\"https:\/\/www.technodompro.com\/index.php\/produkt\/oblibeny-sapho-avva-bidet-zavesny-35-5x53-cm-cerna-mat-100324-110-27169\/#primaryimage\",\"url\":\"https:\/\/www.technodompro.com\/wp-content\/uploads\/2026\/SK0012304-CZ20260425-093631-0-1777080994-266575_sapho-avva-bidet-zavesny-35-5x53-cm--cerna-mat-10032.webp\",\"contentUrl\":\"https:\/\/www.technodompro.com\/wp-content\/uploads\/2026\/SK0012304-CZ20260425-093631-0-1777080994-266575_sapho-avva-bidet-zavesny-35-5x53-cm--cerna-mat-10032.webp\",\"width\":1000,\"height\":750},{\"@type\":\"BreadcrumbList\",\"@id\":\"https:\/\/www.technodompro.com\/index.php\/produkt\/oblibeny-sapho-avva-bidet-zavesny-35-5x53-cm-cerna-mat-100324-110-27169\/#breadcrumb\",\"itemListElement\":[{\"@type\":\"ListItem\",\"position\":1,\"name\":\"Home\",\"item\":\"https:\/\/www.technodompro.com\/\"},{\"@type\":\"ListItem\",\"position\":2,\"name\":\"Products\",\"item\":\"https:\/\/www.technodompro.com\/index.php\/products\/\"},{\"@type\":\"ListItem\",\"position\":3,\"name\":\"Obl\u00edben\u00fd Sapho AVVA bidet z\u00e1v\u011bsn\u00fd 35,5&#215;53 cm, \u010dern\u00e1 mat 100324-110\"}]},{\"@type\":\"WebSite\",\"@id\":\"https:\/\/www.technodompro.com\/#website\",\"url\":\"https:\/\/www.technodompro.com\/\",\"name\":\"\",\"description\":\"\",\"potentialAction\":[{\"@type\":\"SearchAction\",\"target\":{\"@type\":\"EntryPoint\",\"urlTemplate\":\"https:\/\/www.technodompro.com\/?s={search_term_string}\"},\"query-input\":{\"@type\":\"PropertyValueSpecification\",\"valueRequired\":true,\"valueName\":\"search_term_string\"}}],\"inLanguage\":\"cs\"}]}<\/script>\n<!-- \/ Yoast SEO plugin. -->","yoast_head_json":{"title":"Obl\u00edben\u00fd Sapho AVVA bidet z\u00e1v\u011bsn\u00fd 35,5x53 cm, \u010dern\u00e1 mat 100324-110 -","robots":{"index":"index","follow":"follow","max-snippet":"max-snippet:-1","max-image-preview":"max-image-preview:large","max-video-preview":"max-video-preview:-1"},"canonical":"https:\/\/www.technodompro.com\/index.php\/produkt\/oblibeny-sapho-avva-bidet-zavesny-35-5x53-cm-cerna-mat-100324-110-27169\/","og_locale":"cs_CZ","og_type":"article","og_title":"Obl\u00edben\u00fd Sapho AVVA bidet z\u00e1v\u011bsn\u00fd 35,5x53 cm, \u010dern\u00e1 mat 100324-110 -","og_description":"Detailn\u00ed popis produktu Vlastnosti Zna\u010dka SAPHO 3D model ANO Rozm\u011br 35,5&#215;53 cm \u0160\u00ed\u0159ka 355&nbsp;mm Hloubka 530&nbsp;mm Barva \u010cern\u00e1 Materi\u00e1l Keramika Tvar Klasik Hmotnost \/ ks 23.6000&nbsp;kg Balen\u00ed 1&nbsp;ks EAN 8590913933110 Taric 69109000 Z\u00e1ruka 2 roky","og_url":"https:\/\/www.technodompro.com\/index.php\/produkt\/oblibeny-sapho-avva-bidet-zavesny-35-5x53-cm-cerna-mat-100324-110-27169\/","og_image":[{"width":1000,"height":750,"url":"https:\/\/www.technodompro.com\/wp-content\/uploads\/2026\/SK0012304-CZ20260425-093631-0-1777080994-266575_sapho-avva-bidet-zavesny-35-5x53-cm--cerna-mat-10032.webp","type":"image\/webp"}],"twitter_card":"summary_large_image","schema":{"@context":"https:\/\/schema.org","@graph":[{"@type":"WebPage","@id":"https:\/\/www.technodompro.com\/index.php\/produkt\/oblibeny-sapho-avva-bidet-zavesny-35-5x53-cm-cerna-mat-100324-110-27169\/","url":"https:\/\/www.technodompro.com\/index.php\/produkt\/oblibeny-sapho-avva-bidet-zavesny-35-5x53-cm-cerna-mat-100324-110-27169\/","name":"Obl\u00edben\u00fd Sapho AVVA bidet z\u00e1v\u011bsn\u00fd 35,5x53 cm, \u010dern\u00e1 mat 100324-110 -","isPartOf":{"@id":"https:\/\/www.technodompro.com\/#website"},"primaryImageOfPage":{"@id":"https:\/\/www.technodompro.com\/index.php\/produkt\/oblibeny-sapho-avva-bidet-zavesny-35-5x53-cm-cerna-mat-100324-110-27169\/#primaryimage"},"image":{"@id":"https:\/\/www.technodompro.com\/index.php\/produkt\/oblibeny-sapho-avva-bidet-zavesny-35-5x53-cm-cerna-mat-100324-110-27169\/#primaryimage"},"thumbnailUrl":"https:\/\/www.technodompro.com\/wp-content\/uploads\/2026\/SK0012304-CZ20260425-093631-0-1777080994-266575_sapho-avva-bidet-zavesny-35-5x53-cm--cerna-mat-10032.webp","datePublished":"2026-04-27T04:41:40+00:00","breadcrumb":{"@id":"https:\/\/www.technodompro.com\/index.php\/produkt\/oblibeny-sapho-avva-bidet-zavesny-35-5x53-cm-cerna-mat-100324-110-27169\/#breadcrumb"},"inLanguage":"cs","potentialAction":[{"@type":"ReadAction","target":["https:\/\/www.technodompro.com\/index.php\/produkt\/oblibeny-sapho-avva-bidet-zavesny-35-5x53-cm-cerna-mat-100324-110-27169\/"]}]},{"@type":"ImageObject","inLanguage":"cs","@id":"https:\/\/www.technodompro.com\/index.php\/produkt\/oblibeny-sapho-avva-bidet-zavesny-35-5x53-cm-cerna-mat-100324-110-27169\/#primaryimage","url":"https:\/\/www.technodompro.com\/wp-content\/uploads\/2026\/SK0012304-CZ20260425-093631-0-1777080994-266575_sapho-avva-bidet-zavesny-35-5x53-cm--cerna-mat-10032.webp","contentUrl":"https:\/\/www.technodompro.com\/wp-content\/uploads\/2026\/SK0012304-CZ20260425-093631-0-1777080994-266575_sapho-avva-bidet-zavesny-35-5x53-cm--cerna-mat-10032.webp","width":1000,"height":750},{"@type":"BreadcrumbList","@id":"https:\/\/www.technodompro.com\/index.php\/produkt\/oblibeny-sapho-avva-bidet-zavesny-35-5x53-cm-cerna-mat-100324-110-27169\/#breadcrumb","itemListElement":[{"@type":"ListItem","position":1,"name":"Home","item":"https:\/\/www.technodompro.com\/"},{"@type":"ListItem","position":2,"name":"Products","item":"https:\/\/www.technodompro.com\/index.php\/products\/"},{"@type":"ListItem","position":3,"name":"Obl\u00edben\u00fd Sapho AVVA bidet z\u00e1v\u011bsn\u00fd 35,5&#215;53 cm, \u010dern\u00e1 mat 100324-110"}]},{"@type":"WebSite","@id":"https:\/\/www.technodompro.com\/#website","url":"https:\/\/www.technodompro.com\/","name":"","description":"","potentialAction":[{"@type":"SearchAction","target":{"@type":"EntryPoint","urlTemplate":"https:\/\/www.technodompro.com\/?s={search_term_string}"},"query-input":{"@type":"PropertyValueSpecification","valueRequired":true,"valueName":"search_term_string"}}],"inLanguage":"cs"}]}},"_links":{"self":[{"href":"https:\/\/www.technodompro.com\/index.php\/wp-json\/wp\/v2\/product\/27169","targetHints":{"allow":["GET"]}}],"collection":[{"href":"https:\/\/www.technodompro.com\/index.php\/wp-json\/wp\/v2\/product"}],"about":[{"href":"https:\/\/www.technodompro.com\/index.php\/wp-json\/wp\/v2\/types\/product"}],"replies":[{"embeddable":true,"href":"https:\/\/www.technodompro.com\/index.php\/wp-json\/wp\/v2\/comments?post=27169"}],"wp:featuredmedia":[{"embeddable":true,"href":"https:\/\/www.technodompro.com\/index.php\/wp-json\/wp\/v2\/media\/27269"}],"wp:attachment":[{"href":"https:\/\/www.technodompro.com\/index.php\/wp-json\/wp\/v2\/media?parent=27169"}],"wp:term":[{"taxonomy":"product_brand","embeddable":true,"href":"https:\/\/www.technodompro.com\/index.php\/wp-json\/wp\/v2\/product_brand?post=27169"},{"taxonomy":"product_cat","embeddable":true,"href":"https:\/\/www.technodompro.com\/index.php\/wp-json\/wp\/v2\/product_cat?post=27169"},{"taxonomy":"product_tag","embeddable":true,"href":"https:\/\/www.technodompro.com\/index.php\/wp-json\/wp\/v2\/product_tag?post=27169"}],"curies":[{"name":"wp","href":"https:\/\/api.w.org\/{rel}","templated":true}]}}