{"id":34790,"date":"2026-04-27T04:42:01","date_gmt":"2026-04-27T04:42:01","guid":{"rendered":""},"modified":"2026-04-27T04:42:01","modified_gmt":"2026-04-27T04:42:01","slug":"znackovy-ravak-konzole-yard-45-c-bila-bila-34790","status":"publish","type":"product","link":"https:\/\/www.technodompro.com\/index.php\/produkt\/znackovy-ravak-konzole-yard-45-c-bila-bila-34790\/","title":{"rendered":"Zna\u010dkov\u00fd Ravak Konzole Yard 45 C, b\u00edl\u00e1 b\u00edl\u00e1"},"content":{"rendered":"<div class=\"detail-description__right\">\n<div class=\"parameters\">\n<div class=\"table table--simple\">\n<table>\n<tbody>\n<tr>\n<td colspan=\"2\">\n<h4>Vlastnosti<\/h4>\n<\/td>\n<\/tr>\n<tr>\n<td>SHAPE<\/td>\n<td>Konzole k\u00a0umyvadlu<\/td>\n<\/tr>\n<tr>\n<td>Materi\u00e1l<\/td>\n<td>kov<\/td>\n<\/tr>\n<tr>\n<td>Produktov\u00e1 skupina<\/td>\n<td>Konzole<\/td>\n<\/tr>\n<tr>\n<td>P\u016fvod<\/td>\n<td>Vyrobeno v\u00a0\u010cR<\/td>\n<\/tr>\n<tr>\n<td>Barva<\/td>\n<td>\u010dern\u00e1, b\u00edl\u00e1, nerez<\/td>\n<\/tr>\n<tr>\n<td colspan=\"2\">\n<h4>Parametry<\/h4>\n<\/td>\n<\/tr>\n<tr>\n<td>Zna\u010dka<\/td>\n<td>Ravak<\/td>\n<\/tr>\n<\/tbody>\n<\/table><\/div>\n<\/div><\/div>\n<div class=\"detail-description__top\">\t\t\t\t<\/div>\n<div class=\"detail-description__left\">\n<div class=\"detail-description__left__overflow\">\n<div class=\"detail-description__left__head\">\t\t\t\t\t\tPopis:\t\t\t\t\t<\/div>\n<div class=\"ul-style ul-style--check\">\n<ul class=\"plusminus\">\n<li><i class=\"fas fa-check\"><\/i><span>Rozm\u011bry (\u0161xhxv): 34,1\u00a0\u00d7\u00a034,1\u00a0\u00d7\u00a07 cm<\/span><\/li>\n<li><i class=\"fas fa-check\"><\/i><span>Proveden\u00ed: nerez<\/span><\/li>\n<li><i class=\"fas fa-check\"><\/i><span>K\u00a0instalaci umyvadla Yard 45\u00a0C<\/span><\/li>\n<\/ul>\n<p>Konzole Yard 45\u00a0C je nezbytnou sou\u010d\u00e1st\u00ed umyvadla Yard 45\u00a0C a slou\u017e\u00edk\u00a0jeho zav\u011b\u0161en\u00ed na ze\u010f. Mont\u00e1\u017en\u00ed sada (p\u0159ipojovac\u00ed hmo\u017edinky, vrutyatd.) je sou\u010d\u00e1st\u00ed dod\u00e1vky.<\/p>\n<\/div>\n<div class=\"detail-description__left__more\">\t\t\t\t\t\t<span> <\/span><span> <\/span>\t\t\t\t\t<\/div>\n<\/p><\/div>\n<\/p><\/div>\n<div class=\"detail-description__more\"><span> <\/span><span> <\/span><\/div>\n<\/p><\/div>\n<\/p><\/div>\n<div class=\"tab tab-detail-7\">\n<div class=\"table-size-classic  table-size--selectable\">\n<table>\n<thead>\n<tr>\n<th data-product-code=\"[&quot;K\u00f3d&quot;]\"><span class=\"selected\">Vybr\u00e1no<\/span><span><\/span><\/th>\n<th data-product-code=\"[&quot;X01775&quot;]\"><span class=\"selected\">Vybr\u00e1no<\/span><span>X01775<\/span><\/th>\n<th data-product-code=\"[&quot;X01780&quot;]\"><span class=\"selected\">Vybr\u00e1no<\/span><span>X01780<\/span><\/th>\n<th data-product-code=\"[&quot;X01785&quot;]\"><span class=\"selected\">Vybr\u00e1no<\/span><span>X01785<\/span><\/th>\n<\/tr>\n<\/thead>\n<tbody>\n<tr class=\"space\">\n<td><\/td>\n<td><\/td>\n<td><\/td>\n<td><\/td>\n<\/tr>\n<tr>\n<td><strong>SHAPE<\/strong><\/td>\n<td>Konzole k umyvadlu<\/td>\n<td>Konzole k umyvadlu<\/td>\n<td>Konzole k umyvadlu<\/td>\n<\/tr>\n<tr>\n<td><strong>Materi\u00e1l<\/strong><\/td>\n<td>kov<\/td>\n<td>kov<\/td>\n<td>kov<\/td>\n<\/tr>\n<tr>\n<td><strong>Produktov\u00e1 skupina<\/strong><\/td>\n<td>Konzole<\/td>\n<td>Konzole<\/td>\n<td>Konzole<\/td>\n<\/tr>\n<tr>\n<td><strong>P\u016fvod<\/strong><\/td>\n<td>Vyrobeno v \u010cR<\/td>\n<td>Vyrobeno v \u010cR<\/td>\n<td>Vyrobeno v \u010cR<\/td>\n<\/tr>\n<tr>\n<td><strong>OVERFLOW_HEIGHT<\/strong><\/td>\n<td>0<\/td>\n<td>0<\/td>\n<td>0<\/td>\n<\/tr>\n<tr>\n<td><strong>WASTE_DIAMETER<\/strong><\/td>\n<td>0<\/td>\n<td>0<\/td>\n<td>0<\/td>\n<\/tr>\n<tr>\n<td><strong>NUMBER_OF_ELEMENTS<\/strong><\/td>\n<td>0<\/td>\n<td>0<\/td>\n<td>0<\/td>\n<\/tr>\n<tr>\n<td><strong>CONSTRUCTION_HEIGHT<\/strong><\/td>\n<td>0<\/td>\n<td>0<\/td>\n<td>0<\/td>\n<\/tr>\n<tr>\n<td><strong>ODOR_BARRIER_HEIGHT<\/strong><\/td>\n<td>0<\/td>\n<td>0<\/td>\n<td>0<\/td>\n<\/tr>\n<tr>\n<td><strong>Barva<\/strong><\/td>\n<td>b\u00edl\u00e1<\/td>\n<td>\u010dern\u00e1<\/td>\n<td>nerez<\/td>\n<\/tr>\n<\/tbody>\n<\/table>\n<\/div><\/div>\n","protected":false},"excerpt":{"rendered":"<p>Vlastnosti SHAPE Konzole k\u00a0umyvadlu Materi\u00e1l kov Produktov\u00e1 skupina Konzole P\u016fvod Vyrobeno v\u00a0\u010cR Barva \u010dern\u00e1, b\u00edl\u00e1, nerez Parametry Zna\u010dka Ravak Popis: Rozm\u011bry (\u0161xhxv): 34,1\u00a0\u00d7\u00a034,1\u00a0\u00d7\u00a07 cm Proveden\u00ed: nerez K\u00a0instalaci umyvadla Yard 45\u00a0C Konzole Yard 45\u00a0C je nezbytnou sou\u010d\u00e1st\u00ed umyvadla Yard 45\u00a0C a slou\u017e\u00edk\u00a0jeho zav\u011b\u0161en\u00ed na ze\u010f. Mont\u00e1\u017en\u00ed sada (p\u0159ipojovac\u00ed hmo\u017edinky, vrutyatd.) je sou\u010d\u00e1st\u00ed dod\u00e1vky. Vybr\u00e1no Vybr\u00e1noX01775 Vybr\u00e1noX01780 [&hellip;]<\/p>\n","protected":false},"featured_media":34890,"comment_status":"open","ping_status":"open","template":"","meta":[],"product_brand":[],"product_cat":[39],"product_tag":[],"class_list":{"0":"post-34790","1":"product","2":"type-product","3":"status-publish","4":"has-post-thumbnail","6":"product_cat-sanita","8":"first","9":"instock","10":"sale","11":"shipping-taxable","12":"purchasable","13":"product-type-simple"},"yoast_head":"<!-- This site is optimized with the Yoast SEO plugin v26.8 - https:\/\/yoast.com\/product\/yoast-seo-wordpress\/ -->\n<title>Zna\u010dkov\u00fd Ravak Konzole Yard 45 C, b\u00edl\u00e1 b\u00edl\u00e1 -<\/title>\n<meta name=\"robots\" content=\"index, follow, max-snippet:-1, max-image-preview:large, max-video-preview:-1\" \/>\n<link rel=\"canonical\" href=\"https:\/\/www.technodompro.com\/index.php\/produkt\/znackovy-ravak-konzole-yard-45-c-bila-bila-34790\/\" \/>\n<meta property=\"og:locale\" content=\"cs_CZ\" \/>\n<meta property=\"og:type\" content=\"article\" \/>\n<meta property=\"og:title\" content=\"Zna\u010dkov\u00fd Ravak Konzole Yard 45 C, b\u00edl\u00e1 b\u00edl\u00e1 -\" \/>\n<meta property=\"og:description\" content=\"Vlastnosti SHAPE Konzole k\u00a0umyvadlu Materi\u00e1l kov Produktov\u00e1 skupina Konzole P\u016fvod Vyrobeno v\u00a0\u010cR Barva \u010dern\u00e1, b\u00edl\u00e1, nerez Parametry Zna\u010dka Ravak Popis: Rozm\u011bry (\u0161xhxv): 34,1\u00a0\u00d7\u00a034,1\u00a0\u00d7\u00a07 cm Proveden\u00ed: nerez K\u00a0instalaci umyvadla Yard 45\u00a0C Konzole Yard 45\u00a0C je nezbytnou sou\u010d\u00e1st\u00ed umyvadla Yard 45\u00a0C a slou\u017e\u00edk\u00a0jeho zav\u011b\u0161en\u00ed na ze\u010f. Mont\u00e1\u017en\u00ed sada (p\u0159ipojovac\u00ed hmo\u017edinky, vrutyatd.) je sou\u010d\u00e1st\u00ed dod\u00e1vky. Vybr\u00e1no Vybr\u00e1noX01775 Vybr\u00e1noX01780 [&hellip;]\" \/>\n<meta property=\"og:url\" content=\"https:\/\/www.technodompro.com\/index.php\/produkt\/znackovy-ravak-konzole-yard-45-c-bila-bila-34790\/\" \/>\n<meta property=\"og:image\" content=\"https:\/\/www.technodompro.com\/wp-content\/uploads\/2026\/SK0019026-CZ20260425-091936-0-1777079982-ravak-konzole-yard-45-c-bila-bila-w1200-h628-f8-854936538d6.webp\" \/>\n\t<meta property=\"og:image:width\" content=\"1000\" \/>\n\t<meta property=\"og:image:height\" content=\"523\" \/>\n\t<meta property=\"og:image:type\" content=\"image\/webp\" \/>\n<meta name=\"twitter:card\" content=\"summary_large_image\" \/>\n<script type=\"application\/ld+json\" class=\"yoast-schema-graph\">{\"@context\":\"https:\/\/schema.org\",\"@graph\":[{\"@type\":\"WebPage\",\"@id\":\"https:\/\/www.technodompro.com\/index.php\/produkt\/znackovy-ravak-konzole-yard-45-c-bila-bila-34790\/\",\"url\":\"https:\/\/www.technodompro.com\/index.php\/produkt\/znackovy-ravak-konzole-yard-45-c-bila-bila-34790\/\",\"name\":\"Zna\u010dkov\u00fd Ravak Konzole Yard 45 C, b\u00edl\u00e1 b\u00edl\u00e1 -\",\"isPartOf\":{\"@id\":\"https:\/\/www.technodompro.com\/#website\"},\"primaryImageOfPage\":{\"@id\":\"https:\/\/www.technodompro.com\/index.php\/produkt\/znackovy-ravak-konzole-yard-45-c-bila-bila-34790\/#primaryimage\"},\"image\":{\"@id\":\"https:\/\/www.technodompro.com\/index.php\/produkt\/znackovy-ravak-konzole-yard-45-c-bila-bila-34790\/#primaryimage\"},\"thumbnailUrl\":\"https:\/\/www.technodompro.com\/wp-content\/uploads\/2026\/SK0019026-CZ20260425-091936-0-1777079982-ravak-konzole-yard-45-c-bila-bila-w1200-h628-f8-854936538d6.webp\",\"datePublished\":\"2026-04-27T04:42:01+00:00\",\"breadcrumb\":{\"@id\":\"https:\/\/www.technodompro.com\/index.php\/produkt\/znackovy-ravak-konzole-yard-45-c-bila-bila-34790\/#breadcrumb\"},\"inLanguage\":\"cs\",\"potentialAction\":[{\"@type\":\"ReadAction\",\"target\":[\"https:\/\/www.technodompro.com\/index.php\/produkt\/znackovy-ravak-konzole-yard-45-c-bila-bila-34790\/\"]}]},{\"@type\":\"ImageObject\",\"inLanguage\":\"cs\",\"@id\":\"https:\/\/www.technodompro.com\/index.php\/produkt\/znackovy-ravak-konzole-yard-45-c-bila-bila-34790\/#primaryimage\",\"url\":\"https:\/\/www.technodompro.com\/wp-content\/uploads\/2026\/SK0019026-CZ20260425-091936-0-1777079982-ravak-konzole-yard-45-c-bila-bila-w1200-h628-f8-854936538d6.webp\",\"contentUrl\":\"https:\/\/www.technodompro.com\/wp-content\/uploads\/2026\/SK0019026-CZ20260425-091936-0-1777079982-ravak-konzole-yard-45-c-bila-bila-w1200-h628-f8-854936538d6.webp\",\"width\":1000,\"height\":523},{\"@type\":\"BreadcrumbList\",\"@id\":\"https:\/\/www.technodompro.com\/index.php\/produkt\/znackovy-ravak-konzole-yard-45-c-bila-bila-34790\/#breadcrumb\",\"itemListElement\":[{\"@type\":\"ListItem\",\"position\":1,\"name\":\"Home\",\"item\":\"https:\/\/www.technodompro.com\/\"},{\"@type\":\"ListItem\",\"position\":2,\"name\":\"Products\",\"item\":\"https:\/\/www.technodompro.com\/index.php\/products\/\"},{\"@type\":\"ListItem\",\"position\":3,\"name\":\"Zna\u010dkov\u00fd Ravak Konzole Yard 45 C, b\u00edl\u00e1 b\u00edl\u00e1\"}]},{\"@type\":\"WebSite\",\"@id\":\"https:\/\/www.technodompro.com\/#website\",\"url\":\"https:\/\/www.technodompro.com\/\",\"name\":\"\",\"description\":\"\",\"potentialAction\":[{\"@type\":\"SearchAction\",\"target\":{\"@type\":\"EntryPoint\",\"urlTemplate\":\"https:\/\/www.technodompro.com\/?s={search_term_string}\"},\"query-input\":{\"@type\":\"PropertyValueSpecification\",\"valueRequired\":true,\"valueName\":\"search_term_string\"}}],\"inLanguage\":\"cs\"}]}<\/script>\n<!-- \/ Yoast SEO plugin. -->","yoast_head_json":{"title":"Zna\u010dkov\u00fd Ravak Konzole Yard 45 C, b\u00edl\u00e1 b\u00edl\u00e1 -","robots":{"index":"index","follow":"follow","max-snippet":"max-snippet:-1","max-image-preview":"max-image-preview:large","max-video-preview":"max-video-preview:-1"},"canonical":"https:\/\/www.technodompro.com\/index.php\/produkt\/znackovy-ravak-konzole-yard-45-c-bila-bila-34790\/","og_locale":"cs_CZ","og_type":"article","og_title":"Zna\u010dkov\u00fd Ravak Konzole Yard 45 C, b\u00edl\u00e1 b\u00edl\u00e1 -","og_description":"Vlastnosti SHAPE Konzole k\u00a0umyvadlu Materi\u00e1l kov Produktov\u00e1 skupina Konzole P\u016fvod Vyrobeno v\u00a0\u010cR Barva \u010dern\u00e1, b\u00edl\u00e1, nerez Parametry Zna\u010dka Ravak Popis: Rozm\u011bry (\u0161xhxv): 34,1\u00a0\u00d7\u00a034,1\u00a0\u00d7\u00a07 cm Proveden\u00ed: nerez K\u00a0instalaci umyvadla Yard 45\u00a0C Konzole Yard 45\u00a0C je nezbytnou sou\u010d\u00e1st\u00ed umyvadla Yard 45\u00a0C a slou\u017e\u00edk\u00a0jeho zav\u011b\u0161en\u00ed na ze\u010f. Mont\u00e1\u017en\u00ed sada (p\u0159ipojovac\u00ed hmo\u017edinky, vrutyatd.) je sou\u010d\u00e1st\u00ed dod\u00e1vky. Vybr\u00e1no Vybr\u00e1noX01775 Vybr\u00e1noX01780 [&hellip;]","og_url":"https:\/\/www.technodompro.com\/index.php\/produkt\/znackovy-ravak-konzole-yard-45-c-bila-bila-34790\/","og_image":[{"width":1000,"height":523,"url":"https:\/\/www.technodompro.com\/wp-content\/uploads\/2026\/SK0019026-CZ20260425-091936-0-1777079982-ravak-konzole-yard-45-c-bila-bila-w1200-h628-f8-854936538d6.webp","type":"image\/webp"}],"twitter_card":"summary_large_image","schema":{"@context":"https:\/\/schema.org","@graph":[{"@type":"WebPage","@id":"https:\/\/www.technodompro.com\/index.php\/produkt\/znackovy-ravak-konzole-yard-45-c-bila-bila-34790\/","url":"https:\/\/www.technodompro.com\/index.php\/produkt\/znackovy-ravak-konzole-yard-45-c-bila-bila-34790\/","name":"Zna\u010dkov\u00fd Ravak Konzole Yard 45 C, b\u00edl\u00e1 b\u00edl\u00e1 -","isPartOf":{"@id":"https:\/\/www.technodompro.com\/#website"},"primaryImageOfPage":{"@id":"https:\/\/www.technodompro.com\/index.php\/produkt\/znackovy-ravak-konzole-yard-45-c-bila-bila-34790\/#primaryimage"},"image":{"@id":"https:\/\/www.technodompro.com\/index.php\/produkt\/znackovy-ravak-konzole-yard-45-c-bila-bila-34790\/#primaryimage"},"thumbnailUrl":"https:\/\/www.technodompro.com\/wp-content\/uploads\/2026\/SK0019026-CZ20260425-091936-0-1777079982-ravak-konzole-yard-45-c-bila-bila-w1200-h628-f8-854936538d6.webp","datePublished":"2026-04-27T04:42:01+00:00","breadcrumb":{"@id":"https:\/\/www.technodompro.com\/index.php\/produkt\/znackovy-ravak-konzole-yard-45-c-bila-bila-34790\/#breadcrumb"},"inLanguage":"cs","potentialAction":[{"@type":"ReadAction","target":["https:\/\/www.technodompro.com\/index.php\/produkt\/znackovy-ravak-konzole-yard-45-c-bila-bila-34790\/"]}]},{"@type":"ImageObject","inLanguage":"cs","@id":"https:\/\/www.technodompro.com\/index.php\/produkt\/znackovy-ravak-konzole-yard-45-c-bila-bila-34790\/#primaryimage","url":"https:\/\/www.technodompro.com\/wp-content\/uploads\/2026\/SK0019026-CZ20260425-091936-0-1777079982-ravak-konzole-yard-45-c-bila-bila-w1200-h628-f8-854936538d6.webp","contentUrl":"https:\/\/www.technodompro.com\/wp-content\/uploads\/2026\/SK0019026-CZ20260425-091936-0-1777079982-ravak-konzole-yard-45-c-bila-bila-w1200-h628-f8-854936538d6.webp","width":1000,"height":523},{"@type":"BreadcrumbList","@id":"https:\/\/www.technodompro.com\/index.php\/produkt\/znackovy-ravak-konzole-yard-45-c-bila-bila-34790\/#breadcrumb","itemListElement":[{"@type":"ListItem","position":1,"name":"Home","item":"https:\/\/www.technodompro.com\/"},{"@type":"ListItem","position":2,"name":"Products","item":"https:\/\/www.technodompro.com\/index.php\/products\/"},{"@type":"ListItem","position":3,"name":"Zna\u010dkov\u00fd Ravak Konzole Yard 45 C, b\u00edl\u00e1 b\u00edl\u00e1"}]},{"@type":"WebSite","@id":"https:\/\/www.technodompro.com\/#website","url":"https:\/\/www.technodompro.com\/","name":"","description":"","potentialAction":[{"@type":"SearchAction","target":{"@type":"EntryPoint","urlTemplate":"https:\/\/www.technodompro.com\/?s={search_term_string}"},"query-input":{"@type":"PropertyValueSpecification","valueRequired":true,"valueName":"search_term_string"}}],"inLanguage":"cs"}]}},"_links":{"self":[{"href":"https:\/\/www.technodompro.com\/index.php\/wp-json\/wp\/v2\/product\/34790","targetHints":{"allow":["GET"]}}],"collection":[{"href":"https:\/\/www.technodompro.com\/index.php\/wp-json\/wp\/v2\/product"}],"about":[{"href":"https:\/\/www.technodompro.com\/index.php\/wp-json\/wp\/v2\/types\/product"}],"replies":[{"embeddable":true,"href":"https:\/\/www.technodompro.com\/index.php\/wp-json\/wp\/v2\/comments?post=34790"}],"wp:featuredmedia":[{"embeddable":true,"href":"https:\/\/www.technodompro.com\/index.php\/wp-json\/wp\/v2\/media\/34890"}],"wp:attachment":[{"href":"https:\/\/www.technodompro.com\/index.php\/wp-json\/wp\/v2\/media?parent=34790"}],"wp:term":[{"taxonomy":"product_brand","embeddable":true,"href":"https:\/\/www.technodompro.com\/index.php\/wp-json\/wp\/v2\/product_brand?post=34790"},{"taxonomy":"product_cat","embeddable":true,"href":"https:\/\/www.technodompro.com\/index.php\/wp-json\/wp\/v2\/product_cat?post=34790"},{"taxonomy":"product_tag","embeddable":true,"href":"https:\/\/www.technodompro.com\/index.php\/wp-json\/wp\/v2\/product_tag?post=34790"}],"curies":[{"name":"wp","href":"https:\/\/api.w.org\/{rel}","templated":true}]}}