{"id":34908,"date":"2026-04-27T04:42:02","date_gmt":"2026-04-27T04:42:02","guid":{"rendered":""},"modified":"2026-04-27T04:42:02","modified_gmt":"2026-04-27T04:42:02","slug":"znackovy-ravak-umyvadlo-yard-45-c-bez-otvoru-pro-baterii-bez-prepadu-deepsea-blue-tmave-modra-34908","status":"publish","type":"product","link":"https:\/\/www.technodompro.com\/index.php\/produkt\/znackovy-ravak-umyvadlo-yard-45-c-bez-otvoru-pro-baterii-bez-prepadu-deepsea-blue-tmave-modra-34908\/","title":{"rendered":"Zna\u010dkov\u00fd Ravak Umyvadlo Yard 45 C, bez otvoru pro baterii, bez p\u0159epadu, Deepsea Blue tmav\u011b modr\u00e1"},"content":{"rendered":"<div class=\"detail-description__right\">\n<div class=\"parameters\">\n<div class=\"table table--simple\">\n<table>\n<tbody>\n<tr>\n<td colspan=\"2\">\n<h4>Vlastnosti<\/h4>\n<\/td>\n<\/tr>\n<tr>\n<td>SHAPE<\/td>\n<td>Umyvadla<\/td>\n<\/tr>\n<tr>\n<td>Materi\u00e1l<\/td>\n<td>keramika<\/td>\n<\/tr>\n<tr>\n<td>Napojen\u00ed<\/td>\n<td>Z\u00e1v\u011bsn\u00e1<\/td>\n<\/tr>\n<tr>\n<td>Produktov\u00e1 skupina<\/td>\n<td>Keramick\u00e9 umyvadlo<\/td>\n<\/tr>\n<tr>\n<td>P\u016fvod<\/td>\n<td>Vyrobeno v\u00a0\u010cR<\/td>\n<\/tr>\n<tr>\n<td>Instalace<\/td>\n<td>samostatn\u00e1<\/td>\n<\/tr>\n<tr>\n<td>Vybaven\u00ed<\/td>\n<td>Bez konzole<\/td>\n<\/tr>\n<tr>\n<td>Barva<\/td>\n<td>\u010dern\u00e1 matn\u00e1, b\u00edl\u00e1, tmav\u011b modr\u00e1, tmav\u011b \u0161ed\u00e1, antracit, \u0161edozelen\u00e1, B\u00edl\u00e1 matn\u00e1, sv\u011btle r\u016f\u017eov\u00e1<\/td>\n<\/tr>\n<tr>\n<td colspan=\"2\">\n<h4>Parametry<\/h4>\n<\/td>\n<\/tr>\n<tr>\n<td>Zna\u010dka<\/td>\n<td>Ravak<\/td>\n<\/tr>\n<\/tbody>\n<\/table><\/div>\n<\/div><\/div>\n<div class=\"detail-description__top\">\t\t\t\t<\/div>\n<div class=\"detail-description__left\">\n<div class=\"detail-description__left__overflow\">\n<div class=\"detail-description__left__head\">\t\t\t\t\t\tPopis:\t\t\t\t\t<\/div>\n<div class=\"ul-style ul-style--check\">\n<ul class=\"plusminus\">\n<li><i class=\"fas fa-check\"><\/i><span>Rozmery (\u0161xhxv): 45\u00a0\u00d7\u00a045\u00a0\u00d7\u00a012,5\u00a0cm<\/span><\/li>\n<li><i class=\"fas fa-check\"><\/i><span>Materi\u00e1l: keramika<\/span><\/li>\n<li><i class=\"fas fa-check\"><\/i><span>Farebn\u00e9 vyhotovenie: \u010dierna matn\u00e1<\/span><\/li>\n<li><i class=\"fas fa-check\"><\/i><span>Prepad: nie<\/span><\/li>\n<li><i class=\"fas fa-check\"><\/i><span>Doplnky k\u00a0dok\u00fapeniu: konzola Yard 45, um\u00fdvadlov\u00e1 pileta pevn\u00e1,\tkeramick\u00e1 pileta Flat \u010dierna matn\u00e1, um\u00fdvadlov\u00fd sif\u00f3n, podomietkov\u00e1\tum\u00fdvadlov\u00e1 bat\u00e9ria<\/span><\/li>\n<\/ul>\n<p>Um\u00fdvadlo Yard 45\u00a0C je vyroben\u00e9 z\u00a0kvalitnej keramiky a je ur\u010den\u00e9 nain\u0161tal\u00e1ciu na konzolu Yard 45\u00a0C, um\u00fdvadlo nemo\u017eno samostatne zavesi\u0165 nastenu. Um\u00fdvadlo je nutn\u00e9 kombinova\u0165 s\u00a0pevnou um\u00fdvadlovou piletou, ktor\u00e1zabra\u0148uje prete\u010deniu vody.\u00a0<\/p>\n<p>Z\u00edskava ceny. A\u00a0z\u00edska si aj v\u00e1s<\/p>\n<p>Vrti\u0161ka &amp;amp; \u017d\u00e1k navrhli Yard z\u00a0tradi\u010dn\u00e9ho materi\u00e1lu\u00a0\u2013z\u00a0keramiky. Nekompromisn\u00fd dizajn s\u00a0cie\u013eom oslobodi\u0165 k\u00fape\u013ene odvizu\u00e1lneho balastu zaujal aj nez\u00e1visl\u00e9 svetov\u00e9 poroty.<\/p>\n<p>Objavte kolekciu 5\u00a0um\u00fdvadiel<\/p>\n<p>Kolekciu Yard tvor\u00ed p\u00e4\u0165 minimalistick\u00fdch um\u00fdvadiel\u00a0\u2013 tri rovn\u00e9um\u00fdvadl\u00e1 a dve um\u00fdvadl\u00e1 do rohu v\u00a0bielej, bielej matnej a \u010diernejmatnej\u00a0farbe.<\/p>\n<p>Za v\u0161etk\u00fdm stoj\u00ed pevn\u00e1 konzola<\/p>\n<p>Yard nepotrebuje \u017eiadny n\u00e1bytok. In\u0161taluje sa priamo na stenu pomocouoce\u013eovej konzoly. A\u00a0t\u00fa neskr\u00fdvame. Naopak. Konzola lad\u00ed s\u00a0tvarom um\u00fdvadlaa pod\u010diarkuje jeho celkov\u00fd\u00a0dojem.<\/p>\n<p>Vyla\u010fte si ka\u017ed\u00fd detail<\/p>\n<p>Zvo\u013ete si farbu konzoly a vyladte si do jedn\u00e9ho t\u00f3nu farbu bat\u00e9rie,pilety a sif\u00f3nu. Vybera\u0165 m\u00f4\u017eete z\u00a0\u010diernej, bielej a nerez varianty.<\/p>\n<p>Pote\u0161\u00ed aj maxim\u00e1lnych minimalistov<\/p>\n<p>Skombinujte Yard s\u00a0podomietkovou bat\u00e9riou a dosiahnete maxim\u00e1lneminimalistick\u00e9 rie\u0161enie. A\u00a0navy\u0161e z\u00edskate \u010fal\u0161\u00edch p\u00e1r centimetrovodkladacej plochy.<\/p>\n<p>Z\u00e1ruka 5\u00a0rokov<\/p>\n<p>Za kvalitou v\u00fdroby a dizajnu RAVAK si stoj\u00edme. Preto k\u00a0um\u00fdvadlu ajk\u00a0bat\u00e9rii z\u00edskate pred\u013a\u017een\u00fa p\u00e4\u0165ro\u010dn\u00fa z\u00e1ruku.<\/p>\n<\/div>\n<div class=\"detail-description__left__more\">\t\t\t\t\t\t<span> <\/span><span> <\/span>\t\t\t\t\t<\/div>\n<\/p><\/div>\n<\/p><\/div>\n<div class=\"detail-description__more\"><span> <\/span><span> <\/span><\/div>\n<\/p><\/div>\n<\/p><\/div>\n<div class=\"tab tab-detail-7\">\n<div class=\"table-size-classic  table-size--selectable\">\n<table>\n<thead>\n<tr>\n<th data-product-code=\"[&quot;K\u00f3d&quot;]\"><span class=\"selected\">Vybr\u00e1no<\/span><span><\/span><\/th>\n<th data-product-code=\"[&quot;XJX01045000&quot;]\"><span class=\"selected\">Vybr\u00e1no<\/span><span>XJX01045000<\/span><\/th>\n<th data-product-code=\"[&quot;XJX03045000&quot;]\"><span class=\"selected\">Vybr\u00e1no<\/span><span>XJX03045000<\/span><\/th>\n<th data-product-code=\"[&quot;XJX07045000&quot;]\"><span class=\"selected\">Vybr\u00e1no<\/span><span>XJX07045000<\/span><\/th>\n<th data-product-code=\"[&quot;XJX08045000&quot;]\"><span class=\"selected\">Vybr\u00e1no<\/span><span>XJX08045000<\/span><\/th>\n<th data-product-code=\"[&quot;XJX0D045000&quot;]\"><span class=\"selected\">Vybr\u00e1no<\/span><span>XJX0D045000<\/span><\/th>\n<th data-product-code=\"[&quot;XJX0E045000&quot;]\"><span class=\"selected\">Vybr\u00e1no<\/span><span>XJX0E045000<\/span><\/th>\n<th data-product-code=\"[&quot;XJX0G045000&quot;]\"><span class=\"selected\">Vybr\u00e1no<\/span><span>XJX0G045000<\/span><\/th>\n<th data-product-code=\"[&quot;XJX0O045000&quot;]\"><span class=\"selected\">Vybr\u00e1no<\/span><span>XJX0O045000<\/span><\/th>\n<\/tr>\n<\/thead>\n<tbody>\n<tr class=\"space\">\n<td><\/td>\n<td><\/td>\n<td><\/td>\n<td><\/td>\n<td><\/td>\n<td><\/td>\n<td><\/td>\n<td><\/td>\n<td><\/td>\n<\/tr>\n<tr>\n<td><strong>SHAPE<\/strong><\/td>\n<td>Umyvadla<\/td>\n<td>Umyvadla<\/td>\n<td>Umyvadla<\/td>\n<td>Umyvadla<\/td>\n<td>Umyvadla<\/td>\n<td>Umyvadla<\/td>\n<td>Umyvadla<\/td>\n<td>Umyvadla<\/td>\n<\/tr>\n<tr>\n<td><strong>Materi\u00e1l<\/strong><\/td>\n<td>keramika<\/td>\n<td>keramika<\/td>\n<td>keramika<\/td>\n<td>keramika<\/td>\n<td>keramika<\/td>\n<td>keramika<\/td>\n<td>keramika<\/td>\n<td>keramika<\/td>\n<\/tr>\n<tr>\n<td><strong>Napojen\u00ed<\/strong><\/td>\n<td>Z\u00e1v\u011bsn\u00e1<\/td>\n<td>Z\u00e1v\u011bsn\u00e1<\/td>\n<td>Z\u00e1v\u011bsn\u00e1<\/td>\n<td>Z\u00e1v\u011bsn\u00e1<\/td>\n<td>Z\u00e1v\u011bsn\u00e1<\/td>\n<td>Z\u00e1v\u011bsn\u00e1<\/td>\n<td>Z\u00e1v\u011bsn\u00e1<\/td>\n<td>Z\u00e1v\u011bsn\u00e1<\/td>\n<\/tr>\n<tr>\n<td><strong>Produktov\u00e1 skupina<\/strong><\/td>\n<td>Keramick\u00e9 umyvadlo<\/td>\n<td>Keramick\u00e9 umyvadlo<\/td>\n<td>Keramick\u00e9 umyvadlo<\/td>\n<td>Keramick\u00e9 umyvadlo<\/td>\n<td>Keramick\u00e9 umyvadlo<\/td>\n<td>Keramick\u00e9 umyvadlo<\/td>\n<td>Keramick\u00e9 umyvadlo<\/td>\n<td>Keramick\u00e9 umyvadlo<\/td>\n<\/tr>\n<tr>\n<td><strong>P\u016fvod<\/strong><\/td>\n<td>Vyrobeno v \u010cR<\/td>\n<td>Vyrobeno v \u010cR<\/td>\n<td>Vyrobeno v \u010cR<\/td>\n<td>Vyrobeno v \u010cR<\/td>\n<td>Vyrobeno v \u010cR<\/td>\n<td>Vyrobeno v \u010cR<\/td>\n<td>Vyrobeno v \u010cR<\/td>\n<td>Vyrobeno v \u010cR<\/td>\n<\/tr>\n<tr>\n<td><strong>OVERFLOW_HEIGHT<\/strong><\/td>\n<td>0<\/td>\n<td>0<\/td>\n<td>0<\/td>\n<td>0<\/td>\n<td>0<\/td>\n<td>0<\/td>\n<td>0<\/td>\n<td>0<\/td>\n<\/tr>\n<tr>\n<td><strong>WASTE_DIAMETER<\/strong><\/td>\n<td>0<\/td>\n<td>0<\/td>\n<td>0<\/td>\n<td>0<\/td>\n<td>0<\/td>\n<td>0<\/td>\n<td>0<\/td>\n<td>0<\/td>\n<\/tr>\n<tr>\n<td><strong>NUMBER_OF_ELEMENTS<\/strong><\/td>\n<td>0<\/td>\n<td>0<\/td>\n<td>0<\/td>\n<td>0<\/td>\n<td>0<\/td>\n<td>0<\/td>\n<td>0<\/td>\n<td>0<\/td>\n<\/tr>\n<tr>\n<td><strong>Instalace<\/strong><\/td>\n<td>samostatn\u00e1<\/td>\n<td>samostatn\u00e1<\/td>\n<td>samostatn\u00e1<\/td>\n<td>samostatn\u00e1<\/td>\n<td>samostatn\u00e1<\/td>\n<td>samostatn\u00e1<\/td>\n<td>samostatn\u00e1<\/td>\n<td>samostatn\u00e1<\/td>\n<\/tr>\n<tr>\n<td><strong>CONSTRUCTION_HEIGHT<\/strong><\/td>\n<td>0<\/td>\n<td>0<\/td>\n<td>0<\/td>\n<td>0<\/td>\n<td>0<\/td>\n<td>0<\/td>\n<td>0<\/td>\n<td>0<\/td>\n<\/tr>\n<tr>\n<td><strong>ODOR_BARRIER_HEIGHT<\/strong><\/td>\n<td>0<\/td>\n<td>0<\/td>\n<td>0<\/td>\n<td>0<\/td>\n<td>0<\/td>\n<td>0<\/td>\n<td>0<\/td>\n<td>0<\/td>\n<\/tr>\n<tr>\n<td><strong>Vybaven\u00ed<\/strong><\/td>\n<td>Bez konzole<\/td>\n<td>Bez konzole<\/td>\n<td>Bez konzole<\/td>\n<td>Bez konzole<\/td>\n<td>Bez konzole<\/td>\n<td>Bez konzole<\/td>\n<td>Bez konzole<\/td>\n<td>Bez konzole<\/td>\n<\/tr>\n<tr>\n<td><strong>Barva<\/strong><\/td>\n<td>b\u00edl\u00e1<\/td>\n<td>antracit<\/td>\n<td>tmav\u011b modr\u00e1<\/td>\n<td>\u0161edozelen\u00e1<\/td>\n<td>\u010dern\u00e1 matn\u00e1<\/td>\n<td>B\u00edl\u00e1 matn\u00e1<\/td>\n<td>sv\u011btle r\u016f\u017eov\u00e1<\/td>\n<td>tmav\u011b \u0161ed\u00e1<\/td>\n<\/tr>\n<\/tbody>\n<\/table>\n<\/div><\/div>\n","protected":false},"excerpt":{"rendered":"<p>Vlastnosti SHAPE Umyvadla Materi\u00e1l keramika Napojen\u00ed Z\u00e1v\u011bsn\u00e1 Produktov\u00e1 skupina Keramick\u00e9 umyvadlo P\u016fvod Vyrobeno v\u00a0\u010cR Instalace samostatn\u00e1 Vybaven\u00ed Bez konzole Barva \u010dern\u00e1 matn\u00e1, b\u00edl\u00e1, tmav\u011b modr\u00e1, tmav\u011b \u0161ed\u00e1, antracit, \u0161edozelen\u00e1, B\u00edl\u00e1 matn\u00e1, sv\u011btle r\u016f\u017eov\u00e1 Parametry Zna\u010dka Ravak Popis: Rozmery (\u0161xhxv): 45\u00a0\u00d7\u00a045\u00a0\u00d7\u00a012,5\u00a0cm Materi\u00e1l: keramika Farebn\u00e9 vyhotovenie: \u010dierna matn\u00e1 Prepad: nie Doplnky k\u00a0dok\u00fapeniu: konzola Yard 45, um\u00fdvadlov\u00e1 pileta [&hellip;]<\/p>\n","protected":false},"featured_media":35008,"comment_status":"open","ping_status":"open","template":"","meta":[],"product_brand":[],"product_cat":[39],"product_tag":[],"class_list":{"0":"post-34908","1":"product","2":"type-product","3":"status-publish","4":"has-post-thumbnail","6":"product_cat-sanita","8":"first","9":"instock","10":"sale","11":"shipping-taxable","12":"purchasable","13":"product-type-simple"},"yoast_head":"<!-- This site is optimized with the Yoast SEO plugin v26.8 - https:\/\/yoast.com\/product\/yoast-seo-wordpress\/ -->\n<title>Zna\u010dkov\u00fd Ravak Umyvadlo Yard 45 C, bez otvoru pro baterii, bez p\u0159epadu, Deepsea Blue tmav\u011b modr\u00e1 -<\/title>\n<meta name=\"robots\" content=\"index, follow, max-snippet:-1, max-image-preview:large, max-video-preview:-1\" \/>\n<link rel=\"canonical\" href=\"https:\/\/www.technodompro.com\/index.php\/produkt\/znackovy-ravak-umyvadlo-yard-45-c-bez-otvoru-pro-baterii-bez-prepadu-deepsea-blue-tmave-modra-34908\/\" \/>\n<meta property=\"og:locale\" content=\"cs_CZ\" \/>\n<meta property=\"og:type\" content=\"article\" \/>\n<meta property=\"og:title\" content=\"Zna\u010dkov\u00fd Ravak Umyvadlo Yard 45 C, bez otvoru pro baterii, bez p\u0159epadu, Deepsea Blue tmav\u011b modr\u00e1 -\" \/>\n<meta property=\"og:description\" content=\"Vlastnosti SHAPE Umyvadla Materi\u00e1l keramika Napojen\u00ed Z\u00e1v\u011bsn\u00e1 Produktov\u00e1 skupina Keramick\u00e9 umyvadlo P\u016fvod Vyrobeno v\u00a0\u010cR Instalace samostatn\u00e1 Vybaven\u00ed Bez konzole Barva \u010dern\u00e1 matn\u00e1, b\u00edl\u00e1, tmav\u011b modr\u00e1, tmav\u011b \u0161ed\u00e1, antracit, \u0161edozelen\u00e1, B\u00edl\u00e1 matn\u00e1, sv\u011btle r\u016f\u017eov\u00e1 Parametry Zna\u010dka Ravak Popis: Rozmery (\u0161xhxv): 45\u00a0\u00d7\u00a045\u00a0\u00d7\u00a012,5\u00a0cm Materi\u00e1l: keramika Farebn\u00e9 vyhotovenie: \u010dierna matn\u00e1 Prepad: nie Doplnky k\u00a0dok\u00fapeniu: konzola Yard 45, um\u00fdvadlov\u00e1 pileta [&hellip;]\" \/>\n<meta property=\"og:url\" content=\"https:\/\/www.technodompro.com\/index.php\/produkt\/znackovy-ravak-umyvadlo-yard-45-c-bez-otvoru-pro-baterii-bez-prepadu-deepsea-blue-tmave-modra-34908\/\" \/>\n<meta property=\"og:image\" content=\"https:\/\/www.technodompro.com\/wp-content\/uploads\/2026\/SK0019044-CZ20260425-091936-0-1777079982-ravak-umyvadlo-yard-45-c-bez-otvoru-pro-baterii-bez-prepadu.webp\" \/>\n\t<meta property=\"og:image:width\" content=\"1000\" \/>\n\t<meta property=\"og:image:height\" content=\"523\" \/>\n\t<meta property=\"og:image:type\" content=\"image\/webp\" \/>\n<meta name=\"twitter:card\" content=\"summary_large_image\" \/>\n<meta name=\"twitter:label1\" content=\"Odhadovan\u00e1 doba \u010dten\u00ed\" \/>\n\t<meta name=\"twitter:data1\" content=\"2 minuty\" \/>\n<script type=\"application\/ld+json\" class=\"yoast-schema-graph\">{\"@context\":\"https:\/\/schema.org\",\"@graph\":[{\"@type\":\"WebPage\",\"@id\":\"https:\/\/www.technodompro.com\/index.php\/produkt\/znackovy-ravak-umyvadlo-yard-45-c-bez-otvoru-pro-baterii-bez-prepadu-deepsea-blue-tmave-modra-34908\/\",\"url\":\"https:\/\/www.technodompro.com\/index.php\/produkt\/znackovy-ravak-umyvadlo-yard-45-c-bez-otvoru-pro-baterii-bez-prepadu-deepsea-blue-tmave-modra-34908\/\",\"name\":\"Zna\u010dkov\u00fd Ravak Umyvadlo Yard 45 C, bez otvoru pro baterii, bez p\u0159epadu, Deepsea Blue tmav\u011b modr\u00e1 -\",\"isPartOf\":{\"@id\":\"https:\/\/www.technodompro.com\/#website\"},\"primaryImageOfPage\":{\"@id\":\"https:\/\/www.technodompro.com\/index.php\/produkt\/znackovy-ravak-umyvadlo-yard-45-c-bez-otvoru-pro-baterii-bez-prepadu-deepsea-blue-tmave-modra-34908\/#primaryimage\"},\"image\":{\"@id\":\"https:\/\/www.technodompro.com\/index.php\/produkt\/znackovy-ravak-umyvadlo-yard-45-c-bez-otvoru-pro-baterii-bez-prepadu-deepsea-blue-tmave-modra-34908\/#primaryimage\"},\"thumbnailUrl\":\"https:\/\/www.technodompro.com\/wp-content\/uploads\/2026\/SK0019044-CZ20260425-091936-0-1777079982-ravak-umyvadlo-yard-45-c-bez-otvoru-pro-baterii-bez-prepadu.webp\",\"datePublished\":\"2026-04-27T04:42:02+00:00\",\"breadcrumb\":{\"@id\":\"https:\/\/www.technodompro.com\/index.php\/produkt\/znackovy-ravak-umyvadlo-yard-45-c-bez-otvoru-pro-baterii-bez-prepadu-deepsea-blue-tmave-modra-34908\/#breadcrumb\"},\"inLanguage\":\"cs\",\"potentialAction\":[{\"@type\":\"ReadAction\",\"target\":[\"https:\/\/www.technodompro.com\/index.php\/produkt\/znackovy-ravak-umyvadlo-yard-45-c-bez-otvoru-pro-baterii-bez-prepadu-deepsea-blue-tmave-modra-34908\/\"]}]},{\"@type\":\"ImageObject\",\"inLanguage\":\"cs\",\"@id\":\"https:\/\/www.technodompro.com\/index.php\/produkt\/znackovy-ravak-umyvadlo-yard-45-c-bez-otvoru-pro-baterii-bez-prepadu-deepsea-blue-tmave-modra-34908\/#primaryimage\",\"url\":\"https:\/\/www.technodompro.com\/wp-content\/uploads\/2026\/SK0019044-CZ20260425-091936-0-1777079982-ravak-umyvadlo-yard-45-c-bez-otvoru-pro-baterii-bez-prepadu.webp\",\"contentUrl\":\"https:\/\/www.technodompro.com\/wp-content\/uploads\/2026\/SK0019044-CZ20260425-091936-0-1777079982-ravak-umyvadlo-yard-45-c-bez-otvoru-pro-baterii-bez-prepadu.webp\",\"width\":1000,\"height\":523},{\"@type\":\"BreadcrumbList\",\"@id\":\"https:\/\/www.technodompro.com\/index.php\/produkt\/znackovy-ravak-umyvadlo-yard-45-c-bez-otvoru-pro-baterii-bez-prepadu-deepsea-blue-tmave-modra-34908\/#breadcrumb\",\"itemListElement\":[{\"@type\":\"ListItem\",\"position\":1,\"name\":\"Home\",\"item\":\"https:\/\/www.technodompro.com\/\"},{\"@type\":\"ListItem\",\"position\":2,\"name\":\"Products\",\"item\":\"https:\/\/www.technodompro.com\/index.php\/products\/\"},{\"@type\":\"ListItem\",\"position\":3,\"name\":\"Zna\u010dkov\u00fd Ravak Umyvadlo Yard 45 C, bez otvoru pro baterii, bez p\u0159epadu, Deepsea Blue tmav\u011b modr\u00e1\"}]},{\"@type\":\"WebSite\",\"@id\":\"https:\/\/www.technodompro.com\/#website\",\"url\":\"https:\/\/www.technodompro.com\/\",\"name\":\"\",\"description\":\"\",\"potentialAction\":[{\"@type\":\"SearchAction\",\"target\":{\"@type\":\"EntryPoint\",\"urlTemplate\":\"https:\/\/www.technodompro.com\/?s={search_term_string}\"},\"query-input\":{\"@type\":\"PropertyValueSpecification\",\"valueRequired\":true,\"valueName\":\"search_term_string\"}}],\"inLanguage\":\"cs\"}]}<\/script>\n<!-- \/ Yoast SEO plugin. -->","yoast_head_json":{"title":"Zna\u010dkov\u00fd Ravak Umyvadlo Yard 45 C, bez otvoru pro baterii, bez p\u0159epadu, Deepsea Blue tmav\u011b modr\u00e1 -","robots":{"index":"index","follow":"follow","max-snippet":"max-snippet:-1","max-image-preview":"max-image-preview:large","max-video-preview":"max-video-preview:-1"},"canonical":"https:\/\/www.technodompro.com\/index.php\/produkt\/znackovy-ravak-umyvadlo-yard-45-c-bez-otvoru-pro-baterii-bez-prepadu-deepsea-blue-tmave-modra-34908\/","og_locale":"cs_CZ","og_type":"article","og_title":"Zna\u010dkov\u00fd Ravak Umyvadlo Yard 45 C, bez otvoru pro baterii, bez p\u0159epadu, Deepsea Blue tmav\u011b modr\u00e1 -","og_description":"Vlastnosti SHAPE Umyvadla Materi\u00e1l keramika Napojen\u00ed Z\u00e1v\u011bsn\u00e1 Produktov\u00e1 skupina Keramick\u00e9 umyvadlo P\u016fvod Vyrobeno v\u00a0\u010cR Instalace samostatn\u00e1 Vybaven\u00ed Bez konzole Barva \u010dern\u00e1 matn\u00e1, b\u00edl\u00e1, tmav\u011b modr\u00e1, tmav\u011b \u0161ed\u00e1, antracit, \u0161edozelen\u00e1, B\u00edl\u00e1 matn\u00e1, sv\u011btle r\u016f\u017eov\u00e1 Parametry Zna\u010dka Ravak Popis: Rozmery (\u0161xhxv): 45\u00a0\u00d7\u00a045\u00a0\u00d7\u00a012,5\u00a0cm Materi\u00e1l: keramika Farebn\u00e9 vyhotovenie: \u010dierna matn\u00e1 Prepad: nie Doplnky k\u00a0dok\u00fapeniu: konzola Yard 45, um\u00fdvadlov\u00e1 pileta [&hellip;]","og_url":"https:\/\/www.technodompro.com\/index.php\/produkt\/znackovy-ravak-umyvadlo-yard-45-c-bez-otvoru-pro-baterii-bez-prepadu-deepsea-blue-tmave-modra-34908\/","og_image":[{"width":1000,"height":523,"url":"https:\/\/www.technodompro.com\/wp-content\/uploads\/2026\/SK0019044-CZ20260425-091936-0-1777079982-ravak-umyvadlo-yard-45-c-bez-otvoru-pro-baterii-bez-prepadu.webp","type":"image\/webp"}],"twitter_card":"summary_large_image","twitter_misc":{"Odhadovan\u00e1 doba \u010dten\u00ed":"2 minuty"},"schema":{"@context":"https:\/\/schema.org","@graph":[{"@type":"WebPage","@id":"https:\/\/www.technodompro.com\/index.php\/produkt\/znackovy-ravak-umyvadlo-yard-45-c-bez-otvoru-pro-baterii-bez-prepadu-deepsea-blue-tmave-modra-34908\/","url":"https:\/\/www.technodompro.com\/index.php\/produkt\/znackovy-ravak-umyvadlo-yard-45-c-bez-otvoru-pro-baterii-bez-prepadu-deepsea-blue-tmave-modra-34908\/","name":"Zna\u010dkov\u00fd Ravak Umyvadlo Yard 45 C, bez otvoru pro baterii, bez p\u0159epadu, Deepsea Blue tmav\u011b modr\u00e1 -","isPartOf":{"@id":"https:\/\/www.technodompro.com\/#website"},"primaryImageOfPage":{"@id":"https:\/\/www.technodompro.com\/index.php\/produkt\/znackovy-ravak-umyvadlo-yard-45-c-bez-otvoru-pro-baterii-bez-prepadu-deepsea-blue-tmave-modra-34908\/#primaryimage"},"image":{"@id":"https:\/\/www.technodompro.com\/index.php\/produkt\/znackovy-ravak-umyvadlo-yard-45-c-bez-otvoru-pro-baterii-bez-prepadu-deepsea-blue-tmave-modra-34908\/#primaryimage"},"thumbnailUrl":"https:\/\/www.technodompro.com\/wp-content\/uploads\/2026\/SK0019044-CZ20260425-091936-0-1777079982-ravak-umyvadlo-yard-45-c-bez-otvoru-pro-baterii-bez-prepadu.webp","datePublished":"2026-04-27T04:42:02+00:00","breadcrumb":{"@id":"https:\/\/www.technodompro.com\/index.php\/produkt\/znackovy-ravak-umyvadlo-yard-45-c-bez-otvoru-pro-baterii-bez-prepadu-deepsea-blue-tmave-modra-34908\/#breadcrumb"},"inLanguage":"cs","potentialAction":[{"@type":"ReadAction","target":["https:\/\/www.technodompro.com\/index.php\/produkt\/znackovy-ravak-umyvadlo-yard-45-c-bez-otvoru-pro-baterii-bez-prepadu-deepsea-blue-tmave-modra-34908\/"]}]},{"@type":"ImageObject","inLanguage":"cs","@id":"https:\/\/www.technodompro.com\/index.php\/produkt\/znackovy-ravak-umyvadlo-yard-45-c-bez-otvoru-pro-baterii-bez-prepadu-deepsea-blue-tmave-modra-34908\/#primaryimage","url":"https:\/\/www.technodompro.com\/wp-content\/uploads\/2026\/SK0019044-CZ20260425-091936-0-1777079982-ravak-umyvadlo-yard-45-c-bez-otvoru-pro-baterii-bez-prepadu.webp","contentUrl":"https:\/\/www.technodompro.com\/wp-content\/uploads\/2026\/SK0019044-CZ20260425-091936-0-1777079982-ravak-umyvadlo-yard-45-c-bez-otvoru-pro-baterii-bez-prepadu.webp","width":1000,"height":523},{"@type":"BreadcrumbList","@id":"https:\/\/www.technodompro.com\/index.php\/produkt\/znackovy-ravak-umyvadlo-yard-45-c-bez-otvoru-pro-baterii-bez-prepadu-deepsea-blue-tmave-modra-34908\/#breadcrumb","itemListElement":[{"@type":"ListItem","position":1,"name":"Home","item":"https:\/\/www.technodompro.com\/"},{"@type":"ListItem","position":2,"name":"Products","item":"https:\/\/www.technodompro.com\/index.php\/products\/"},{"@type":"ListItem","position":3,"name":"Zna\u010dkov\u00fd Ravak Umyvadlo Yard 45 C, bez otvoru pro baterii, bez p\u0159epadu, Deepsea Blue tmav\u011b modr\u00e1"}]},{"@type":"WebSite","@id":"https:\/\/www.technodompro.com\/#website","url":"https:\/\/www.technodompro.com\/","name":"","description":"","potentialAction":[{"@type":"SearchAction","target":{"@type":"EntryPoint","urlTemplate":"https:\/\/www.technodompro.com\/?s={search_term_string}"},"query-input":{"@type":"PropertyValueSpecification","valueRequired":true,"valueName":"search_term_string"}}],"inLanguage":"cs"}]}},"_links":{"self":[{"href":"https:\/\/www.technodompro.com\/index.php\/wp-json\/wp\/v2\/product\/34908","targetHints":{"allow":["GET"]}}],"collection":[{"href":"https:\/\/www.technodompro.com\/index.php\/wp-json\/wp\/v2\/product"}],"about":[{"href":"https:\/\/www.technodompro.com\/index.php\/wp-json\/wp\/v2\/types\/product"}],"replies":[{"embeddable":true,"href":"https:\/\/www.technodompro.com\/index.php\/wp-json\/wp\/v2\/comments?post=34908"}],"wp:featuredmedia":[{"embeddable":true,"href":"https:\/\/www.technodompro.com\/index.php\/wp-json\/wp\/v2\/media\/35008"}],"wp:attachment":[{"href":"https:\/\/www.technodompro.com\/index.php\/wp-json\/wp\/v2\/media?parent=34908"}],"wp:term":[{"taxonomy":"product_brand","embeddable":true,"href":"https:\/\/www.technodompro.com\/index.php\/wp-json\/wp\/v2\/product_brand?post=34908"},{"taxonomy":"product_cat","embeddable":true,"href":"https:\/\/www.technodompro.com\/index.php\/wp-json\/wp\/v2\/product_cat?post=34908"},{"taxonomy":"product_tag","embeddable":true,"href":"https:\/\/www.technodompro.com\/index.php\/wp-json\/wp\/v2\/product_tag?post=34908"}],"curies":[{"name":"wp","href":"https:\/\/api.w.org\/{rel}","templated":true}]}}