{"id":40733,"date":"2026-04-27T04:42:18","date_gmt":"2026-04-27T04:42:18","guid":{"rendered":""},"modified":"2026-04-27T04:42:18","modified_gmt":"2026-04-27T04:42:18","slug":"znackovy-optimum-britove-desticky-60deg-ir-11ira60-5-ks-40733","status":"publish","type":"product","link":"https:\/\/www.technodompro.com\/index.php\/produkt\/znackovy-optimum-britove-desticky-60deg-ir-11ira60-5-ks-40733\/","title":{"rendered":"Zna\u010dkov\u00fd OPTIMUM B\u0159itov\u00e9 desti\u010dky 60\u00b0 IR 11IRA60, 5 ks"},"content":{"rendered":"<table>\n<div class=\"tab-pane active product-description\" id=\"popis\" role=\"tabpanel\">\n<div class=\"short-description\" itemprop=\"description\"><\/div>\n<div class=\"description\">K tomuto produktu nen\u00ed zad\u00e1n popis.<\/div>\n<div class=\"parameters\">\n<tr>\n<td>Ozna\u010den\u00ed ISO<\/td>\n<td>11IRA60<\/td>\n<\/tr>\n<tr>\n<td>l<\/td>\n<td>11,00 mm<\/td>\n<\/tr>\n<tr>\n<td>s<\/td>\n<td>3,22 mm<\/td>\n<\/tr>\n<tr>\n<td>d<\/td>\n<td>6,35 mm<\/td>\n<\/tr>\n<tr>\n<td>d1<\/td>\n<td>3,00 mm<\/td>\n<\/tr><\/div>\n<\/table>\n","protected":false},"excerpt":{"rendered":"<p>K tomuto produktu nen\u00ed zad\u00e1n popis. Ozna\u010den\u00ed ISO 11IRA60 l 11,00 mm s 3,22 mm d 6,35 mm d1 3,00 mm<\/p>\n","protected":false},"featured_media":40833,"comment_status":"open","ping_status":"open","template":"","meta":[],"product_brand":[],"product_cat":[49],"product_tag":[],"class_list":{"0":"post-40733","1":"product","2":"type-product","3":"status-publish","4":"has-post-thumbnail","6":"product_cat-stroje","8":"first","9":"instock","10":"sale","11":"shipping-taxable","12":"purchasable","13":"product-type-simple"},"yoast_head":"<!-- This site is optimized with the Yoast SEO plugin v26.8 - https:\/\/yoast.com\/product\/yoast-seo-wordpress\/ -->\n<title>Zna\u010dkov\u00fd OPTIMUM B\u0159itov\u00e9 desti\u010dky 60\u00b0 IR 11IRA60, 5 ks -<\/title>\n<meta name=\"robots\" content=\"index, follow, max-snippet:-1, max-image-preview:large, max-video-preview:-1\" \/>\n<link rel=\"canonical\" href=\"https:\/\/www.technodompro.com\/index.php\/produkt\/znackovy-optimum-britove-desticky-60deg-ir-11ira60-5-ks-40733\/\" \/>\n<meta property=\"og:locale\" content=\"cs_CZ\" \/>\n<meta property=\"og:type\" content=\"article\" \/>\n<meta property=\"og:title\" content=\"Zna\u010dkov\u00fd OPTIMUM B\u0159itov\u00e9 desti\u010dky 60\u00b0 IR 11IRA60, 5 ks -\" \/>\n<meta property=\"og:description\" content=\"K tomuto produktu nen\u00ed zad\u00e1n popis. Ozna\u010den\u00ed ISO 11IRA60 l 11,00 mm s 3,22 mm d 6,35 mm d1 3,00 mm\" \/>\n<meta property=\"og:url\" content=\"https:\/\/www.technodompro.com\/index.php\/produkt\/znackovy-optimum-britove-desticky-60deg-ir-11ira60-5-ks-40733\/\" \/>\n<meta property=\"og:image\" content=\"https:\/\/www.technodompro.com\/wp-content\/uploads\/2026\/SK0015993-CZ20260425-092328-0-1777080210-204934-1_141418.webp\" \/>\n\t<meta property=\"og:image:width\" content=\"400\" \/>\n\t<meta property=\"og:image:height\" content=\"198\" \/>\n\t<meta property=\"og:image:type\" content=\"image\/webp\" \/>\n<meta name=\"twitter:card\" content=\"summary_large_image\" \/>\n<script type=\"application\/ld+json\" class=\"yoast-schema-graph\">{\"@context\":\"https:\/\/schema.org\",\"@graph\":[{\"@type\":\"WebPage\",\"@id\":\"https:\/\/www.technodompro.com\/index.php\/produkt\/znackovy-optimum-britove-desticky-60deg-ir-11ira60-5-ks-40733\/\",\"url\":\"https:\/\/www.technodompro.com\/index.php\/produkt\/znackovy-optimum-britove-desticky-60deg-ir-11ira60-5-ks-40733\/\",\"name\":\"Zna\u010dkov\u00fd OPTIMUM B\u0159itov\u00e9 desti\u010dky 60\u00b0 IR 11IRA60, 5 ks -\",\"isPartOf\":{\"@id\":\"https:\/\/www.technodompro.com\/#website\"},\"primaryImageOfPage\":{\"@id\":\"https:\/\/www.technodompro.com\/index.php\/produkt\/znackovy-optimum-britove-desticky-60deg-ir-11ira60-5-ks-40733\/#primaryimage\"},\"image\":{\"@id\":\"https:\/\/www.technodompro.com\/index.php\/produkt\/znackovy-optimum-britove-desticky-60deg-ir-11ira60-5-ks-40733\/#primaryimage\"},\"thumbnailUrl\":\"https:\/\/www.technodompro.com\/wp-content\/uploads\/2026\/SK0015993-CZ20260425-092328-0-1777080210-204934-1_141418.webp\",\"datePublished\":\"2026-04-27T04:42:18+00:00\",\"breadcrumb\":{\"@id\":\"https:\/\/www.technodompro.com\/index.php\/produkt\/znackovy-optimum-britove-desticky-60deg-ir-11ira60-5-ks-40733\/#breadcrumb\"},\"inLanguage\":\"cs\",\"potentialAction\":[{\"@type\":\"ReadAction\",\"target\":[\"https:\/\/www.technodompro.com\/index.php\/produkt\/znackovy-optimum-britove-desticky-60deg-ir-11ira60-5-ks-40733\/\"]}]},{\"@type\":\"ImageObject\",\"inLanguage\":\"cs\",\"@id\":\"https:\/\/www.technodompro.com\/index.php\/produkt\/znackovy-optimum-britove-desticky-60deg-ir-11ira60-5-ks-40733\/#primaryimage\",\"url\":\"https:\/\/www.technodompro.com\/wp-content\/uploads\/2026\/SK0015993-CZ20260425-092328-0-1777080210-204934-1_141418.webp\",\"contentUrl\":\"https:\/\/www.technodompro.com\/wp-content\/uploads\/2026\/SK0015993-CZ20260425-092328-0-1777080210-204934-1_141418.webp\",\"width\":400,\"height\":198},{\"@type\":\"BreadcrumbList\",\"@id\":\"https:\/\/www.technodompro.com\/index.php\/produkt\/znackovy-optimum-britove-desticky-60deg-ir-11ira60-5-ks-40733\/#breadcrumb\",\"itemListElement\":[{\"@type\":\"ListItem\",\"position\":1,\"name\":\"Home\",\"item\":\"https:\/\/www.technodompro.com\/\"},{\"@type\":\"ListItem\",\"position\":2,\"name\":\"Products\",\"item\":\"https:\/\/www.technodompro.com\/index.php\/products\/\"},{\"@type\":\"ListItem\",\"position\":3,\"name\":\"Zna\u010dkov\u00fd OPTIMUM B\u0159itov\u00e9 desti\u010dky 60\u00b0 IR 11IRA60, 5 ks\"}]},{\"@type\":\"WebSite\",\"@id\":\"https:\/\/www.technodompro.com\/#website\",\"url\":\"https:\/\/www.technodompro.com\/\",\"name\":\"\",\"description\":\"\",\"potentialAction\":[{\"@type\":\"SearchAction\",\"target\":{\"@type\":\"EntryPoint\",\"urlTemplate\":\"https:\/\/www.technodompro.com\/?s={search_term_string}\"},\"query-input\":{\"@type\":\"PropertyValueSpecification\",\"valueRequired\":true,\"valueName\":\"search_term_string\"}}],\"inLanguage\":\"cs\"}]}<\/script>\n<!-- \/ Yoast SEO plugin. -->","yoast_head_json":{"title":"Zna\u010dkov\u00fd OPTIMUM B\u0159itov\u00e9 desti\u010dky 60\u00b0 IR 11IRA60, 5 ks -","robots":{"index":"index","follow":"follow","max-snippet":"max-snippet:-1","max-image-preview":"max-image-preview:large","max-video-preview":"max-video-preview:-1"},"canonical":"https:\/\/www.technodompro.com\/index.php\/produkt\/znackovy-optimum-britove-desticky-60deg-ir-11ira60-5-ks-40733\/","og_locale":"cs_CZ","og_type":"article","og_title":"Zna\u010dkov\u00fd OPTIMUM B\u0159itov\u00e9 desti\u010dky 60\u00b0 IR 11IRA60, 5 ks -","og_description":"K tomuto produktu nen\u00ed zad\u00e1n popis. Ozna\u010den\u00ed ISO 11IRA60 l 11,00 mm s 3,22 mm d 6,35 mm d1 3,00 mm","og_url":"https:\/\/www.technodompro.com\/index.php\/produkt\/znackovy-optimum-britove-desticky-60deg-ir-11ira60-5-ks-40733\/","og_image":[{"width":400,"height":198,"url":"https:\/\/www.technodompro.com\/wp-content\/uploads\/2026\/SK0015993-CZ20260425-092328-0-1777080210-204934-1_141418.webp","type":"image\/webp"}],"twitter_card":"summary_large_image","schema":{"@context":"https:\/\/schema.org","@graph":[{"@type":"WebPage","@id":"https:\/\/www.technodompro.com\/index.php\/produkt\/znackovy-optimum-britove-desticky-60deg-ir-11ira60-5-ks-40733\/","url":"https:\/\/www.technodompro.com\/index.php\/produkt\/znackovy-optimum-britove-desticky-60deg-ir-11ira60-5-ks-40733\/","name":"Zna\u010dkov\u00fd OPTIMUM B\u0159itov\u00e9 desti\u010dky 60\u00b0 IR 11IRA60, 5 ks -","isPartOf":{"@id":"https:\/\/www.technodompro.com\/#website"},"primaryImageOfPage":{"@id":"https:\/\/www.technodompro.com\/index.php\/produkt\/znackovy-optimum-britove-desticky-60deg-ir-11ira60-5-ks-40733\/#primaryimage"},"image":{"@id":"https:\/\/www.technodompro.com\/index.php\/produkt\/znackovy-optimum-britove-desticky-60deg-ir-11ira60-5-ks-40733\/#primaryimage"},"thumbnailUrl":"https:\/\/www.technodompro.com\/wp-content\/uploads\/2026\/SK0015993-CZ20260425-092328-0-1777080210-204934-1_141418.webp","datePublished":"2026-04-27T04:42:18+00:00","breadcrumb":{"@id":"https:\/\/www.technodompro.com\/index.php\/produkt\/znackovy-optimum-britove-desticky-60deg-ir-11ira60-5-ks-40733\/#breadcrumb"},"inLanguage":"cs","potentialAction":[{"@type":"ReadAction","target":["https:\/\/www.technodompro.com\/index.php\/produkt\/znackovy-optimum-britove-desticky-60deg-ir-11ira60-5-ks-40733\/"]}]},{"@type":"ImageObject","inLanguage":"cs","@id":"https:\/\/www.technodompro.com\/index.php\/produkt\/znackovy-optimum-britove-desticky-60deg-ir-11ira60-5-ks-40733\/#primaryimage","url":"https:\/\/www.technodompro.com\/wp-content\/uploads\/2026\/SK0015993-CZ20260425-092328-0-1777080210-204934-1_141418.webp","contentUrl":"https:\/\/www.technodompro.com\/wp-content\/uploads\/2026\/SK0015993-CZ20260425-092328-0-1777080210-204934-1_141418.webp","width":400,"height":198},{"@type":"BreadcrumbList","@id":"https:\/\/www.technodompro.com\/index.php\/produkt\/znackovy-optimum-britove-desticky-60deg-ir-11ira60-5-ks-40733\/#breadcrumb","itemListElement":[{"@type":"ListItem","position":1,"name":"Home","item":"https:\/\/www.technodompro.com\/"},{"@type":"ListItem","position":2,"name":"Products","item":"https:\/\/www.technodompro.com\/index.php\/products\/"},{"@type":"ListItem","position":3,"name":"Zna\u010dkov\u00fd OPTIMUM B\u0159itov\u00e9 desti\u010dky 60\u00b0 IR 11IRA60, 5 ks"}]},{"@type":"WebSite","@id":"https:\/\/www.technodompro.com\/#website","url":"https:\/\/www.technodompro.com\/","name":"","description":"","potentialAction":[{"@type":"SearchAction","target":{"@type":"EntryPoint","urlTemplate":"https:\/\/www.technodompro.com\/?s={search_term_string}"},"query-input":{"@type":"PropertyValueSpecification","valueRequired":true,"valueName":"search_term_string"}}],"inLanguage":"cs"}]}},"_links":{"self":[{"href":"https:\/\/www.technodompro.com\/index.php\/wp-json\/wp\/v2\/product\/40733","targetHints":{"allow":["GET"]}}],"collection":[{"href":"https:\/\/www.technodompro.com\/index.php\/wp-json\/wp\/v2\/product"}],"about":[{"href":"https:\/\/www.technodompro.com\/index.php\/wp-json\/wp\/v2\/types\/product"}],"replies":[{"embeddable":true,"href":"https:\/\/www.technodompro.com\/index.php\/wp-json\/wp\/v2\/comments?post=40733"}],"wp:featuredmedia":[{"embeddable":true,"href":"https:\/\/www.technodompro.com\/index.php\/wp-json\/wp\/v2\/media\/40833"}],"wp:attachment":[{"href":"https:\/\/www.technodompro.com\/index.php\/wp-json\/wp\/v2\/media?parent=40733"}],"wp:term":[{"taxonomy":"product_brand","embeddable":true,"href":"https:\/\/www.technodompro.com\/index.php\/wp-json\/wp\/v2\/product_brand?post=40733"},{"taxonomy":"product_cat","embeddable":true,"href":"https:\/\/www.technodompro.com\/index.php\/wp-json\/wp\/v2\/product_cat?post=40733"},{"taxonomy":"product_tag","embeddable":true,"href":"https:\/\/www.technodompro.com\/index.php\/wp-json\/wp\/v2\/product_tag?post=40733"}],"curies":[{"name":"wp","href":"https:\/\/api.w.org\/{rel}","templated":true}]}}