{"id":40975,"date":"2026-04-27T04:42:19","date_gmt":"2026-04-27T04:42:19","guid":{"rendered":""},"modified":"2026-04-27T04:42:19","modified_gmt":"2026-04-27T04:42:19","slug":"znackovy-unicraft-r-retezovy-kladkostroj-k-3001-40975","status":"publish","type":"product","link":"https:\/\/www.technodompro.com\/index.php\/produkt\/znackovy-unicraft-r-retezovy-kladkostroj-k-3001-40975\/","title":{"rendered":"Zna\u010dkov\u00fd Unicraft\u00ae \u0158et\u011bzov\u00fd kladkostroj K 3001"},"content":{"rendered":"<table>\n<div class=\"tab-pane active product-description\" id=\"popis\" role=\"tabpanel\">\n<div class=\"short-description\" itemprop=\"description\"><\/div>\n<div class=\"description\"><span class='bullet-line'>Zv\u00fd\u0161en\u00e1 \u00fa\u010dinnost a sn\u00ed\u017een\u00ed t\u0159ec\u00edch ztr\u00e1t d\u00edky tvrzen\u00fdm ozuben\u00fdm kol\u016fm a pastork\u016fm na lo\u017eisc\u00edch<\/span><span class='bullet-line'>P\u0159in\u00fdtovan\u00e9 oto\u010dn\u00e9 h\u00e1ky s pojistkou<\/span><span class='bullet-line'>Konstrukce dle normy DIN EN 13157<\/span><span class='bullet-line'>Pozinkovan\u00fd \u0159et\u011bz dle normy DIN ISO 3077<\/span><span class='bullet-line'>Pevn\u00e9, lakoven\u00e9 t\u011blo kladkostroje z oceli<\/span><\/div>\n<div class=\"parameters\">\n<tr>\n<td>Max. nosnost<\/td>\n<td>3 t<\/td>\n<\/tr>\n<tr>\n<td>Max. v\u00fd\u0161ka zdvihu<\/td>\n<td>3 m<\/td>\n<\/tr>\n<tr>\n<td>Zdvihac\u00ed s\u00edla<\/td>\n<td>385 N<\/td>\n<\/tr>\n<tr>\n<td>Po\u010det \u0159et\u011bz\u016f<\/td>\n<td>2<\/td>\n<\/tr>\n<tr>\n<td>Rozm\u011bry (\u0161 \u00d7 v \u00d7 h)<\/td>\n<td>220\u00d7465\u00d7170mm<\/td>\n<\/tr>\n<tr>\n<td>Hmotnost<\/td>\n<td>24 kg<\/td>\n<\/tr><\/div>\n<\/table>\n","protected":false},"excerpt":{"rendered":"<p>Zv\u00fd\u0161en\u00e1 \u00fa\u010dinnost a sn\u00ed\u017een\u00ed t\u0159ec\u00edch ztr\u00e1t d\u00edky tvrzen\u00fdm ozuben\u00fdm kol\u016fm a pastork\u016fm na lo\u017eisc\u00edchP\u0159in\u00fdtovan\u00e9 oto\u010dn\u00e9 h\u00e1ky s pojistkouKonstrukce dle normy DIN EN 13157Pozinkovan\u00fd \u0159et\u011bz dle normy DIN ISO 3077Pevn\u00e9, lakoven\u00e9 t\u011blo kladkostroje z oceli Max. nosnost 3 t Max. v\u00fd\u0161ka zdvihu 3 m Zdvihac\u00ed s\u00edla 385 N Po\u010det \u0159et\u011bz\u016f 2 Rozm\u011bry (\u0161 \u00d7 v \u00d7 [&hellip;]<\/p>\n","protected":false},"featured_media":41075,"comment_status":"open","ping_status":"open","template":"","meta":[],"product_brand":[],"product_cat":[46],"product_tag":[],"class_list":{"0":"post-40975","1":"product","2":"type-product","3":"status-publish","4":"has-post-thumbnail","6":"product_cat-dilna","8":"first","9":"instock","10":"sale","11":"shipping-taxable","12":"purchasable","13":"product-type-simple"},"yoast_head":"<!-- This site is optimized with the Yoast SEO plugin v26.8 - https:\/\/yoast.com\/product\/yoast-seo-wordpress\/ -->\n<title>Zna\u010dkov\u00fd Unicraft\u00ae \u0158et\u011bzov\u00fd kladkostroj K 3001 -<\/title>\n<meta name=\"robots\" content=\"index, follow, max-snippet:-1, max-image-preview:large, max-video-preview:-1\" \/>\n<link rel=\"canonical\" href=\"https:\/\/www.technodompro.com\/index.php\/produkt\/znackovy-unicraft-r-retezovy-kladkostroj-k-3001-40975\/\" \/>\n<meta property=\"og:locale\" content=\"cs_CZ\" \/>\n<meta property=\"og:type\" content=\"article\" \/>\n<meta property=\"og:title\" content=\"Zna\u010dkov\u00fd Unicraft\u00ae \u0158et\u011bzov\u00fd kladkostroj K 3001 -\" \/>\n<meta property=\"og:description\" content=\"Zv\u00fd\u0161en\u00e1 \u00fa\u010dinnost a sn\u00ed\u017een\u00ed t\u0159ec\u00edch ztr\u00e1t d\u00edky tvrzen\u00fdm ozuben\u00fdm kol\u016fm a pastork\u016fm na lo\u017eisc\u00edchP\u0159in\u00fdtovan\u00e9 oto\u010dn\u00e9 h\u00e1ky s pojistkouKonstrukce dle normy DIN EN 13157Pozinkovan\u00fd \u0159et\u011bz dle normy DIN ISO 3077Pevn\u00e9, lakoven\u00e9 t\u011blo kladkostroje z oceli Max. nosnost 3 t Max. v\u00fd\u0161ka zdvihu 3 m Zdvihac\u00ed s\u00edla 385 N Po\u010det \u0159et\u011bz\u016f 2 Rozm\u011bry (\u0161 \u00d7 v \u00d7 [&hellip;]\" \/>\n<meta property=\"og:url\" content=\"https:\/\/www.technodompro.com\/index.php\/produkt\/znackovy-unicraft-r-retezovy-kladkostroj-k-3001-40975\/\" \/>\n<meta property=\"og:image\" content=\"https:\/\/www.technodompro.com\/wp-content\/uploads\/2026\/SK0016152-CZ20260425-092328-0-1777080210-205158-1_145618.webp\" \/>\n\t<meta property=\"og:image:width\" content=\"264\" \/>\n\t<meta property=\"og:image:height\" content=\"800\" \/>\n\t<meta property=\"og:image:type\" content=\"image\/webp\" \/>\n<meta name=\"twitter:card\" content=\"summary_large_image\" \/>\n<script type=\"application\/ld+json\" class=\"yoast-schema-graph\">{\"@context\":\"https:\/\/schema.org\",\"@graph\":[{\"@type\":\"WebPage\",\"@id\":\"https:\/\/www.technodompro.com\/index.php\/produkt\/znackovy-unicraft-r-retezovy-kladkostroj-k-3001-40975\/\",\"url\":\"https:\/\/www.technodompro.com\/index.php\/produkt\/znackovy-unicraft-r-retezovy-kladkostroj-k-3001-40975\/\",\"name\":\"Zna\u010dkov\u00fd Unicraft\u00ae \u0158et\u011bzov\u00fd kladkostroj K 3001 -\",\"isPartOf\":{\"@id\":\"https:\/\/www.technodompro.com\/#website\"},\"primaryImageOfPage\":{\"@id\":\"https:\/\/www.technodompro.com\/index.php\/produkt\/znackovy-unicraft-r-retezovy-kladkostroj-k-3001-40975\/#primaryimage\"},\"image\":{\"@id\":\"https:\/\/www.technodompro.com\/index.php\/produkt\/znackovy-unicraft-r-retezovy-kladkostroj-k-3001-40975\/#primaryimage\"},\"thumbnailUrl\":\"https:\/\/www.technodompro.com\/wp-content\/uploads\/2026\/SK0016152-CZ20260425-092328-0-1777080210-205158-1_145618.webp\",\"datePublished\":\"2026-04-27T04:42:19+00:00\",\"breadcrumb\":{\"@id\":\"https:\/\/www.technodompro.com\/index.php\/produkt\/znackovy-unicraft-r-retezovy-kladkostroj-k-3001-40975\/#breadcrumb\"},\"inLanguage\":\"cs\",\"potentialAction\":[{\"@type\":\"ReadAction\",\"target\":[\"https:\/\/www.technodompro.com\/index.php\/produkt\/znackovy-unicraft-r-retezovy-kladkostroj-k-3001-40975\/\"]}]},{\"@type\":\"ImageObject\",\"inLanguage\":\"cs\",\"@id\":\"https:\/\/www.technodompro.com\/index.php\/produkt\/znackovy-unicraft-r-retezovy-kladkostroj-k-3001-40975\/#primaryimage\",\"url\":\"https:\/\/www.technodompro.com\/wp-content\/uploads\/2026\/SK0016152-CZ20260425-092328-0-1777080210-205158-1_145618.webp\",\"contentUrl\":\"https:\/\/www.technodompro.com\/wp-content\/uploads\/2026\/SK0016152-CZ20260425-092328-0-1777080210-205158-1_145618.webp\",\"width\":264,\"height\":800},{\"@type\":\"BreadcrumbList\",\"@id\":\"https:\/\/www.technodompro.com\/index.php\/produkt\/znackovy-unicraft-r-retezovy-kladkostroj-k-3001-40975\/#breadcrumb\",\"itemListElement\":[{\"@type\":\"ListItem\",\"position\":1,\"name\":\"Home\",\"item\":\"https:\/\/www.technodompro.com\/\"},{\"@type\":\"ListItem\",\"position\":2,\"name\":\"Products\",\"item\":\"https:\/\/www.technodompro.com\/index.php\/products\/\"},{\"@type\":\"ListItem\",\"position\":3,\"name\":\"Zna\u010dkov\u00fd Unicraft\u00ae \u0158et\u011bzov\u00fd kladkostroj K 3001\"}]},{\"@type\":\"WebSite\",\"@id\":\"https:\/\/www.technodompro.com\/#website\",\"url\":\"https:\/\/www.technodompro.com\/\",\"name\":\"\",\"description\":\"\",\"potentialAction\":[{\"@type\":\"SearchAction\",\"target\":{\"@type\":\"EntryPoint\",\"urlTemplate\":\"https:\/\/www.technodompro.com\/?s={search_term_string}\"},\"query-input\":{\"@type\":\"PropertyValueSpecification\",\"valueRequired\":true,\"valueName\":\"search_term_string\"}}],\"inLanguage\":\"cs\"}]}<\/script>\n<!-- \/ Yoast SEO plugin. -->","yoast_head_json":{"title":"Zna\u010dkov\u00fd Unicraft\u00ae \u0158et\u011bzov\u00fd kladkostroj K 3001 -","robots":{"index":"index","follow":"follow","max-snippet":"max-snippet:-1","max-image-preview":"max-image-preview:large","max-video-preview":"max-video-preview:-1"},"canonical":"https:\/\/www.technodompro.com\/index.php\/produkt\/znackovy-unicraft-r-retezovy-kladkostroj-k-3001-40975\/","og_locale":"cs_CZ","og_type":"article","og_title":"Zna\u010dkov\u00fd Unicraft\u00ae \u0158et\u011bzov\u00fd kladkostroj K 3001 -","og_description":"Zv\u00fd\u0161en\u00e1 \u00fa\u010dinnost a sn\u00ed\u017een\u00ed t\u0159ec\u00edch ztr\u00e1t d\u00edky tvrzen\u00fdm ozuben\u00fdm kol\u016fm a pastork\u016fm na lo\u017eisc\u00edchP\u0159in\u00fdtovan\u00e9 oto\u010dn\u00e9 h\u00e1ky s pojistkouKonstrukce dle normy DIN EN 13157Pozinkovan\u00fd \u0159et\u011bz dle normy DIN ISO 3077Pevn\u00e9, lakoven\u00e9 t\u011blo kladkostroje z oceli Max. nosnost 3 t Max. v\u00fd\u0161ka zdvihu 3 m Zdvihac\u00ed s\u00edla 385 N Po\u010det \u0159et\u011bz\u016f 2 Rozm\u011bry (\u0161 \u00d7 v \u00d7 [&hellip;]","og_url":"https:\/\/www.technodompro.com\/index.php\/produkt\/znackovy-unicraft-r-retezovy-kladkostroj-k-3001-40975\/","og_image":[{"width":264,"height":800,"url":"https:\/\/www.technodompro.com\/wp-content\/uploads\/2026\/SK0016152-CZ20260425-092328-0-1777080210-205158-1_145618.webp","type":"image\/webp"}],"twitter_card":"summary_large_image","schema":{"@context":"https:\/\/schema.org","@graph":[{"@type":"WebPage","@id":"https:\/\/www.technodompro.com\/index.php\/produkt\/znackovy-unicraft-r-retezovy-kladkostroj-k-3001-40975\/","url":"https:\/\/www.technodompro.com\/index.php\/produkt\/znackovy-unicraft-r-retezovy-kladkostroj-k-3001-40975\/","name":"Zna\u010dkov\u00fd Unicraft\u00ae \u0158et\u011bzov\u00fd kladkostroj K 3001 -","isPartOf":{"@id":"https:\/\/www.technodompro.com\/#website"},"primaryImageOfPage":{"@id":"https:\/\/www.technodompro.com\/index.php\/produkt\/znackovy-unicraft-r-retezovy-kladkostroj-k-3001-40975\/#primaryimage"},"image":{"@id":"https:\/\/www.technodompro.com\/index.php\/produkt\/znackovy-unicraft-r-retezovy-kladkostroj-k-3001-40975\/#primaryimage"},"thumbnailUrl":"https:\/\/www.technodompro.com\/wp-content\/uploads\/2026\/SK0016152-CZ20260425-092328-0-1777080210-205158-1_145618.webp","datePublished":"2026-04-27T04:42:19+00:00","breadcrumb":{"@id":"https:\/\/www.technodompro.com\/index.php\/produkt\/znackovy-unicraft-r-retezovy-kladkostroj-k-3001-40975\/#breadcrumb"},"inLanguage":"cs","potentialAction":[{"@type":"ReadAction","target":["https:\/\/www.technodompro.com\/index.php\/produkt\/znackovy-unicraft-r-retezovy-kladkostroj-k-3001-40975\/"]}]},{"@type":"ImageObject","inLanguage":"cs","@id":"https:\/\/www.technodompro.com\/index.php\/produkt\/znackovy-unicraft-r-retezovy-kladkostroj-k-3001-40975\/#primaryimage","url":"https:\/\/www.technodompro.com\/wp-content\/uploads\/2026\/SK0016152-CZ20260425-092328-0-1777080210-205158-1_145618.webp","contentUrl":"https:\/\/www.technodompro.com\/wp-content\/uploads\/2026\/SK0016152-CZ20260425-092328-0-1777080210-205158-1_145618.webp","width":264,"height":800},{"@type":"BreadcrumbList","@id":"https:\/\/www.technodompro.com\/index.php\/produkt\/znackovy-unicraft-r-retezovy-kladkostroj-k-3001-40975\/#breadcrumb","itemListElement":[{"@type":"ListItem","position":1,"name":"Home","item":"https:\/\/www.technodompro.com\/"},{"@type":"ListItem","position":2,"name":"Products","item":"https:\/\/www.technodompro.com\/index.php\/products\/"},{"@type":"ListItem","position":3,"name":"Zna\u010dkov\u00fd Unicraft\u00ae \u0158et\u011bzov\u00fd kladkostroj K 3001"}]},{"@type":"WebSite","@id":"https:\/\/www.technodompro.com\/#website","url":"https:\/\/www.technodompro.com\/","name":"","description":"","potentialAction":[{"@type":"SearchAction","target":{"@type":"EntryPoint","urlTemplate":"https:\/\/www.technodompro.com\/?s={search_term_string}"},"query-input":{"@type":"PropertyValueSpecification","valueRequired":true,"valueName":"search_term_string"}}],"inLanguage":"cs"}]}},"_links":{"self":[{"href":"https:\/\/www.technodompro.com\/index.php\/wp-json\/wp\/v2\/product\/40975","targetHints":{"allow":["GET"]}}],"collection":[{"href":"https:\/\/www.technodompro.com\/index.php\/wp-json\/wp\/v2\/product"}],"about":[{"href":"https:\/\/www.technodompro.com\/index.php\/wp-json\/wp\/v2\/types\/product"}],"replies":[{"embeddable":true,"href":"https:\/\/www.technodompro.com\/index.php\/wp-json\/wp\/v2\/comments?post=40975"}],"wp:featuredmedia":[{"embeddable":true,"href":"https:\/\/www.technodompro.com\/index.php\/wp-json\/wp\/v2\/media\/41075"}],"wp:attachment":[{"href":"https:\/\/www.technodompro.com\/index.php\/wp-json\/wp\/v2\/media?parent=40975"}],"wp:term":[{"taxonomy":"product_brand","embeddable":true,"href":"https:\/\/www.technodompro.com\/index.php\/wp-json\/wp\/v2\/product_brand?post=40975"},{"taxonomy":"product_cat","embeddable":true,"href":"https:\/\/www.technodompro.com\/index.php\/wp-json\/wp\/v2\/product_cat?post=40975"},{"taxonomy":"product_tag","embeddable":true,"href":"https:\/\/www.technodompro.com\/index.php\/wp-json\/wp\/v2\/product_tag?post=40975"}],"curies":[{"name":"wp","href":"https:\/\/api.w.org\/{rel}","templated":true}]}}