{"id":45730,"date":"2026-04-27T04:42:32","date_gmt":"2026-04-27T04:42:32","guid":{"rendered":""},"modified":"2026-04-27T04:42:32","modified_gmt":"2026-04-27T04:42:32","slug":"znackovy-hopa-arles-galerka-s-led-osvetlenim-60-cm-45730","status":"publish","type":"product","link":"https:\/\/www.technodompro.com\/index.php\/produkt\/znackovy-hopa-arles-galerka-s-led-osvetlenim-60-cm-45730\/","title":{"rendered":"Zna\u010dkov\u00fd Hopa ARLES Galerka s LED osv\u011btlen\u00edm 60 cm"},"content":{"rendered":"<div class=\"ProductDetail-content NoFixImageContainer\" id=\"productDescription\">\n<div class=\"Heading\">\n<h2 class=\"Heading-title\">Popis produktu <span class=''>Hopa ARLES Galerka s LED osv\u011btlen\u00edm 60 cm<\/span><\/h2>\n<\/p><\/div>\n<div class=\"ProductDetailContent\">\n<p><span style=\"font-size:16px\">Horn\u00ed z\u00e1v\u011bsn\u00e1 zrcadlov\u00e1 sk\u0159\u00ed\u0148ka Olsen Spa&nbsp;ARLES s LED osv\u011btlen\u00edm&nbsp;dopln\u00ed propracovan\u00fdm designem Va\u0161\u00ed koupelnu.&nbsp;Sk\u0159\u00ed\u0148ka je vyrobena z velmi kvalitn\u00edho lamina v b\u00edl\u00e9 barv\u011b, kter\u00e9&nbsp;zaru\u010duje&nbsp;odolnost&nbsp;proti teplu a vlhku&nbsp;a zaji\u0161\u0165uje&nbsp;tak jejich&nbsp;dlouhou&nbsp;\u017eivotnost. Ve sk\u0159\u00ed\u0148ce jsou sklen\u011bn\u00e9 poli\u010dky, kter\u00e9 zv\u011bt\u0161\u00ed&nbsp;\u00falo\u017en\u00e9 prostory pro ve\u0161kerou kosmetiku.<\/span><\/p>\n<ul>\n<li><span style=\"font-size:16px\">sk\u0159\u00ed\u0148ka s&nbsp;centr\u00e1ln\u00edm otev\u00edr\u00e1n\u00edm zrcadlov\u00fdch dv\u00ed\u0159ek<\/span><\/li>\n<li><span style=\"font-size:16px\">komfortn\u00ed&nbsp;\u00falo\u017en\u00fd prostor<\/span><\/li>\n<li><span style=\"font-size:16px\">sklen\u011bn\u00e9 poli\u010dky<\/span><\/li>\n<li><span style=\"font-size:16px\">jednostrann\u00e9 zrcadlo<\/span><\/li>\n<li><span style=\"font-size:16px\">sk\u0159\u00ed\u0148ka&nbsp;s LED osv\u011btlen\u00edm<\/span><\/li>\n<li><span style=\"font-size:16px\">bez vyp\u00edna\u010de<\/span><\/li>\n<li><span style=\"font-size:16px\">kovov\u00e9 \u00fachytky<\/span><\/li>\n<li><span style=\"font-size:16px\">povrchov\u00e1 \u00faprava:&nbsp;b\u00edl\u00e9 lamino<\/span><\/li>\n<li><span style=\"font-size:16px\">\u0161pi\u010dkov\u00e1 povrchov\u00e1 \u00faprava =&nbsp;velmi snadn\u00e1 \u00fadr\u017eba<\/span><\/li>\n<\/ul>\n<p><span style=\"font-size:16px\">Rozm\u011bry:&nbsp;<\/span><\/p>\n<ul>\n<li><span style=\"font-size:16px\">60&nbsp;\u00d7 64&nbsp;\u00d7 15 cm (\u0161\u00ed\u0159ka&nbsp;\u00d7 v\u00fd\u0161ka&nbsp;\u00d7 hloubka)<\/span><\/li>\n<\/ul><\/div>\n<div class=\"ProductDetailContent\">                                                                    <\/div>\n<\/p><\/div>\n<\/p><\/div>\n<\/p><\/div>\n","protected":false},"excerpt":{"rendered":"<p>Popis produktu Hopa ARLES Galerka s LED osv\u011btlen\u00edm 60 cm Horn\u00ed z\u00e1v\u011bsn\u00e1 zrcadlov\u00e1 sk\u0159\u00ed\u0148ka Olsen Spa&nbsp;ARLES s LED osv\u011btlen\u00edm&nbsp;dopln\u00ed propracovan\u00fdm designem Va\u0161\u00ed koupelnu.&nbsp;Sk\u0159\u00ed\u0148ka je vyrobena z velmi kvalitn\u00edho lamina v b\u00edl\u00e9 barv\u011b, kter\u00e9&nbsp;zaru\u010duje&nbsp;odolnost&nbsp;proti teplu a vlhku&nbsp;a zaji\u0161\u0165uje&nbsp;tak jejich&nbsp;dlouhou&nbsp;\u017eivotnost. Ve sk\u0159\u00ed\u0148ce jsou sklen\u011bn\u00e9 poli\u010dky, kter\u00e9 zv\u011bt\u0161\u00ed&nbsp;\u00falo\u017en\u00e9 prostory pro ve\u0161kerou kosmetiku. sk\u0159\u00ed\u0148ka s&nbsp;centr\u00e1ln\u00edm otev\u00edr\u00e1n\u00edm zrcadlov\u00fdch dv\u00ed\u0159ek komfortn\u00ed&nbsp;\u00falo\u017en\u00fd [&hellip;]<\/p>\n","protected":false},"featured_media":45830,"comment_status":"open","ping_status":"open","template":"","meta":[],"product_brand":[],"product_cat":[72],"product_tag":[],"class_list":{"0":"post-45730","1":"product","2":"type-product","3":"status-publish","4":"has-post-thumbnail","6":"product_cat-koupelny","8":"first","9":"instock","10":"sale","11":"shipping-taxable","12":"purchasable","13":"product-type-simple"},"yoast_head":"<!-- This site is optimized with the Yoast SEO plugin v26.8 - https:\/\/yoast.com\/product\/yoast-seo-wordpress\/ -->\n<title>Zna\u010dkov\u00fd Hopa ARLES Galerka s LED osv\u011btlen\u00edm 60 cm -<\/title>\n<meta name=\"robots\" content=\"index, follow, max-snippet:-1, max-image-preview:large, max-video-preview:-1\" \/>\n<link rel=\"canonical\" href=\"https:\/\/www.technodompro.com\/index.php\/produkt\/znackovy-hopa-arles-galerka-s-led-osvetlenim-60-cm-45730\/\" \/>\n<meta property=\"og:locale\" content=\"cs_CZ\" \/>\n<meta property=\"og:type\" content=\"article\" \/>\n<meta property=\"og:title\" content=\"Zna\u010dkov\u00fd Hopa ARLES Galerka s LED osv\u011btlen\u00edm 60 cm -\" \/>\n<meta property=\"og:description\" content=\"Popis produktu Hopa ARLES Galerka s LED osv\u011btlen\u00edm 60 cm Horn\u00ed z\u00e1v\u011bsn\u00e1 zrcadlov\u00e1 sk\u0159\u00ed\u0148ka Olsen Spa&nbsp;ARLES s LED osv\u011btlen\u00edm&nbsp;dopln\u00ed propracovan\u00fdm designem Va\u0161\u00ed koupelnu.&nbsp;Sk\u0159\u00ed\u0148ka je vyrobena z velmi kvalitn\u00edho lamina v b\u00edl\u00e9 barv\u011b, kter\u00e9&nbsp;zaru\u010duje&nbsp;odolnost&nbsp;proti teplu a vlhku&nbsp;a zaji\u0161\u0165uje&nbsp;tak jejich&nbsp;dlouhou&nbsp;\u017eivotnost. Ve sk\u0159\u00ed\u0148ce jsou sklen\u011bn\u00e9 poli\u010dky, kter\u00e9 zv\u011bt\u0161\u00ed&nbsp;\u00falo\u017en\u00e9 prostory pro ve\u0161kerou kosmetiku. sk\u0159\u00ed\u0148ka s&nbsp;centr\u00e1ln\u00edm otev\u00edr\u00e1n\u00edm zrcadlov\u00fdch dv\u00ed\u0159ek komfortn\u00ed&nbsp;\u00falo\u017en\u00fd [&hellip;]\" \/>\n<meta property=\"og:url\" content=\"https:\/\/www.technodompro.com\/index.php\/produkt\/znackovy-hopa-arles-galerka-s-led-osvetlenim-60-cm-45730\/\" \/>\n<meta property=\"og:image\" content=\"https:\/\/www.technodompro.com\/wp-content\/uploads\/2026\/SK0016233-CZ20260425-092632-0-1777080397-hopa-arles-galerka-s-led-osvetlenim-60-cm-1291470.webp\" \/>\n\t<meta property=\"og:image:width\" content=\"527\" \/>\n\t<meta property=\"og:image:height\" content=\"581\" \/>\n\t<meta property=\"og:image:type\" content=\"image\/webp\" \/>\n<meta name=\"twitter:card\" content=\"summary_large_image\" \/>\n<meta name=\"twitter:label1\" content=\"Odhadovan\u00e1 doba \u010dten\u00ed\" \/>\n\t<meta name=\"twitter:data1\" content=\"1 minuta\" \/>\n<script type=\"application\/ld+json\" class=\"yoast-schema-graph\">{\"@context\":\"https:\/\/schema.org\",\"@graph\":[{\"@type\":\"WebPage\",\"@id\":\"https:\/\/www.technodompro.com\/index.php\/produkt\/znackovy-hopa-arles-galerka-s-led-osvetlenim-60-cm-45730\/\",\"url\":\"https:\/\/www.technodompro.com\/index.php\/produkt\/znackovy-hopa-arles-galerka-s-led-osvetlenim-60-cm-45730\/\",\"name\":\"Zna\u010dkov\u00fd Hopa ARLES Galerka s LED osv\u011btlen\u00edm 60 cm -\",\"isPartOf\":{\"@id\":\"https:\/\/www.technodompro.com\/#website\"},\"primaryImageOfPage\":{\"@id\":\"https:\/\/www.technodompro.com\/index.php\/produkt\/znackovy-hopa-arles-galerka-s-led-osvetlenim-60-cm-45730\/#primaryimage\"},\"image\":{\"@id\":\"https:\/\/www.technodompro.com\/index.php\/produkt\/znackovy-hopa-arles-galerka-s-led-osvetlenim-60-cm-45730\/#primaryimage\"},\"thumbnailUrl\":\"https:\/\/www.technodompro.com\/wp-content\/uploads\/2026\/SK0016233-CZ20260425-092632-0-1777080397-hopa-arles-galerka-s-led-osvetlenim-60-cm-1291470.webp\",\"datePublished\":\"2026-04-27T04:42:32+00:00\",\"breadcrumb\":{\"@id\":\"https:\/\/www.technodompro.com\/index.php\/produkt\/znackovy-hopa-arles-galerka-s-led-osvetlenim-60-cm-45730\/#breadcrumb\"},\"inLanguage\":\"cs\",\"potentialAction\":[{\"@type\":\"ReadAction\",\"target\":[\"https:\/\/www.technodompro.com\/index.php\/produkt\/znackovy-hopa-arles-galerka-s-led-osvetlenim-60-cm-45730\/\"]}]},{\"@type\":\"ImageObject\",\"inLanguage\":\"cs\",\"@id\":\"https:\/\/www.technodompro.com\/index.php\/produkt\/znackovy-hopa-arles-galerka-s-led-osvetlenim-60-cm-45730\/#primaryimage\",\"url\":\"https:\/\/www.technodompro.com\/wp-content\/uploads\/2026\/SK0016233-CZ20260425-092632-0-1777080397-hopa-arles-galerka-s-led-osvetlenim-60-cm-1291470.webp\",\"contentUrl\":\"https:\/\/www.technodompro.com\/wp-content\/uploads\/2026\/SK0016233-CZ20260425-092632-0-1777080397-hopa-arles-galerka-s-led-osvetlenim-60-cm-1291470.webp\",\"width\":527,\"height\":581},{\"@type\":\"BreadcrumbList\",\"@id\":\"https:\/\/www.technodompro.com\/index.php\/produkt\/znackovy-hopa-arles-galerka-s-led-osvetlenim-60-cm-45730\/#breadcrumb\",\"itemListElement\":[{\"@type\":\"ListItem\",\"position\":1,\"name\":\"Home\",\"item\":\"https:\/\/www.technodompro.com\/\"},{\"@type\":\"ListItem\",\"position\":2,\"name\":\"Products\",\"item\":\"https:\/\/www.technodompro.com\/index.php\/products\/\"},{\"@type\":\"ListItem\",\"position\":3,\"name\":\"Zna\u010dkov\u00fd Hopa ARLES Galerka s LED osv\u011btlen\u00edm 60 cm\"}]},{\"@type\":\"WebSite\",\"@id\":\"https:\/\/www.technodompro.com\/#website\",\"url\":\"https:\/\/www.technodompro.com\/\",\"name\":\"\",\"description\":\"\",\"potentialAction\":[{\"@type\":\"SearchAction\",\"target\":{\"@type\":\"EntryPoint\",\"urlTemplate\":\"https:\/\/www.technodompro.com\/?s={search_term_string}\"},\"query-input\":{\"@type\":\"PropertyValueSpecification\",\"valueRequired\":true,\"valueName\":\"search_term_string\"}}],\"inLanguage\":\"cs\"}]}<\/script>\n<!-- \/ Yoast SEO plugin. -->","yoast_head_json":{"title":"Zna\u010dkov\u00fd Hopa ARLES Galerka s LED osv\u011btlen\u00edm 60 cm -","robots":{"index":"index","follow":"follow","max-snippet":"max-snippet:-1","max-image-preview":"max-image-preview:large","max-video-preview":"max-video-preview:-1"},"canonical":"https:\/\/www.technodompro.com\/index.php\/produkt\/znackovy-hopa-arles-galerka-s-led-osvetlenim-60-cm-45730\/","og_locale":"cs_CZ","og_type":"article","og_title":"Zna\u010dkov\u00fd Hopa ARLES Galerka s LED osv\u011btlen\u00edm 60 cm -","og_description":"Popis produktu Hopa ARLES Galerka s LED osv\u011btlen\u00edm 60 cm Horn\u00ed z\u00e1v\u011bsn\u00e1 zrcadlov\u00e1 sk\u0159\u00ed\u0148ka Olsen Spa&nbsp;ARLES s LED osv\u011btlen\u00edm&nbsp;dopln\u00ed propracovan\u00fdm designem Va\u0161\u00ed koupelnu.&nbsp;Sk\u0159\u00ed\u0148ka je vyrobena z velmi kvalitn\u00edho lamina v b\u00edl\u00e9 barv\u011b, kter\u00e9&nbsp;zaru\u010duje&nbsp;odolnost&nbsp;proti teplu a vlhku&nbsp;a zaji\u0161\u0165uje&nbsp;tak jejich&nbsp;dlouhou&nbsp;\u017eivotnost. Ve sk\u0159\u00ed\u0148ce jsou sklen\u011bn\u00e9 poli\u010dky, kter\u00e9 zv\u011bt\u0161\u00ed&nbsp;\u00falo\u017en\u00e9 prostory pro ve\u0161kerou kosmetiku. sk\u0159\u00ed\u0148ka s&nbsp;centr\u00e1ln\u00edm otev\u00edr\u00e1n\u00edm zrcadlov\u00fdch dv\u00ed\u0159ek komfortn\u00ed&nbsp;\u00falo\u017en\u00fd [&hellip;]","og_url":"https:\/\/www.technodompro.com\/index.php\/produkt\/znackovy-hopa-arles-galerka-s-led-osvetlenim-60-cm-45730\/","og_image":[{"width":527,"height":581,"url":"https:\/\/www.technodompro.com\/wp-content\/uploads\/2026\/SK0016233-CZ20260425-092632-0-1777080397-hopa-arles-galerka-s-led-osvetlenim-60-cm-1291470.webp","type":"image\/webp"}],"twitter_card":"summary_large_image","twitter_misc":{"Odhadovan\u00e1 doba \u010dten\u00ed":"1 minuta"},"schema":{"@context":"https:\/\/schema.org","@graph":[{"@type":"WebPage","@id":"https:\/\/www.technodompro.com\/index.php\/produkt\/znackovy-hopa-arles-galerka-s-led-osvetlenim-60-cm-45730\/","url":"https:\/\/www.technodompro.com\/index.php\/produkt\/znackovy-hopa-arles-galerka-s-led-osvetlenim-60-cm-45730\/","name":"Zna\u010dkov\u00fd Hopa ARLES Galerka s LED osv\u011btlen\u00edm 60 cm -","isPartOf":{"@id":"https:\/\/www.technodompro.com\/#website"},"primaryImageOfPage":{"@id":"https:\/\/www.technodompro.com\/index.php\/produkt\/znackovy-hopa-arles-galerka-s-led-osvetlenim-60-cm-45730\/#primaryimage"},"image":{"@id":"https:\/\/www.technodompro.com\/index.php\/produkt\/znackovy-hopa-arles-galerka-s-led-osvetlenim-60-cm-45730\/#primaryimage"},"thumbnailUrl":"https:\/\/www.technodompro.com\/wp-content\/uploads\/2026\/SK0016233-CZ20260425-092632-0-1777080397-hopa-arles-galerka-s-led-osvetlenim-60-cm-1291470.webp","datePublished":"2026-04-27T04:42:32+00:00","breadcrumb":{"@id":"https:\/\/www.technodompro.com\/index.php\/produkt\/znackovy-hopa-arles-galerka-s-led-osvetlenim-60-cm-45730\/#breadcrumb"},"inLanguage":"cs","potentialAction":[{"@type":"ReadAction","target":["https:\/\/www.technodompro.com\/index.php\/produkt\/znackovy-hopa-arles-galerka-s-led-osvetlenim-60-cm-45730\/"]}]},{"@type":"ImageObject","inLanguage":"cs","@id":"https:\/\/www.technodompro.com\/index.php\/produkt\/znackovy-hopa-arles-galerka-s-led-osvetlenim-60-cm-45730\/#primaryimage","url":"https:\/\/www.technodompro.com\/wp-content\/uploads\/2026\/SK0016233-CZ20260425-092632-0-1777080397-hopa-arles-galerka-s-led-osvetlenim-60-cm-1291470.webp","contentUrl":"https:\/\/www.technodompro.com\/wp-content\/uploads\/2026\/SK0016233-CZ20260425-092632-0-1777080397-hopa-arles-galerka-s-led-osvetlenim-60-cm-1291470.webp","width":527,"height":581},{"@type":"BreadcrumbList","@id":"https:\/\/www.technodompro.com\/index.php\/produkt\/znackovy-hopa-arles-galerka-s-led-osvetlenim-60-cm-45730\/#breadcrumb","itemListElement":[{"@type":"ListItem","position":1,"name":"Home","item":"https:\/\/www.technodompro.com\/"},{"@type":"ListItem","position":2,"name":"Products","item":"https:\/\/www.technodompro.com\/index.php\/products\/"},{"@type":"ListItem","position":3,"name":"Zna\u010dkov\u00fd Hopa ARLES Galerka s LED osv\u011btlen\u00edm 60 cm"}]},{"@type":"WebSite","@id":"https:\/\/www.technodompro.com\/#website","url":"https:\/\/www.technodompro.com\/","name":"","description":"","potentialAction":[{"@type":"SearchAction","target":{"@type":"EntryPoint","urlTemplate":"https:\/\/www.technodompro.com\/?s={search_term_string}"},"query-input":{"@type":"PropertyValueSpecification","valueRequired":true,"valueName":"search_term_string"}}],"inLanguage":"cs"}]}},"_links":{"self":[{"href":"https:\/\/www.technodompro.com\/index.php\/wp-json\/wp\/v2\/product\/45730","targetHints":{"allow":["GET"]}}],"collection":[{"href":"https:\/\/www.technodompro.com\/index.php\/wp-json\/wp\/v2\/product"}],"about":[{"href":"https:\/\/www.technodompro.com\/index.php\/wp-json\/wp\/v2\/types\/product"}],"replies":[{"embeddable":true,"href":"https:\/\/www.technodompro.com\/index.php\/wp-json\/wp\/v2\/comments?post=45730"}],"wp:featuredmedia":[{"embeddable":true,"href":"https:\/\/www.technodompro.com\/index.php\/wp-json\/wp\/v2\/media\/45830"}],"wp:attachment":[{"href":"https:\/\/www.technodompro.com\/index.php\/wp-json\/wp\/v2\/media?parent=45730"}],"wp:term":[{"taxonomy":"product_brand","embeddable":true,"href":"https:\/\/www.technodompro.com\/index.php\/wp-json\/wp\/v2\/product_brand?post=45730"},{"taxonomy":"product_cat","embeddable":true,"href":"https:\/\/www.technodompro.com\/index.php\/wp-json\/wp\/v2\/product_cat?post=45730"},{"taxonomy":"product_tag","embeddable":true,"href":"https:\/\/www.technodompro.com\/index.php\/wp-json\/wp\/v2\/product_tag?post=45730"}],"curies":[{"name":"wp","href":"https:\/\/api.w.org\/{rel}","templated":true}]}}