{"id":47094,"date":"2026-04-27T04:42:36","date_gmt":"2026-04-27T04:42:36","guid":{"rendered":""},"modified":"2026-04-27T04:42:36","modified_gmt":"2026-04-27T04:42:36","slug":"znackovy-bezdratovy-termostat-pro-ovladani-fan-coilu-napajeni-230-v-giacomini-fc600-47094","status":"publish","type":"product","link":"https:\/\/www.technodompro.com\/index.php\/produkt\/znackovy-bezdratovy-termostat-pro-ovladani-fan-coilu-napajeni-230-v-giacomini-fc600-47094\/","title":{"rendered":"Zna\u010dkov\u00fd Bezdr\u00e1tov\u00fd termostat pro ovl\u00e1d\u00e1n\u00ed Fan Coil\u016f, nap\u00e1jen\u00ed 230 V, Giacomini FC600"},"content":{"rendered":"<div class=\"ProductDetail-content NoFixImageContainer\" id=\"productDescription\">\n<div class=\"Heading\">\n<h2 class=\"Heading-title\">Popis produktu <span class=''>Bezdr\u00e1tov\u00fd termostat pro ovl\u00e1d\u00e1n\u00ed Fan Coil\u016f, nap\u00e1jen\u00ed 230 V, Giacomini FC600<\/span><\/h2>\n<\/p><\/div>\n<div class=\"ProductDetailContent\">\n<p><span style=\"font-size:16px\">FC600 je vhodn\u00fd pro ovl\u00e1d\u00e1n\u00ed jednotky Fan-coil v 2 a 4-trubkov\u00e9m syst\u00e9mu a pro ovl\u00e1d\u00e1n\u00ed teploty ve Va\u0161em dom\u011b nebo na Va\u0161em pracovi\u0161ti. Pro p\u0159ipojen\u00ed k internetu (re\u017eim online) mus\u00ed b\u00fdt tento produkt pou\u017e\u00edv\u00e1n s univerz\u00e1ln\u00ed br\u00e1nou UGE600 a aplikac\u00ed SALUS Smart Home. SALUS FC600 m\u016f\u017eete tak\u00e9 pou\u017e\u00edv\u00e1t bez p\u0159ipojen\u00ed k internetu (re\u017eim offline).<\/span><\/p>\n<h3><span style=\"color:#3498db\"><span style=\"font-size:18px\">Z\u00e1kladn\u00ed vlastnosti:<\/span><\/span><\/h3>\n<ul>\n<li><span style=\"font-size:16px\">manu\u00e1ln\u00ed ovl\u00e1d\u00e1n\u00ed nebo bezdr\u00e1tov\u011b p\u0159es internet prost\u0159ednictv\u00edm aplikace SALUS Smart Home (vy\u017eaduje univerz\u00e1ln\u00ed br\u00e1nu UGE600)<\/span><\/li>\n<li><span style=\"font-size:16px\">bezdr\u00e1tov\u00e1 aktualizace (p\u0159es UGE600)<\/span><\/li>\n<li><span style=\"font-size:16px\">automatick\u00fd nebo manu\u00e1ln\u00ed re\u017eim vyt\u00e1p\u011bn\u00ed \/ chlazen\u00ed<\/span><\/li>\n<li><span style=\"font-size:16px\">ekonomick\u00fd re\u017eim<\/span><\/li>\n<li><span style=\"font-size:16px\">multifunk\u010dn\u00ed vstupy:<br \/>\tS1 \u2013 ru\u010dn\u00ed nebo automatick\u00e9 p\u0159ep\u00edn\u00e1n\u00ed mezi re\u017eimem VYT\u00c1P\u011aN\u00cd \/ CHLAZEN\u00cd (pomoc\u00ed p\u0159\u00edlo\u017en\u00e9ho \u010didla nebo kontaktu NO-COM)<br \/>\tS2 \u2013 p\u0159ep\u00edna\u010d provozn\u00edho re\u017eimu (nap\u0159. Sn\u00edma\u010d obsazen\u00ed pro kontakt s kartou) nebo extern\u00ed teplotn\u00ed \u010didlo)<\/span><\/li>\n<li><span style=\"font-size:16px\">zabudovan\u00fd algoritmus TPI (Time Proportional and Integral)<\/span><\/li>\n<li><span style=\"font-size:16px\">velmi p\u0159esn\u00e9 m\u011b\u0159en\u00ed teploty<\/span><\/li>\n<li><span style=\"font-size:16px\">automatick\u00e1 nebo manu\u00e1ln\u00ed volba rychlosti ventil\u00e1toru (3 \u00farovn\u011b)<\/span><\/li>\n<li><span style=\"font-size:16px\">\u010dasov\u00fd harmonogram<\/span><\/li>\n<li><span style=\"font-size:16px\">a\u017e 30 mo\u017en\u00fdch konfigurac\u00ed<\/span><\/li>\n<li><span style=\"font-size:16px\">protiz\u00e1mrzn\u00e1 ochrana a ochrana proti p\u0159eh\u0159\u00e1t\u00ed<\/span><\/li>\n<li><span style=\"font-size:16px\">z\u00e1mek tla\u010d\u00edtek<\/span><\/li>\n<li><span style=\"font-size:16px\">indikace v\u00fdm\u011bny filtru<\/span><\/li>\n<li><span style=\"font-size:16px\">intuitivn\u00ed dotykov\u00fd panel<\/span><\/li>\n<li><span style=\"font-size:16px\">p\u0159ehledn\u00fd a \u010diteln\u00fd displej<\/span><\/li>\n<li><span style=\"font-size:16px\">snadn\u00e1 a rychl\u00e1 mont\u00e1\u017e<\/span><\/li>\n<li><span style=\"font-size:16px\">za\u0159\u00edzen\u00ed funguje jako opakova\u010d, co\u017e zvy\u0161uje dosah s\u00edt\u011b ZigBee<\/span><\/li>\n<\/ul><\/div>\n<div class=\"ProductDetailContent\">                                                                    <\/div>\n<\/p><\/div>\n<\/p><\/div>\n<\/p><\/div>\n","protected":false},"excerpt":{"rendered":"<p>Popis produktu Bezdr\u00e1tov\u00fd termostat pro ovl\u00e1d\u00e1n\u00ed Fan Coil\u016f, nap\u00e1jen\u00ed 230 V, Giacomini FC600 FC600 je vhodn\u00fd pro ovl\u00e1d\u00e1n\u00ed jednotky Fan-coil v 2 a 4-trubkov\u00e9m syst\u00e9mu a pro ovl\u00e1d\u00e1n\u00ed teploty ve Va\u0161em dom\u011b nebo na Va\u0161em pracovi\u0161ti. Pro p\u0159ipojen\u00ed k internetu (re\u017eim online) mus\u00ed b\u00fdt tento produkt pou\u017e\u00edv\u00e1n s univerz\u00e1ln\u00ed br\u00e1nou UGE600 a aplikac\u00ed SALUS Smart [&hellip;]<\/p>\n","protected":false},"featured_media":47194,"comment_status":"open","ping_status":"open","template":"","meta":[],"product_brand":[],"product_cat":[73],"product_tag":[],"class_list":{"0":"post-47094","1":"product","2":"type-product","3":"status-publish","4":"has-post-thumbnail","6":"product_cat-topeni","8":"first","9":"instock","10":"sale","11":"shipping-taxable","12":"purchasable","13":"product-type-simple"},"yoast_head":"<!-- This site is optimized with the Yoast SEO plugin v26.8 - https:\/\/yoast.com\/product\/yoast-seo-wordpress\/ -->\n<title>Zna\u010dkov\u00fd Bezdr\u00e1tov\u00fd termostat pro ovl\u00e1d\u00e1n\u00ed Fan Coil\u016f, nap\u00e1jen\u00ed 230 V, Giacomini FC600 -<\/title>\n<meta name=\"robots\" content=\"index, follow, max-snippet:-1, max-image-preview:large, max-video-preview:-1\" \/>\n<link rel=\"canonical\" href=\"https:\/\/www.technodompro.com\/index.php\/produkt\/znackovy-bezdratovy-termostat-pro-ovladani-fan-coilu-napajeni-230-v-giacomini-fc600-47094\/\" \/>\n<meta property=\"og:locale\" content=\"cs_CZ\" \/>\n<meta property=\"og:type\" content=\"article\" \/>\n<meta property=\"og:title\" content=\"Zna\u010dkov\u00fd Bezdr\u00e1tov\u00fd termostat pro ovl\u00e1d\u00e1n\u00ed Fan Coil\u016f, nap\u00e1jen\u00ed 230 V, Giacomini FC600 -\" \/>\n<meta property=\"og:description\" content=\"Popis produktu Bezdr\u00e1tov\u00fd termostat pro ovl\u00e1d\u00e1n\u00ed Fan Coil\u016f, nap\u00e1jen\u00ed 230 V, Giacomini FC600 FC600 je vhodn\u00fd pro ovl\u00e1d\u00e1n\u00ed jednotky Fan-coil v 2 a 4-trubkov\u00e9m syst\u00e9mu a pro ovl\u00e1d\u00e1n\u00ed teploty ve Va\u0161em dom\u011b nebo na Va\u0161em pracovi\u0161ti. Pro p\u0159ipojen\u00ed k internetu (re\u017eim online) mus\u00ed b\u00fdt tento produkt pou\u017e\u00edv\u00e1n s univerz\u00e1ln\u00ed br\u00e1nou UGE600 a aplikac\u00ed SALUS Smart [&hellip;]\" \/>\n<meta property=\"og:url\" content=\"https:\/\/www.technodompro.com\/index.php\/produkt\/znackovy-bezdratovy-termostat-pro-ovladani-fan-coilu-napajeni-230-v-giacomini-fc600-47094\/\" \/>\n<meta property=\"og:image\" content=\"https:\/\/www.technodompro.com\/wp-content\/uploads\/2026\/SK0016951-CZ20260425-092632-0-1777080397-bezdratovy-termostat-pro-ovladani-fan-coilu-napajeni-230-v-.webp\" \/>\n\t<meta property=\"og:image:width\" content=\"600\" \/>\n\t<meta property=\"og:image:height\" content=\"450\" \/>\n\t<meta property=\"og:image:type\" content=\"image\/webp\" \/>\n<meta name=\"twitter:card\" content=\"summary_large_image\" \/>\n<meta name=\"twitter:label1\" content=\"Odhadovan\u00e1 doba \u010dten\u00ed\" \/>\n\t<meta name=\"twitter:data1\" content=\"1 minuta\" \/>\n<script type=\"application\/ld+json\" class=\"yoast-schema-graph\">{\"@context\":\"https:\/\/schema.org\",\"@graph\":[{\"@type\":\"WebPage\",\"@id\":\"https:\/\/www.technodompro.com\/index.php\/produkt\/znackovy-bezdratovy-termostat-pro-ovladani-fan-coilu-napajeni-230-v-giacomini-fc600-47094\/\",\"url\":\"https:\/\/www.technodompro.com\/index.php\/produkt\/znackovy-bezdratovy-termostat-pro-ovladani-fan-coilu-napajeni-230-v-giacomini-fc600-47094\/\",\"name\":\"Zna\u010dkov\u00fd Bezdr\u00e1tov\u00fd termostat pro ovl\u00e1d\u00e1n\u00ed Fan Coil\u016f, nap\u00e1jen\u00ed 230 V, Giacomini FC600 -\",\"isPartOf\":{\"@id\":\"https:\/\/www.technodompro.com\/#website\"},\"primaryImageOfPage\":{\"@id\":\"https:\/\/www.technodompro.com\/index.php\/produkt\/znackovy-bezdratovy-termostat-pro-ovladani-fan-coilu-napajeni-230-v-giacomini-fc600-47094\/#primaryimage\"},\"image\":{\"@id\":\"https:\/\/www.technodompro.com\/index.php\/produkt\/znackovy-bezdratovy-termostat-pro-ovladani-fan-coilu-napajeni-230-v-giacomini-fc600-47094\/#primaryimage\"},\"thumbnailUrl\":\"https:\/\/www.technodompro.com\/wp-content\/uploads\/2026\/SK0016951-CZ20260425-092632-0-1777080397-bezdratovy-termostat-pro-ovladani-fan-coilu-napajeni-230-v-.webp\",\"datePublished\":\"2026-04-27T04:42:36+00:00\",\"breadcrumb\":{\"@id\":\"https:\/\/www.technodompro.com\/index.php\/produkt\/znackovy-bezdratovy-termostat-pro-ovladani-fan-coilu-napajeni-230-v-giacomini-fc600-47094\/#breadcrumb\"},\"inLanguage\":\"cs\",\"potentialAction\":[{\"@type\":\"ReadAction\",\"target\":[\"https:\/\/www.technodompro.com\/index.php\/produkt\/znackovy-bezdratovy-termostat-pro-ovladani-fan-coilu-napajeni-230-v-giacomini-fc600-47094\/\"]}]},{\"@type\":\"ImageObject\",\"inLanguage\":\"cs\",\"@id\":\"https:\/\/www.technodompro.com\/index.php\/produkt\/znackovy-bezdratovy-termostat-pro-ovladani-fan-coilu-napajeni-230-v-giacomini-fc600-47094\/#primaryimage\",\"url\":\"https:\/\/www.technodompro.com\/wp-content\/uploads\/2026\/SK0016951-CZ20260425-092632-0-1777080397-bezdratovy-termostat-pro-ovladani-fan-coilu-napajeni-230-v-.webp\",\"contentUrl\":\"https:\/\/www.technodompro.com\/wp-content\/uploads\/2026\/SK0016951-CZ20260425-092632-0-1777080397-bezdratovy-termostat-pro-ovladani-fan-coilu-napajeni-230-v-.webp\",\"width\":600,\"height\":450},{\"@type\":\"BreadcrumbList\",\"@id\":\"https:\/\/www.technodompro.com\/index.php\/produkt\/znackovy-bezdratovy-termostat-pro-ovladani-fan-coilu-napajeni-230-v-giacomini-fc600-47094\/#breadcrumb\",\"itemListElement\":[{\"@type\":\"ListItem\",\"position\":1,\"name\":\"Home\",\"item\":\"https:\/\/www.technodompro.com\/\"},{\"@type\":\"ListItem\",\"position\":2,\"name\":\"Products\",\"item\":\"https:\/\/www.technodompro.com\/index.php\/products\/\"},{\"@type\":\"ListItem\",\"position\":3,\"name\":\"Zna\u010dkov\u00fd Bezdr\u00e1tov\u00fd termostat pro ovl\u00e1d\u00e1n\u00ed Fan Coil\u016f, nap\u00e1jen\u00ed 230 V, Giacomini FC600\"}]},{\"@type\":\"WebSite\",\"@id\":\"https:\/\/www.technodompro.com\/#website\",\"url\":\"https:\/\/www.technodompro.com\/\",\"name\":\"\",\"description\":\"\",\"potentialAction\":[{\"@type\":\"SearchAction\",\"target\":{\"@type\":\"EntryPoint\",\"urlTemplate\":\"https:\/\/www.technodompro.com\/?s={search_term_string}\"},\"query-input\":{\"@type\":\"PropertyValueSpecification\",\"valueRequired\":true,\"valueName\":\"search_term_string\"}}],\"inLanguage\":\"cs\"}]}<\/script>\n<!-- \/ Yoast SEO plugin. -->","yoast_head_json":{"title":"Zna\u010dkov\u00fd Bezdr\u00e1tov\u00fd termostat pro ovl\u00e1d\u00e1n\u00ed Fan Coil\u016f, nap\u00e1jen\u00ed 230 V, Giacomini FC600 -","robots":{"index":"index","follow":"follow","max-snippet":"max-snippet:-1","max-image-preview":"max-image-preview:large","max-video-preview":"max-video-preview:-1"},"canonical":"https:\/\/www.technodompro.com\/index.php\/produkt\/znackovy-bezdratovy-termostat-pro-ovladani-fan-coilu-napajeni-230-v-giacomini-fc600-47094\/","og_locale":"cs_CZ","og_type":"article","og_title":"Zna\u010dkov\u00fd Bezdr\u00e1tov\u00fd termostat pro ovl\u00e1d\u00e1n\u00ed Fan Coil\u016f, nap\u00e1jen\u00ed 230 V, Giacomini FC600 -","og_description":"Popis produktu Bezdr\u00e1tov\u00fd termostat pro ovl\u00e1d\u00e1n\u00ed Fan Coil\u016f, nap\u00e1jen\u00ed 230 V, Giacomini FC600 FC600 je vhodn\u00fd pro ovl\u00e1d\u00e1n\u00ed jednotky Fan-coil v 2 a 4-trubkov\u00e9m syst\u00e9mu a pro ovl\u00e1d\u00e1n\u00ed teploty ve Va\u0161em dom\u011b nebo na Va\u0161em pracovi\u0161ti. Pro p\u0159ipojen\u00ed k internetu (re\u017eim online) mus\u00ed b\u00fdt tento produkt pou\u017e\u00edv\u00e1n s univerz\u00e1ln\u00ed br\u00e1nou UGE600 a aplikac\u00ed SALUS Smart [&hellip;]","og_url":"https:\/\/www.technodompro.com\/index.php\/produkt\/znackovy-bezdratovy-termostat-pro-ovladani-fan-coilu-napajeni-230-v-giacomini-fc600-47094\/","og_image":[{"width":600,"height":450,"url":"https:\/\/www.technodompro.com\/wp-content\/uploads\/2026\/SK0016951-CZ20260425-092632-0-1777080397-bezdratovy-termostat-pro-ovladani-fan-coilu-napajeni-230-v-.webp","type":"image\/webp"}],"twitter_card":"summary_large_image","twitter_misc":{"Odhadovan\u00e1 doba \u010dten\u00ed":"1 minuta"},"schema":{"@context":"https:\/\/schema.org","@graph":[{"@type":"WebPage","@id":"https:\/\/www.technodompro.com\/index.php\/produkt\/znackovy-bezdratovy-termostat-pro-ovladani-fan-coilu-napajeni-230-v-giacomini-fc600-47094\/","url":"https:\/\/www.technodompro.com\/index.php\/produkt\/znackovy-bezdratovy-termostat-pro-ovladani-fan-coilu-napajeni-230-v-giacomini-fc600-47094\/","name":"Zna\u010dkov\u00fd Bezdr\u00e1tov\u00fd termostat pro ovl\u00e1d\u00e1n\u00ed Fan Coil\u016f, nap\u00e1jen\u00ed 230 V, Giacomini FC600 -","isPartOf":{"@id":"https:\/\/www.technodompro.com\/#website"},"primaryImageOfPage":{"@id":"https:\/\/www.technodompro.com\/index.php\/produkt\/znackovy-bezdratovy-termostat-pro-ovladani-fan-coilu-napajeni-230-v-giacomini-fc600-47094\/#primaryimage"},"image":{"@id":"https:\/\/www.technodompro.com\/index.php\/produkt\/znackovy-bezdratovy-termostat-pro-ovladani-fan-coilu-napajeni-230-v-giacomini-fc600-47094\/#primaryimage"},"thumbnailUrl":"https:\/\/www.technodompro.com\/wp-content\/uploads\/2026\/SK0016951-CZ20260425-092632-0-1777080397-bezdratovy-termostat-pro-ovladani-fan-coilu-napajeni-230-v-.webp","datePublished":"2026-04-27T04:42:36+00:00","breadcrumb":{"@id":"https:\/\/www.technodompro.com\/index.php\/produkt\/znackovy-bezdratovy-termostat-pro-ovladani-fan-coilu-napajeni-230-v-giacomini-fc600-47094\/#breadcrumb"},"inLanguage":"cs","potentialAction":[{"@type":"ReadAction","target":["https:\/\/www.technodompro.com\/index.php\/produkt\/znackovy-bezdratovy-termostat-pro-ovladani-fan-coilu-napajeni-230-v-giacomini-fc600-47094\/"]}]},{"@type":"ImageObject","inLanguage":"cs","@id":"https:\/\/www.technodompro.com\/index.php\/produkt\/znackovy-bezdratovy-termostat-pro-ovladani-fan-coilu-napajeni-230-v-giacomini-fc600-47094\/#primaryimage","url":"https:\/\/www.technodompro.com\/wp-content\/uploads\/2026\/SK0016951-CZ20260425-092632-0-1777080397-bezdratovy-termostat-pro-ovladani-fan-coilu-napajeni-230-v-.webp","contentUrl":"https:\/\/www.technodompro.com\/wp-content\/uploads\/2026\/SK0016951-CZ20260425-092632-0-1777080397-bezdratovy-termostat-pro-ovladani-fan-coilu-napajeni-230-v-.webp","width":600,"height":450},{"@type":"BreadcrumbList","@id":"https:\/\/www.technodompro.com\/index.php\/produkt\/znackovy-bezdratovy-termostat-pro-ovladani-fan-coilu-napajeni-230-v-giacomini-fc600-47094\/#breadcrumb","itemListElement":[{"@type":"ListItem","position":1,"name":"Home","item":"https:\/\/www.technodompro.com\/"},{"@type":"ListItem","position":2,"name":"Products","item":"https:\/\/www.technodompro.com\/index.php\/products\/"},{"@type":"ListItem","position":3,"name":"Zna\u010dkov\u00fd Bezdr\u00e1tov\u00fd termostat pro ovl\u00e1d\u00e1n\u00ed Fan Coil\u016f, nap\u00e1jen\u00ed 230 V, Giacomini FC600"}]},{"@type":"WebSite","@id":"https:\/\/www.technodompro.com\/#website","url":"https:\/\/www.technodompro.com\/","name":"","description":"","potentialAction":[{"@type":"SearchAction","target":{"@type":"EntryPoint","urlTemplate":"https:\/\/www.technodompro.com\/?s={search_term_string}"},"query-input":{"@type":"PropertyValueSpecification","valueRequired":true,"valueName":"search_term_string"}}],"inLanguage":"cs"}]}},"_links":{"self":[{"href":"https:\/\/www.technodompro.com\/index.php\/wp-json\/wp\/v2\/product\/47094","targetHints":{"allow":["GET"]}}],"collection":[{"href":"https:\/\/www.technodompro.com\/index.php\/wp-json\/wp\/v2\/product"}],"about":[{"href":"https:\/\/www.technodompro.com\/index.php\/wp-json\/wp\/v2\/types\/product"}],"replies":[{"embeddable":true,"href":"https:\/\/www.technodompro.com\/index.php\/wp-json\/wp\/v2\/comments?post=47094"}],"wp:featuredmedia":[{"embeddable":true,"href":"https:\/\/www.technodompro.com\/index.php\/wp-json\/wp\/v2\/media\/47194"}],"wp:attachment":[{"href":"https:\/\/www.technodompro.com\/index.php\/wp-json\/wp\/v2\/media?parent=47094"}],"wp:term":[{"taxonomy":"product_brand","embeddable":true,"href":"https:\/\/www.technodompro.com\/index.php\/wp-json\/wp\/v2\/product_brand?post=47094"},{"taxonomy":"product_cat","embeddable":true,"href":"https:\/\/www.technodompro.com\/index.php\/wp-json\/wp\/v2\/product_cat?post=47094"},{"taxonomy":"product_tag","embeddable":true,"href":"https:\/\/www.technodompro.com\/index.php\/wp-json\/wp\/v2\/product_tag?post=47094"}],"curies":[{"name":"wp","href":"https:\/\/api.w.org\/{rel}","templated":true}]}}