{"id":47305,"date":"2026-04-27T04:42:37","date_gmt":"2026-04-27T04:42:37","guid":{"rendered":""},"modified":"2026-04-27T04:42:37","modified_gmt":"2026-04-27T04:42:37","slug":"znackovy-koupelnova-skrinka-s-umyvadlem-hopa-rino-82-5-x-34-1-x-71-5-cm-olnrino285-olke6085-47305","status":"publish","type":"product","link":"https:\/\/www.technodompro.com\/index.php\/produkt\/znackovy-koupelnova-skrinka-s-umyvadlem-hopa-rino-82-5-x-34-1-x-71-5-cm-olnrino285-olke6085-47305\/","title":{"rendered":"Zna\u010dkov\u00fd Koupelnov\u00e1 sk\u0159\u00ed\u0148ka s umyvadlem Hopa RINO 82.5 x 34.1 x 71.5 cm &#8211; OLNRINO285+OLKE6085"},"content":{"rendered":"<div class=\"ProductDetail-content NoFixImageContainer\" id=\"productDescription\">\n<div class=\"Heading\">\n<h2 class=\"Heading-title\">Popis produktu <span class=''>Koupelnov\u00e1 sk\u0159\u00ed\u0148ka s umyvadlem Hopa RINO 82.5 x 34.1 x 71.5 cm &#8211; OLNRINO285+OLKE6085<\/span><\/h2>\n<\/p><\/div>\n<div class=\"ProductDetailContent\">                                                                    <\/div>\n<div class=\"ProductDetailContent\">\n<div class=\"ProductDetailContent-item\">\n<p>Popul\u00e1rn\u00ed elegantn\u00ed design, \u0161irok\u00e1 rozm\u011brov\u00e1 \u0161k\u00e1la, kvalitn\u00ed zpracov\u00e1n\u00ed a kr\u00e1sn\u00e9 umyvadlo, to je na\u0161e nov\u00e1 s\u00e9rie koupelnov\u00e9ho n\u00e1bytku RINO. Umyvadlovou sk\u0159\u00ed\u0148ku m\u016f\u017eete zav\u011bsit nebo postavit na no\u017ei\u010dky (nutno p\u0159iobjednat), to je jen na V\u00e1s. Sou\u010d\u00e1st\u00ed dv\u00ed\u0159ek je tlumi\u010d doraz\u016f pro tzv. tich\u00e9 dov\u00edr\u00e1n\u00ed. N\u00e1bytek dod\u00e1v\u00e1me ve smontovan\u00e9m stavu. Uveden\u00e9 rozm\u011bry jsou ve form\u00e1tu: \u0161\u00ed\u0159ka \u00d7 hloubka \u00d7 v\u00fd\u0161ka. Sk\u0159\u00ed\u0148ka je celolakovan\u00e1.<\/p>\n<ul>\n<li>2 \u00d7 dv\u00ed\u0159ka, 1 \u00d7 \u0161upl\u00edk<\/li>\n<li>spodn\u00ed sk\u0159\u00ed\u0148ka: 82,5 \u00d7 34,1 \u00d7 71,5 cm<\/li>\n<li>keramick\u00e9 umyvadlo: 86 \u00d7 50 \u00d7 19,5 cm<\/li>\n<li>Materi\u00e1l: Lamino<\/li>\n<li>Barva: B\u00edl\u00e1<\/li>\n<li>Vybaven\u00ed: Tlumen\u00ed s dotahem<\/li>\n<li>Osv\u011btlen\u00ed: Ne<\/li>\n<li>Instalace: Z\u00e1v\u011bsn\u00e1<\/li>\n<\/ul>\n<p><strong>N\u00e1vod na \u00fadr\u017ebu a pou\u017e\u00edv\u00e1n\u00ed:<\/strong><\/p>\n<ul>\n<li>P\u0159i instalaci n\u00e1bytku postupujte dle p\u0159ilo\u017een\u00e9ho n\u00e1vodu. P\u0159i nedodr\u017een\u00ed mont\u00e1\u017en\u00edho n\u00e1vodu a uveden\u00fdch podm\u00ednek o\u0161et\u0159ov\u00e1n\u00ed zanik\u00e1 n\u00e1rok na odpov\u011bdnost za vady ze strany v\u00fdrobce.<\/li>\n<li>Zajist\u011bte v koupeln\u011b dobr\u00e9 v\u011btr\u00e1n\u00ed nebo ventilaci.<\/li>\n<li>Koupelnov\u00fd n\u00e1bytek, kter\u00fd jste si zakoupili, je vyroben z materi\u00e1l\u016f vhodn\u00fdch pro pou\u017eit\u00ed v koupeln\u00e1ch, p\u0159esto je t\u0159eba dodr\u017eovat ur\u010dit\u00e1 pravidla u\u017e\u00edv\u00e1n\u00ed a \u00fadr\u017eby, viz. n\u00ed\u017ee.<\/li>\n<li>Koupelnov\u00fd n\u00e1bytek nesm\u00ed b\u00fdt vystaven dlouhodob\u00e9mu p\u016fsoben\u00ed stoj\u00edc\u00ed vody a extr\u00e9mn\u011b vysok\u00e9 vzdu\u0161n\u00e9 vlhkosti.<\/li>\n<li>Pokud v koupeln\u011b dojde k velk\u00e9mu n\u00e1r\u016fstu vlhkosti, nap\u0159. b\u011bhem koup\u00e1n\u00ed, dob\u0159e vyv\u011btrejte. Koupelnov\u00fd n\u00e1bytek nesm\u00ed b\u00fdt vystaven opakovan\u011b \u00fa\u010dink\u016fm st\u00e9kaj\u00edc\u00ed vody, nap\u0159. z umyvadla, nebo vody ze sprchov\u00e1n\u00ed p\u0159i um\u00edst\u011bn\u00ed n\u00e1bytku vedle vany nebo sprchov\u00e9ho koutu bez z\u00e1st\u011bny.<\/li>\n<li>Dejte pozor tak\u00e9 na t\u011bsnost namontovan\u00e9ho sifonu &#8211; voda tekouc\u00ed z net\u011bsn\u00e9ho sifonu m\u016f\u017ee zni\u010dit vnit\u0159ek z\u00e1suvky nebo sk\u0159\u00ed\u0148ky.<\/li>\n<li>Na \u010di\u0161t\u011bn\u00ed n\u00e1bytku pou\u017e\u00edvejte pouze neabrazivn\u00ed prost\u0159edky, nap\u0159. jemnou tkaninu a m\u00fddlovou vodu, po o\u010di\u0161t\u011bn\u00ed je t\u0159eba n\u00e1bytek vysu\u0161it.<\/li>\n<li>Na \u010di\u0161t\u011bn\u00ed n\u00e1bytku nepou\u017e\u00edvejte chemik\u00e1lie.<\/li>\n<li>N\u00e1bytek vyroben\u00fd z p\u0159\u00edrodn\u00edch materi\u00e1l\u016f (d\u0159evo, d\u00fdha) p\u0159i dlouhodob\u00e9m kontaktu se slune\u010dn\u00edm z\u00e1\u0159en\u00edm m\u011bn\u00ed odst\u00edn &#8211; oxiduje. Proto jej nevystavujte dlouhodob\u011b tomuto z\u00e1\u0159en\u00ed, p\u0159\u00edpadn\u011b dbejte na to, aby na takto exponovan\u00fdch ploch\u00e1ch nele\u017eely p\u0159edm\u011bty st\u00e1le na stejn\u00e9m m\u00edst\u011b.<\/li>\n<li>K \u010di\u0161t\u011bn\u00ed zrcadel pou\u017eijte pouze jemnou tkaninu namo\u010denou v m\u00fddlov\u00e9 vod\u011b a dob\u0159e vy\u017ed\u00edmanou. Zrcadlo je t\u0159eba vyt\u0159\u00edt do sucha. V \u017e\u00e1dn\u00e9m p\u0159\u00edpad\u011b na \u010di\u0161t\u011bn\u00ed nepou\u017e\u00edvejte \u010disti\u010de oken, na hran\u00e1ch zrcadla by mohlo doj\u00edt ke korozi st\u0159\u00edbrn\u00e9 vrstvy.<\/li>\n<li>Pokud dojde k zne\u010di\u0161t\u011bn\u00ed n\u00e1bytku, okam\u017eit\u011b povrch vy\u010dist\u011bte.<\/li>\n<li>Neodborn\u00fdm z\u00e1sahem zanik\u00e1 z\u00e1ruka na n\u00e1bytek<\/li>\n<\/ul><\/div>\n<\/p><\/div>\n<\/p><\/div>\n<\/p><\/div>\n<\/p><\/div>\n","protected":false},"excerpt":{"rendered":"<p>Popis produktu Koupelnov\u00e1 sk\u0159\u00ed\u0148ka s umyvadlem Hopa RINO 82.5 x 34.1 x 71.5 cm &#8211; OLNRINO285+OLKE6085 Popul\u00e1rn\u00ed elegantn\u00ed design, \u0161irok\u00e1 rozm\u011brov\u00e1 \u0161k\u00e1la, kvalitn\u00ed zpracov\u00e1n\u00ed a kr\u00e1sn\u00e9 umyvadlo, to je na\u0161e nov\u00e1 s\u00e9rie koupelnov\u00e9ho n\u00e1bytku RINO. Umyvadlovou sk\u0159\u00ed\u0148ku m\u016f\u017eete zav\u011bsit nebo postavit na no\u017ei\u010dky (nutno p\u0159iobjednat), to je jen na V\u00e1s. Sou\u010d\u00e1st\u00ed dv\u00ed\u0159ek je tlumi\u010d doraz\u016f [&hellip;]<\/p>\n","protected":false},"featured_media":47405,"comment_status":"open","ping_status":"open","template":"","meta":[],"product_brand":[],"product_cat":[72],"product_tag":[],"class_list":{"0":"post-47305","1":"product","2":"type-product","3":"status-publish","4":"has-post-thumbnail","6":"product_cat-koupelny","8":"first","9":"instock","10":"sale","11":"shipping-taxable","12":"purchasable","13":"product-type-simple"},"yoast_head":"<!-- This site is optimized with the Yoast SEO plugin v26.8 - https:\/\/yoast.com\/product\/yoast-seo-wordpress\/ -->\n<title>Zna\u010dkov\u00fd Koupelnov\u00e1 sk\u0159\u00ed\u0148ka s umyvadlem Hopa RINO 82.5 x 34.1 x 71.5 cm - OLNRINO285+OLKE6085 -<\/title>\n<meta name=\"robots\" content=\"index, follow, max-snippet:-1, max-image-preview:large, max-video-preview:-1\" \/>\n<link rel=\"canonical\" href=\"https:\/\/www.technodompro.com\/index.php\/produkt\/znackovy-koupelnova-skrinka-s-umyvadlem-hopa-rino-82-5-x-34-1-x-71-5-cm-olnrino285-olke6085-47305\/\" \/>\n<meta property=\"og:locale\" content=\"cs_CZ\" \/>\n<meta property=\"og:type\" content=\"article\" \/>\n<meta property=\"og:title\" content=\"Zna\u010dkov\u00fd Koupelnov\u00e1 sk\u0159\u00ed\u0148ka s umyvadlem Hopa RINO 82.5 x 34.1 x 71.5 cm - OLNRINO285+OLKE6085 -\" \/>\n<meta property=\"og:description\" content=\"Popis produktu Koupelnov\u00e1 sk\u0159\u00ed\u0148ka s umyvadlem Hopa RINO 82.5 x 34.1 x 71.5 cm &#8211; OLNRINO285+OLKE6085 Popul\u00e1rn\u00ed elegantn\u00ed design, \u0161irok\u00e1 rozm\u011brov\u00e1 \u0161k\u00e1la, kvalitn\u00ed zpracov\u00e1n\u00ed a kr\u00e1sn\u00e9 umyvadlo, to je na\u0161e nov\u00e1 s\u00e9rie koupelnov\u00e9ho n\u00e1bytku RINO. Umyvadlovou sk\u0159\u00ed\u0148ku m\u016f\u017eete zav\u011bsit nebo postavit na no\u017ei\u010dky (nutno p\u0159iobjednat), to je jen na V\u00e1s. Sou\u010d\u00e1st\u00ed dv\u00ed\u0159ek je tlumi\u010d doraz\u016f [&hellip;]\" \/>\n<meta property=\"og:url\" content=\"https:\/\/www.technodompro.com\/index.php\/produkt\/znackovy-koupelnova-skrinka-s-umyvadlem-hopa-rino-82-5-x-34-1-x-71-5-cm-olnrino285-olke6085-47305\/\" \/>\n<meta property=\"og:image\" content=\"https:\/\/www.technodompro.com\/wp-content\/uploads\/2026\/SK0017064-CZ20260425-092632-0-1777080397-koupelnova-skrinka-s-umyvadlem-hopa-rino-82-5-x-34-1-x-71-5.webp\" \/>\n\t<meta property=\"og:image:width\" content=\"600\" \/>\n\t<meta property=\"og:image:height\" content=\"424\" \/>\n\t<meta property=\"og:image:type\" content=\"image\/webp\" \/>\n<meta name=\"twitter:card\" content=\"summary_large_image\" \/>\n<meta name=\"twitter:label1\" content=\"Odhadovan\u00e1 doba \u010dten\u00ed\" \/>\n\t<meta name=\"twitter:data1\" content=\"3 minuty\" \/>\n<script type=\"application\/ld+json\" class=\"yoast-schema-graph\">{\"@context\":\"https:\/\/schema.org\",\"@graph\":[{\"@type\":\"WebPage\",\"@id\":\"https:\/\/www.technodompro.com\/index.php\/produkt\/znackovy-koupelnova-skrinka-s-umyvadlem-hopa-rino-82-5-x-34-1-x-71-5-cm-olnrino285-olke6085-47305\/\",\"url\":\"https:\/\/www.technodompro.com\/index.php\/produkt\/znackovy-koupelnova-skrinka-s-umyvadlem-hopa-rino-82-5-x-34-1-x-71-5-cm-olnrino285-olke6085-47305\/\",\"name\":\"Zna\u010dkov\u00fd Koupelnov\u00e1 sk\u0159\u00ed\u0148ka s umyvadlem Hopa RINO 82.5 x 34.1 x 71.5 cm - OLNRINO285+OLKE6085 -\",\"isPartOf\":{\"@id\":\"https:\/\/www.technodompro.com\/#website\"},\"primaryImageOfPage\":{\"@id\":\"https:\/\/www.technodompro.com\/index.php\/produkt\/znackovy-koupelnova-skrinka-s-umyvadlem-hopa-rino-82-5-x-34-1-x-71-5-cm-olnrino285-olke6085-47305\/#primaryimage\"},\"image\":{\"@id\":\"https:\/\/www.technodompro.com\/index.php\/produkt\/znackovy-koupelnova-skrinka-s-umyvadlem-hopa-rino-82-5-x-34-1-x-71-5-cm-olnrino285-olke6085-47305\/#primaryimage\"},\"thumbnailUrl\":\"https:\/\/www.technodompro.com\/wp-content\/uploads\/2026\/SK0017064-CZ20260425-092632-0-1777080397-koupelnova-skrinka-s-umyvadlem-hopa-rino-82-5-x-34-1-x-71-5.webp\",\"datePublished\":\"2026-04-27T04:42:37+00:00\",\"breadcrumb\":{\"@id\":\"https:\/\/www.technodompro.com\/index.php\/produkt\/znackovy-koupelnova-skrinka-s-umyvadlem-hopa-rino-82-5-x-34-1-x-71-5-cm-olnrino285-olke6085-47305\/#breadcrumb\"},\"inLanguage\":\"cs\",\"potentialAction\":[{\"@type\":\"ReadAction\",\"target\":[\"https:\/\/www.technodompro.com\/index.php\/produkt\/znackovy-koupelnova-skrinka-s-umyvadlem-hopa-rino-82-5-x-34-1-x-71-5-cm-olnrino285-olke6085-47305\/\"]}]},{\"@type\":\"ImageObject\",\"inLanguage\":\"cs\",\"@id\":\"https:\/\/www.technodompro.com\/index.php\/produkt\/znackovy-koupelnova-skrinka-s-umyvadlem-hopa-rino-82-5-x-34-1-x-71-5-cm-olnrino285-olke6085-47305\/#primaryimage\",\"url\":\"https:\/\/www.technodompro.com\/wp-content\/uploads\/2026\/SK0017064-CZ20260425-092632-0-1777080397-koupelnova-skrinka-s-umyvadlem-hopa-rino-82-5-x-34-1-x-71-5.webp\",\"contentUrl\":\"https:\/\/www.technodompro.com\/wp-content\/uploads\/2026\/SK0017064-CZ20260425-092632-0-1777080397-koupelnova-skrinka-s-umyvadlem-hopa-rino-82-5-x-34-1-x-71-5.webp\",\"width\":600,\"height\":424},{\"@type\":\"BreadcrumbList\",\"@id\":\"https:\/\/www.technodompro.com\/index.php\/produkt\/znackovy-koupelnova-skrinka-s-umyvadlem-hopa-rino-82-5-x-34-1-x-71-5-cm-olnrino285-olke6085-47305\/#breadcrumb\",\"itemListElement\":[{\"@type\":\"ListItem\",\"position\":1,\"name\":\"Home\",\"item\":\"https:\/\/www.technodompro.com\/\"},{\"@type\":\"ListItem\",\"position\":2,\"name\":\"Products\",\"item\":\"https:\/\/www.technodompro.com\/index.php\/products\/\"},{\"@type\":\"ListItem\",\"position\":3,\"name\":\"Zna\u010dkov\u00fd Koupelnov\u00e1 sk\u0159\u00ed\u0148ka s umyvadlem Hopa RINO 82.5 x 34.1 x 71.5 cm &#8211; OLNRINO285+OLKE6085\"}]},{\"@type\":\"WebSite\",\"@id\":\"https:\/\/www.technodompro.com\/#website\",\"url\":\"https:\/\/www.technodompro.com\/\",\"name\":\"\",\"description\":\"\",\"potentialAction\":[{\"@type\":\"SearchAction\",\"target\":{\"@type\":\"EntryPoint\",\"urlTemplate\":\"https:\/\/www.technodompro.com\/?s={search_term_string}\"},\"query-input\":{\"@type\":\"PropertyValueSpecification\",\"valueRequired\":true,\"valueName\":\"search_term_string\"}}],\"inLanguage\":\"cs\"}]}<\/script>\n<!-- \/ Yoast SEO plugin. -->","yoast_head_json":{"title":"Zna\u010dkov\u00fd Koupelnov\u00e1 sk\u0159\u00ed\u0148ka s umyvadlem Hopa RINO 82.5 x 34.1 x 71.5 cm - OLNRINO285+OLKE6085 -","robots":{"index":"index","follow":"follow","max-snippet":"max-snippet:-1","max-image-preview":"max-image-preview:large","max-video-preview":"max-video-preview:-1"},"canonical":"https:\/\/www.technodompro.com\/index.php\/produkt\/znackovy-koupelnova-skrinka-s-umyvadlem-hopa-rino-82-5-x-34-1-x-71-5-cm-olnrino285-olke6085-47305\/","og_locale":"cs_CZ","og_type":"article","og_title":"Zna\u010dkov\u00fd Koupelnov\u00e1 sk\u0159\u00ed\u0148ka s umyvadlem Hopa RINO 82.5 x 34.1 x 71.5 cm - OLNRINO285+OLKE6085 -","og_description":"Popis produktu Koupelnov\u00e1 sk\u0159\u00ed\u0148ka s umyvadlem Hopa RINO 82.5 x 34.1 x 71.5 cm &#8211; OLNRINO285+OLKE6085 Popul\u00e1rn\u00ed elegantn\u00ed design, \u0161irok\u00e1 rozm\u011brov\u00e1 \u0161k\u00e1la, kvalitn\u00ed zpracov\u00e1n\u00ed a kr\u00e1sn\u00e9 umyvadlo, to je na\u0161e nov\u00e1 s\u00e9rie koupelnov\u00e9ho n\u00e1bytku RINO. Umyvadlovou sk\u0159\u00ed\u0148ku m\u016f\u017eete zav\u011bsit nebo postavit na no\u017ei\u010dky (nutno p\u0159iobjednat), to je jen na V\u00e1s. Sou\u010d\u00e1st\u00ed dv\u00ed\u0159ek je tlumi\u010d doraz\u016f [&hellip;]","og_url":"https:\/\/www.technodompro.com\/index.php\/produkt\/znackovy-koupelnova-skrinka-s-umyvadlem-hopa-rino-82-5-x-34-1-x-71-5-cm-olnrino285-olke6085-47305\/","og_image":[{"width":600,"height":424,"url":"https:\/\/www.technodompro.com\/wp-content\/uploads\/2026\/SK0017064-CZ20260425-092632-0-1777080397-koupelnova-skrinka-s-umyvadlem-hopa-rino-82-5-x-34-1-x-71-5.webp","type":"image\/webp"}],"twitter_card":"summary_large_image","twitter_misc":{"Odhadovan\u00e1 doba \u010dten\u00ed":"3 minuty"},"schema":{"@context":"https:\/\/schema.org","@graph":[{"@type":"WebPage","@id":"https:\/\/www.technodompro.com\/index.php\/produkt\/znackovy-koupelnova-skrinka-s-umyvadlem-hopa-rino-82-5-x-34-1-x-71-5-cm-olnrino285-olke6085-47305\/","url":"https:\/\/www.technodompro.com\/index.php\/produkt\/znackovy-koupelnova-skrinka-s-umyvadlem-hopa-rino-82-5-x-34-1-x-71-5-cm-olnrino285-olke6085-47305\/","name":"Zna\u010dkov\u00fd Koupelnov\u00e1 sk\u0159\u00ed\u0148ka s umyvadlem Hopa RINO 82.5 x 34.1 x 71.5 cm - OLNRINO285+OLKE6085 -","isPartOf":{"@id":"https:\/\/www.technodompro.com\/#website"},"primaryImageOfPage":{"@id":"https:\/\/www.technodompro.com\/index.php\/produkt\/znackovy-koupelnova-skrinka-s-umyvadlem-hopa-rino-82-5-x-34-1-x-71-5-cm-olnrino285-olke6085-47305\/#primaryimage"},"image":{"@id":"https:\/\/www.technodompro.com\/index.php\/produkt\/znackovy-koupelnova-skrinka-s-umyvadlem-hopa-rino-82-5-x-34-1-x-71-5-cm-olnrino285-olke6085-47305\/#primaryimage"},"thumbnailUrl":"https:\/\/www.technodompro.com\/wp-content\/uploads\/2026\/SK0017064-CZ20260425-092632-0-1777080397-koupelnova-skrinka-s-umyvadlem-hopa-rino-82-5-x-34-1-x-71-5.webp","datePublished":"2026-04-27T04:42:37+00:00","breadcrumb":{"@id":"https:\/\/www.technodompro.com\/index.php\/produkt\/znackovy-koupelnova-skrinka-s-umyvadlem-hopa-rino-82-5-x-34-1-x-71-5-cm-olnrino285-olke6085-47305\/#breadcrumb"},"inLanguage":"cs","potentialAction":[{"@type":"ReadAction","target":["https:\/\/www.technodompro.com\/index.php\/produkt\/znackovy-koupelnova-skrinka-s-umyvadlem-hopa-rino-82-5-x-34-1-x-71-5-cm-olnrino285-olke6085-47305\/"]}]},{"@type":"ImageObject","inLanguage":"cs","@id":"https:\/\/www.technodompro.com\/index.php\/produkt\/znackovy-koupelnova-skrinka-s-umyvadlem-hopa-rino-82-5-x-34-1-x-71-5-cm-olnrino285-olke6085-47305\/#primaryimage","url":"https:\/\/www.technodompro.com\/wp-content\/uploads\/2026\/SK0017064-CZ20260425-092632-0-1777080397-koupelnova-skrinka-s-umyvadlem-hopa-rino-82-5-x-34-1-x-71-5.webp","contentUrl":"https:\/\/www.technodompro.com\/wp-content\/uploads\/2026\/SK0017064-CZ20260425-092632-0-1777080397-koupelnova-skrinka-s-umyvadlem-hopa-rino-82-5-x-34-1-x-71-5.webp","width":600,"height":424},{"@type":"BreadcrumbList","@id":"https:\/\/www.technodompro.com\/index.php\/produkt\/znackovy-koupelnova-skrinka-s-umyvadlem-hopa-rino-82-5-x-34-1-x-71-5-cm-olnrino285-olke6085-47305\/#breadcrumb","itemListElement":[{"@type":"ListItem","position":1,"name":"Home","item":"https:\/\/www.technodompro.com\/"},{"@type":"ListItem","position":2,"name":"Products","item":"https:\/\/www.technodompro.com\/index.php\/products\/"},{"@type":"ListItem","position":3,"name":"Zna\u010dkov\u00fd Koupelnov\u00e1 sk\u0159\u00ed\u0148ka s umyvadlem Hopa RINO 82.5 x 34.1 x 71.5 cm &#8211; OLNRINO285+OLKE6085"}]},{"@type":"WebSite","@id":"https:\/\/www.technodompro.com\/#website","url":"https:\/\/www.technodompro.com\/","name":"","description":"","potentialAction":[{"@type":"SearchAction","target":{"@type":"EntryPoint","urlTemplate":"https:\/\/www.technodompro.com\/?s={search_term_string}"},"query-input":{"@type":"PropertyValueSpecification","valueRequired":true,"valueName":"search_term_string"}}],"inLanguage":"cs"}]}},"_links":{"self":[{"href":"https:\/\/www.technodompro.com\/index.php\/wp-json\/wp\/v2\/product\/47305","targetHints":{"allow":["GET"]}}],"collection":[{"href":"https:\/\/www.technodompro.com\/index.php\/wp-json\/wp\/v2\/product"}],"about":[{"href":"https:\/\/www.technodompro.com\/index.php\/wp-json\/wp\/v2\/types\/product"}],"replies":[{"embeddable":true,"href":"https:\/\/www.technodompro.com\/index.php\/wp-json\/wp\/v2\/comments?post=47305"}],"wp:featuredmedia":[{"embeddable":true,"href":"https:\/\/www.technodompro.com\/index.php\/wp-json\/wp\/v2\/media\/47405"}],"wp:attachment":[{"href":"https:\/\/www.technodompro.com\/index.php\/wp-json\/wp\/v2\/media?parent=47305"}],"wp:term":[{"taxonomy":"product_brand","embeddable":true,"href":"https:\/\/www.technodompro.com\/index.php\/wp-json\/wp\/v2\/product_brand?post=47305"},{"taxonomy":"product_cat","embeddable":true,"href":"https:\/\/www.technodompro.com\/index.php\/wp-json\/wp\/v2\/product_cat?post=47305"},{"taxonomy":"product_tag","embeddable":true,"href":"https:\/\/www.technodompro.com\/index.php\/wp-json\/wp\/v2\/product_tag?post=47305"}],"curies":[{"name":"wp","href":"https:\/\/api.w.org\/{rel}","templated":true}]}}