{"id":47354,"date":"2026-04-27T04:42:37","date_gmt":"2026-04-27T04:42:37","guid":{"rendered":""},"modified":"2026-04-27T04:42:37","modified_gmt":"2026-04-27T04:42:37","slug":"znackovy-stojankova-drezova-baterie-s-flexibilnim-ramenem-rav-slezak-amur-cerna-matna-am719-0-10cmat-47354","status":"publish","type":"product","link":"https:\/\/www.technodompro.com\/index.php\/produkt\/znackovy-stojankova-drezova-baterie-s-flexibilnim-ramenem-rav-slezak-amur-cerna-matna-am719-0-10cmat-47354\/","title":{"rendered":"Zna\u010dkov\u00fd Stoj\u00e1nkov\u00e1 d\u0159ezov\u00e1 baterie s flexibiln\u00edm ramenem Rav Slez\u00e1k Amur, \u010dern\u00e1 matn\u00e1 &#8211; AM719.0\/10CMAT"},"content":{"rendered":"<div class=\"ProductDetail-content NoFixImageContainer\" id=\"productDescription\">\n<div class=\"Heading\">\n<h2 class=\"Heading-title\">Popis produktu <span class=''>Stoj\u00e1nkov\u00e1 d\u0159ezov\u00e1 baterie s flexibiln\u00edm ramenem Rav Slez\u00e1k Amur, \u010dern\u00e1 matn\u00e1 &#8211; AM719.0\/10CMAT<\/span><\/h2>\n<\/p><\/div>\n<div class=\"ProductDetailContent\">                                                                    <\/div>\n<div class=\"ProductDetailContent\">\n<div class=\"ProductDetailContent-item\">\n<p>Vodovodn\u00ed baterie d\u0159ezov\u00e1 stoj\u00e1nkov\u00e1 s\u00a0flexibiln\u00edm oto\u010dn\u00fdm\u00a0ram\u00ednkem.<\/p>\n<ul style=\"padding-left: 30px;\">\n<li>tato baterie je vybavena keramickou kartu\u0161\u00ed o\u00a0pr\u016fm\u011bru 35 mm KA3502<\/li>\n<li>ram\u00ednko v\u00a0barevn\u00e9m proveden\u00ed &#8222;\u010dern\u00e1&#8220;<\/li>\n<li><strong>proveden\u00ed \u010dern\u00e1 matn\u00e1<\/strong><\/li>\n<\/ul>\n<p>\u200bTyp p\u0159ipojen\u00ed flexi hadic:<\/p>\n<ul style=\"padding-left: 30px;\">\n<li>&#8222;0&#8220; &#8211;\u00a0p\u0159ipojen\u00ed flexi hadic 3\/8&#8243; (AM719.0\/10CMAT)<\/li>\n<li>&#8222;5&#8220; &#8211;\u00a0p\u0159ipojen\u00ed flexi hadic 1\/2&#8243; (AM719.5\/10CMAT)<\/li>\n<\/ul>\n<p>Tuto baterii lze kombinovat s\u00a0umyvadlov\u00fdmi, vanov\u00fdmi a\u00a0sprchov\u00fdmi bateriemi ze s\u00e9rie\u00a0AMUR\u00a0SLEZ\u00c1K &#8211;\u00a0RAV.<\/p>\n<p>Z\u00e1ruka:<\/p>\n<ul style=\"padding-left: 30px;\">\n<li>na t\u011bsnost odlitku (t\u011blo baterie) &#8211;\u00a010 let<\/li>\n<li>na kartu\u0161i &#8211;\u00a06\u00a0let<\/li>\n<li>na povrchovou \u00fapravu &#8211;\u00a02\u00a0roky<\/li>\n<li>na ostatn\u00ed d\u00edly dle Ob\u010dansk\u00e9ho z\u00e1kon\u00edku<\/li>\n<\/ul>\n<p>Zak\u00e1zkov\u00e1 v\u00fdroba &#8211;\u00a0term\u00edn dod\u00e1n\u00ed 2-4 t\u00fddny.<\/p>\n<\/p><\/div>\n<div class=\"ProductDetailContent-item\">\n<p><strong>Informa\u010dn\u00ed parametry:<\/strong><\/p>\n<ul>\n<li>Typ produktu: <strong>Vodovodn\u00ed baterie<\/strong><\/li>\n<li>S\u00c9RIE: <strong>Amur<\/strong><\/li>\n<li>Barva: <strong>\u010cern\u00e1 matn\u00e1<\/strong><\/li>\n<li>Materi\u00e1l: <strong>Mosaz<\/strong><\/li>\n<li>Oto\u010dn\u00e9 \u00fast\u00ed: <strong>Ano<\/strong><\/li>\n<li>Ovl\u00e1d\u00e1n\u00ed: <strong>P\u00e1kov\u00e9<\/strong><\/li>\n<li>Perl\u00e1tor: <strong>MA0002CMAT<\/strong><\/li>\n<li>Povrchov\u00e1 \u00faprava: <strong>Lak<\/strong><\/li>\n<li>Pr\u016fm\u011br kartu\u0161e: <strong>35 mm KA3502<\/strong><\/li>\n<li>Pr\u016ftok vody l\/min: <strong>12 \u2013 14<\/strong><\/li>\n<li>Ram\u00ednko oto\u010dn\u00e9  (ANO,NE): <strong>ano<\/strong><\/li>\n<li>Rozm\u011br: <strong>3\/8&#8220;<\/strong><\/li>\n<li>Typ baterie: <strong>D\u0159ezov\u00e1<\/strong><\/li>\n<li>Typ kartu\u0161e: <strong>Keramick\u00e1<\/strong><\/li>\n<li>Typ uchycen\u00ed: <strong>Stoj\u00e1nkov\u00e9<\/strong><\/li>\n<li>Um\u00edst\u011bn\u00ed: <strong>Stoj\u00e1nkov\u00e1<\/strong><\/li>\n<li>V\u00fd\u0161ka baterie: <strong>Cca 370 mm<\/strong><\/li>\n<li>Z\u00e1ruka t\u011bsnosti: <strong>10 let<\/strong><\/li>\n<\/ul><\/div>\n<div class=\"ProductDetailContent-item\">\n<div style=\"background-color:#f9f9f9; border-left:5px solid #4caf50; border-radius:8px; box-shadow:0 4px 12px rgba(0,0,0,0.1); font-family:Arial,sans-serif; padding:25px 20px 20px 20px; position:relative\"><!-- Ikona info v lev\u00e9m horn\u00edm rohu --><\/p>\n<div style=\"align-items:center; background-color:#4caf50; border-radius:50%; color:#ffffff; display:flex; font-size:18px; font-weight:bold; height:30px; justify-content:center; left:-10px; position:absolute; top:-10px; width:30px\">i<\/div>\n<h3 style=\"margin-left:15px\">D\u0159ezov\u00e9 baterie s flexi ramenem \u2013 maxim\u00e1ln\u00ed flexibilita a komfort v kuchyni<\/h3>\n<p><strong>D\u0159ezov\u00e9 baterie s ohebn\u00fdm flexi ramenem<\/strong> jsou ide\u00e1ln\u00edm \u0159e\u0161en\u00edm pro ty, kte\u0159\u00ed hledaj\u00ed praktick\u00e9 a modern\u00ed vybaven\u00ed kuchyn\u011b. D\u00edky ohebn\u00e9mu rameni umo\u017e\u0148uj\u00ed snadn\u00e9 sm\u011brov\u00e1n\u00ed proudu vody p\u0159esn\u011b tam, kde je pot\u0159eba, co\u017e zjednodu\u0161uje myt\u00ed n\u00e1dob\u00ed, oplachov\u00e1n\u00ed ovoce a zeleniny nebo \u010di\u0161t\u011bn\u00ed d\u0159ezu.<\/p>\n<h3>Hlavn\u00ed v\u00fdhody d\u0159ezov\u00fdch bateri\u00ed s flexi silikonov\u00fdm ramenem:<\/h3>\n<p>\u2714 <strong>Flexibiln\u00ed ovl\u00e1d\u00e1n\u00ed<\/strong> \u2013 Ohebn\u00fd v\u00fdtok lze libovoln\u011b nastavovat podle aktu\u00e1ln\u00ed pot\u0159eby.<br \/>\u2714 <strong>Praktick\u00fd design<\/strong> \u2013 K dispozici v r\u016fzn\u00fdch barv\u00e1ch a materi\u00e1lech, v\u010detn\u011b elegantn\u00ed \u010dern\u00e9, nerezov\u00e9, nebo chromov\u00e9 varianty.<br \/>\u2714 <strong>\u00daspora vody<\/strong> \u2013 Modern\u00ed perl\u00e1tory pom\u00e1haj\u00ed sni\u017eovat spot\u0159ebu vody bez ztr\u00e1ty v\u00fdkonu.<br \/>\u2714 <strong>Snadn\u00e1 \u00fadr\u017eba<\/strong> \u2013 Povrch baterie je odoln\u00fd proti vodn\u00edmu kameni a snadno se \u010dist\u00ed.<\/p>\n<\/div><\/div>\n<div class=\"ProductDetailContent-item\">\n<p><strong>Ostatn\u00ed:<\/strong><\/p>\n<ul>\n<li>Rozm\u011br balen\u00ed: <strong>81 x 423 x 238 mm<\/strong><\/li>\n<li>V\u00e1ha netto: <strong>1,68<\/strong><\/li>\n<li>V\u00e1ha brutto: <strong>2,01<\/strong><\/li>\n<li>V\u00fd\u0161ka: <strong>423<\/strong><\/li>\n<li>\u0160\u00ed\u0159ka: <strong>238<\/strong><\/li>\n<li>Hloubka: <strong>81<\/strong><\/li>\n<li>Celn\u00ed k\u00f3d: <strong>84818011<\/strong><\/li>\n<\/ul><\/div>\n<\/p><\/div>\n<\/p><\/div>\n<\/p><\/div>\n<\/p><\/div>\n","protected":false},"excerpt":{"rendered":"<p>Popis produktu Stoj\u00e1nkov\u00e1 d\u0159ezov\u00e1 baterie s flexibiln\u00edm ramenem Rav Slez\u00e1k Amur, \u010dern\u00e1 matn\u00e1 &#8211; AM719.0\/10CMAT Vodovodn\u00ed baterie d\u0159ezov\u00e1 stoj\u00e1nkov\u00e1 s\u00a0flexibiln\u00edm oto\u010dn\u00fdm\u00a0ram\u00ednkem. tato baterie je vybavena keramickou kartu\u0161\u00ed o\u00a0pr\u016fm\u011bru 35 mm KA3502 ram\u00ednko v\u00a0barevn\u00e9m proveden\u00ed &#8222;\u010dern\u00e1&#8220; proveden\u00ed \u010dern\u00e1 matn\u00e1 \u200bTyp p\u0159ipojen\u00ed flexi hadic: &#8222;0&#8220; &#8211;\u00a0p\u0159ipojen\u00ed flexi hadic 3\/8&#8243; (AM719.0\/10CMAT) &#8222;5&#8220; &#8211;\u00a0p\u0159ipojen\u00ed flexi hadic 1\/2&#8243; (AM719.5\/10CMAT) Tuto [&hellip;]<\/p>\n","protected":false},"featured_media":47454,"comment_status":"open","ping_status":"open","template":"","meta":[],"product_brand":[],"product_cat":[72],"product_tag":[],"class_list":{"0":"post-47354","1":"product","2":"type-product","3":"status-publish","4":"has-post-thumbnail","6":"product_cat-koupelny","8":"first","9":"instock","10":"sale","11":"shipping-taxable","12":"purchasable","13":"product-type-simple"},"yoast_head":"<!-- This site is optimized with the Yoast SEO plugin v26.8 - https:\/\/yoast.com\/product\/yoast-seo-wordpress\/ -->\n<title>Zna\u010dkov\u00fd Stoj\u00e1nkov\u00e1 d\u0159ezov\u00e1 baterie s flexibiln\u00edm ramenem Rav Slez\u00e1k Amur, \u010dern\u00e1 matn\u00e1 - AM719.0\/10CMAT -<\/title>\n<meta name=\"robots\" content=\"index, follow, max-snippet:-1, max-image-preview:large, max-video-preview:-1\" \/>\n<link rel=\"canonical\" href=\"https:\/\/www.technodompro.com\/index.php\/produkt\/znackovy-stojankova-drezova-baterie-s-flexibilnim-ramenem-rav-slezak-amur-cerna-matna-am719-0-10cmat-47354\/\" \/>\n<meta property=\"og:locale\" content=\"cs_CZ\" \/>\n<meta property=\"og:type\" content=\"article\" \/>\n<meta property=\"og:title\" content=\"Zna\u010dkov\u00fd Stoj\u00e1nkov\u00e1 d\u0159ezov\u00e1 baterie s flexibiln\u00edm ramenem Rav Slez\u00e1k Amur, \u010dern\u00e1 matn\u00e1 - AM719.0\/10CMAT -\" \/>\n<meta property=\"og:description\" content=\"Popis produktu Stoj\u00e1nkov\u00e1 d\u0159ezov\u00e1 baterie s flexibiln\u00edm ramenem Rav Slez\u00e1k Amur, \u010dern\u00e1 matn\u00e1 &#8211; AM719.0\/10CMAT Vodovodn\u00ed baterie d\u0159ezov\u00e1 stoj\u00e1nkov\u00e1 s\u00a0flexibiln\u00edm oto\u010dn\u00fdm\u00a0ram\u00ednkem. tato baterie je vybavena keramickou kartu\u0161\u00ed o\u00a0pr\u016fm\u011bru 35 mm KA3502 ram\u00ednko v\u00a0barevn\u00e9m proveden\u00ed &#8222;\u010dern\u00e1&#8220; proveden\u00ed \u010dern\u00e1 matn\u00e1 \u200bTyp p\u0159ipojen\u00ed flexi hadic: &#8222;0&#8220; &#8211;\u00a0p\u0159ipojen\u00ed flexi hadic 3\/8&#8243; (AM719.0\/10CMAT) &#8222;5&#8220; &#8211;\u00a0p\u0159ipojen\u00ed flexi hadic 1\/2&#8243; (AM719.5\/10CMAT) Tuto [&hellip;]\" \/>\n<meta property=\"og:url\" content=\"https:\/\/www.technodompro.com\/index.php\/produkt\/znackovy-stojankova-drezova-baterie-s-flexibilnim-ramenem-rav-slezak-amur-cerna-matna-am719-0-10cmat-47354\/\" \/>\n<meta property=\"og:image\" content=\"https:\/\/www.technodompro.com\/wp-content\/uploads\/2026\/SK0017113-CZ20260425-092632-0-1777080397-stojankova-drezova-baterie-s-flexibilnim-ramenem-rav-slezak.webp\" \/>\n\t<meta property=\"og:image:width\" content=\"600\" \/>\n\t<meta property=\"og:image:height\" content=\"600\" \/>\n\t<meta property=\"og:image:type\" content=\"image\/webp\" \/>\n<meta name=\"twitter:card\" content=\"summary_large_image\" \/>\n<meta name=\"twitter:label1\" content=\"Odhadovan\u00e1 doba \u010dten\u00ed\" \/>\n\t<meta name=\"twitter:data1\" content=\"2 minuty\" \/>\n<script type=\"application\/ld+json\" class=\"yoast-schema-graph\">{\"@context\":\"https:\/\/schema.org\",\"@graph\":[{\"@type\":\"WebPage\",\"@id\":\"https:\/\/www.technodompro.com\/index.php\/produkt\/znackovy-stojankova-drezova-baterie-s-flexibilnim-ramenem-rav-slezak-amur-cerna-matna-am719-0-10cmat-47354\/\",\"url\":\"https:\/\/www.technodompro.com\/index.php\/produkt\/znackovy-stojankova-drezova-baterie-s-flexibilnim-ramenem-rav-slezak-amur-cerna-matna-am719-0-10cmat-47354\/\",\"name\":\"Zna\u010dkov\u00fd Stoj\u00e1nkov\u00e1 d\u0159ezov\u00e1 baterie s flexibiln\u00edm ramenem Rav Slez\u00e1k Amur, \u010dern\u00e1 matn\u00e1 - AM719.0\/10CMAT -\",\"isPartOf\":{\"@id\":\"https:\/\/www.technodompro.com\/#website\"},\"primaryImageOfPage\":{\"@id\":\"https:\/\/www.technodompro.com\/index.php\/produkt\/znackovy-stojankova-drezova-baterie-s-flexibilnim-ramenem-rav-slezak-amur-cerna-matna-am719-0-10cmat-47354\/#primaryimage\"},\"image\":{\"@id\":\"https:\/\/www.technodompro.com\/index.php\/produkt\/znackovy-stojankova-drezova-baterie-s-flexibilnim-ramenem-rav-slezak-amur-cerna-matna-am719-0-10cmat-47354\/#primaryimage\"},\"thumbnailUrl\":\"https:\/\/www.technodompro.com\/wp-content\/uploads\/2026\/SK0017113-CZ20260425-092632-0-1777080397-stojankova-drezova-baterie-s-flexibilnim-ramenem-rav-slezak.webp\",\"datePublished\":\"2026-04-27T04:42:37+00:00\",\"breadcrumb\":{\"@id\":\"https:\/\/www.technodompro.com\/index.php\/produkt\/znackovy-stojankova-drezova-baterie-s-flexibilnim-ramenem-rav-slezak-amur-cerna-matna-am719-0-10cmat-47354\/#breadcrumb\"},\"inLanguage\":\"cs\",\"potentialAction\":[{\"@type\":\"ReadAction\",\"target\":[\"https:\/\/www.technodompro.com\/index.php\/produkt\/znackovy-stojankova-drezova-baterie-s-flexibilnim-ramenem-rav-slezak-amur-cerna-matna-am719-0-10cmat-47354\/\"]}]},{\"@type\":\"ImageObject\",\"inLanguage\":\"cs\",\"@id\":\"https:\/\/www.technodompro.com\/index.php\/produkt\/znackovy-stojankova-drezova-baterie-s-flexibilnim-ramenem-rav-slezak-amur-cerna-matna-am719-0-10cmat-47354\/#primaryimage\",\"url\":\"https:\/\/www.technodompro.com\/wp-content\/uploads\/2026\/SK0017113-CZ20260425-092632-0-1777080397-stojankova-drezova-baterie-s-flexibilnim-ramenem-rav-slezak.webp\",\"contentUrl\":\"https:\/\/www.technodompro.com\/wp-content\/uploads\/2026\/SK0017113-CZ20260425-092632-0-1777080397-stojankova-drezova-baterie-s-flexibilnim-ramenem-rav-slezak.webp\",\"width\":600,\"height\":600},{\"@type\":\"BreadcrumbList\",\"@id\":\"https:\/\/www.technodompro.com\/index.php\/produkt\/znackovy-stojankova-drezova-baterie-s-flexibilnim-ramenem-rav-slezak-amur-cerna-matna-am719-0-10cmat-47354\/#breadcrumb\",\"itemListElement\":[{\"@type\":\"ListItem\",\"position\":1,\"name\":\"Home\",\"item\":\"https:\/\/www.technodompro.com\/\"},{\"@type\":\"ListItem\",\"position\":2,\"name\":\"Products\",\"item\":\"https:\/\/www.technodompro.com\/index.php\/products\/\"},{\"@type\":\"ListItem\",\"position\":3,\"name\":\"Zna\u010dkov\u00fd Stoj\u00e1nkov\u00e1 d\u0159ezov\u00e1 baterie s flexibiln\u00edm ramenem Rav Slez\u00e1k Amur, \u010dern\u00e1 matn\u00e1 &#8211; AM719.0\/10CMAT\"}]},{\"@type\":\"WebSite\",\"@id\":\"https:\/\/www.technodompro.com\/#website\",\"url\":\"https:\/\/www.technodompro.com\/\",\"name\":\"\",\"description\":\"\",\"potentialAction\":[{\"@type\":\"SearchAction\",\"target\":{\"@type\":\"EntryPoint\",\"urlTemplate\":\"https:\/\/www.technodompro.com\/?s={search_term_string}\"},\"query-input\":{\"@type\":\"PropertyValueSpecification\",\"valueRequired\":true,\"valueName\":\"search_term_string\"}}],\"inLanguage\":\"cs\"}]}<\/script>\n<!-- \/ Yoast SEO plugin. -->","yoast_head_json":{"title":"Zna\u010dkov\u00fd Stoj\u00e1nkov\u00e1 d\u0159ezov\u00e1 baterie s flexibiln\u00edm ramenem Rav Slez\u00e1k Amur, \u010dern\u00e1 matn\u00e1 - AM719.0\/10CMAT -","robots":{"index":"index","follow":"follow","max-snippet":"max-snippet:-1","max-image-preview":"max-image-preview:large","max-video-preview":"max-video-preview:-1"},"canonical":"https:\/\/www.technodompro.com\/index.php\/produkt\/znackovy-stojankova-drezova-baterie-s-flexibilnim-ramenem-rav-slezak-amur-cerna-matna-am719-0-10cmat-47354\/","og_locale":"cs_CZ","og_type":"article","og_title":"Zna\u010dkov\u00fd Stoj\u00e1nkov\u00e1 d\u0159ezov\u00e1 baterie s flexibiln\u00edm ramenem Rav Slez\u00e1k Amur, \u010dern\u00e1 matn\u00e1 - AM719.0\/10CMAT -","og_description":"Popis produktu Stoj\u00e1nkov\u00e1 d\u0159ezov\u00e1 baterie s flexibiln\u00edm ramenem Rav Slez\u00e1k Amur, \u010dern\u00e1 matn\u00e1 &#8211; AM719.0\/10CMAT Vodovodn\u00ed baterie d\u0159ezov\u00e1 stoj\u00e1nkov\u00e1 s\u00a0flexibiln\u00edm oto\u010dn\u00fdm\u00a0ram\u00ednkem. tato baterie je vybavena keramickou kartu\u0161\u00ed o\u00a0pr\u016fm\u011bru 35 mm KA3502 ram\u00ednko v\u00a0barevn\u00e9m proveden\u00ed &#8222;\u010dern\u00e1&#8220; proveden\u00ed \u010dern\u00e1 matn\u00e1 \u200bTyp p\u0159ipojen\u00ed flexi hadic: &#8222;0&#8220; &#8211;\u00a0p\u0159ipojen\u00ed flexi hadic 3\/8&#8243; (AM719.0\/10CMAT) &#8222;5&#8220; &#8211;\u00a0p\u0159ipojen\u00ed flexi hadic 1\/2&#8243; (AM719.5\/10CMAT) Tuto [&hellip;]","og_url":"https:\/\/www.technodompro.com\/index.php\/produkt\/znackovy-stojankova-drezova-baterie-s-flexibilnim-ramenem-rav-slezak-amur-cerna-matna-am719-0-10cmat-47354\/","og_image":[{"width":600,"height":600,"url":"https:\/\/www.technodompro.com\/wp-content\/uploads\/2026\/SK0017113-CZ20260425-092632-0-1777080397-stojankova-drezova-baterie-s-flexibilnim-ramenem-rav-slezak.webp","type":"image\/webp"}],"twitter_card":"summary_large_image","twitter_misc":{"Odhadovan\u00e1 doba \u010dten\u00ed":"2 minuty"},"schema":{"@context":"https:\/\/schema.org","@graph":[{"@type":"WebPage","@id":"https:\/\/www.technodompro.com\/index.php\/produkt\/znackovy-stojankova-drezova-baterie-s-flexibilnim-ramenem-rav-slezak-amur-cerna-matna-am719-0-10cmat-47354\/","url":"https:\/\/www.technodompro.com\/index.php\/produkt\/znackovy-stojankova-drezova-baterie-s-flexibilnim-ramenem-rav-slezak-amur-cerna-matna-am719-0-10cmat-47354\/","name":"Zna\u010dkov\u00fd Stoj\u00e1nkov\u00e1 d\u0159ezov\u00e1 baterie s flexibiln\u00edm ramenem Rav Slez\u00e1k Amur, \u010dern\u00e1 matn\u00e1 - AM719.0\/10CMAT -","isPartOf":{"@id":"https:\/\/www.technodompro.com\/#website"},"primaryImageOfPage":{"@id":"https:\/\/www.technodompro.com\/index.php\/produkt\/znackovy-stojankova-drezova-baterie-s-flexibilnim-ramenem-rav-slezak-amur-cerna-matna-am719-0-10cmat-47354\/#primaryimage"},"image":{"@id":"https:\/\/www.technodompro.com\/index.php\/produkt\/znackovy-stojankova-drezova-baterie-s-flexibilnim-ramenem-rav-slezak-amur-cerna-matna-am719-0-10cmat-47354\/#primaryimage"},"thumbnailUrl":"https:\/\/www.technodompro.com\/wp-content\/uploads\/2026\/SK0017113-CZ20260425-092632-0-1777080397-stojankova-drezova-baterie-s-flexibilnim-ramenem-rav-slezak.webp","datePublished":"2026-04-27T04:42:37+00:00","breadcrumb":{"@id":"https:\/\/www.technodompro.com\/index.php\/produkt\/znackovy-stojankova-drezova-baterie-s-flexibilnim-ramenem-rav-slezak-amur-cerna-matna-am719-0-10cmat-47354\/#breadcrumb"},"inLanguage":"cs","potentialAction":[{"@type":"ReadAction","target":["https:\/\/www.technodompro.com\/index.php\/produkt\/znackovy-stojankova-drezova-baterie-s-flexibilnim-ramenem-rav-slezak-amur-cerna-matna-am719-0-10cmat-47354\/"]}]},{"@type":"ImageObject","inLanguage":"cs","@id":"https:\/\/www.technodompro.com\/index.php\/produkt\/znackovy-stojankova-drezova-baterie-s-flexibilnim-ramenem-rav-slezak-amur-cerna-matna-am719-0-10cmat-47354\/#primaryimage","url":"https:\/\/www.technodompro.com\/wp-content\/uploads\/2026\/SK0017113-CZ20260425-092632-0-1777080397-stojankova-drezova-baterie-s-flexibilnim-ramenem-rav-slezak.webp","contentUrl":"https:\/\/www.technodompro.com\/wp-content\/uploads\/2026\/SK0017113-CZ20260425-092632-0-1777080397-stojankova-drezova-baterie-s-flexibilnim-ramenem-rav-slezak.webp","width":600,"height":600},{"@type":"BreadcrumbList","@id":"https:\/\/www.technodompro.com\/index.php\/produkt\/znackovy-stojankova-drezova-baterie-s-flexibilnim-ramenem-rav-slezak-amur-cerna-matna-am719-0-10cmat-47354\/#breadcrumb","itemListElement":[{"@type":"ListItem","position":1,"name":"Home","item":"https:\/\/www.technodompro.com\/"},{"@type":"ListItem","position":2,"name":"Products","item":"https:\/\/www.technodompro.com\/index.php\/products\/"},{"@type":"ListItem","position":3,"name":"Zna\u010dkov\u00fd Stoj\u00e1nkov\u00e1 d\u0159ezov\u00e1 baterie s flexibiln\u00edm ramenem Rav Slez\u00e1k Amur, \u010dern\u00e1 matn\u00e1 &#8211; AM719.0\/10CMAT"}]},{"@type":"WebSite","@id":"https:\/\/www.technodompro.com\/#website","url":"https:\/\/www.technodompro.com\/","name":"","description":"","potentialAction":[{"@type":"SearchAction","target":{"@type":"EntryPoint","urlTemplate":"https:\/\/www.technodompro.com\/?s={search_term_string}"},"query-input":{"@type":"PropertyValueSpecification","valueRequired":true,"valueName":"search_term_string"}}],"inLanguage":"cs"}]}},"_links":{"self":[{"href":"https:\/\/www.technodompro.com\/index.php\/wp-json\/wp\/v2\/product\/47354","targetHints":{"allow":["GET"]}}],"collection":[{"href":"https:\/\/www.technodompro.com\/index.php\/wp-json\/wp\/v2\/product"}],"about":[{"href":"https:\/\/www.technodompro.com\/index.php\/wp-json\/wp\/v2\/types\/product"}],"replies":[{"embeddable":true,"href":"https:\/\/www.technodompro.com\/index.php\/wp-json\/wp\/v2\/comments?post=47354"}],"wp:featuredmedia":[{"embeddable":true,"href":"https:\/\/www.technodompro.com\/index.php\/wp-json\/wp\/v2\/media\/47454"}],"wp:attachment":[{"href":"https:\/\/www.technodompro.com\/index.php\/wp-json\/wp\/v2\/media?parent=47354"}],"wp:term":[{"taxonomy":"product_brand","embeddable":true,"href":"https:\/\/www.technodompro.com\/index.php\/wp-json\/wp\/v2\/product_brand?post=47354"},{"taxonomy":"product_cat","embeddable":true,"href":"https:\/\/www.technodompro.com\/index.php\/wp-json\/wp\/v2\/product_cat?post=47354"},{"taxonomy":"product_tag","embeddable":true,"href":"https:\/\/www.technodompro.com\/index.php\/wp-json\/wp\/v2\/product_tag?post=47354"}],"curies":[{"name":"wp","href":"https:\/\/api.w.org\/{rel}","templated":true}]}}