{"id":4775,"date":"2026-04-27T04:40:40","date_gmt":"2026-04-27T04:40:40","guid":{"rendered":""},"modified":"2026-04-27T04:40:40","modified_gmt":"2026-04-27T04:40:40","slug":"znackovy-vespagarden-kryci-plachta-15x20-m-90-gramu-zelena-4775","status":"publish","type":"product","link":"https:\/\/www.technodompro.com\/index.php\/produkt\/znackovy-vespagarden-kryci-plachta-15x20-m-90-gramu-zelena-4775\/","title":{"rendered":"Zna\u010dkov\u00fd VespaGarden Kryc\u00ed plachta 15&#215;20 m &#8211; 90 gram\u016f -zelen\u00e1"},"content":{"rendered":"<div class=\"detail-description__right\">\n<div class=\"parameters\">\n<div class=\"table table--simple\">\n<table>\n<tbody>\n<tr>\n<td colspan=\"2\">\n<h4>Vlastnosti<\/h4>\n<\/td>\n<\/tr>\n<tr>\n<td>Rozm\u011bry plachty<\/td>\n<td>10\u00d712 m<\/td>\n<\/tr>\n<tr>\n<td colspan=\"2\">\n<h4>Parametry<\/h4>\n<\/td>\n<\/tr>\n<tr>\n<td>Z\u00e1ruka<\/td>\n<td>24 m\u011bs\u00edc\u016f<\/td>\n<\/tr>\n<tr>\n<td>Zna\u010dka<\/td>\n<td>VespaGarden<\/td>\n<\/tr>\n<\/tbody>\n<\/table><\/div>\n<\/div><\/div>\n<div class=\"detail-description__top\">\t\t\t\t<\/div>\n<div class=\"detail-description__left\">\n<div class=\"detail-description__left__overflow\">\n<div class=\"detail-description__left__head\">\t\t\t\t\t\tPopis:\t\t\t\t\t<\/div>\n<div class=\"ul-style ul-style--check\">\n<p><strong>Kryc\u00ed plachta 15\u00d720 m\u00a0\u2013 90\u00a0gram\u016f -zelen\u00e1<\/strong><\/p>\n<p>Kryc\u00ed plachta s\u00a0rozm\u011bry 15\u00d720 metr\u016f s\u00a0gram\u00e1\u017e\u00ed 90gr\/m2 jenepromokav\u00e1 a mrazuvzdorn\u00e1. Plachta je vhodn\u00e1 pro pou\u017eit\u00ed na zahrad\u011b,zem\u011bd\u011blstv\u00ed, stavebnictv\u00ed. Je ide\u00e1ln\u00ed pro zakr\u00fdv\u00e1n\u00ed d\u0159eva, baz\u00e9n\u016f,stavebn\u00edho materi\u00e1lu nebo po\u0161kozen\u00e9 st\u0159echy apod. V\u0161ude, kde pot\u0159ebujeteochr\u00e1nit p\u0159ed nep\u0159\u00edzniv\u00fdmi pov\u011btrnostn\u00edmi vlivy nebo prudk\u00fdm sluncemocen\u00edte zakr\u00fdvac\u00ed plachtu z\u00a0kvalitn\u00edho a odoln\u00e9ho materi\u00e1lu s\u00a0UVfiltrem. Kryc\u00ed plachta m\u00e1 dvojit\u00e9 okraje zes\u00edlen\u00e9 polypropylenovou\u0161\u0148\u016frou. Po obvodu plachty jsou um\u00edst\u011bna aluminiov\u00e1 oka o\u00a0pr\u016fm\u011bru 12mm.Pro bezpe\u010dn\u00e9 uchycen\u00ed plachty jsou oka rozm\u00edst\u011bna po cel\u00e9m obvodu vevzd\u00e1lenosti 120\u2013150cm. Rozm\u011br plachty s\u00a0toleranc\u00ed\u00a0\u00b15%.<\/p>\n<\/div>\n<div class=\"detail-description__left__more\">\t\t\t\t\t\t<span> <\/span><span> <\/span>\t\t\t\t\t<\/div>\n<\/p><\/div>\n<\/p><\/div>\n<div class=\"detail-description__more\"><span> <\/span><span> <\/span><\/div>\n<\/p><\/div>\n<\/p><\/div>\n","protected":false},"excerpt":{"rendered":"<p>Vlastnosti Rozm\u011bry plachty 10\u00d712 m Parametry Z\u00e1ruka 24 m\u011bs\u00edc\u016f Zna\u010dka VespaGarden Popis: Kryc\u00ed plachta 15\u00d720 m\u00a0\u2013 90\u00a0gram\u016f -zelen\u00e1 Kryc\u00ed plachta s\u00a0rozm\u011bry 15\u00d720 metr\u016f s\u00a0gram\u00e1\u017e\u00ed 90gr\/m2 jenepromokav\u00e1 a mrazuvzdorn\u00e1. Plachta je vhodn\u00e1 pro pou\u017eit\u00ed na zahrad\u011b,zem\u011bd\u011blstv\u00ed, stavebnictv\u00ed. Je ide\u00e1ln\u00ed pro zakr\u00fdv\u00e1n\u00ed d\u0159eva, baz\u00e9n\u016f,stavebn\u00edho materi\u00e1lu nebo po\u0161kozen\u00e9 st\u0159echy apod. V\u0161ude, kde pot\u0159ebujeteochr\u00e1nit p\u0159ed nep\u0159\u00edzniv\u00fdmi pov\u011btrnostn\u00edmi vlivy nebo [&hellip;]<\/p>\n","protected":false},"featured_media":4875,"comment_status":"open","ping_status":"open","template":"","meta":[],"product_brand":[],"product_cat":[36],"product_tag":[],"class_list":{"0":"post-4775","1":"product","2":"type-product","3":"status-publish","4":"has-post-thumbnail","6":"product_cat-zahrada","8":"first","9":"instock","10":"sale","11":"shipping-taxable","12":"purchasable","13":"product-type-simple"},"yoast_head":"<!-- This site is optimized with the Yoast SEO plugin v26.8 - https:\/\/yoast.com\/product\/yoast-seo-wordpress\/ -->\n<title>Zna\u010dkov\u00fd VespaGarden Kryc\u00ed plachta 15x20 m - 90 gram\u016f -zelen\u00e1 -<\/title>\n<meta name=\"robots\" content=\"index, follow, max-snippet:-1, max-image-preview:large, max-video-preview:-1\" \/>\n<link rel=\"canonical\" href=\"https:\/\/www.technodompro.com\/index.php\/produkt\/znackovy-vespagarden-kryci-plachta-15x20-m-90-gramu-zelena-4775\/\" \/>\n<meta property=\"og:locale\" content=\"cs_CZ\" \/>\n<meta property=\"og:type\" content=\"article\" \/>\n<meta property=\"og:title\" content=\"Zna\u010dkov\u00fd VespaGarden Kryc\u00ed plachta 15x20 m - 90 gram\u016f -zelen\u00e1 -\" \/>\n<meta property=\"og:description\" content=\"Vlastnosti Rozm\u011bry plachty 10\u00d712 m Parametry Z\u00e1ruka 24 m\u011bs\u00edc\u016f Zna\u010dka VespaGarden Popis: Kryc\u00ed plachta 15\u00d720 m\u00a0\u2013 90\u00a0gram\u016f -zelen\u00e1 Kryc\u00ed plachta s\u00a0rozm\u011bry 15\u00d720 metr\u016f s\u00a0gram\u00e1\u017e\u00ed 90gr\/m2 jenepromokav\u00e1 a mrazuvzdorn\u00e1. Plachta je vhodn\u00e1 pro pou\u017eit\u00ed na zahrad\u011b,zem\u011bd\u011blstv\u00ed, stavebnictv\u00ed. Je ide\u00e1ln\u00ed pro zakr\u00fdv\u00e1n\u00ed d\u0159eva, baz\u00e9n\u016f,stavebn\u00edho materi\u00e1lu nebo po\u0161kozen\u00e9 st\u0159echy apod. V\u0161ude, kde pot\u0159ebujeteochr\u00e1nit p\u0159ed nep\u0159\u00edzniv\u00fdmi pov\u011btrnostn\u00edmi vlivy nebo [&hellip;]\" \/>\n<meta property=\"og:url\" content=\"https:\/\/www.technodompro.com\/index.php\/produkt\/znackovy-vespagarden-kryci-plachta-15x20-m-90-gramu-zelena-4775\/\" \/>\n<meta property=\"og:image\" content=\"https:\/\/www.technodompro.com\/wp-content\/uploads\/2026\/SK0018258-CZ20260425-091936-0-1777079982-vespagarden-kryci-plachta-15x20-m-90-gramu-zelena-w1200-h62.webp\" \/>\n\t<meta property=\"og:image:width\" content=\"1000\" \/>\n\t<meta property=\"og:image:height\" content=\"523\" \/>\n\t<meta property=\"og:image:type\" content=\"image\/webp\" \/>\n<meta name=\"twitter:card\" content=\"summary_large_image\" \/>\n<meta name=\"twitter:label1\" content=\"Odhadovan\u00e1 doba \u010dten\u00ed\" \/>\n\t<meta name=\"twitter:data1\" content=\"1 minuta\" \/>\n<script type=\"application\/ld+json\" class=\"yoast-schema-graph\">{\"@context\":\"https:\/\/schema.org\",\"@graph\":[{\"@type\":\"WebPage\",\"@id\":\"https:\/\/www.technodompro.com\/index.php\/produkt\/znackovy-vespagarden-kryci-plachta-15x20-m-90-gramu-zelena-4775\/\",\"url\":\"https:\/\/www.technodompro.com\/index.php\/produkt\/znackovy-vespagarden-kryci-plachta-15x20-m-90-gramu-zelena-4775\/\",\"name\":\"Zna\u010dkov\u00fd VespaGarden Kryc\u00ed plachta 15x20 m - 90 gram\u016f -zelen\u00e1 -\",\"isPartOf\":{\"@id\":\"https:\/\/www.technodompro.com\/#website\"},\"primaryImageOfPage\":{\"@id\":\"https:\/\/www.technodompro.com\/index.php\/produkt\/znackovy-vespagarden-kryci-plachta-15x20-m-90-gramu-zelena-4775\/#primaryimage\"},\"image\":{\"@id\":\"https:\/\/www.technodompro.com\/index.php\/produkt\/znackovy-vespagarden-kryci-plachta-15x20-m-90-gramu-zelena-4775\/#primaryimage\"},\"thumbnailUrl\":\"https:\/\/www.technodompro.com\/wp-content\/uploads\/2026\/SK0018258-CZ20260425-091936-0-1777079982-vespagarden-kryci-plachta-15x20-m-90-gramu-zelena-w1200-h62.webp\",\"datePublished\":\"2026-04-27T04:40:40+00:00\",\"breadcrumb\":{\"@id\":\"https:\/\/www.technodompro.com\/index.php\/produkt\/znackovy-vespagarden-kryci-plachta-15x20-m-90-gramu-zelena-4775\/#breadcrumb\"},\"inLanguage\":\"cs\",\"potentialAction\":[{\"@type\":\"ReadAction\",\"target\":[\"https:\/\/www.technodompro.com\/index.php\/produkt\/znackovy-vespagarden-kryci-plachta-15x20-m-90-gramu-zelena-4775\/\"]}]},{\"@type\":\"ImageObject\",\"inLanguage\":\"cs\",\"@id\":\"https:\/\/www.technodompro.com\/index.php\/produkt\/znackovy-vespagarden-kryci-plachta-15x20-m-90-gramu-zelena-4775\/#primaryimage\",\"url\":\"https:\/\/www.technodompro.com\/wp-content\/uploads\/2026\/SK0018258-CZ20260425-091936-0-1777079982-vespagarden-kryci-plachta-15x20-m-90-gramu-zelena-w1200-h62.webp\",\"contentUrl\":\"https:\/\/www.technodompro.com\/wp-content\/uploads\/2026\/SK0018258-CZ20260425-091936-0-1777079982-vespagarden-kryci-plachta-15x20-m-90-gramu-zelena-w1200-h62.webp\",\"width\":1000,\"height\":523},{\"@type\":\"BreadcrumbList\",\"@id\":\"https:\/\/www.technodompro.com\/index.php\/produkt\/znackovy-vespagarden-kryci-plachta-15x20-m-90-gramu-zelena-4775\/#breadcrumb\",\"itemListElement\":[{\"@type\":\"ListItem\",\"position\":1,\"name\":\"Home\",\"item\":\"https:\/\/www.technodompro.com\/\"},{\"@type\":\"ListItem\",\"position\":2,\"name\":\"Products\",\"item\":\"https:\/\/www.technodompro.com\/index.php\/products\/\"},{\"@type\":\"ListItem\",\"position\":3,\"name\":\"Zna\u010dkov\u00fd VespaGarden Kryc\u00ed plachta 15&#215;20 m &#8211; 90 gram\u016f -zelen\u00e1\"}]},{\"@type\":\"WebSite\",\"@id\":\"https:\/\/www.technodompro.com\/#website\",\"url\":\"https:\/\/www.technodompro.com\/\",\"name\":\"\",\"description\":\"\",\"potentialAction\":[{\"@type\":\"SearchAction\",\"target\":{\"@type\":\"EntryPoint\",\"urlTemplate\":\"https:\/\/www.technodompro.com\/?s={search_term_string}\"},\"query-input\":{\"@type\":\"PropertyValueSpecification\",\"valueRequired\":true,\"valueName\":\"search_term_string\"}}],\"inLanguage\":\"cs\"}]}<\/script>\n<!-- \/ Yoast SEO plugin. -->","yoast_head_json":{"title":"Zna\u010dkov\u00fd VespaGarden Kryc\u00ed plachta 15x20 m - 90 gram\u016f -zelen\u00e1 -","robots":{"index":"index","follow":"follow","max-snippet":"max-snippet:-1","max-image-preview":"max-image-preview:large","max-video-preview":"max-video-preview:-1"},"canonical":"https:\/\/www.technodompro.com\/index.php\/produkt\/znackovy-vespagarden-kryci-plachta-15x20-m-90-gramu-zelena-4775\/","og_locale":"cs_CZ","og_type":"article","og_title":"Zna\u010dkov\u00fd VespaGarden Kryc\u00ed plachta 15x20 m - 90 gram\u016f -zelen\u00e1 -","og_description":"Vlastnosti Rozm\u011bry plachty 10\u00d712 m Parametry Z\u00e1ruka 24 m\u011bs\u00edc\u016f Zna\u010dka VespaGarden Popis: Kryc\u00ed plachta 15\u00d720 m\u00a0\u2013 90\u00a0gram\u016f -zelen\u00e1 Kryc\u00ed plachta s\u00a0rozm\u011bry 15\u00d720 metr\u016f s\u00a0gram\u00e1\u017e\u00ed 90gr\/m2 jenepromokav\u00e1 a mrazuvzdorn\u00e1. Plachta je vhodn\u00e1 pro pou\u017eit\u00ed na zahrad\u011b,zem\u011bd\u011blstv\u00ed, stavebnictv\u00ed. Je ide\u00e1ln\u00ed pro zakr\u00fdv\u00e1n\u00ed d\u0159eva, baz\u00e9n\u016f,stavebn\u00edho materi\u00e1lu nebo po\u0161kozen\u00e9 st\u0159echy apod. V\u0161ude, kde pot\u0159ebujeteochr\u00e1nit p\u0159ed nep\u0159\u00edzniv\u00fdmi pov\u011btrnostn\u00edmi vlivy nebo [&hellip;]","og_url":"https:\/\/www.technodompro.com\/index.php\/produkt\/znackovy-vespagarden-kryci-plachta-15x20-m-90-gramu-zelena-4775\/","og_image":[{"width":1000,"height":523,"url":"https:\/\/www.technodompro.com\/wp-content\/uploads\/2026\/SK0018258-CZ20260425-091936-0-1777079982-vespagarden-kryci-plachta-15x20-m-90-gramu-zelena-w1200-h62.webp","type":"image\/webp"}],"twitter_card":"summary_large_image","twitter_misc":{"Odhadovan\u00e1 doba \u010dten\u00ed":"1 minuta"},"schema":{"@context":"https:\/\/schema.org","@graph":[{"@type":"WebPage","@id":"https:\/\/www.technodompro.com\/index.php\/produkt\/znackovy-vespagarden-kryci-plachta-15x20-m-90-gramu-zelena-4775\/","url":"https:\/\/www.technodompro.com\/index.php\/produkt\/znackovy-vespagarden-kryci-plachta-15x20-m-90-gramu-zelena-4775\/","name":"Zna\u010dkov\u00fd VespaGarden Kryc\u00ed plachta 15x20 m - 90 gram\u016f -zelen\u00e1 -","isPartOf":{"@id":"https:\/\/www.technodompro.com\/#website"},"primaryImageOfPage":{"@id":"https:\/\/www.technodompro.com\/index.php\/produkt\/znackovy-vespagarden-kryci-plachta-15x20-m-90-gramu-zelena-4775\/#primaryimage"},"image":{"@id":"https:\/\/www.technodompro.com\/index.php\/produkt\/znackovy-vespagarden-kryci-plachta-15x20-m-90-gramu-zelena-4775\/#primaryimage"},"thumbnailUrl":"https:\/\/www.technodompro.com\/wp-content\/uploads\/2026\/SK0018258-CZ20260425-091936-0-1777079982-vespagarden-kryci-plachta-15x20-m-90-gramu-zelena-w1200-h62.webp","datePublished":"2026-04-27T04:40:40+00:00","breadcrumb":{"@id":"https:\/\/www.technodompro.com\/index.php\/produkt\/znackovy-vespagarden-kryci-plachta-15x20-m-90-gramu-zelena-4775\/#breadcrumb"},"inLanguage":"cs","potentialAction":[{"@type":"ReadAction","target":["https:\/\/www.technodompro.com\/index.php\/produkt\/znackovy-vespagarden-kryci-plachta-15x20-m-90-gramu-zelena-4775\/"]}]},{"@type":"ImageObject","inLanguage":"cs","@id":"https:\/\/www.technodompro.com\/index.php\/produkt\/znackovy-vespagarden-kryci-plachta-15x20-m-90-gramu-zelena-4775\/#primaryimage","url":"https:\/\/www.technodompro.com\/wp-content\/uploads\/2026\/SK0018258-CZ20260425-091936-0-1777079982-vespagarden-kryci-plachta-15x20-m-90-gramu-zelena-w1200-h62.webp","contentUrl":"https:\/\/www.technodompro.com\/wp-content\/uploads\/2026\/SK0018258-CZ20260425-091936-0-1777079982-vespagarden-kryci-plachta-15x20-m-90-gramu-zelena-w1200-h62.webp","width":1000,"height":523},{"@type":"BreadcrumbList","@id":"https:\/\/www.technodompro.com\/index.php\/produkt\/znackovy-vespagarden-kryci-plachta-15x20-m-90-gramu-zelena-4775\/#breadcrumb","itemListElement":[{"@type":"ListItem","position":1,"name":"Home","item":"https:\/\/www.technodompro.com\/"},{"@type":"ListItem","position":2,"name":"Products","item":"https:\/\/www.technodompro.com\/index.php\/products\/"},{"@type":"ListItem","position":3,"name":"Zna\u010dkov\u00fd VespaGarden Kryc\u00ed plachta 15&#215;20 m &#8211; 90 gram\u016f -zelen\u00e1"}]},{"@type":"WebSite","@id":"https:\/\/www.technodompro.com\/#website","url":"https:\/\/www.technodompro.com\/","name":"","description":"","potentialAction":[{"@type":"SearchAction","target":{"@type":"EntryPoint","urlTemplate":"https:\/\/www.technodompro.com\/?s={search_term_string}"},"query-input":{"@type":"PropertyValueSpecification","valueRequired":true,"valueName":"search_term_string"}}],"inLanguage":"cs"}]}},"_links":{"self":[{"href":"https:\/\/www.technodompro.com\/index.php\/wp-json\/wp\/v2\/product\/4775","targetHints":{"allow":["GET"]}}],"collection":[{"href":"https:\/\/www.technodompro.com\/index.php\/wp-json\/wp\/v2\/product"}],"about":[{"href":"https:\/\/www.technodompro.com\/index.php\/wp-json\/wp\/v2\/types\/product"}],"replies":[{"embeddable":true,"href":"https:\/\/www.technodompro.com\/index.php\/wp-json\/wp\/v2\/comments?post=4775"}],"wp:featuredmedia":[{"embeddable":true,"href":"https:\/\/www.technodompro.com\/index.php\/wp-json\/wp\/v2\/media\/4875"}],"wp:attachment":[{"href":"https:\/\/www.technodompro.com\/index.php\/wp-json\/wp\/v2\/media?parent=4775"}],"wp:term":[{"taxonomy":"product_brand","embeddable":true,"href":"https:\/\/www.technodompro.com\/index.php\/wp-json\/wp\/v2\/product_brand?post=4775"},{"taxonomy":"product_cat","embeddable":true,"href":"https:\/\/www.technodompro.com\/index.php\/wp-json\/wp\/v2\/product_cat?post=4775"},{"taxonomy":"product_tag","embeddable":true,"href":"https:\/\/www.technodompro.com\/index.php\/wp-json\/wp\/v2\/product_tag?post=4775"}],"curies":[{"name":"wp","href":"https:\/\/api.w.org\/{rel}","templated":true}]}}