{"id":5148,"date":"2026-04-27T04:40:41","date_gmt":"2026-04-27T04:40:41","guid":{"rendered":""},"modified":"2026-04-27T04:40:41","modified_gmt":"2026-04-27T04:40:41","slug":"activa-angular-smart-gril-na-drevene-uhli-s-litinovym-rostem-originalni-5148","status":"publish","type":"product","link":"https:\/\/www.technodompro.com\/index.php\/produkt\/activa-angular-smart-gril-na-drevene-uhli-s-litinovym-rostem-originalni-5148\/","title":{"rendered":"Activa Angular Smart &#8211; gril na d\u0159ev\u011bn\u00e9 uhl\u00ed s litinov\u00fdm ro\u0161tem Origin\u00e1ln\u00ed"},"content":{"rendered":"<div class=\"detail-description__right\">\t\t\t\t<\/div>\n<div class=\"detail-description__top\">\t\t\t\t<\/div>\n<div class=\"detail-description__left\">\n<div class=\"detail-description__left__overflow\">\n<div class=\"detail-description__left__head\">\t\t\t\t\t\tPopis:\t\t\t\t\t<\/div>\n<div class=\"ul-style ul-style--check\">\n<p><strong>Angular\u00a0\u2013 gril na d\u0159ev\u011bn\u00e9 uhl\u00ed Activa<\/strong><\/p>\n<p>Pokud jste p\u0159\u00edznivci grilov\u00e1n\u00ed nad \u017ehav\u00fdmi uhl\u00edky, n\u011bmeck\u00e1spole\u010dnost Activa pro V\u00e1s p\u0159ichystala kr\u00e1sn\u00fd a kompaktn\u00ed gril AngularSmart, vhodn\u00fd pro poho\u0161t\u011bn\u00ed a\u017e osmi osob. Tento gril s\u00a0klasick\u00fdm designemse nejenom velmi jednodu\u0161e obsluhuje, ale je i\u00a0skv\u011ble vybaven\u00fd a m\u00e1 \u0159adupraktick\u00fdch dopl\u0148k\u016f. Kovov\u00e9 plochy grilu jsou opat\u0159eny kvalitn\u00ed vrstvoupr\u00e1\u0161kov\u00e9 barvy.<\/p>\n<p>Gril je vybaven litinov\u00fdm d\u011blen\u00fdm grilovac\u00edm ro\u0161tem. Gril obsahujei\u00a0dal\u0161\u00ed vykl\u00e1p\u011bc\u00ed ro\u0161t, kter\u00fd je vhodn\u00fd na nep\u0159\u00edm\u00e9 grilov\u00e1n\u00ed masa\u010di zeleniny anebo na oh\u0159\u00edv\u00e1n\u00ed ji\u017e ugrilovan\u00fdch pokrm\u016f. Regulace teplotyje mo\u017en\u00e1 n\u011bkolika zp\u016fsoby. Bu\u010f pomoc\u00ed 2\u00a0ventila\u010dn\u00edch otvor\u016f ve v\u00edku a2\u00a0v\u00a0t\u011ble grilu anebo pomoc\u00ed v\u00fd\u0161kov\u011b regulovateln\u00e9 vany na uhl\u00ed.Roz\u017ehaven\u00e9 uhl\u00ed tak pomoc\u00ed oto\u010dn\u00e9 rukojeti podle pot\u0159eby lehcep\u0159ibli\u017eujete nebo oddalujete od grilovan\u00e9ho pokrmu.<\/p>\n<p>Pro snadn\u00e9 p\u0159ikl\u00e1d\u00e1n\u00ed i\u00a0b\u011bhem grilov\u00e1n\u00ed je t\u011blo grilu opat\u0159enov\u00a0\u010dele velk\u00fdmi dv\u00ed\u0159ky. Ve spodn\u00ed \u010d\u00e1sti grilu je potom odn\u00edmateln\u00fdpopeln\u00edk. Pro sledov\u00e1n\u00ed teploty je ve v\u00edku grilu um\u00edst\u011bn teplom\u011br.Z\u00a0dal\u0161\u00edch praktick\u00fdch dopl\u0148k\u016f potom m\u016f\u017eeme jmenovat dv\u011b sklopn\u00e9odkl\u00e1dac\u00ed plochy, integrovan\u00fd otv\u00edra\u010d na l\u00e1hve, p\u0159edn\u00ed madlo vhodn\u00e9t\u0159eba pro zav\u011b\u0161en\u00ed grilovac\u00edch kle\u0161t\u00ed a je\u0161t\u011b jednu odkl\u00e1dac\u00ed plochuve spodn\u00ed \u010d\u00e1sti grilu.<\/p>\n<p>Gril je d\u00edky \u010dty\u0159em pevn\u00fdm noh\u00e1m velmi stabiln\u00ed a d\u00edky dv\u011bmakole\u010dk\u016fm se s\u00a0n\u00edm i\u00a0snadno manipuluje.<\/p>\n<p><strong>D\u00e9lka (mm)<\/strong>: 960.00<\/p>\n<p><strong>\u0160\u00ed\u0159ka (mm)<\/strong>: 545.00<\/p>\n<p><strong>V\u00fd\u0161ka (mm)<\/strong>: 945.00<\/p>\n<\/div>\n<div class=\"extra-links\">\t\t<strong>Dal\u0161\u00ed kategorie<\/strong>\t\t<\/p>\n<ul>\n<li>Garland<\/li>\n<\/ul><\/div>\n<div class=\"detail-description__left__more\">\t\t\t\t\t\t<span> <\/span><span> <\/span>\t\t\t\t\t<\/div>\n<\/p><\/div>\n<\/p><\/div>\n<div class=\"detail-description__more\"><span> <\/span><span> <\/span><\/div>\n<\/p><\/div>\n<\/p><\/div>\n","protected":false},"excerpt":{"rendered":"<p>Popis: Angular\u00a0\u2013 gril na d\u0159ev\u011bn\u00e9 uhl\u00ed Activa Pokud jste p\u0159\u00edznivci grilov\u00e1n\u00ed nad \u017ehav\u00fdmi uhl\u00edky, n\u011bmeck\u00e1spole\u010dnost Activa pro V\u00e1s p\u0159ichystala kr\u00e1sn\u00fd a kompaktn\u00ed gril AngularSmart, vhodn\u00fd pro poho\u0161t\u011bn\u00ed a\u017e osmi osob. Tento gril s\u00a0klasick\u00fdm designemse nejenom velmi jednodu\u0161e obsluhuje, ale je i\u00a0skv\u011ble vybaven\u00fd a m\u00e1 \u0159adupraktick\u00fdch dopl\u0148k\u016f. Kovov\u00e9 plochy grilu jsou opat\u0159eny kvalitn\u00ed vrstvoupr\u00e1\u0161kov\u00e9 barvy. Gril [&hellip;]<\/p>\n","protected":false},"featured_media":5248,"comment_status":"open","ping_status":"open","template":"","meta":[],"product_brand":[],"product_cat":[36],"product_tag":[],"class_list":{"0":"post-5148","1":"product","2":"type-product","3":"status-publish","4":"has-post-thumbnail","6":"product_cat-zahrada","8":"first","9":"instock","10":"sale","11":"shipping-taxable","12":"purchasable","13":"product-type-simple"},"yoast_head":"<!-- This site is optimized with the Yoast SEO plugin v26.8 - https:\/\/yoast.com\/product\/yoast-seo-wordpress\/ -->\n<title>Activa Angular Smart - gril na d\u0159ev\u011bn\u00e9 uhl\u00ed s litinov\u00fdm ro\u0161tem Origin\u00e1ln\u00ed -<\/title>\n<meta name=\"robots\" content=\"index, follow, max-snippet:-1, max-image-preview:large, max-video-preview:-1\" \/>\n<link rel=\"canonical\" href=\"https:\/\/www.technodompro.com\/index.php\/produkt\/activa-angular-smart-gril-na-drevene-uhli-s-litinovym-rostem-originalni-5148\/\" \/>\n<meta property=\"og:locale\" content=\"cs_CZ\" \/>\n<meta property=\"og:type\" content=\"article\" \/>\n<meta property=\"og:title\" content=\"Activa Angular Smart - gril na d\u0159ev\u011bn\u00e9 uhl\u00ed s litinov\u00fdm ro\u0161tem Origin\u00e1ln\u00ed -\" \/>\n<meta property=\"og:description\" content=\"Popis: Angular\u00a0\u2013 gril na d\u0159ev\u011bn\u00e9 uhl\u00ed Activa Pokud jste p\u0159\u00edznivci grilov\u00e1n\u00ed nad \u017ehav\u00fdmi uhl\u00edky, n\u011bmeck\u00e1spole\u010dnost Activa pro V\u00e1s p\u0159ichystala kr\u00e1sn\u00fd a kompaktn\u00ed gril AngularSmart, vhodn\u00fd pro poho\u0161t\u011bn\u00ed a\u017e osmi osob. Tento gril s\u00a0klasick\u00fdm designemse nejenom velmi jednodu\u0161e obsluhuje, ale je i\u00a0skv\u011ble vybaven\u00fd a m\u00e1 \u0159adupraktick\u00fdch dopl\u0148k\u016f. Kovov\u00e9 plochy grilu jsou opat\u0159eny kvalitn\u00ed vrstvoupr\u00e1\u0161kov\u00e9 barvy. Gril [&hellip;]\" \/>\n<meta property=\"og:url\" content=\"https:\/\/www.technodompro.com\/index.php\/produkt\/activa-angular-smart-gril-na-drevene-uhli-s-litinovym-rostem-originalni-5148\/\" \/>\n<meta property=\"og:image\" content=\"https:\/\/www.technodompro.com\/wp-content\/uploads\/2026\/SK0018331-CZ20260425-091936-0-1777079982-activa-angular-smart-gril-na-drevene-uhli-s-litinovym-roste.webp\" \/>\n\t<meta property=\"og:image:width\" content=\"1000\" \/>\n\t<meta property=\"og:image:height\" content=\"523\" \/>\n\t<meta property=\"og:image:type\" content=\"image\/webp\" \/>\n<meta name=\"twitter:card\" content=\"summary_large_image\" \/>\n<meta name=\"twitter:label1\" content=\"Odhadovan\u00e1 doba \u010dten\u00ed\" \/>\n\t<meta name=\"twitter:data1\" content=\"1 minuta\" \/>\n<script type=\"application\/ld+json\" class=\"yoast-schema-graph\">{\"@context\":\"https:\/\/schema.org\",\"@graph\":[{\"@type\":\"WebPage\",\"@id\":\"https:\/\/www.technodompro.com\/index.php\/produkt\/activa-angular-smart-gril-na-drevene-uhli-s-litinovym-rostem-originalni-5148\/\",\"url\":\"https:\/\/www.technodompro.com\/index.php\/produkt\/activa-angular-smart-gril-na-drevene-uhli-s-litinovym-rostem-originalni-5148\/\",\"name\":\"Activa Angular Smart - gril na d\u0159ev\u011bn\u00e9 uhl\u00ed s litinov\u00fdm ro\u0161tem Origin\u00e1ln\u00ed -\",\"isPartOf\":{\"@id\":\"https:\/\/www.technodompro.com\/#website\"},\"primaryImageOfPage\":{\"@id\":\"https:\/\/www.technodompro.com\/index.php\/produkt\/activa-angular-smart-gril-na-drevene-uhli-s-litinovym-rostem-originalni-5148\/#primaryimage\"},\"image\":{\"@id\":\"https:\/\/www.technodompro.com\/index.php\/produkt\/activa-angular-smart-gril-na-drevene-uhli-s-litinovym-rostem-originalni-5148\/#primaryimage\"},\"thumbnailUrl\":\"https:\/\/www.technodompro.com\/wp-content\/uploads\/2026\/SK0018331-CZ20260425-091936-0-1777079982-activa-angular-smart-gril-na-drevene-uhli-s-litinovym-roste.webp\",\"datePublished\":\"2026-04-27T04:40:41+00:00\",\"breadcrumb\":{\"@id\":\"https:\/\/www.technodompro.com\/index.php\/produkt\/activa-angular-smart-gril-na-drevene-uhli-s-litinovym-rostem-originalni-5148\/#breadcrumb\"},\"inLanguage\":\"cs\",\"potentialAction\":[{\"@type\":\"ReadAction\",\"target\":[\"https:\/\/www.technodompro.com\/index.php\/produkt\/activa-angular-smart-gril-na-drevene-uhli-s-litinovym-rostem-originalni-5148\/\"]}]},{\"@type\":\"ImageObject\",\"inLanguage\":\"cs\",\"@id\":\"https:\/\/www.technodompro.com\/index.php\/produkt\/activa-angular-smart-gril-na-drevene-uhli-s-litinovym-rostem-originalni-5148\/#primaryimage\",\"url\":\"https:\/\/www.technodompro.com\/wp-content\/uploads\/2026\/SK0018331-CZ20260425-091936-0-1777079982-activa-angular-smart-gril-na-drevene-uhli-s-litinovym-roste.webp\",\"contentUrl\":\"https:\/\/www.technodompro.com\/wp-content\/uploads\/2026\/SK0018331-CZ20260425-091936-0-1777079982-activa-angular-smart-gril-na-drevene-uhli-s-litinovym-roste.webp\",\"width\":1000,\"height\":523},{\"@type\":\"BreadcrumbList\",\"@id\":\"https:\/\/www.technodompro.com\/index.php\/produkt\/activa-angular-smart-gril-na-drevene-uhli-s-litinovym-rostem-originalni-5148\/#breadcrumb\",\"itemListElement\":[{\"@type\":\"ListItem\",\"position\":1,\"name\":\"Home\",\"item\":\"https:\/\/www.technodompro.com\/\"},{\"@type\":\"ListItem\",\"position\":2,\"name\":\"Products\",\"item\":\"https:\/\/www.technodompro.com\/index.php\/products\/\"},{\"@type\":\"ListItem\",\"position\":3,\"name\":\"Activa Angular Smart &#8211; gril na d\u0159ev\u011bn\u00e9 uhl\u00ed s litinov\u00fdm ro\u0161tem Origin\u00e1ln\u00ed\"}]},{\"@type\":\"WebSite\",\"@id\":\"https:\/\/www.technodompro.com\/#website\",\"url\":\"https:\/\/www.technodompro.com\/\",\"name\":\"\",\"description\":\"\",\"potentialAction\":[{\"@type\":\"SearchAction\",\"target\":{\"@type\":\"EntryPoint\",\"urlTemplate\":\"https:\/\/www.technodompro.com\/?s={search_term_string}\"},\"query-input\":{\"@type\":\"PropertyValueSpecification\",\"valueRequired\":true,\"valueName\":\"search_term_string\"}}],\"inLanguage\":\"cs\"}]}<\/script>\n<!-- \/ Yoast SEO plugin. -->","yoast_head_json":{"title":"Activa Angular Smart - gril na d\u0159ev\u011bn\u00e9 uhl\u00ed s litinov\u00fdm ro\u0161tem Origin\u00e1ln\u00ed -","robots":{"index":"index","follow":"follow","max-snippet":"max-snippet:-1","max-image-preview":"max-image-preview:large","max-video-preview":"max-video-preview:-1"},"canonical":"https:\/\/www.technodompro.com\/index.php\/produkt\/activa-angular-smart-gril-na-drevene-uhli-s-litinovym-rostem-originalni-5148\/","og_locale":"cs_CZ","og_type":"article","og_title":"Activa Angular Smart - gril na d\u0159ev\u011bn\u00e9 uhl\u00ed s litinov\u00fdm ro\u0161tem Origin\u00e1ln\u00ed -","og_description":"Popis: Angular\u00a0\u2013 gril na d\u0159ev\u011bn\u00e9 uhl\u00ed Activa Pokud jste p\u0159\u00edznivci grilov\u00e1n\u00ed nad \u017ehav\u00fdmi uhl\u00edky, n\u011bmeck\u00e1spole\u010dnost Activa pro V\u00e1s p\u0159ichystala kr\u00e1sn\u00fd a kompaktn\u00ed gril AngularSmart, vhodn\u00fd pro poho\u0161t\u011bn\u00ed a\u017e osmi osob. Tento gril s\u00a0klasick\u00fdm designemse nejenom velmi jednodu\u0161e obsluhuje, ale je i\u00a0skv\u011ble vybaven\u00fd a m\u00e1 \u0159adupraktick\u00fdch dopl\u0148k\u016f. Kovov\u00e9 plochy grilu jsou opat\u0159eny kvalitn\u00ed vrstvoupr\u00e1\u0161kov\u00e9 barvy. Gril [&hellip;]","og_url":"https:\/\/www.technodompro.com\/index.php\/produkt\/activa-angular-smart-gril-na-drevene-uhli-s-litinovym-rostem-originalni-5148\/","og_image":[{"width":1000,"height":523,"url":"https:\/\/www.technodompro.com\/wp-content\/uploads\/2026\/SK0018331-CZ20260425-091936-0-1777079982-activa-angular-smart-gril-na-drevene-uhli-s-litinovym-roste.webp","type":"image\/webp"}],"twitter_card":"summary_large_image","twitter_misc":{"Odhadovan\u00e1 doba \u010dten\u00ed":"1 minuta"},"schema":{"@context":"https:\/\/schema.org","@graph":[{"@type":"WebPage","@id":"https:\/\/www.technodompro.com\/index.php\/produkt\/activa-angular-smart-gril-na-drevene-uhli-s-litinovym-rostem-originalni-5148\/","url":"https:\/\/www.technodompro.com\/index.php\/produkt\/activa-angular-smart-gril-na-drevene-uhli-s-litinovym-rostem-originalni-5148\/","name":"Activa Angular Smart - gril na d\u0159ev\u011bn\u00e9 uhl\u00ed s litinov\u00fdm ro\u0161tem Origin\u00e1ln\u00ed -","isPartOf":{"@id":"https:\/\/www.technodompro.com\/#website"},"primaryImageOfPage":{"@id":"https:\/\/www.technodompro.com\/index.php\/produkt\/activa-angular-smart-gril-na-drevene-uhli-s-litinovym-rostem-originalni-5148\/#primaryimage"},"image":{"@id":"https:\/\/www.technodompro.com\/index.php\/produkt\/activa-angular-smart-gril-na-drevene-uhli-s-litinovym-rostem-originalni-5148\/#primaryimage"},"thumbnailUrl":"https:\/\/www.technodompro.com\/wp-content\/uploads\/2026\/SK0018331-CZ20260425-091936-0-1777079982-activa-angular-smart-gril-na-drevene-uhli-s-litinovym-roste.webp","datePublished":"2026-04-27T04:40:41+00:00","breadcrumb":{"@id":"https:\/\/www.technodompro.com\/index.php\/produkt\/activa-angular-smart-gril-na-drevene-uhli-s-litinovym-rostem-originalni-5148\/#breadcrumb"},"inLanguage":"cs","potentialAction":[{"@type":"ReadAction","target":["https:\/\/www.technodompro.com\/index.php\/produkt\/activa-angular-smart-gril-na-drevene-uhli-s-litinovym-rostem-originalni-5148\/"]}]},{"@type":"ImageObject","inLanguage":"cs","@id":"https:\/\/www.technodompro.com\/index.php\/produkt\/activa-angular-smart-gril-na-drevene-uhli-s-litinovym-rostem-originalni-5148\/#primaryimage","url":"https:\/\/www.technodompro.com\/wp-content\/uploads\/2026\/SK0018331-CZ20260425-091936-0-1777079982-activa-angular-smart-gril-na-drevene-uhli-s-litinovym-roste.webp","contentUrl":"https:\/\/www.technodompro.com\/wp-content\/uploads\/2026\/SK0018331-CZ20260425-091936-0-1777079982-activa-angular-smart-gril-na-drevene-uhli-s-litinovym-roste.webp","width":1000,"height":523},{"@type":"BreadcrumbList","@id":"https:\/\/www.technodompro.com\/index.php\/produkt\/activa-angular-smart-gril-na-drevene-uhli-s-litinovym-rostem-originalni-5148\/#breadcrumb","itemListElement":[{"@type":"ListItem","position":1,"name":"Home","item":"https:\/\/www.technodompro.com\/"},{"@type":"ListItem","position":2,"name":"Products","item":"https:\/\/www.technodompro.com\/index.php\/products\/"},{"@type":"ListItem","position":3,"name":"Activa Angular Smart &#8211; gril na d\u0159ev\u011bn\u00e9 uhl\u00ed s litinov\u00fdm ro\u0161tem Origin\u00e1ln\u00ed"}]},{"@type":"WebSite","@id":"https:\/\/www.technodompro.com\/#website","url":"https:\/\/www.technodompro.com\/","name":"","description":"","potentialAction":[{"@type":"SearchAction","target":{"@type":"EntryPoint","urlTemplate":"https:\/\/www.technodompro.com\/?s={search_term_string}"},"query-input":{"@type":"PropertyValueSpecification","valueRequired":true,"valueName":"search_term_string"}}],"inLanguage":"cs"}]}},"_links":{"self":[{"href":"https:\/\/www.technodompro.com\/index.php\/wp-json\/wp\/v2\/product\/5148","targetHints":{"allow":["GET"]}}],"collection":[{"href":"https:\/\/www.technodompro.com\/index.php\/wp-json\/wp\/v2\/product"}],"about":[{"href":"https:\/\/www.technodompro.com\/index.php\/wp-json\/wp\/v2\/types\/product"}],"replies":[{"embeddable":true,"href":"https:\/\/www.technodompro.com\/index.php\/wp-json\/wp\/v2\/comments?post=5148"}],"wp:featuredmedia":[{"embeddable":true,"href":"https:\/\/www.technodompro.com\/index.php\/wp-json\/wp\/v2\/media\/5248"}],"wp:attachment":[{"href":"https:\/\/www.technodompro.com\/index.php\/wp-json\/wp\/v2\/media?parent=5148"}],"wp:term":[{"taxonomy":"product_brand","embeddable":true,"href":"https:\/\/www.technodompro.com\/index.php\/wp-json\/wp\/v2\/product_brand?post=5148"},{"taxonomy":"product_cat","embeddable":true,"href":"https:\/\/www.technodompro.com\/index.php\/wp-json\/wp\/v2\/product_cat?post=5148"},{"taxonomy":"product_tag","embeddable":true,"href":"https:\/\/www.technodompro.com\/index.php\/wp-json\/wp\/v2\/product_tag?post=5148"}],"curies":[{"name":"wp","href":"https:\/\/api.w.org\/{rel}","templated":true}]}}