{"id":5342,"date":"2026-04-27T04:40:41","date_gmt":"2026-04-27T04:40:41","guid":{"rendered":""},"modified":"2026-04-27T04:40:41","modified_gmt":"2026-04-27T04:40:41","slug":"agro-cs-vodorozpustne-hnojivo-kristalon-jahoda-0-5-kg-vyprodej-5342","status":"publish","type":"product","link":"https:\/\/www.technodompro.com\/index.php\/produkt\/agro-cs-vodorozpustne-hnojivo-kristalon-jahoda-0-5-kg-vyprodej-5342\/","title":{"rendered":"AGRO CS Vodorozpustn\u00e9 hnojivo Kristalon &#8211; Jahoda 0,5 kg V\u00fdprodej"},"content":{"rendered":"<div class=\"detail-description__right\">\t\t\t\t<\/div>\n<div class=\"detail-description__top\">\t\t\t\t<\/div>\n<div class=\"detail-description__left\">\n<div class=\"detail-description__left__overflow\">\n<div class=\"detail-description__left__head\">\t\t\t\t\t\tPopis:\t\t\t\t\t<\/div>\n<div class=\"ul-style ul-style--check\">\n<p><strong>Vodorozpustn\u00e9 hnojivo Kristalon\u00a0\u2013 Jahoda 0,5\u00a0kg<\/strong><\/p>\n<p>Hnojivo Kristalon ur\u010den\u00e9 pro p\u0159ihnojov\u00e1n\u00ed jahodn\u00edkov\u00fdch kulturzajist\u00ed rychlej\u0161\u00ed po\u010d\u00e1te\u010dn\u00ed r\u016fst d\u00edky p\u0159\u00edm\u00e9 absorpci fosforu arychlej\u0161\u00ed n\u00e1stup produk\u010dn\u00edho obdob\u00ed. Je vhodn\u00e9 pro v\u0161echny druhy jahodp\u011bstovan\u00fdch ve voln\u00e9 p\u016fd\u011b i\u00a0v\u00a0n\u00e1dob\u00e1ch. Aplikace z\u00e1livkoui\u00a0post\u0159ikem se doporu\u010duje 1\u00d7 t\u00fddn\u011b.<\/p>\n<p><strong>D\u00e1vkov\u00e1n\u00ed: <\/strong><\/p>\n<p>1\u00a0odm\u011brka (10g) hnojiva se rozpust\u00ed v\u00a010\u00a0l vody a vysta\u010d\u00ed prop\u0159ibli\u017en\u011b 5\u00a0m<sup>2<\/sup> plochy. Balen\u00ed 0,5kg je ur\u010deno pro celkem 500\u00a0lz\u00e1livky.<\/p>\n<p><strong>Slo\u017een\u00ed: <\/strong><\/p>\n<ul class=\"plusminus\">\n<li><i class=\"fas fa-check\"><\/i><span>N-P-K (12\u201312\u201336) + mikroprvky B, Mo, Fe, Cu, Mn, Zn<\/span><\/li>\n<\/ul>\n<\/div>\n<div class=\"detail-description__left__more\">\t\t\t\t\t\t<span> <\/span><span> <\/span>\t\t\t\t\t<\/div>\n<\/p><\/div>\n<\/p><\/div>\n<div class=\"detail-description__more\"><span> <\/span><span> <\/span><\/div>\n<\/p><\/div>\n<\/p><\/div>\n","protected":false},"excerpt":{"rendered":"<p>Popis: Vodorozpustn\u00e9 hnojivo Kristalon\u00a0\u2013 Jahoda 0,5\u00a0kg Hnojivo Kristalon ur\u010den\u00e9 pro p\u0159ihnojov\u00e1n\u00ed jahodn\u00edkov\u00fdch kulturzajist\u00ed rychlej\u0161\u00ed po\u010d\u00e1te\u010dn\u00ed r\u016fst d\u00edky p\u0159\u00edm\u00e9 absorpci fosforu arychlej\u0161\u00ed n\u00e1stup produk\u010dn\u00edho obdob\u00ed. Je vhodn\u00e9 pro v\u0161echny druhy jahodp\u011bstovan\u00fdch ve voln\u00e9 p\u016fd\u011b i\u00a0v\u00a0n\u00e1dob\u00e1ch. Aplikace z\u00e1livkoui\u00a0post\u0159ikem se doporu\u010duje 1\u00d7 t\u00fddn\u011b. D\u00e1vkov\u00e1n\u00ed: 1\u00a0odm\u011brka (10g) hnojiva se rozpust\u00ed v\u00a010\u00a0l vody a vysta\u010d\u00ed prop\u0159ibli\u017en\u011b 5\u00a0m2 plochy. Balen\u00ed 0,5kg [&hellip;]<\/p>\n","protected":false},"featured_media":5442,"comment_status":"open","ping_status":"open","template":"","meta":[],"product_brand":[],"product_cat":[36],"product_tag":[],"class_list":{"0":"post-5342","1":"product","2":"type-product","3":"status-publish","4":"has-post-thumbnail","6":"product_cat-zahrada","8":"first","9":"instock","10":"sale","11":"shipping-taxable","12":"purchasable","13":"product-type-simple"},"yoast_head":"<!-- This site is optimized with the Yoast SEO plugin v26.8 - https:\/\/yoast.com\/product\/yoast-seo-wordpress\/ -->\n<title>AGRO CS Vodorozpustn\u00e9 hnojivo Kristalon - Jahoda 0,5 kg V\u00fdprodej -<\/title>\n<meta name=\"robots\" content=\"index, follow, max-snippet:-1, max-image-preview:large, max-video-preview:-1\" \/>\n<link rel=\"canonical\" href=\"https:\/\/www.technodompro.com\/index.php\/produkt\/agro-cs-vodorozpustne-hnojivo-kristalon-jahoda-0-5-kg-vyprodej-5342\/\" \/>\n<meta property=\"og:locale\" content=\"cs_CZ\" \/>\n<meta property=\"og:type\" content=\"article\" \/>\n<meta property=\"og:title\" content=\"AGRO CS Vodorozpustn\u00e9 hnojivo Kristalon - Jahoda 0,5 kg V\u00fdprodej -\" \/>\n<meta property=\"og:description\" content=\"Popis: Vodorozpustn\u00e9 hnojivo Kristalon\u00a0\u2013 Jahoda 0,5\u00a0kg Hnojivo Kristalon ur\u010den\u00e9 pro p\u0159ihnojov\u00e1n\u00ed jahodn\u00edkov\u00fdch kulturzajist\u00ed rychlej\u0161\u00ed po\u010d\u00e1te\u010dn\u00ed r\u016fst d\u00edky p\u0159\u00edm\u00e9 absorpci fosforu arychlej\u0161\u00ed n\u00e1stup produk\u010dn\u00edho obdob\u00ed. Je vhodn\u00e9 pro v\u0161echny druhy jahodp\u011bstovan\u00fdch ve voln\u00e9 p\u016fd\u011b i\u00a0v\u00a0n\u00e1dob\u00e1ch. Aplikace z\u00e1livkoui\u00a0post\u0159ikem se doporu\u010duje 1\u00d7 t\u00fddn\u011b. D\u00e1vkov\u00e1n\u00ed: 1\u00a0odm\u011brka (10g) hnojiva se rozpust\u00ed v\u00a010\u00a0l vody a vysta\u010d\u00ed prop\u0159ibli\u017en\u011b 5\u00a0m2 plochy. Balen\u00ed 0,5kg [&hellip;]\" \/>\n<meta property=\"og:url\" content=\"https:\/\/www.technodompro.com\/index.php\/produkt\/agro-cs-vodorozpustne-hnojivo-kristalon-jahoda-0-5-kg-vyprodej-5342\/\" \/>\n<meta property=\"og:image\" content=\"https:\/\/www.technodompro.com\/wp-content\/uploads\/2026\/SK0018425-CZ20260425-091936-0-1777079982-agro-cs-vodorozpustne-hnojivo-kristalon-jahoda-0-5-kg-w1200.webp\" \/>\n\t<meta property=\"og:image:width\" content=\"1000\" \/>\n\t<meta property=\"og:image:height\" content=\"523\" \/>\n\t<meta property=\"og:image:type\" content=\"image\/webp\" \/>\n<meta name=\"twitter:card\" content=\"summary_large_image\" \/>\n<meta name=\"twitter:label1\" content=\"Odhadovan\u00e1 doba \u010dten\u00ed\" \/>\n\t<meta name=\"twitter:data1\" content=\"1 minuta\" \/>\n<script type=\"application\/ld+json\" class=\"yoast-schema-graph\">{\"@context\":\"https:\/\/schema.org\",\"@graph\":[{\"@type\":\"WebPage\",\"@id\":\"https:\/\/www.technodompro.com\/index.php\/produkt\/agro-cs-vodorozpustne-hnojivo-kristalon-jahoda-0-5-kg-vyprodej-5342\/\",\"url\":\"https:\/\/www.technodompro.com\/index.php\/produkt\/agro-cs-vodorozpustne-hnojivo-kristalon-jahoda-0-5-kg-vyprodej-5342\/\",\"name\":\"AGRO CS Vodorozpustn\u00e9 hnojivo Kristalon - Jahoda 0,5 kg V\u00fdprodej -\",\"isPartOf\":{\"@id\":\"https:\/\/www.technodompro.com\/#website\"},\"primaryImageOfPage\":{\"@id\":\"https:\/\/www.technodompro.com\/index.php\/produkt\/agro-cs-vodorozpustne-hnojivo-kristalon-jahoda-0-5-kg-vyprodej-5342\/#primaryimage\"},\"image\":{\"@id\":\"https:\/\/www.technodompro.com\/index.php\/produkt\/agro-cs-vodorozpustne-hnojivo-kristalon-jahoda-0-5-kg-vyprodej-5342\/#primaryimage\"},\"thumbnailUrl\":\"https:\/\/www.technodompro.com\/wp-content\/uploads\/2026\/SK0018425-CZ20260425-091936-0-1777079982-agro-cs-vodorozpustne-hnojivo-kristalon-jahoda-0-5-kg-w1200.webp\",\"datePublished\":\"2026-04-27T04:40:41+00:00\",\"breadcrumb\":{\"@id\":\"https:\/\/www.technodompro.com\/index.php\/produkt\/agro-cs-vodorozpustne-hnojivo-kristalon-jahoda-0-5-kg-vyprodej-5342\/#breadcrumb\"},\"inLanguage\":\"cs\",\"potentialAction\":[{\"@type\":\"ReadAction\",\"target\":[\"https:\/\/www.technodompro.com\/index.php\/produkt\/agro-cs-vodorozpustne-hnojivo-kristalon-jahoda-0-5-kg-vyprodej-5342\/\"]}]},{\"@type\":\"ImageObject\",\"inLanguage\":\"cs\",\"@id\":\"https:\/\/www.technodompro.com\/index.php\/produkt\/agro-cs-vodorozpustne-hnojivo-kristalon-jahoda-0-5-kg-vyprodej-5342\/#primaryimage\",\"url\":\"https:\/\/www.technodompro.com\/wp-content\/uploads\/2026\/SK0018425-CZ20260425-091936-0-1777079982-agro-cs-vodorozpustne-hnojivo-kristalon-jahoda-0-5-kg-w1200.webp\",\"contentUrl\":\"https:\/\/www.technodompro.com\/wp-content\/uploads\/2026\/SK0018425-CZ20260425-091936-0-1777079982-agro-cs-vodorozpustne-hnojivo-kristalon-jahoda-0-5-kg-w1200.webp\",\"width\":1000,\"height\":523},{\"@type\":\"BreadcrumbList\",\"@id\":\"https:\/\/www.technodompro.com\/index.php\/produkt\/agro-cs-vodorozpustne-hnojivo-kristalon-jahoda-0-5-kg-vyprodej-5342\/#breadcrumb\",\"itemListElement\":[{\"@type\":\"ListItem\",\"position\":1,\"name\":\"Home\",\"item\":\"https:\/\/www.technodompro.com\/\"},{\"@type\":\"ListItem\",\"position\":2,\"name\":\"Products\",\"item\":\"https:\/\/www.technodompro.com\/index.php\/products\/\"},{\"@type\":\"ListItem\",\"position\":3,\"name\":\"AGRO CS Vodorozpustn\u00e9 hnojivo Kristalon &#8211; Jahoda 0,5 kg V\u00fdprodej\"}]},{\"@type\":\"WebSite\",\"@id\":\"https:\/\/www.technodompro.com\/#website\",\"url\":\"https:\/\/www.technodompro.com\/\",\"name\":\"\",\"description\":\"\",\"potentialAction\":[{\"@type\":\"SearchAction\",\"target\":{\"@type\":\"EntryPoint\",\"urlTemplate\":\"https:\/\/www.technodompro.com\/?s={search_term_string}\"},\"query-input\":{\"@type\":\"PropertyValueSpecification\",\"valueRequired\":true,\"valueName\":\"search_term_string\"}}],\"inLanguage\":\"cs\"}]}<\/script>\n<!-- \/ Yoast SEO plugin. -->","yoast_head_json":{"title":"AGRO CS Vodorozpustn\u00e9 hnojivo Kristalon - Jahoda 0,5 kg V\u00fdprodej -","robots":{"index":"index","follow":"follow","max-snippet":"max-snippet:-1","max-image-preview":"max-image-preview:large","max-video-preview":"max-video-preview:-1"},"canonical":"https:\/\/www.technodompro.com\/index.php\/produkt\/agro-cs-vodorozpustne-hnojivo-kristalon-jahoda-0-5-kg-vyprodej-5342\/","og_locale":"cs_CZ","og_type":"article","og_title":"AGRO CS Vodorozpustn\u00e9 hnojivo Kristalon - Jahoda 0,5 kg V\u00fdprodej -","og_description":"Popis: Vodorozpustn\u00e9 hnojivo Kristalon\u00a0\u2013 Jahoda 0,5\u00a0kg Hnojivo Kristalon ur\u010den\u00e9 pro p\u0159ihnojov\u00e1n\u00ed jahodn\u00edkov\u00fdch kulturzajist\u00ed rychlej\u0161\u00ed po\u010d\u00e1te\u010dn\u00ed r\u016fst d\u00edky p\u0159\u00edm\u00e9 absorpci fosforu arychlej\u0161\u00ed n\u00e1stup produk\u010dn\u00edho obdob\u00ed. Je vhodn\u00e9 pro v\u0161echny druhy jahodp\u011bstovan\u00fdch ve voln\u00e9 p\u016fd\u011b i\u00a0v\u00a0n\u00e1dob\u00e1ch. Aplikace z\u00e1livkoui\u00a0post\u0159ikem se doporu\u010duje 1\u00d7 t\u00fddn\u011b. D\u00e1vkov\u00e1n\u00ed: 1\u00a0odm\u011brka (10g) hnojiva se rozpust\u00ed v\u00a010\u00a0l vody a vysta\u010d\u00ed prop\u0159ibli\u017en\u011b 5\u00a0m2 plochy. Balen\u00ed 0,5kg [&hellip;]","og_url":"https:\/\/www.technodompro.com\/index.php\/produkt\/agro-cs-vodorozpustne-hnojivo-kristalon-jahoda-0-5-kg-vyprodej-5342\/","og_image":[{"width":1000,"height":523,"url":"https:\/\/www.technodompro.com\/wp-content\/uploads\/2026\/SK0018425-CZ20260425-091936-0-1777079982-agro-cs-vodorozpustne-hnojivo-kristalon-jahoda-0-5-kg-w1200.webp","type":"image\/webp"}],"twitter_card":"summary_large_image","twitter_misc":{"Odhadovan\u00e1 doba \u010dten\u00ed":"1 minuta"},"schema":{"@context":"https:\/\/schema.org","@graph":[{"@type":"WebPage","@id":"https:\/\/www.technodompro.com\/index.php\/produkt\/agro-cs-vodorozpustne-hnojivo-kristalon-jahoda-0-5-kg-vyprodej-5342\/","url":"https:\/\/www.technodompro.com\/index.php\/produkt\/agro-cs-vodorozpustne-hnojivo-kristalon-jahoda-0-5-kg-vyprodej-5342\/","name":"AGRO CS Vodorozpustn\u00e9 hnojivo Kristalon - Jahoda 0,5 kg V\u00fdprodej -","isPartOf":{"@id":"https:\/\/www.technodompro.com\/#website"},"primaryImageOfPage":{"@id":"https:\/\/www.technodompro.com\/index.php\/produkt\/agro-cs-vodorozpustne-hnojivo-kristalon-jahoda-0-5-kg-vyprodej-5342\/#primaryimage"},"image":{"@id":"https:\/\/www.technodompro.com\/index.php\/produkt\/agro-cs-vodorozpustne-hnojivo-kristalon-jahoda-0-5-kg-vyprodej-5342\/#primaryimage"},"thumbnailUrl":"https:\/\/www.technodompro.com\/wp-content\/uploads\/2026\/SK0018425-CZ20260425-091936-0-1777079982-agro-cs-vodorozpustne-hnojivo-kristalon-jahoda-0-5-kg-w1200.webp","datePublished":"2026-04-27T04:40:41+00:00","breadcrumb":{"@id":"https:\/\/www.technodompro.com\/index.php\/produkt\/agro-cs-vodorozpustne-hnojivo-kristalon-jahoda-0-5-kg-vyprodej-5342\/#breadcrumb"},"inLanguage":"cs","potentialAction":[{"@type":"ReadAction","target":["https:\/\/www.technodompro.com\/index.php\/produkt\/agro-cs-vodorozpustne-hnojivo-kristalon-jahoda-0-5-kg-vyprodej-5342\/"]}]},{"@type":"ImageObject","inLanguage":"cs","@id":"https:\/\/www.technodompro.com\/index.php\/produkt\/agro-cs-vodorozpustne-hnojivo-kristalon-jahoda-0-5-kg-vyprodej-5342\/#primaryimage","url":"https:\/\/www.technodompro.com\/wp-content\/uploads\/2026\/SK0018425-CZ20260425-091936-0-1777079982-agro-cs-vodorozpustne-hnojivo-kristalon-jahoda-0-5-kg-w1200.webp","contentUrl":"https:\/\/www.technodompro.com\/wp-content\/uploads\/2026\/SK0018425-CZ20260425-091936-0-1777079982-agro-cs-vodorozpustne-hnojivo-kristalon-jahoda-0-5-kg-w1200.webp","width":1000,"height":523},{"@type":"BreadcrumbList","@id":"https:\/\/www.technodompro.com\/index.php\/produkt\/agro-cs-vodorozpustne-hnojivo-kristalon-jahoda-0-5-kg-vyprodej-5342\/#breadcrumb","itemListElement":[{"@type":"ListItem","position":1,"name":"Home","item":"https:\/\/www.technodompro.com\/"},{"@type":"ListItem","position":2,"name":"Products","item":"https:\/\/www.technodompro.com\/index.php\/products\/"},{"@type":"ListItem","position":3,"name":"AGRO CS Vodorozpustn\u00e9 hnojivo Kristalon &#8211; Jahoda 0,5 kg V\u00fdprodej"}]},{"@type":"WebSite","@id":"https:\/\/www.technodompro.com\/#website","url":"https:\/\/www.technodompro.com\/","name":"","description":"","potentialAction":[{"@type":"SearchAction","target":{"@type":"EntryPoint","urlTemplate":"https:\/\/www.technodompro.com\/?s={search_term_string}"},"query-input":{"@type":"PropertyValueSpecification","valueRequired":true,"valueName":"search_term_string"}}],"inLanguage":"cs"}]}},"_links":{"self":[{"href":"https:\/\/www.technodompro.com\/index.php\/wp-json\/wp\/v2\/product\/5342","targetHints":{"allow":["GET"]}}],"collection":[{"href":"https:\/\/www.technodompro.com\/index.php\/wp-json\/wp\/v2\/product"}],"about":[{"href":"https:\/\/www.technodompro.com\/index.php\/wp-json\/wp\/v2\/types\/product"}],"replies":[{"embeddable":true,"href":"https:\/\/www.technodompro.com\/index.php\/wp-json\/wp\/v2\/comments?post=5342"}],"wp:featuredmedia":[{"embeddable":true,"href":"https:\/\/www.technodompro.com\/index.php\/wp-json\/wp\/v2\/media\/5442"}],"wp:attachment":[{"href":"https:\/\/www.technodompro.com\/index.php\/wp-json\/wp\/v2\/media?parent=5342"}],"wp:term":[{"taxonomy":"product_brand","embeddable":true,"href":"https:\/\/www.technodompro.com\/index.php\/wp-json\/wp\/v2\/product_brand?post=5342"},{"taxonomy":"product_cat","embeddable":true,"href":"https:\/\/www.technodompro.com\/index.php\/wp-json\/wp\/v2\/product_cat?post=5342"},{"taxonomy":"product_tag","embeddable":true,"href":"https:\/\/www.technodompro.com\/index.php\/wp-json\/wp\/v2\/product_tag?post=5342"}],"curies":[{"name":"wp","href":"https:\/\/api.w.org\/{rel}","templated":true}]}}