{"id":56313,"date":"2026-04-27T04:43:03","date_gmt":"2026-04-27T04:43:03","guid":{"rendered":""},"modified":"2026-04-27T04:43:03","modified_gmt":"2026-04-27T04:43:03","slug":"ppr-prechod-se-sroubenim-32x1-quot-primo-od-vyrobce-56313","status":"publish","type":"product","link":"https:\/\/www.technodompro.com\/index.php\/produkt\/ppr-prechod-se-sroubenim-32x1-quot-primo-od-vyrobce-56313\/","title":{"rendered":"PPR p\u0159echod se \u0161rouben\u00edm 32&#215;1&quot; P\u0159\u00edmo Od V\u00fdrobce"},"content":{"rendered":"<div id=\"e885416\" class=\"pages\">\n<div>\n<div id=\"PDDescription\" class=\"UserContentView userContent v1a v1 bs-view dcon dc164 PDDescription\" ><dc-con><dc-con><bs-empty><\/bs-empty><\/dc-con><dc-con>        <\/p>\n<div class=\"customDescription\">                    <\/div>\n<p><\/dc-con><dc-con><\/p>\n<p style=\"color: #000000; text-transform: none; text-indent: 0px; letter-spacing: normal; padding-top: 0px; font-family: Arial, Verdana, Tahoma; font-size: 14px; font-style: normal; font-weight: 400; margin-top: 0px; word-spacing: 0px; white-space: normal; orphans: 2; widows: 2; background-color: #ffffff; font-variant-ligatures: normal; font-variant-caps: normal; -webkit-text-stroke-width: 0px; text-decoration-style: initial; text-decoration-color: initial;\"><strong>PPR p\u0159echod se \u0161rouben\u00edm 32&#215;1&#8243;<\/strong><\/p>\n<p style=\"color: #000000; text-transform: none; text-indent: 0px; letter-spacing: normal; padding-top: 0px; font-family: Arial, Verdana, Tahoma; font-size: 14px; font-style: normal; font-weight: 400; margin-top: 0px; word-spacing: 0px; white-space: normal; orphans: 2; widows: 2; background-color: #ffffff; font-variant-ligatures: normal; font-variant-caps: normal; -webkit-text-stroke-width: 0px; text-decoration-style: initial; text-decoration-color: initial;\"><strong>Vyr\u00e1b\u011bn\u00fd sortiment:<\/strong><br \/>Tvarovky &#8211; celoplastov\u00e9 (shodn\u011b pro v\u0161echny tlakov\u00e9 \u0159ady v PN 20)\u00a0<br \/>\u00a0\u00a0\u00a0\u00a0\u00a0\u00a0\u00a0 \u00a0\u00a0\u00a0\u00a0\u00a0\u00a0 &#8211; kombinovan\u00e9 (plast + poniklovan\u00e1 mosaz &#8211; PN 20)<\/p>\n<p style=\"color: #000000; text-transform: none; text-indent: 0px; letter-spacing: normal; padding-top: 0px; font-family: Arial, Verdana, Tahoma; font-size: 14px; font-style: normal; font-weight: 400; margin-top: 0px; word-spacing: 0px; white-space: normal; orphans: 2; widows: 2; background-color: #ffffff; font-variant-ligatures: normal; font-variant-caps: normal; -webkit-text-stroke-width: 0px; text-decoration-style: initial; text-decoration-color: initial;\"><strong>Deklarovan\u00e9 pou\u017eit\u00ed:<\/strong><br \/>Pro dopravu studen\u00e9 a tepl\u00e9 vody, podlahov\u00e9ho a \u00fast\u0159edn\u00ed vyt\u00e1p\u011bn\u00ed, doprava vzduchu &#8211; provozn\u00ed podm\u00ednky naleznete v sekci mont\u00e1\u017en\u00ed p\u0159edpis<\/p>\n<p style=\"color: #000000; text-transform: none; text-indent: 0px; letter-spacing: normal; padding-top: 0px; font-family: Arial, Verdana, Tahoma; font-size: 14px; font-style: normal; font-weight: 400; margin-top: 0px; word-spacing: 0px; white-space: normal; orphans: 2; widows: 2; background-color: #ffffff; font-variant-ligatures: normal; font-variant-caps: normal; -webkit-text-stroke-width: 0px; text-decoration-style: initial; text-decoration-color: initial;\"><strong>Osv\u011bd\u010den\u00ed, certifik\u00e1ty a normy pro v\u00fdrobu:<\/strong><br \/>Na kopie certifik\u00e1t\u016f pro \u010cR i zahrani\u010d\u00ed lze nahl\u00e9dnout na stran\u011b certifik\u00e1ty\u00a0<br \/>DIN 8077\/8078\u00a0\u00a0<br \/>DIN 16 962 1 &#8211; 13\u00a0\u00a0<br \/>prEN 12 202\u00a0<br \/>ISO 3212 a ISO 7279 a souvisej\u00edc\u00ed\u00a0\u00a0<br \/>Podnikov\u00e1 norma PN 01 &#8211; prvky pro tlakov\u00e1 potrub\u00ed z kopolymeru polypropylenu<\/p>\n<p style=\"color: #000000; text-transform: none; text-indent: 0px; letter-spacing: normal; padding-top: 0px; font-family: Arial, Verdana, Tahoma; font-size: 14px; font-style: normal; font-weight: 400; margin-top: 0px; word-spacing: 0px; white-space: normal; orphans: 2; widows: 2; background-color: #ffffff; font-variant-ligatures: normal; font-variant-caps: normal; -webkit-text-stroke-width: 0px; text-decoration-style: initial; text-decoration-color: initial;\"><strong>Technick\u00e9 specifikace:<\/strong><br \/>Materi\u00e1l &#8211; statistick\u00fd kopolymer polypropylenu (Random &#8211; kopolymer) pro zpracov\u00e1n\u00ed vst\u0159ikov\u00e1n\u00edm a vytla\u010dov\u00e1n\u00edm s vynikaj\u00edc\u00ed sva\u0159itelnost\u00ed, u kombinovan\u00fdch tvarovek poniklovan\u00e1 mosaz\u00a0<br \/>Technologie v\u00fdroby &#8211; trubky vytla\u010dov\u00e1n\u00edm (extruze), tvarovky vst\u0159ikov\u00e1n\u00edm &#8211; popis tvaru &#8211; trubky v ty\u010d\u00edch nebo kotou\u010d\u00edch\u00a0<br \/>Kompletace &#8211; skladba v\u00fdrobk\u016f pokr\u00fdv\u00e1 pot\u0159eby potrub\u00ed vnit\u0159n\u00edch vodovod\u016f a potrubn\u00ed trasy vyt\u00e1p\u011bn\u00ed; sortiment podrobn\u011b v kapitole katalog\u00a0<br \/>P\u0159echod na jin\u00fd materi\u00e1l potrub\u00ed &#8211; realizuje se mechanick\u00fdmi z\u00e1vitov\u00fdmi spoji (tj. kombinovan\u00fdmi p\u0159echodkami) nebo p\u0159\u00edrubov\u00fdm spojem\u00a0<br \/>Spojov\u00e1n\u00ed &#8211; standardn\u011b polyf\u00fazn\u00edm sva\u0159ov\u00e1n\u00edm, p\u0159\u00edp. elektrotvarovkou, trubky v\u011bt\u0161\u00edch pr\u016fm\u011br\u016f sva\u0159ov\u00e1n\u00edm na tupo.<\/p>\n<p style=\"color: #000000; text-transform: none; text-indent: 0px; letter-spacing: normal; padding-top: 0px; font-family: Arial, Verdana, Tahoma; font-size: 14px; font-style: normal; font-weight: 400; margin-top: 0px; word-spacing: 0px; white-space: normal; orphans: 2; widows: 2; background-color: #ffffff; font-variant-ligatures: normal; font-variant-caps: normal; -webkit-text-stroke-width: 0px; text-decoration-style: initial; text-decoration-color: initial;\"><strong>Technick\u00e9 \u00fadaje:<\/strong><br \/>Rozm\u011bry &#8211; vn\u011bj\u0161\u00ed pr\u016fm\u011br potrub\u00ed &#8211; 16, 20, 25, 32, 40, 50, 63, 75, 90 a 110 mm<br \/>Tlakov\u00e9 \u0159ady PN 10, PN 16 a PN 20<\/p>\n<p style=\"color: #000000; text-transform: none; text-indent: 0px; letter-spacing: normal; padding-top: 0px; font-family: Arial, Verdana, Tahoma; font-size: 14px; font-style: normal; font-weight: 400; margin-top: 0px; word-spacing: 0px; white-space: normal; orphans: 2; widows: 2; background-color: #ffffff; font-variant-ligatures: normal; font-variant-caps: normal; -webkit-text-stroke-width: 0px; text-decoration-style: initial; text-decoration-color: initial;\"><strong>Fyzik\u00e1ln\u00ed \u00fadaje:<\/strong><br \/>Hmotnost &#8211; 0,9 kg\/m3\u00a0<br \/>Koeficient tepeln\u00e9 rozta\u017enosti\u00a00,12mm\/mK\u00a0<br \/>Kombinace teplotn\u00edho a tlakov\u00e9ho zat\u00ed\u017een\u00ed dle pevnostn\u00edch k\u0159ivek v mont\u00e1\u017en\u00edm p\u0159edpisu<br \/>Tepeln\u00e1 vodivost 0,22 W\/mK, po\u017e\u00e1rn\u00ed klasifikace &#8211; t\u0159\u00edda C3\u00a0<br \/>Odolnost proti chemik\u00e1li\u00edm &#8211; potrubn\u00ed syst\u00e9m z PPR je ur\u010den p\u0159edev\u0161\u00edm pro dopravu vody (pitn\u00e9 studen\u00e9, tepl\u00e9 u\u017eitkov\u00e9, z\u00e1vlahov\u00e9 atd.) &#8211; je mo\u017en\u00e9 je pou\u017e\u00edt i pro dopravu jin\u00fdch medi\u00ed, p\u0159i\u010dem\u017e konkr\u00e9tn\u00ed pou\u017eit\u00ed se \u0159\u00edd\u00ed normou DIN 8078 Bb 1 &#8211; mo\u017eno konzultovat u v\u00fdrobce<\/p>\n<p style=\"color: #000000; text-transform: none; text-indent: 0px; letter-spacing: normal; padding-top: 0px; font-family: Arial, Verdana, Tahoma; font-size: 14px; font-style: normal; font-weight: 400; margin-top: 0px; word-spacing: 0px; white-space: normal; orphans: 2; widows: 2; background-color: #ffffff; font-variant-ligatures: normal; font-variant-caps: normal; -webkit-text-stroke-width: 0px; text-decoration-style: initial; text-decoration-color: initial;\"><strong>Stavebn\u00ed realizace &#8211; veden\u00ed potrub\u00ed:<\/strong>\u00a0<br \/>&#8211; voln\u011b ve \u017elabech\u00a0\u00a0<br \/>&#8211; na konzol\u00e1ch\u00a0\u00a0<br \/>&#8211; v plastov\u00fdch nebo kovov\u00fdch obj\u00edmk\u00e1ch\u00a0\u00a0<br \/>&#8211; ve voln\u00fdch dr\u00e1\u017ek\u00e1ch ve zdivu\u00a0\u00a0<br \/>&#8211; pod\u00e9l stavebn\u00ed konstrukce v krytech\u00a0\u00a0<br \/>&#8211; v podlaze\u00a0\u00a0<br \/>\u00a0<br \/><span style=\"color: #ff0000;\"><strong>Nutnou podm\u00ednkou je respektov\u00e1n\u00ed mont\u00e1\u017en\u00edho p\u0159edpisu!\u00a0\u00a0<\/strong>\u00a0<\/span><br \/>Nedoporu\u010duje se sva\u0159ovat s jin\u00fdm plastov\u00fdm syst\u00e9mem.<br \/>Doporu\u010den\u00e1 izolace p\u011bn\u011bn\u00fdm polyetyl\u00e9nem, polyuretanem, polystyrenem.<\/p>\n<p style=\"color: #000000; text-transform: none; text-indent: 0px; letter-spacing: normal; padding-top: 0px; padding-bottom: 0px; font-family: Arial, Verdana, Tahoma; font-size: 14px; font-style: normal; font-weight: 400; margin-top: 0px; margin-bottom: 0px; word-spacing: 0px; white-space: normal; orphans: 2; widows: 2; background-color: #ffffff; font-variant-ligatures: normal; font-variant-caps: normal; -webkit-text-stroke-width: 0px; text-decoration-style: initial; text-decoration-color: initial;\">Tlak do 20 bar<\/p>\n<p><\/dc-con><\/dc-con><\/div>\n<\/p><\/div>\n<div id=\"PDTable3\" class=\"ProductDetailTableView v3a v3 bs-view dcon dc185 PDTable3\" >\n<table>\n<thead><\/thead>\n<tbody>\n<tr class=\"attribute attr_typ\">\n<td class=\"caption\">Typ<\/td>\n<td class=\"value\">P\u0159echody<\/td>\n<\/tr>\n<tr class=\"attribute attr_dimenzemm\">\n<td class=\"caption\">Dimenze v mm<\/td>\n<td class=\"value\">32 &#8211; 1&#8243;<\/td>\n<\/tr>\n<tr class=\"attribute attr_material\">\n<td class=\"caption\">Materi\u00e1l<\/td>\n<td class=\"value\">Fitinky &#8211; PPR plastov\u00e9<\/td>\n<\/tr>\n<tr class=\"attribute attr_bsshop_maker\">\n<td class=\"caption\">V\u00fdrobce<\/td>\n<td class=\"value\">PIPE-LIFE<\/td>\n<\/tr>\n<tr class=\"attribute attr_zavit\">\n<td class=\"caption\">Z\u00e1vit<\/td>\n<td class=\"value\">Vn\u011bj\u0161\u00ed z\u00e1vit<\/td>\n<\/tr>\n<tr class=\"weight\">\n<td class=\"caption\"><span>Hmotnost<\/span><\/td>\n<td class=\"value\"><span>0,21 kg<\/span><\/td>\n<\/tr>\n<\/tbody>\n<\/table>\n<\/div>\n<div id=\"PdProductGpsr\" class=\"ProductGpsrView v1a v1 bs-view dcon dc217 PdProductGpsr\" >\n<div class=\"subject\"><dc-root class=\"dcon dc219\"><span class=\"title\">Zodpov\u011bdn&#253; subjekt:<\/span><dc-con><dc-con><span class=\"company\">Pipelife Czech s.r.o.<\/span><span class=\"name\">Pipelife<\/span><\/dc-con><dc-con><span class=\"street\">Ku\u010dovaniny 1778<\/span><span class=\"city\">Otrokovice 2<\/span><span class=\"zip\">765 02<\/span><span class=\"country\">\u010cesko<\/span><\/dc-con><span class=\"email\">pipelife@pipelife.cz<\/span><span class=\"phone\">577 111 213<\/span><bs-empty><\/bs-empty><a href=\"https:\/\/www.pipelife.cz\/o_nas\/Kontakty.html\" class=\"link\" target=\"_blank\">https:\/\/www.pipelife.cz\/o_nas\/Kontakty.html<\/a><\/dc-con><bs-empty><\/bs-empty><\/dc-root><\/div>\n<p><bs-empty><\/bs-empty><\/div>\n<\/div>\n<div id=\"e885417\" class=\"tabs\">\n","protected":false},"excerpt":{"rendered":"<p>PPR p\u0159echod se \u0161rouben\u00edm 32&#215;1&#8243; Vyr\u00e1b\u011bn\u00fd sortiment:Tvarovky &#8211; celoplastov\u00e9 (shodn\u011b pro v\u0161echny tlakov\u00e9 \u0159ady v PN 20)\u00a0\u00a0\u00a0\u00a0\u00a0\u00a0\u00a0\u00a0 \u00a0\u00a0\u00a0\u00a0\u00a0\u00a0 &#8211; kombinovan\u00e9 (plast + poniklovan\u00e1 mosaz &#8211; PN 20) Deklarovan\u00e9 pou\u017eit\u00ed:Pro dopravu studen\u00e9 a tepl\u00e9 vody, podlahov\u00e9ho a \u00fast\u0159edn\u00ed vyt\u00e1p\u011bn\u00ed, doprava vzduchu &#8211; provozn\u00ed podm\u00ednky naleznete v sekci mont\u00e1\u017en\u00ed p\u0159edpis Osv\u011bd\u010den\u00ed, certifik\u00e1ty a normy pro v\u00fdrobu:Na kopie [&hellip;]<\/p>\n","protected":false},"featured_media":56413,"comment_status":"open","ping_status":"open","template":"","meta":[],"product_brand":[],"product_cat":[92],"product_tag":[],"class_list":{"0":"post-56313","1":"product","2":"type-product","3":"status-publish","4":"has-post-thumbnail","6":"product_cat-tvarovky-fitinky","8":"first","9":"instock","10":"sale","11":"shipping-taxable","12":"purchasable","13":"product-type-simple"},"yoast_head":"<!-- This site is optimized with the Yoast SEO plugin v26.8 - https:\/\/yoast.com\/product\/yoast-seo-wordpress\/ -->\n<title>PPR p\u0159echod se \u0161rouben\u00edm 32x1&quot; P\u0159\u00edmo Od V\u00fdrobce -<\/title>\n<meta name=\"robots\" content=\"index, follow, max-snippet:-1, max-image-preview:large, max-video-preview:-1\" \/>\n<link rel=\"canonical\" href=\"https:\/\/www.technodompro.com\/index.php\/produkt\/ppr-prechod-se-sroubenim-32x1-quot-primo-od-vyrobce-56313\/\" \/>\n<meta property=\"og:locale\" content=\"cs_CZ\" \/>\n<meta property=\"og:type\" content=\"article\" \/>\n<meta property=\"og:title\" content=\"PPR p\u0159echod se \u0161rouben\u00edm 32x1&quot; P\u0159\u00edmo Od V\u00fdrobce -\" \/>\n<meta property=\"og:description\" content=\"PPR p\u0159echod se \u0161rouben\u00edm 32&#215;1&#8243; Vyr\u00e1b\u011bn\u00fd sortiment:Tvarovky &#8211; celoplastov\u00e9 (shodn\u011b pro v\u0161echny tlakov\u00e9 \u0159ady v PN 20)\u00a0\u00a0\u00a0\u00a0\u00a0\u00a0\u00a0\u00a0 \u00a0\u00a0\u00a0\u00a0\u00a0\u00a0 &#8211; kombinovan\u00e9 (plast + poniklovan\u00e1 mosaz &#8211; PN 20) Deklarovan\u00e9 pou\u017eit\u00ed:Pro dopravu studen\u00e9 a tepl\u00e9 vody, podlahov\u00e9ho a \u00fast\u0159edn\u00ed vyt\u00e1p\u011bn\u00ed, doprava vzduchu &#8211; provozn\u00ed podm\u00ednky naleznete v sekci mont\u00e1\u017en\u00ed p\u0159edpis Osv\u011bd\u010den\u00ed, certifik\u00e1ty a normy pro v\u00fdrobu:Na kopie [&hellip;]\" \/>\n<meta property=\"og:url\" content=\"https:\/\/www.technodompro.com\/index.php\/produkt\/ppr-prechod-se-sroubenim-32x1-quot-primo-od-vyrobce-56313\/\" \/>\n<meta property=\"og:image\" content=\"https:\/\/www.technodompro.com\/wp-content\/uploads\/2026\/SK0013729-CZ20260425-093449-0-1777080895-ppr-prechod-se-sroubenim-32x1.webp\" \/>\n\t<meta property=\"og:image:width\" content=\"1000\" \/>\n\t<meta property=\"og:image:height\" content=\"525\" \/>\n\t<meta property=\"og:image:type\" content=\"image\/webp\" \/>\n<meta name=\"twitter:card\" content=\"summary_large_image\" \/>\n<meta name=\"twitter:label1\" content=\"Odhadovan\u00e1 doba \u010dten\u00ed\" \/>\n\t<meta name=\"twitter:data1\" content=\"2 minuty\" \/>\n<script type=\"application\/ld+json\" class=\"yoast-schema-graph\">{\"@context\":\"https:\/\/schema.org\",\"@graph\":[{\"@type\":\"WebPage\",\"@id\":\"https:\/\/www.technodompro.com\/index.php\/produkt\/ppr-prechod-se-sroubenim-32x1-quot-primo-od-vyrobce-56313\/\",\"url\":\"https:\/\/www.technodompro.com\/index.php\/produkt\/ppr-prechod-se-sroubenim-32x1-quot-primo-od-vyrobce-56313\/\",\"name\":\"PPR p\u0159echod se \u0161rouben\u00edm 32x1&quot; P\u0159\u00edmo Od V\u00fdrobce -\",\"isPartOf\":{\"@id\":\"https:\/\/www.technodompro.com\/#website\"},\"primaryImageOfPage\":{\"@id\":\"https:\/\/www.technodompro.com\/index.php\/produkt\/ppr-prechod-se-sroubenim-32x1-quot-primo-od-vyrobce-56313\/#primaryimage\"},\"image\":{\"@id\":\"https:\/\/www.technodompro.com\/index.php\/produkt\/ppr-prechod-se-sroubenim-32x1-quot-primo-od-vyrobce-56313\/#primaryimage\"},\"thumbnailUrl\":\"https:\/\/www.technodompro.com\/wp-content\/uploads\/2026\/SK0013729-CZ20260425-093449-0-1777080895-ppr-prechod-se-sroubenim-32x1.webp\",\"datePublished\":\"2026-04-27T04:43:03+00:00\",\"breadcrumb\":{\"@id\":\"https:\/\/www.technodompro.com\/index.php\/produkt\/ppr-prechod-se-sroubenim-32x1-quot-primo-od-vyrobce-56313\/#breadcrumb\"},\"inLanguage\":\"cs\",\"potentialAction\":[{\"@type\":\"ReadAction\",\"target\":[\"https:\/\/www.technodompro.com\/index.php\/produkt\/ppr-prechod-se-sroubenim-32x1-quot-primo-od-vyrobce-56313\/\"]}]},{\"@type\":\"ImageObject\",\"inLanguage\":\"cs\",\"@id\":\"https:\/\/www.technodompro.com\/index.php\/produkt\/ppr-prechod-se-sroubenim-32x1-quot-primo-od-vyrobce-56313\/#primaryimage\",\"url\":\"https:\/\/www.technodompro.com\/wp-content\/uploads\/2026\/SK0013729-CZ20260425-093449-0-1777080895-ppr-prechod-se-sroubenim-32x1.webp\",\"contentUrl\":\"https:\/\/www.technodompro.com\/wp-content\/uploads\/2026\/SK0013729-CZ20260425-093449-0-1777080895-ppr-prechod-se-sroubenim-32x1.webp\",\"width\":1000,\"height\":525},{\"@type\":\"BreadcrumbList\",\"@id\":\"https:\/\/www.technodompro.com\/index.php\/produkt\/ppr-prechod-se-sroubenim-32x1-quot-primo-od-vyrobce-56313\/#breadcrumb\",\"itemListElement\":[{\"@type\":\"ListItem\",\"position\":1,\"name\":\"Home\",\"item\":\"https:\/\/www.technodompro.com\/\"},{\"@type\":\"ListItem\",\"position\":2,\"name\":\"Products\",\"item\":\"https:\/\/www.technodompro.com\/index.php\/products\/\"},{\"@type\":\"ListItem\",\"position\":3,\"name\":\"PPR p\u0159echod se \u0161rouben\u00edm 32&#215;1&quot; P\u0159\u00edmo Od V\u00fdrobce\"}]},{\"@type\":\"WebSite\",\"@id\":\"https:\/\/www.technodompro.com\/#website\",\"url\":\"https:\/\/www.technodompro.com\/\",\"name\":\"\",\"description\":\"\",\"potentialAction\":[{\"@type\":\"SearchAction\",\"target\":{\"@type\":\"EntryPoint\",\"urlTemplate\":\"https:\/\/www.technodompro.com\/?s={search_term_string}\"},\"query-input\":{\"@type\":\"PropertyValueSpecification\",\"valueRequired\":true,\"valueName\":\"search_term_string\"}}],\"inLanguage\":\"cs\"}]}<\/script>\n<!-- \/ Yoast SEO plugin. -->","yoast_head_json":{"title":"PPR p\u0159echod se \u0161rouben\u00edm 32x1&quot; P\u0159\u00edmo Od V\u00fdrobce -","robots":{"index":"index","follow":"follow","max-snippet":"max-snippet:-1","max-image-preview":"max-image-preview:large","max-video-preview":"max-video-preview:-1"},"canonical":"https:\/\/www.technodompro.com\/index.php\/produkt\/ppr-prechod-se-sroubenim-32x1-quot-primo-od-vyrobce-56313\/","og_locale":"cs_CZ","og_type":"article","og_title":"PPR p\u0159echod se \u0161rouben\u00edm 32x1&quot; P\u0159\u00edmo Od V\u00fdrobce -","og_description":"PPR p\u0159echod se \u0161rouben\u00edm 32&#215;1&#8243; Vyr\u00e1b\u011bn\u00fd sortiment:Tvarovky &#8211; celoplastov\u00e9 (shodn\u011b pro v\u0161echny tlakov\u00e9 \u0159ady v PN 20)\u00a0\u00a0\u00a0\u00a0\u00a0\u00a0\u00a0\u00a0 \u00a0\u00a0\u00a0\u00a0\u00a0\u00a0 &#8211; kombinovan\u00e9 (plast + poniklovan\u00e1 mosaz &#8211; PN 20) Deklarovan\u00e9 pou\u017eit\u00ed:Pro dopravu studen\u00e9 a tepl\u00e9 vody, podlahov\u00e9ho a \u00fast\u0159edn\u00ed vyt\u00e1p\u011bn\u00ed, doprava vzduchu &#8211; provozn\u00ed podm\u00ednky naleznete v sekci mont\u00e1\u017en\u00ed p\u0159edpis Osv\u011bd\u010den\u00ed, certifik\u00e1ty a normy pro v\u00fdrobu:Na kopie [&hellip;]","og_url":"https:\/\/www.technodompro.com\/index.php\/produkt\/ppr-prechod-se-sroubenim-32x1-quot-primo-od-vyrobce-56313\/","og_image":[{"width":1000,"height":525,"url":"https:\/\/www.technodompro.com\/wp-content\/uploads\/2026\/SK0013729-CZ20260425-093449-0-1777080895-ppr-prechod-se-sroubenim-32x1.webp","type":"image\/webp"}],"twitter_card":"summary_large_image","twitter_misc":{"Odhadovan\u00e1 doba \u010dten\u00ed":"2 minuty"},"schema":{"@context":"https:\/\/schema.org","@graph":[{"@type":"WebPage","@id":"https:\/\/www.technodompro.com\/index.php\/produkt\/ppr-prechod-se-sroubenim-32x1-quot-primo-od-vyrobce-56313\/","url":"https:\/\/www.technodompro.com\/index.php\/produkt\/ppr-prechod-se-sroubenim-32x1-quot-primo-od-vyrobce-56313\/","name":"PPR p\u0159echod se \u0161rouben\u00edm 32x1&quot; P\u0159\u00edmo Od V\u00fdrobce -","isPartOf":{"@id":"https:\/\/www.technodompro.com\/#website"},"primaryImageOfPage":{"@id":"https:\/\/www.technodompro.com\/index.php\/produkt\/ppr-prechod-se-sroubenim-32x1-quot-primo-od-vyrobce-56313\/#primaryimage"},"image":{"@id":"https:\/\/www.technodompro.com\/index.php\/produkt\/ppr-prechod-se-sroubenim-32x1-quot-primo-od-vyrobce-56313\/#primaryimage"},"thumbnailUrl":"https:\/\/www.technodompro.com\/wp-content\/uploads\/2026\/SK0013729-CZ20260425-093449-0-1777080895-ppr-prechod-se-sroubenim-32x1.webp","datePublished":"2026-04-27T04:43:03+00:00","breadcrumb":{"@id":"https:\/\/www.technodompro.com\/index.php\/produkt\/ppr-prechod-se-sroubenim-32x1-quot-primo-od-vyrobce-56313\/#breadcrumb"},"inLanguage":"cs","potentialAction":[{"@type":"ReadAction","target":["https:\/\/www.technodompro.com\/index.php\/produkt\/ppr-prechod-se-sroubenim-32x1-quot-primo-od-vyrobce-56313\/"]}]},{"@type":"ImageObject","inLanguage":"cs","@id":"https:\/\/www.technodompro.com\/index.php\/produkt\/ppr-prechod-se-sroubenim-32x1-quot-primo-od-vyrobce-56313\/#primaryimage","url":"https:\/\/www.technodompro.com\/wp-content\/uploads\/2026\/SK0013729-CZ20260425-093449-0-1777080895-ppr-prechod-se-sroubenim-32x1.webp","contentUrl":"https:\/\/www.technodompro.com\/wp-content\/uploads\/2026\/SK0013729-CZ20260425-093449-0-1777080895-ppr-prechod-se-sroubenim-32x1.webp","width":1000,"height":525},{"@type":"BreadcrumbList","@id":"https:\/\/www.technodompro.com\/index.php\/produkt\/ppr-prechod-se-sroubenim-32x1-quot-primo-od-vyrobce-56313\/#breadcrumb","itemListElement":[{"@type":"ListItem","position":1,"name":"Home","item":"https:\/\/www.technodompro.com\/"},{"@type":"ListItem","position":2,"name":"Products","item":"https:\/\/www.technodompro.com\/index.php\/products\/"},{"@type":"ListItem","position":3,"name":"PPR p\u0159echod se \u0161rouben\u00edm 32&#215;1&quot; P\u0159\u00edmo Od V\u00fdrobce"}]},{"@type":"WebSite","@id":"https:\/\/www.technodompro.com\/#website","url":"https:\/\/www.technodompro.com\/","name":"","description":"","potentialAction":[{"@type":"SearchAction","target":{"@type":"EntryPoint","urlTemplate":"https:\/\/www.technodompro.com\/?s={search_term_string}"},"query-input":{"@type":"PropertyValueSpecification","valueRequired":true,"valueName":"search_term_string"}}],"inLanguage":"cs"}]}},"_links":{"self":[{"href":"https:\/\/www.technodompro.com\/index.php\/wp-json\/wp\/v2\/product\/56313","targetHints":{"allow":["GET"]}}],"collection":[{"href":"https:\/\/www.technodompro.com\/index.php\/wp-json\/wp\/v2\/product"}],"about":[{"href":"https:\/\/www.technodompro.com\/index.php\/wp-json\/wp\/v2\/types\/product"}],"replies":[{"embeddable":true,"href":"https:\/\/www.technodompro.com\/index.php\/wp-json\/wp\/v2\/comments?post=56313"}],"wp:featuredmedia":[{"embeddable":true,"href":"https:\/\/www.technodompro.com\/index.php\/wp-json\/wp\/v2\/media\/56413"}],"wp:attachment":[{"href":"https:\/\/www.technodompro.com\/index.php\/wp-json\/wp\/v2\/media?parent=56313"}],"wp:term":[{"taxonomy":"product_brand","embeddable":true,"href":"https:\/\/www.technodompro.com\/index.php\/wp-json\/wp\/v2\/product_brand?post=56313"},{"taxonomy":"product_cat","embeddable":true,"href":"https:\/\/www.technodompro.com\/index.php\/wp-json\/wp\/v2\/product_cat?post=56313"},{"taxonomy":"product_tag","embeddable":true,"href":"https:\/\/www.technodompro.com\/index.php\/wp-json\/wp\/v2\/product_tag?post=56313"}],"curies":[{"name":"wp","href":"https:\/\/api.w.org\/{rel}","templated":true}]}}