{"id":5733,"date":"2026-04-27T04:40:42","date_gmt":"2026-04-27T04:40:42","guid":{"rendered":""},"modified":"2026-04-27T04:40:42","modified_gmt":"2026-04-27T04:40:42","slug":"znackovy-keter-zahradni-kreslo-california-chair-2ks-83-x-68-x-72-cm-hneda-kremova-5733","status":"publish","type":"product","link":"https:\/\/www.technodompro.com\/index.php\/produkt\/znackovy-keter-zahradni-kreslo-california-chair-2ks-83-x-68-x-72-cm-hneda-kremova-5733\/","title":{"rendered":"Zna\u010dkov\u00fd Keter Zahradn\u00ed k\u0159eslo  California Chair 2ks &#8211; 83 x 68 x 72 cm &#8211; hn\u011bd\u00e1 \/ kr\u00e9mov\u00e1"},"content":{"rendered":"<div class=\"detail-description__right\">\t\t\t\t<\/div>\n<div class=\"detail-description__top\">\t\t\t\t<\/div>\n<div class=\"detail-description__left\">\n<div class=\"detail-description__left__overflow\">\n<div class=\"detail-description__left__head\">\t\t\t\t\t\tPopis:\t\t\t\t\t<\/div>\n<div class=\"ul-style ul-style--check\">\n<p><strong>Zahradn\u00ed k\u0159eslo KETER California Chair 2ks hn\u011bd\u00e1\/\u00a0b\u00e9\u017eov\u00e1<\/strong><\/p>\n<p>Set dvou zahradn\u00edch k\u0159es\u00edlek KETER California Chair v\u00a0hn\u011bd\u00e9 barv\u011bs\u00a0pohodln\u00fdmi podu\u0161kami v\u00a0lad\u00edc\u00ed barv\u011b poskytnou nev\u0161edn\u00ed posezen\u00ed najak\u00e9koliv zahrad\u011b \u010di terase. Jejich atraktivn\u00ed design, kter\u00fd imituje vzhledp\u0159\u00edrodn\u00edho ratanu, se skv\u011ble hod\u00ed do jak\u00e9hokoliv prost\u0159ed\u00ed. Jejichpevn\u00e1 kontrukce je odoln\u00e1 v\u016f\u010di vliv\u016fm nep\u0159\u00edzniv\u00e9ho po\u010das\u00ed i\u00a0UVz\u00e1\u0159en\u00ed a vydr\u017e\u00ed zat\u00ed\u017een\u00ed venkovn\u00edho provozu, tak\u017ee k\u0159esla lzeponechat bez obav venku. \u0160irok\u00e9 podru\u010dky dod\u00e1vaj\u00ed extra komfort.\u00a0<\/p>\n<p><strong>Vlastnosti:<\/strong><\/p>\n<ul class=\"plusminus\">\n<li><i class=\"fas fa-check\"><\/i><span>Imitace p\u0159\u00edrodn\u00edho ratanov\u00e9ho pletiva<\/span><\/li>\n<li><i class=\"fas fa-check\"><\/i><span>Vypad\u00e1 dob\u0159e v\u00a0kombinaci s\u00a0dal\u0161\u00edm zahradn\u00edm n\u00e1bytkem (nap\u0159.\tCalifornia\u00a0Sofa)<\/span><\/li>\n<li><i class=\"fas fa-check\"><\/i><span>\u0160irok\u00e9 podru\u010dky pro je\u0161t\u011b v\u011bt\u0161\u00ed komfort<\/span><\/li>\n<li><i class=\"fas fa-check\"><\/i><span>N\u00edzk\u00e1 hmotnost zaru\u010duje snadnou manipulaci<\/span><\/li>\n<li><i class=\"fas fa-check\"><\/i><span>Konstrukce z\u00a0um\u011bl\u00e9 prysky\u0159ice vynik\u00e1 odolnost\u00ed v\u016f\u010di\u00a0vliv\u016fm\tpo\u010das\u00ed i\u00a0UV\u00a0z\u00e1\u0159en\u00ed<\/span><\/li>\n<li><i class=\"fas fa-check\"><\/i><span>Pohodln\u00e9 podu\u0161ky a z\u00e1dov\u00e1 op\u011brka v\u00a0barv\u011b, kter\u00e1 lad\u00ed\ts\u00a0konstrukc\u00ed<\/span><\/li>\n<\/ul>\n<p><strong>Rozm\u011bry:<\/strong><\/p>\n<ul class=\"plusminus\">\n<li><i class=\"fas fa-check\"><\/i><span>V\u00fd\u0161ka: 68\u00a0cm<\/span><\/li>\n<li><i class=\"fas fa-check\"><\/i><span>\u0160\u00ed\u0159ka: 83\u00a0cm<\/span><\/li>\n<li><i class=\"fas fa-check\"><\/i><span>Hloubka: 72\u00a0cm<\/span><\/li>\n<\/ul>\n<p><strong>Rozm\u011bry balen\u00ed: <\/strong>120\u00a0\u00d7\u00a070\u00a0\u00d7\u00a051 cm<\/p>\n<\/div>\n<div class=\"detail-description__left__more\">\t\t\t\t\t\t<span> <\/span><span> <\/span>\t\t\t\t\t<\/div>\n<\/p><\/div>\n<\/p><\/div>\n<div class=\"detail-description__more\"><span> <\/span><span> <\/span><\/div>\n<\/p><\/div>\n<\/p><\/div>\n","protected":false},"excerpt":{"rendered":"<p>Popis: Zahradn\u00ed k\u0159eslo KETER California Chair 2ks hn\u011bd\u00e1\/\u00a0b\u00e9\u017eov\u00e1 Set dvou zahradn\u00edch k\u0159es\u00edlek KETER California Chair v\u00a0hn\u011bd\u00e9 barv\u011bs\u00a0pohodln\u00fdmi podu\u0161kami v\u00a0lad\u00edc\u00ed barv\u011b poskytnou nev\u0161edn\u00ed posezen\u00ed najak\u00e9koliv zahrad\u011b \u010di terase. Jejich atraktivn\u00ed design, kter\u00fd imituje vzhledp\u0159\u00edrodn\u00edho ratanu, se skv\u011ble hod\u00ed do jak\u00e9hokoliv prost\u0159ed\u00ed. Jejichpevn\u00e1 kontrukce je odoln\u00e1 v\u016f\u010di vliv\u016fm nep\u0159\u00edzniv\u00e9ho po\u010das\u00ed i\u00a0UVz\u00e1\u0159en\u00ed a vydr\u017e\u00ed zat\u00ed\u017een\u00ed venkovn\u00edho provozu, tak\u017ee [&hellip;]<\/p>\n","protected":false},"featured_media":5833,"comment_status":"open","ping_status":"open","template":"","meta":[],"product_brand":[],"product_cat":[36],"product_tag":[],"class_list":{"0":"post-5733","1":"product","2":"type-product","3":"status-publish","4":"has-post-thumbnail","6":"product_cat-zahrada","8":"first","9":"instock","10":"sale","11":"shipping-taxable","12":"purchasable","13":"product-type-simple"},"yoast_head":"<!-- This site is optimized with the Yoast SEO plugin v26.8 - https:\/\/yoast.com\/product\/yoast-seo-wordpress\/ -->\n<title>Zna\u010dkov\u00fd Keter Zahradn\u00ed k\u0159eslo California Chair 2ks - 83 x 68 x 72 cm - hn\u011bd\u00e1 \/ kr\u00e9mov\u00e1 -<\/title>\n<meta name=\"robots\" content=\"index, follow, max-snippet:-1, max-image-preview:large, max-video-preview:-1\" \/>\n<link rel=\"canonical\" href=\"https:\/\/www.technodompro.com\/index.php\/produkt\/znackovy-keter-zahradni-kreslo-california-chair-2ks-83-x-68-x-72-cm-hneda-kremova-5733\/\" \/>\n<meta property=\"og:locale\" content=\"cs_CZ\" \/>\n<meta property=\"og:type\" content=\"article\" \/>\n<meta property=\"og:title\" content=\"Zna\u010dkov\u00fd Keter Zahradn\u00ed k\u0159eslo California Chair 2ks - 83 x 68 x 72 cm - hn\u011bd\u00e1 \/ kr\u00e9mov\u00e1 -\" \/>\n<meta property=\"og:description\" content=\"Popis: Zahradn\u00ed k\u0159eslo KETER California Chair 2ks hn\u011bd\u00e1\/\u00a0b\u00e9\u017eov\u00e1 Set dvou zahradn\u00edch k\u0159es\u00edlek KETER California Chair v\u00a0hn\u011bd\u00e9 barv\u011bs\u00a0pohodln\u00fdmi podu\u0161kami v\u00a0lad\u00edc\u00ed barv\u011b poskytnou nev\u0161edn\u00ed posezen\u00ed najak\u00e9koliv zahrad\u011b \u010di terase. Jejich atraktivn\u00ed design, kter\u00fd imituje vzhledp\u0159\u00edrodn\u00edho ratanu, se skv\u011ble hod\u00ed do jak\u00e9hokoliv prost\u0159ed\u00ed. Jejichpevn\u00e1 kontrukce je odoln\u00e1 v\u016f\u010di vliv\u016fm nep\u0159\u00edzniv\u00e9ho po\u010das\u00ed i\u00a0UVz\u00e1\u0159en\u00ed a vydr\u017e\u00ed zat\u00ed\u017een\u00ed venkovn\u00edho provozu, tak\u017ee [&hellip;]\" \/>\n<meta property=\"og:url\" content=\"https:\/\/www.technodompro.com\/index.php\/produkt\/znackovy-keter-zahradni-kreslo-california-chair-2ks-83-x-68-x-72-cm-hneda-kremova-5733\/\" \/>\n<meta property=\"og:image\" content=\"https:\/\/www.technodompro.com\/wp-content\/uploads\/2026\/SK0018618-CZ20260425-091936-0-1777079982-keter-zahradni-kreslo-california-chair-2ks-83-x-68-x-72-cm-.webp\" \/>\n\t<meta property=\"og:image:width\" content=\"1000\" \/>\n\t<meta property=\"og:image:height\" content=\"523\" \/>\n\t<meta property=\"og:image:type\" content=\"image\/webp\" \/>\n<meta name=\"twitter:card\" content=\"summary_large_image\" \/>\n<meta name=\"twitter:label1\" content=\"Odhadovan\u00e1 doba \u010dten\u00ed\" \/>\n\t<meta name=\"twitter:data1\" content=\"1 minuta\" \/>\n<script type=\"application\/ld+json\" class=\"yoast-schema-graph\">{\"@context\":\"https:\/\/schema.org\",\"@graph\":[{\"@type\":\"WebPage\",\"@id\":\"https:\/\/www.technodompro.com\/index.php\/produkt\/znackovy-keter-zahradni-kreslo-california-chair-2ks-83-x-68-x-72-cm-hneda-kremova-5733\/\",\"url\":\"https:\/\/www.technodompro.com\/index.php\/produkt\/znackovy-keter-zahradni-kreslo-california-chair-2ks-83-x-68-x-72-cm-hneda-kremova-5733\/\",\"name\":\"Zna\u010dkov\u00fd Keter Zahradn\u00ed k\u0159eslo California Chair 2ks - 83 x 68 x 72 cm - hn\u011bd\u00e1 \/ kr\u00e9mov\u00e1 -\",\"isPartOf\":{\"@id\":\"https:\/\/www.technodompro.com\/#website\"},\"primaryImageOfPage\":{\"@id\":\"https:\/\/www.technodompro.com\/index.php\/produkt\/znackovy-keter-zahradni-kreslo-california-chair-2ks-83-x-68-x-72-cm-hneda-kremova-5733\/#primaryimage\"},\"image\":{\"@id\":\"https:\/\/www.technodompro.com\/index.php\/produkt\/znackovy-keter-zahradni-kreslo-california-chair-2ks-83-x-68-x-72-cm-hneda-kremova-5733\/#primaryimage\"},\"thumbnailUrl\":\"https:\/\/www.technodompro.com\/wp-content\/uploads\/2026\/SK0018618-CZ20260425-091936-0-1777079982-keter-zahradni-kreslo-california-chair-2ks-83-x-68-x-72-cm-.webp\",\"datePublished\":\"2026-04-27T04:40:42+00:00\",\"breadcrumb\":{\"@id\":\"https:\/\/www.technodompro.com\/index.php\/produkt\/znackovy-keter-zahradni-kreslo-california-chair-2ks-83-x-68-x-72-cm-hneda-kremova-5733\/#breadcrumb\"},\"inLanguage\":\"cs\",\"potentialAction\":[{\"@type\":\"ReadAction\",\"target\":[\"https:\/\/www.technodompro.com\/index.php\/produkt\/znackovy-keter-zahradni-kreslo-california-chair-2ks-83-x-68-x-72-cm-hneda-kremova-5733\/\"]}]},{\"@type\":\"ImageObject\",\"inLanguage\":\"cs\",\"@id\":\"https:\/\/www.technodompro.com\/index.php\/produkt\/znackovy-keter-zahradni-kreslo-california-chair-2ks-83-x-68-x-72-cm-hneda-kremova-5733\/#primaryimage\",\"url\":\"https:\/\/www.technodompro.com\/wp-content\/uploads\/2026\/SK0018618-CZ20260425-091936-0-1777079982-keter-zahradni-kreslo-california-chair-2ks-83-x-68-x-72-cm-.webp\",\"contentUrl\":\"https:\/\/www.technodompro.com\/wp-content\/uploads\/2026\/SK0018618-CZ20260425-091936-0-1777079982-keter-zahradni-kreslo-california-chair-2ks-83-x-68-x-72-cm-.webp\",\"width\":1000,\"height\":523},{\"@type\":\"BreadcrumbList\",\"@id\":\"https:\/\/www.technodompro.com\/index.php\/produkt\/znackovy-keter-zahradni-kreslo-california-chair-2ks-83-x-68-x-72-cm-hneda-kremova-5733\/#breadcrumb\",\"itemListElement\":[{\"@type\":\"ListItem\",\"position\":1,\"name\":\"Home\",\"item\":\"https:\/\/www.technodompro.com\/\"},{\"@type\":\"ListItem\",\"position\":2,\"name\":\"Products\",\"item\":\"https:\/\/www.technodompro.com\/index.php\/products\/\"},{\"@type\":\"ListItem\",\"position\":3,\"name\":\"Zna\u010dkov\u00fd Keter Zahradn\u00ed k\u0159eslo California Chair 2ks &#8211; 83 x 68 x 72 cm &#8211; hn\u011bd\u00e1 \/ kr\u00e9mov\u00e1\"}]},{\"@type\":\"WebSite\",\"@id\":\"https:\/\/www.technodompro.com\/#website\",\"url\":\"https:\/\/www.technodompro.com\/\",\"name\":\"\",\"description\":\"\",\"potentialAction\":[{\"@type\":\"SearchAction\",\"target\":{\"@type\":\"EntryPoint\",\"urlTemplate\":\"https:\/\/www.technodompro.com\/?s={search_term_string}\"},\"query-input\":{\"@type\":\"PropertyValueSpecification\",\"valueRequired\":true,\"valueName\":\"search_term_string\"}}],\"inLanguage\":\"cs\"}]}<\/script>\n<!-- \/ Yoast SEO plugin. -->","yoast_head_json":{"title":"Zna\u010dkov\u00fd Keter Zahradn\u00ed k\u0159eslo California Chair 2ks - 83 x 68 x 72 cm - hn\u011bd\u00e1 \/ kr\u00e9mov\u00e1 -","robots":{"index":"index","follow":"follow","max-snippet":"max-snippet:-1","max-image-preview":"max-image-preview:large","max-video-preview":"max-video-preview:-1"},"canonical":"https:\/\/www.technodompro.com\/index.php\/produkt\/znackovy-keter-zahradni-kreslo-california-chair-2ks-83-x-68-x-72-cm-hneda-kremova-5733\/","og_locale":"cs_CZ","og_type":"article","og_title":"Zna\u010dkov\u00fd Keter Zahradn\u00ed k\u0159eslo California Chair 2ks - 83 x 68 x 72 cm - hn\u011bd\u00e1 \/ kr\u00e9mov\u00e1 -","og_description":"Popis: Zahradn\u00ed k\u0159eslo KETER California Chair 2ks hn\u011bd\u00e1\/\u00a0b\u00e9\u017eov\u00e1 Set dvou zahradn\u00edch k\u0159es\u00edlek KETER California Chair v\u00a0hn\u011bd\u00e9 barv\u011bs\u00a0pohodln\u00fdmi podu\u0161kami v\u00a0lad\u00edc\u00ed barv\u011b poskytnou nev\u0161edn\u00ed posezen\u00ed najak\u00e9koliv zahrad\u011b \u010di terase. Jejich atraktivn\u00ed design, kter\u00fd imituje vzhledp\u0159\u00edrodn\u00edho ratanu, se skv\u011ble hod\u00ed do jak\u00e9hokoliv prost\u0159ed\u00ed. Jejichpevn\u00e1 kontrukce je odoln\u00e1 v\u016f\u010di vliv\u016fm nep\u0159\u00edzniv\u00e9ho po\u010das\u00ed i\u00a0UVz\u00e1\u0159en\u00ed a vydr\u017e\u00ed zat\u00ed\u017een\u00ed venkovn\u00edho provozu, tak\u017ee [&hellip;]","og_url":"https:\/\/www.technodompro.com\/index.php\/produkt\/znackovy-keter-zahradni-kreslo-california-chair-2ks-83-x-68-x-72-cm-hneda-kremova-5733\/","og_image":[{"width":1000,"height":523,"url":"https:\/\/www.technodompro.com\/wp-content\/uploads\/2026\/SK0018618-CZ20260425-091936-0-1777079982-keter-zahradni-kreslo-california-chair-2ks-83-x-68-x-72-cm-.webp","type":"image\/webp"}],"twitter_card":"summary_large_image","twitter_misc":{"Odhadovan\u00e1 doba \u010dten\u00ed":"1 minuta"},"schema":{"@context":"https:\/\/schema.org","@graph":[{"@type":"WebPage","@id":"https:\/\/www.technodompro.com\/index.php\/produkt\/znackovy-keter-zahradni-kreslo-california-chair-2ks-83-x-68-x-72-cm-hneda-kremova-5733\/","url":"https:\/\/www.technodompro.com\/index.php\/produkt\/znackovy-keter-zahradni-kreslo-california-chair-2ks-83-x-68-x-72-cm-hneda-kremova-5733\/","name":"Zna\u010dkov\u00fd Keter Zahradn\u00ed k\u0159eslo California Chair 2ks - 83 x 68 x 72 cm - hn\u011bd\u00e1 \/ kr\u00e9mov\u00e1 -","isPartOf":{"@id":"https:\/\/www.technodompro.com\/#website"},"primaryImageOfPage":{"@id":"https:\/\/www.technodompro.com\/index.php\/produkt\/znackovy-keter-zahradni-kreslo-california-chair-2ks-83-x-68-x-72-cm-hneda-kremova-5733\/#primaryimage"},"image":{"@id":"https:\/\/www.technodompro.com\/index.php\/produkt\/znackovy-keter-zahradni-kreslo-california-chair-2ks-83-x-68-x-72-cm-hneda-kremova-5733\/#primaryimage"},"thumbnailUrl":"https:\/\/www.technodompro.com\/wp-content\/uploads\/2026\/SK0018618-CZ20260425-091936-0-1777079982-keter-zahradni-kreslo-california-chair-2ks-83-x-68-x-72-cm-.webp","datePublished":"2026-04-27T04:40:42+00:00","breadcrumb":{"@id":"https:\/\/www.technodompro.com\/index.php\/produkt\/znackovy-keter-zahradni-kreslo-california-chair-2ks-83-x-68-x-72-cm-hneda-kremova-5733\/#breadcrumb"},"inLanguage":"cs","potentialAction":[{"@type":"ReadAction","target":["https:\/\/www.technodompro.com\/index.php\/produkt\/znackovy-keter-zahradni-kreslo-california-chair-2ks-83-x-68-x-72-cm-hneda-kremova-5733\/"]}]},{"@type":"ImageObject","inLanguage":"cs","@id":"https:\/\/www.technodompro.com\/index.php\/produkt\/znackovy-keter-zahradni-kreslo-california-chair-2ks-83-x-68-x-72-cm-hneda-kremova-5733\/#primaryimage","url":"https:\/\/www.technodompro.com\/wp-content\/uploads\/2026\/SK0018618-CZ20260425-091936-0-1777079982-keter-zahradni-kreslo-california-chair-2ks-83-x-68-x-72-cm-.webp","contentUrl":"https:\/\/www.technodompro.com\/wp-content\/uploads\/2026\/SK0018618-CZ20260425-091936-0-1777079982-keter-zahradni-kreslo-california-chair-2ks-83-x-68-x-72-cm-.webp","width":1000,"height":523},{"@type":"BreadcrumbList","@id":"https:\/\/www.technodompro.com\/index.php\/produkt\/znackovy-keter-zahradni-kreslo-california-chair-2ks-83-x-68-x-72-cm-hneda-kremova-5733\/#breadcrumb","itemListElement":[{"@type":"ListItem","position":1,"name":"Home","item":"https:\/\/www.technodompro.com\/"},{"@type":"ListItem","position":2,"name":"Products","item":"https:\/\/www.technodompro.com\/index.php\/products\/"},{"@type":"ListItem","position":3,"name":"Zna\u010dkov\u00fd Keter Zahradn\u00ed k\u0159eslo California Chair 2ks &#8211; 83 x 68 x 72 cm &#8211; hn\u011bd\u00e1 \/ kr\u00e9mov\u00e1"}]},{"@type":"WebSite","@id":"https:\/\/www.technodompro.com\/#website","url":"https:\/\/www.technodompro.com\/","name":"","description":"","potentialAction":[{"@type":"SearchAction","target":{"@type":"EntryPoint","urlTemplate":"https:\/\/www.technodompro.com\/?s={search_term_string}"},"query-input":{"@type":"PropertyValueSpecification","valueRequired":true,"valueName":"search_term_string"}}],"inLanguage":"cs"}]}},"_links":{"self":[{"href":"https:\/\/www.technodompro.com\/index.php\/wp-json\/wp\/v2\/product\/5733","targetHints":{"allow":["GET"]}}],"collection":[{"href":"https:\/\/www.technodompro.com\/index.php\/wp-json\/wp\/v2\/product"}],"about":[{"href":"https:\/\/www.technodompro.com\/index.php\/wp-json\/wp\/v2\/types\/product"}],"replies":[{"embeddable":true,"href":"https:\/\/www.technodompro.com\/index.php\/wp-json\/wp\/v2\/comments?post=5733"}],"wp:featuredmedia":[{"embeddable":true,"href":"https:\/\/www.technodompro.com\/index.php\/wp-json\/wp\/v2\/media\/5833"}],"wp:attachment":[{"href":"https:\/\/www.technodompro.com\/index.php\/wp-json\/wp\/v2\/media?parent=5733"}],"wp:term":[{"taxonomy":"product_brand","embeddable":true,"href":"https:\/\/www.technodompro.com\/index.php\/wp-json\/wp\/v2\/product_brand?post=5733"},{"taxonomy":"product_cat","embeddable":true,"href":"https:\/\/www.technodompro.com\/index.php\/wp-json\/wp\/v2\/product_cat?post=5733"},{"taxonomy":"product_tag","embeddable":true,"href":"https:\/\/www.technodompro.com\/index.php\/wp-json\/wp\/v2\/product_tag?post=5733"}],"curies":[{"name":"wp","href":"https:\/\/api.w.org\/{rel}","templated":true}]}}