{"id":5757,"date":"2026-04-27T04:40:42","date_gmt":"2026-04-27T04:40:42","guid":{"rendered":""},"modified":"2026-04-27T04:40:42","modified_gmt":"2026-04-27T04:40:42","slug":"acd-pestitelsky-balicek-blackline-expresni-doruceni-5757","status":"publish","type":"product","link":"https:\/\/www.technodompro.com\/index.php\/produkt\/acd-pestitelsky-balicek-blackline-expresni-doruceni-5757\/","title":{"rendered":"ACD P\u011bstitelsk\u00fd bal\u00ed\u010dek Blackline Expresn\u00ed Doru\u010den\u00ed"},"content":{"rendered":"<div class=\"detail-description__right\">\n<div class=\"parameters\">\n<div class=\"table table--simple\">\n<table>\n<tbody>\n<tr>\n<td colspan=\"2\">\n<h4>Obsah bal\u00ed\u010dku<\/h4>\n<\/td>\n<\/tr>\n<tr>\n<td>Univerz\u00e1ln\u00ed pracovn\u00ed st\u016fl<\/td>\n<td>1 ks<\/td>\n<\/tr>\n<tr>\n<td>Univerz\u00e1ln\u00ed police<\/td>\n<td>1 ks<\/td>\n<\/tr>\n<tr>\n<td>N\u00e1jezdov\u00e1 rampa<\/td>\n<td>2 ks<\/td>\n<\/tr>\n<tr>\n<td>H\u00e1\u010dky na raj\u010data<\/td>\n<td>10 ks<\/td>\n<\/tr>\n<tr>\n<td colspan=\"2\">\n<h4>Parametry<\/h4>\n<\/td>\n<\/tr>\n<tr>\n<td>Z\u00e1ruka<\/td>\n<td>24 m\u011bs\u00edc\u016f<\/td>\n<\/tr>\n<tr>\n<td>Zna\u010dka<\/td>\n<td>ACD<\/td>\n<\/tr>\n<\/tbody>\n<\/table><\/div>\n<\/div><\/div>\n<div class=\"detail-description__top\">\t\t\t\t<\/div>\n<div class=\"detail-description__left\">\n<div class=\"detail-description__left__overflow\">\n<div class=\"detail-description__left__head\">\t\t\t\t\t\tPopis:\t\t\t\t\t<\/div>\n<div class=\"ul-style ul-style--check\">\n<p>Sou\u010d\u00e1st\u00ed bal\u00ed\u010dku je <strong data-start=\"219\" data-end=\"248\">univerz\u00e1ln\u00ed pracovn\u00ed st\u016fl<\/strong> o rozm\u011brech 225 \u00d7 52 cm s povrchovou \u00fapravou, kter\u00fd slou\u017e\u00ed k p\u0159esazov\u00e1n\u00ed a p\u0159\u00edprav\u011b rostlin. <strong data-start=\"346\" data-end=\"368\">Univerz\u00e1ln\u00ed police<\/strong> (225 \u00d7 32 cm) poskytuje dostatek prostoru pro ulo\u017een\u00ed kv\u011btin\u00e1\u010d\u016f, n\u00e1\u0159ad\u00ed nebo substr\u00e1t\u016f.<\/p>\n<p><strong data-start=\"457\" data-end=\"488\">Pozinkovan\u00e9 ocelov\u00e9 n\u00e1jezdov\u00e9 rampy<\/strong>\u00a0umo\u017e\u0148uj\u00ed snadn\u00fd vstup i v\u00fdjezd ze sklen\u00edku, nap\u0159\u00edklad s voz\u00edkem. Dopl\u0148kem jsou\u00a0<strong data-start=\"568\" data-end=\"596\">h\u00e1\u010dky na raj\u010data (10 ks)<\/strong>, kter\u00e9 lze p\u0159ipevnit p\u0159\u00edmo na r\u00e1m sklen\u00edku a ihned za\u010d\u00edt s p\u011bstov\u00e1n\u00edm.<\/p>\n<\/div>\n<div class=\"detail-description__left__more\">\t\t\t\t\t\t<span> <\/span><span> <\/span>\t\t\t\t\t<\/div>\n<\/p><\/div>\n<div class=\"extra-note\">\n<p>Samostatn\u011b neprodejn\u00e9.<\/p>\n<\/p><\/div>\n<\/p><\/div>\n<div class=\"detail-description__more\"><span> <\/span><span> <\/span><\/div>\n<\/p><\/div>\n<\/p><\/div>\n","protected":false},"excerpt":{"rendered":"<p>Obsah bal\u00ed\u010dku Univerz\u00e1ln\u00ed pracovn\u00ed st\u016fl 1 ks Univerz\u00e1ln\u00ed police 1 ks N\u00e1jezdov\u00e1 rampa 2 ks H\u00e1\u010dky na raj\u010data 10 ks Parametry Z\u00e1ruka 24 m\u011bs\u00edc\u016f Zna\u010dka ACD Popis: Sou\u010d\u00e1st\u00ed bal\u00ed\u010dku je univerz\u00e1ln\u00ed pracovn\u00ed st\u016fl o rozm\u011brech 225 \u00d7 52 cm s povrchovou \u00fapravou, kter\u00fd slou\u017e\u00ed k p\u0159esazov\u00e1n\u00ed a p\u0159\u00edprav\u011b rostlin. Univerz\u00e1ln\u00ed police (225 \u00d7 32 cm) [&hellip;]<\/p>\n","protected":false},"featured_media":5857,"comment_status":"open","ping_status":"open","template":"","meta":[],"product_brand":[],"product_cat":[36],"product_tag":[],"class_list":{"0":"post-5757","1":"product","2":"type-product","3":"status-publish","4":"has-post-thumbnail","6":"product_cat-zahrada","8":"first","9":"instock","10":"sale","11":"shipping-taxable","12":"purchasable","13":"product-type-simple"},"yoast_head":"<!-- This site is optimized with the Yoast SEO plugin v26.8 - https:\/\/yoast.com\/product\/yoast-seo-wordpress\/ -->\n<title>ACD P\u011bstitelsk\u00fd bal\u00ed\u010dek Blackline Expresn\u00ed Doru\u010den\u00ed -<\/title>\n<meta name=\"robots\" content=\"index, follow, max-snippet:-1, max-image-preview:large, max-video-preview:-1\" \/>\n<link rel=\"canonical\" href=\"https:\/\/www.technodompro.com\/index.php\/produkt\/acd-pestitelsky-balicek-blackline-expresni-doruceni-5757\/\" \/>\n<meta property=\"og:locale\" content=\"cs_CZ\" \/>\n<meta property=\"og:type\" content=\"article\" \/>\n<meta property=\"og:title\" content=\"ACD P\u011bstitelsk\u00fd bal\u00ed\u010dek Blackline Expresn\u00ed Doru\u010den\u00ed -\" \/>\n<meta property=\"og:description\" content=\"Obsah bal\u00ed\u010dku Univerz\u00e1ln\u00ed pracovn\u00ed st\u016fl 1 ks Univerz\u00e1ln\u00ed police 1 ks N\u00e1jezdov\u00e1 rampa 2 ks H\u00e1\u010dky na raj\u010data 10 ks Parametry Z\u00e1ruka 24 m\u011bs\u00edc\u016f Zna\u010dka ACD Popis: Sou\u010d\u00e1st\u00ed bal\u00ed\u010dku je univerz\u00e1ln\u00ed pracovn\u00ed st\u016fl o rozm\u011brech 225 \u00d7 52 cm s povrchovou \u00fapravou, kter\u00fd slou\u017e\u00ed k p\u0159esazov\u00e1n\u00ed a p\u0159\u00edprav\u011b rostlin. Univerz\u00e1ln\u00ed police (225 \u00d7 32 cm) [&hellip;]\" \/>\n<meta property=\"og:url\" content=\"https:\/\/www.technodompro.com\/index.php\/produkt\/acd-pestitelsky-balicek-blackline-expresni-doruceni-5757\/\" \/>\n<meta property=\"og:image\" content=\"https:\/\/www.technodompro.com\/wp-content\/uploads\/2026\/SK0018642-CZ20260425-091936-0-1777079982-balicek-acd-pestitelsky-balicek-blackline-w1200-h628-f8-4ec.webp\" \/>\n\t<meta property=\"og:image:width\" content=\"1000\" \/>\n\t<meta property=\"og:image:height\" content=\"523\" \/>\n\t<meta property=\"og:image:type\" content=\"image\/webp\" \/>\n<meta name=\"twitter:card\" content=\"summary_large_image\" \/>\n<meta name=\"twitter:label1\" content=\"Odhadovan\u00e1 doba \u010dten\u00ed\" \/>\n\t<meta name=\"twitter:data1\" content=\"1 minuta\" \/>\n<script type=\"application\/ld+json\" class=\"yoast-schema-graph\">{\"@context\":\"https:\/\/schema.org\",\"@graph\":[{\"@type\":\"WebPage\",\"@id\":\"https:\/\/www.technodompro.com\/index.php\/produkt\/acd-pestitelsky-balicek-blackline-expresni-doruceni-5757\/\",\"url\":\"https:\/\/www.technodompro.com\/index.php\/produkt\/acd-pestitelsky-balicek-blackline-expresni-doruceni-5757\/\",\"name\":\"ACD P\u011bstitelsk\u00fd bal\u00ed\u010dek Blackline Expresn\u00ed Doru\u010den\u00ed -\",\"isPartOf\":{\"@id\":\"https:\/\/www.technodompro.com\/#website\"},\"primaryImageOfPage\":{\"@id\":\"https:\/\/www.technodompro.com\/index.php\/produkt\/acd-pestitelsky-balicek-blackline-expresni-doruceni-5757\/#primaryimage\"},\"image\":{\"@id\":\"https:\/\/www.technodompro.com\/index.php\/produkt\/acd-pestitelsky-balicek-blackline-expresni-doruceni-5757\/#primaryimage\"},\"thumbnailUrl\":\"https:\/\/www.technodompro.com\/wp-content\/uploads\/2026\/SK0018642-CZ20260425-091936-0-1777079982-balicek-acd-pestitelsky-balicek-blackline-w1200-h628-f8-4ec.webp\",\"datePublished\":\"2026-04-27T04:40:42+00:00\",\"breadcrumb\":{\"@id\":\"https:\/\/www.technodompro.com\/index.php\/produkt\/acd-pestitelsky-balicek-blackline-expresni-doruceni-5757\/#breadcrumb\"},\"inLanguage\":\"cs\",\"potentialAction\":[{\"@type\":\"ReadAction\",\"target\":[\"https:\/\/www.technodompro.com\/index.php\/produkt\/acd-pestitelsky-balicek-blackline-expresni-doruceni-5757\/\"]}]},{\"@type\":\"ImageObject\",\"inLanguage\":\"cs\",\"@id\":\"https:\/\/www.technodompro.com\/index.php\/produkt\/acd-pestitelsky-balicek-blackline-expresni-doruceni-5757\/#primaryimage\",\"url\":\"https:\/\/www.technodompro.com\/wp-content\/uploads\/2026\/SK0018642-CZ20260425-091936-0-1777079982-balicek-acd-pestitelsky-balicek-blackline-w1200-h628-f8-4ec.webp\",\"contentUrl\":\"https:\/\/www.technodompro.com\/wp-content\/uploads\/2026\/SK0018642-CZ20260425-091936-0-1777079982-balicek-acd-pestitelsky-balicek-blackline-w1200-h628-f8-4ec.webp\",\"width\":1000,\"height\":523},{\"@type\":\"BreadcrumbList\",\"@id\":\"https:\/\/www.technodompro.com\/index.php\/produkt\/acd-pestitelsky-balicek-blackline-expresni-doruceni-5757\/#breadcrumb\",\"itemListElement\":[{\"@type\":\"ListItem\",\"position\":1,\"name\":\"Home\",\"item\":\"https:\/\/www.technodompro.com\/\"},{\"@type\":\"ListItem\",\"position\":2,\"name\":\"Products\",\"item\":\"https:\/\/www.technodompro.com\/index.php\/products\/\"},{\"@type\":\"ListItem\",\"position\":3,\"name\":\"ACD P\u011bstitelsk\u00fd bal\u00ed\u010dek Blackline Expresn\u00ed Doru\u010den\u00ed\"}]},{\"@type\":\"WebSite\",\"@id\":\"https:\/\/www.technodompro.com\/#website\",\"url\":\"https:\/\/www.technodompro.com\/\",\"name\":\"\",\"description\":\"\",\"potentialAction\":[{\"@type\":\"SearchAction\",\"target\":{\"@type\":\"EntryPoint\",\"urlTemplate\":\"https:\/\/www.technodompro.com\/?s={search_term_string}\"},\"query-input\":{\"@type\":\"PropertyValueSpecification\",\"valueRequired\":true,\"valueName\":\"search_term_string\"}}],\"inLanguage\":\"cs\"}]}<\/script>\n<!-- \/ Yoast SEO plugin. -->","yoast_head_json":{"title":"ACD P\u011bstitelsk\u00fd bal\u00ed\u010dek Blackline Expresn\u00ed Doru\u010den\u00ed -","robots":{"index":"index","follow":"follow","max-snippet":"max-snippet:-1","max-image-preview":"max-image-preview:large","max-video-preview":"max-video-preview:-1"},"canonical":"https:\/\/www.technodompro.com\/index.php\/produkt\/acd-pestitelsky-balicek-blackline-expresni-doruceni-5757\/","og_locale":"cs_CZ","og_type":"article","og_title":"ACD P\u011bstitelsk\u00fd bal\u00ed\u010dek Blackline Expresn\u00ed Doru\u010den\u00ed -","og_description":"Obsah bal\u00ed\u010dku Univerz\u00e1ln\u00ed pracovn\u00ed st\u016fl 1 ks Univerz\u00e1ln\u00ed police 1 ks N\u00e1jezdov\u00e1 rampa 2 ks H\u00e1\u010dky na raj\u010data 10 ks Parametry Z\u00e1ruka 24 m\u011bs\u00edc\u016f Zna\u010dka ACD Popis: Sou\u010d\u00e1st\u00ed bal\u00ed\u010dku je univerz\u00e1ln\u00ed pracovn\u00ed st\u016fl o rozm\u011brech 225 \u00d7 52 cm s povrchovou \u00fapravou, kter\u00fd slou\u017e\u00ed k p\u0159esazov\u00e1n\u00ed a p\u0159\u00edprav\u011b rostlin. Univerz\u00e1ln\u00ed police (225 \u00d7 32 cm) [&hellip;]","og_url":"https:\/\/www.technodompro.com\/index.php\/produkt\/acd-pestitelsky-balicek-blackline-expresni-doruceni-5757\/","og_image":[{"width":1000,"height":523,"url":"https:\/\/www.technodompro.com\/wp-content\/uploads\/2026\/SK0018642-CZ20260425-091936-0-1777079982-balicek-acd-pestitelsky-balicek-blackline-w1200-h628-f8-4ec.webp","type":"image\/webp"}],"twitter_card":"summary_large_image","twitter_misc":{"Odhadovan\u00e1 doba \u010dten\u00ed":"1 minuta"},"schema":{"@context":"https:\/\/schema.org","@graph":[{"@type":"WebPage","@id":"https:\/\/www.technodompro.com\/index.php\/produkt\/acd-pestitelsky-balicek-blackline-expresni-doruceni-5757\/","url":"https:\/\/www.technodompro.com\/index.php\/produkt\/acd-pestitelsky-balicek-blackline-expresni-doruceni-5757\/","name":"ACD P\u011bstitelsk\u00fd bal\u00ed\u010dek Blackline Expresn\u00ed Doru\u010den\u00ed -","isPartOf":{"@id":"https:\/\/www.technodompro.com\/#website"},"primaryImageOfPage":{"@id":"https:\/\/www.technodompro.com\/index.php\/produkt\/acd-pestitelsky-balicek-blackline-expresni-doruceni-5757\/#primaryimage"},"image":{"@id":"https:\/\/www.technodompro.com\/index.php\/produkt\/acd-pestitelsky-balicek-blackline-expresni-doruceni-5757\/#primaryimage"},"thumbnailUrl":"https:\/\/www.technodompro.com\/wp-content\/uploads\/2026\/SK0018642-CZ20260425-091936-0-1777079982-balicek-acd-pestitelsky-balicek-blackline-w1200-h628-f8-4ec.webp","datePublished":"2026-04-27T04:40:42+00:00","breadcrumb":{"@id":"https:\/\/www.technodompro.com\/index.php\/produkt\/acd-pestitelsky-balicek-blackline-expresni-doruceni-5757\/#breadcrumb"},"inLanguage":"cs","potentialAction":[{"@type":"ReadAction","target":["https:\/\/www.technodompro.com\/index.php\/produkt\/acd-pestitelsky-balicek-blackline-expresni-doruceni-5757\/"]}]},{"@type":"ImageObject","inLanguage":"cs","@id":"https:\/\/www.technodompro.com\/index.php\/produkt\/acd-pestitelsky-balicek-blackline-expresni-doruceni-5757\/#primaryimage","url":"https:\/\/www.technodompro.com\/wp-content\/uploads\/2026\/SK0018642-CZ20260425-091936-0-1777079982-balicek-acd-pestitelsky-balicek-blackline-w1200-h628-f8-4ec.webp","contentUrl":"https:\/\/www.technodompro.com\/wp-content\/uploads\/2026\/SK0018642-CZ20260425-091936-0-1777079982-balicek-acd-pestitelsky-balicek-blackline-w1200-h628-f8-4ec.webp","width":1000,"height":523},{"@type":"BreadcrumbList","@id":"https:\/\/www.technodompro.com\/index.php\/produkt\/acd-pestitelsky-balicek-blackline-expresni-doruceni-5757\/#breadcrumb","itemListElement":[{"@type":"ListItem","position":1,"name":"Home","item":"https:\/\/www.technodompro.com\/"},{"@type":"ListItem","position":2,"name":"Products","item":"https:\/\/www.technodompro.com\/index.php\/products\/"},{"@type":"ListItem","position":3,"name":"ACD P\u011bstitelsk\u00fd bal\u00ed\u010dek Blackline Expresn\u00ed Doru\u010den\u00ed"}]},{"@type":"WebSite","@id":"https:\/\/www.technodompro.com\/#website","url":"https:\/\/www.technodompro.com\/","name":"","description":"","potentialAction":[{"@type":"SearchAction","target":{"@type":"EntryPoint","urlTemplate":"https:\/\/www.technodompro.com\/?s={search_term_string}"},"query-input":{"@type":"PropertyValueSpecification","valueRequired":true,"valueName":"search_term_string"}}],"inLanguage":"cs"}]}},"_links":{"self":[{"href":"https:\/\/www.technodompro.com\/index.php\/wp-json\/wp\/v2\/product\/5757","targetHints":{"allow":["GET"]}}],"collection":[{"href":"https:\/\/www.technodompro.com\/index.php\/wp-json\/wp\/v2\/product"}],"about":[{"href":"https:\/\/www.technodompro.com\/index.php\/wp-json\/wp\/v2\/types\/product"}],"replies":[{"embeddable":true,"href":"https:\/\/www.technodompro.com\/index.php\/wp-json\/wp\/v2\/comments?post=5757"}],"wp:featuredmedia":[{"embeddable":true,"href":"https:\/\/www.technodompro.com\/index.php\/wp-json\/wp\/v2\/media\/5857"}],"wp:attachment":[{"href":"https:\/\/www.technodompro.com\/index.php\/wp-json\/wp\/v2\/media?parent=5757"}],"wp:term":[{"taxonomy":"product_brand","embeddable":true,"href":"https:\/\/www.technodompro.com\/index.php\/wp-json\/wp\/v2\/product_brand?post=5757"},{"taxonomy":"product_cat","embeddable":true,"href":"https:\/\/www.technodompro.com\/index.php\/wp-json\/wp\/v2\/product_cat?post=5757"},{"taxonomy":"product_tag","embeddable":true,"href":"https:\/\/www.technodompro.com\/index.php\/wp-json\/wp\/v2\/product_tag?post=5757"}],"curies":[{"name":"wp","href":"https:\/\/api.w.org\/{rel}","templated":true}]}}