{"id":5774,"date":"2026-04-27T04:40:42","date_gmt":"2026-04-27T04:40:42","guid":{"rendered":""},"modified":"2026-04-27T04:40:42","modified_gmt":"2026-04-27T04:40:42","slug":"horka-nabidka-ravak-stolek-wood-s-dub-cerny-cerna-5774","status":"publish","type":"product","link":"https:\/\/www.technodompro.com\/index.php\/produkt\/horka-nabidka-ravak-stolek-wood-s-dub-cerny-cerna-5774\/","title":{"rendered":"Hork\u00e1 Nab\u00eddka Ravak Stolek Wood S, dub \u010dern\u00fd \u010dern\u00e1"},"content":{"rendered":"<div class=\"detail-description__right\">\n<div class=\"parameters\">\n<div class=\"table table--simple\">\n<table>\n<tbody>\n<tr>\n<td colspan=\"2\">\n<h4>Vlastnosti<\/h4>\n<\/td>\n<\/tr>\n<tr>\n<td>Tvar<\/td>\n<td>Voln\u011b stoj\u00edc\u00ed<\/td>\n<\/tr>\n<tr>\n<td>Materi\u00e1l<\/td>\n<td>d\u0159evo<\/td>\n<\/tr>\n<tr>\n<td>Produktov\u00e1 skupina<\/td>\n<td>Stolek k\u00a0van\u011b<\/td>\n<\/tr>\n<tr>\n<td>P\u016fvod<\/td>\n<td>Vyrobeno v\u00a0\u010cR<\/td>\n<\/tr>\n<tr>\n<td>Po\u010det prvk\u016f<\/td>\n<td>2<\/td>\n<\/tr>\n<tr>\n<td>Instalace<\/td>\n<td>k\u00a0van\u011b<\/td>\n<\/tr>\n<tr>\n<td>Barva<\/td>\n<td>\u010dern\u00e1, sv\u011btle hn\u011bd\u00e1, b\u00edl\u00e1<\/td>\n<\/tr>\n<tr>\n<td colspan=\"2\">\n<h4>Parametry<\/h4>\n<\/td>\n<\/tr>\n<tr>\n<td>Zna\u010dka<\/td>\n<td>Ravak<\/td>\n<\/tr>\n<\/tbody>\n<\/table><\/div>\n<\/div><\/div>\n<div class=\"detail-description__top\">\t\t\t\t<\/div>\n<div class=\"detail-description__left\">\n<div class=\"detail-description__left__overflow\">\n<div class=\"detail-description__left__head\">\t\t\t\t\t\tPopis:\t\t\t\t\t<\/div>\n<div class=\"ul-style ul-style--check\">\n<ul class=\"plusminus\">\n<li><i class=\"fas fa-check\"><\/i><span>Rozm\u011br (\u0161xhxv): 48\u00a0\u00d7\u00a057\u00a0\u00d7\u00a029 cm<\/span><\/li>\n<li><i class=\"fas fa-check\"><\/i><span>Rozm\u011br odkl\u00e1dac\u00ed plochy (\u0161xhxv): 48\u00a0\u00d7\u00a024 cm<\/span><\/li>\n<li><i class=\"fas fa-check\"><\/i><span>Materi\u00e1l: dub masiv s\u00a0povrchovou voskovou \u00fapravou<\/span><\/li>\n<li><i class=\"fas fa-check\"><\/i><span>Barevn\u00e9 proveden\u00ed: dub \u010dern\u00fd<\/span><\/li>\n<\/ul>\n<p>Stolek Wood S\u00a0sv\u00fdm tvarem i\u00a0v\u00fd\u0161kou perfektn\u011b dopln\u00ed voln\u011b stoj\u00edc\u00edvanu r\u016fzn\u00fdch barevn\u00fdch odst\u00edn\u016f. Poskytne praktickou odkl\u00e1dac\u00ed plochu az\u00e1rove\u0148 vkusn\u011b vypln\u00ed prostor koupelny. Dod\u00e1v\u00e1no v\u00a0rozlo\u017een\u00e9m stavuv\u010detn\u011b mont\u00e1\u017en\u00edho\u00a0kl\u00ed\u010de.<\/p>\n<p>Zp\u0159\u00edjemn\u00ed v\u00e1m chv\u00edle koupele<\/p>\n<p>Stolek Wood z\u00a0masivn\u00edho dubov\u00e9ho d\u0159eva je sv\u00fdm tvarem i\u00a0v\u00fd\u0161kounavr\u017een p\u0159esn\u011b tak, aby v\u00e1m zp\u0159\u00edjemnil chv\u00edle relaxace ve van\u011b.Odlo\u017e\u00edte na n\u011bj obl\u00edbenou kosmetiku nebo sklenici v\u00edna? To u\u017e nech\u00e1mena\u00a0v\u00e1s.<\/p>\n<p>Dokonal\u00fd dopln\u011bk<\/p>\n<p>V\u00fdb\u011brov\u00e9 d\u0159evo dubu zimn\u00edho, ru\u010dn\u00ed brou\u0161en\u00ed jednotliv\u00fdch d\u00edl\u016f,n\u011bkolik vrstev n\u00e1t\u011bru a fin\u00e1ln\u00ed povrchov\u00e1 \u00faprava voskov\u00fdm olejem.Dokonal\u00fd prvek pro va\u0161i dokonalou koupelnu.<\/p>\n<p>3\u00a0povrchov\u00e9 \u00fapravy<\/p>\n<p>Vyb\u00edrejte ze t\u0159\u00ed barevn\u00fdch variant: dub transparent, dub \u010dern\u00fd a dubb\u00edl\u00fd. V\u0161echny varianty nech\u00e1vaj\u00ed vyniknout p\u0159\u00edrodn\u00ed kresbu\u00a0d\u0159eva.<\/p>\n<p>5\u00a0let z\u00e1ruka<\/p>\n<p>Za kvalitou na\u0161ich v\u00fdrobk\u016f si stoj\u00edme. Proto ke stolk\u016fm k\u00a0van\u00e1mz\u00edsk\u00e1te prodlou\u017eenou p\u011btiletou z\u00e1ruku.<\/p>\n<\/div>\n<div class=\"detail-description__left__more\">\t\t\t\t\t\t<span> <\/span><span> <\/span>\t\t\t\t\t<\/div>\n<\/p><\/div>\n<\/p><\/div>\n<div class=\"detail-description__more\"><span> <\/span><span> <\/span><\/div>\n<\/p><\/div>\n<\/p><\/div>\n<div class=\"tab tab-detail-7\">\n<div class=\"table-size-classic  table-size--selectable\">\n<table>\n<thead>\n<tr>\n<th data-product-code=\"[&quot;K\u00f3d&quot;]\"><span class=\"selected\">Vybr\u00e1no<\/span><span><\/span><\/th>\n<th data-product-code=\"[&quot;X000001793&quot;]\"><span class=\"selected\">Vybr\u00e1no<\/span><span>X000001793<\/span><\/th>\n<th data-product-code=\"[&quot;X000001794&quot;]\"><span class=\"selected\">Vybr\u00e1no<\/span><span>X000001794<\/span><\/th>\n<th data-product-code=\"[&quot;X000001795&quot;]\"><span class=\"selected\">Vybr\u00e1no<\/span><span>X000001795<\/span><\/th>\n<\/tr>\n<\/thead>\n<tbody>\n<tr class=\"space\">\n<td><\/td>\n<td><\/td>\n<td><\/td>\n<td><\/td>\n<\/tr>\n<tr>\n<td><strong>Tvar<\/strong><\/td>\n<td>Voln\u011b stoj\u00edc\u00ed<\/td>\n<td>Voln\u011b stoj\u00edc\u00ed<\/td>\n<td>Voln\u011b stoj\u00edc\u00ed<\/td>\n<\/tr>\n<tr>\n<td><strong>Materi\u00e1l<\/strong><\/td>\n<td>d\u0159evo<\/td>\n<td>d\u0159evo<\/td>\n<td>d\u0159evo<\/td>\n<\/tr>\n<tr>\n<td><strong>Produktov\u00e1 skupina<\/strong><\/td>\n<td>Stolek k van\u011b<\/td>\n<td>Stolek k van\u011b<\/td>\n<td>Stolek k van\u011b<\/td>\n<\/tr>\n<tr>\n<td><strong>P\u016fvod<\/strong><\/td>\n<td>Vyrobeno v \u010cR<\/td>\n<td>Vyrobeno v \u010cR<\/td>\n<td>Vyrobeno v \u010cR<\/td>\n<\/tr>\n<tr>\n<td><strong>OVERFLOW_HEIGHT<\/strong><\/td>\n<td>0<\/td>\n<td>0<\/td>\n<td>0<\/td>\n<\/tr>\n<tr>\n<td><strong>WASTE_DIAMETER<\/strong><\/td>\n<td>0<\/td>\n<td>0<\/td>\n<td>0<\/td>\n<\/tr>\n<tr>\n<td><strong>Po\u010det prvk\u016f<\/strong><\/td>\n<td>2<\/td>\n<td>2<\/td>\n<td>2<\/td>\n<\/tr>\n<tr>\n<td><strong>Instalace<\/strong><\/td>\n<td>k van\u011b<\/td>\n<td>k van\u011b<\/td>\n<td>k van\u011b<\/td>\n<\/tr>\n<tr>\n<td><strong>CONSTRUCTION_HEIGHT<\/strong><\/td>\n<td>0<\/td>\n<td>0<\/td>\n<td>0<\/td>\n<\/tr>\n<tr>\n<td><strong>ODOR_BARRIER_HEIGHT<\/strong><\/td>\n<td>0<\/td>\n<td>0<\/td>\n<td>0<\/td>\n<\/tr>\n<tr>\n<td><strong>Barva<\/strong><\/td>\n<td>sv\u011btle hn\u011bd\u00e1<\/td>\n<td>b\u00edl\u00e1<\/td>\n<td>\u010dern\u00e1<\/td>\n<\/tr>\n<\/tbody>\n<\/table>\n<\/div><\/div>\n","protected":false},"excerpt":{"rendered":"<p>Vlastnosti Tvar Voln\u011b stoj\u00edc\u00ed Materi\u00e1l d\u0159evo Produktov\u00e1 skupina Stolek k\u00a0van\u011b P\u016fvod Vyrobeno v\u00a0\u010cR Po\u010det prvk\u016f 2 Instalace k\u00a0van\u011b Barva \u010dern\u00e1, sv\u011btle hn\u011bd\u00e1, b\u00edl\u00e1 Parametry Zna\u010dka Ravak Popis: Rozm\u011br (\u0161xhxv): 48\u00a0\u00d7\u00a057\u00a0\u00d7\u00a029 cm Rozm\u011br odkl\u00e1dac\u00ed plochy (\u0161xhxv): 48\u00a0\u00d7\u00a024 cm Materi\u00e1l: dub masiv s\u00a0povrchovou voskovou \u00fapravou Barevn\u00e9 proveden\u00ed: dub \u010dern\u00fd Stolek Wood S\u00a0sv\u00fdm tvarem i\u00a0v\u00fd\u0161kou perfektn\u011b dopln\u00ed voln\u011b [&hellip;]<\/p>\n","protected":false},"featured_media":5874,"comment_status":"open","ping_status":"open","template":"","meta":[],"product_brand":[],"product_cat":[38],"product_tag":[],"class_list":{"0":"post-5774","1":"product","2":"type-product","3":"status-publish","4":"has-post-thumbnail","6":"product_cat-bydleni","8":"first","9":"instock","10":"sale","11":"shipping-taxable","12":"purchasable","13":"product-type-simple"},"yoast_head":"<!-- This site is optimized with the Yoast SEO plugin v26.8 - https:\/\/yoast.com\/product\/yoast-seo-wordpress\/ -->\n<title>Hork\u00e1 Nab\u00eddka Ravak Stolek Wood S, dub \u010dern\u00fd \u010dern\u00e1 -<\/title>\n<meta name=\"robots\" content=\"index, follow, max-snippet:-1, max-image-preview:large, max-video-preview:-1\" \/>\n<link rel=\"canonical\" href=\"https:\/\/www.technodompro.com\/index.php\/produkt\/horka-nabidka-ravak-stolek-wood-s-dub-cerny-cerna-5774\/\" \/>\n<meta property=\"og:locale\" content=\"cs_CZ\" \/>\n<meta property=\"og:type\" content=\"article\" \/>\n<meta property=\"og:title\" content=\"Hork\u00e1 Nab\u00eddka Ravak Stolek Wood S, dub \u010dern\u00fd \u010dern\u00e1 -\" \/>\n<meta property=\"og:description\" content=\"Vlastnosti Tvar Voln\u011b stoj\u00edc\u00ed Materi\u00e1l d\u0159evo Produktov\u00e1 skupina Stolek k\u00a0van\u011b P\u016fvod Vyrobeno v\u00a0\u010cR Po\u010det prvk\u016f 2 Instalace k\u00a0van\u011b Barva \u010dern\u00e1, sv\u011btle hn\u011bd\u00e1, b\u00edl\u00e1 Parametry Zna\u010dka Ravak Popis: Rozm\u011br (\u0161xhxv): 48\u00a0\u00d7\u00a057\u00a0\u00d7\u00a029 cm Rozm\u011br odkl\u00e1dac\u00ed plochy (\u0161xhxv): 48\u00a0\u00d7\u00a024 cm Materi\u00e1l: dub masiv s\u00a0povrchovou voskovou \u00fapravou Barevn\u00e9 proveden\u00ed: dub \u010dern\u00fd Stolek Wood S\u00a0sv\u00fdm tvarem i\u00a0v\u00fd\u0161kou perfektn\u011b dopln\u00ed voln\u011b [&hellip;]\" \/>\n<meta property=\"og:url\" content=\"https:\/\/www.technodompro.com\/index.php\/produkt\/horka-nabidka-ravak-stolek-wood-s-dub-cerny-cerna-5774\/\" \/>\n<meta property=\"og:image\" content=\"https:\/\/www.technodompro.com\/wp-content\/uploads\/2026\/SK0018678-CZ20260425-091936-0-1777079982-ravak-stolek-wood-s-dub-cerny-cerna-w1200-h628-f8-5494c20c5.webp\" \/>\n\t<meta property=\"og:image:width\" content=\"1000\" \/>\n\t<meta property=\"og:image:height\" content=\"523\" \/>\n\t<meta property=\"og:image:type\" content=\"image\/webp\" \/>\n<meta name=\"twitter:card\" content=\"summary_large_image\" \/>\n<meta name=\"twitter:label1\" content=\"Odhadovan\u00e1 doba \u010dten\u00ed\" \/>\n\t<meta name=\"twitter:data1\" content=\"2 minuty\" \/>\n<script type=\"application\/ld+json\" class=\"yoast-schema-graph\">{\"@context\":\"https:\/\/schema.org\",\"@graph\":[{\"@type\":\"WebPage\",\"@id\":\"https:\/\/www.technodompro.com\/index.php\/produkt\/horka-nabidka-ravak-stolek-wood-s-dub-cerny-cerna-5774\/\",\"url\":\"https:\/\/www.technodompro.com\/index.php\/produkt\/horka-nabidka-ravak-stolek-wood-s-dub-cerny-cerna-5774\/\",\"name\":\"Hork\u00e1 Nab\u00eddka Ravak Stolek Wood S, dub \u010dern\u00fd \u010dern\u00e1 -\",\"isPartOf\":{\"@id\":\"https:\/\/www.technodompro.com\/#website\"},\"primaryImageOfPage\":{\"@id\":\"https:\/\/www.technodompro.com\/index.php\/produkt\/horka-nabidka-ravak-stolek-wood-s-dub-cerny-cerna-5774\/#primaryimage\"},\"image\":{\"@id\":\"https:\/\/www.technodompro.com\/index.php\/produkt\/horka-nabidka-ravak-stolek-wood-s-dub-cerny-cerna-5774\/#primaryimage\"},\"thumbnailUrl\":\"https:\/\/www.technodompro.com\/wp-content\/uploads\/2026\/SK0018678-CZ20260425-091936-0-1777079982-ravak-stolek-wood-s-dub-cerny-cerna-w1200-h628-f8-5494c20c5.webp\",\"datePublished\":\"2026-04-27T04:40:42+00:00\",\"breadcrumb\":{\"@id\":\"https:\/\/www.technodompro.com\/index.php\/produkt\/horka-nabidka-ravak-stolek-wood-s-dub-cerny-cerna-5774\/#breadcrumb\"},\"inLanguage\":\"cs\",\"potentialAction\":[{\"@type\":\"ReadAction\",\"target\":[\"https:\/\/www.technodompro.com\/index.php\/produkt\/horka-nabidka-ravak-stolek-wood-s-dub-cerny-cerna-5774\/\"]}]},{\"@type\":\"ImageObject\",\"inLanguage\":\"cs\",\"@id\":\"https:\/\/www.technodompro.com\/index.php\/produkt\/horka-nabidka-ravak-stolek-wood-s-dub-cerny-cerna-5774\/#primaryimage\",\"url\":\"https:\/\/www.technodompro.com\/wp-content\/uploads\/2026\/SK0018678-CZ20260425-091936-0-1777079982-ravak-stolek-wood-s-dub-cerny-cerna-w1200-h628-f8-5494c20c5.webp\",\"contentUrl\":\"https:\/\/www.technodompro.com\/wp-content\/uploads\/2026\/SK0018678-CZ20260425-091936-0-1777079982-ravak-stolek-wood-s-dub-cerny-cerna-w1200-h628-f8-5494c20c5.webp\",\"width\":1000,\"height\":523},{\"@type\":\"BreadcrumbList\",\"@id\":\"https:\/\/www.technodompro.com\/index.php\/produkt\/horka-nabidka-ravak-stolek-wood-s-dub-cerny-cerna-5774\/#breadcrumb\",\"itemListElement\":[{\"@type\":\"ListItem\",\"position\":1,\"name\":\"Home\",\"item\":\"https:\/\/www.technodompro.com\/\"},{\"@type\":\"ListItem\",\"position\":2,\"name\":\"Products\",\"item\":\"https:\/\/www.technodompro.com\/index.php\/products\/\"},{\"@type\":\"ListItem\",\"position\":3,\"name\":\"Hork\u00e1 Nab\u00eddka Ravak Stolek Wood S, dub \u010dern\u00fd \u010dern\u00e1\"}]},{\"@type\":\"WebSite\",\"@id\":\"https:\/\/www.technodompro.com\/#website\",\"url\":\"https:\/\/www.technodompro.com\/\",\"name\":\"\",\"description\":\"\",\"potentialAction\":[{\"@type\":\"SearchAction\",\"target\":{\"@type\":\"EntryPoint\",\"urlTemplate\":\"https:\/\/www.technodompro.com\/?s={search_term_string}\"},\"query-input\":{\"@type\":\"PropertyValueSpecification\",\"valueRequired\":true,\"valueName\":\"search_term_string\"}}],\"inLanguage\":\"cs\"}]}<\/script>\n<!-- \/ Yoast SEO plugin. -->","yoast_head_json":{"title":"Hork\u00e1 Nab\u00eddka Ravak Stolek Wood S, dub \u010dern\u00fd \u010dern\u00e1 -","robots":{"index":"index","follow":"follow","max-snippet":"max-snippet:-1","max-image-preview":"max-image-preview:large","max-video-preview":"max-video-preview:-1"},"canonical":"https:\/\/www.technodompro.com\/index.php\/produkt\/horka-nabidka-ravak-stolek-wood-s-dub-cerny-cerna-5774\/","og_locale":"cs_CZ","og_type":"article","og_title":"Hork\u00e1 Nab\u00eddka Ravak Stolek Wood S, dub \u010dern\u00fd \u010dern\u00e1 -","og_description":"Vlastnosti Tvar Voln\u011b stoj\u00edc\u00ed Materi\u00e1l d\u0159evo Produktov\u00e1 skupina Stolek k\u00a0van\u011b P\u016fvod Vyrobeno v\u00a0\u010cR Po\u010det prvk\u016f 2 Instalace k\u00a0van\u011b Barva \u010dern\u00e1, sv\u011btle hn\u011bd\u00e1, b\u00edl\u00e1 Parametry Zna\u010dka Ravak Popis: Rozm\u011br (\u0161xhxv): 48\u00a0\u00d7\u00a057\u00a0\u00d7\u00a029 cm Rozm\u011br odkl\u00e1dac\u00ed plochy (\u0161xhxv): 48\u00a0\u00d7\u00a024 cm Materi\u00e1l: dub masiv s\u00a0povrchovou voskovou \u00fapravou Barevn\u00e9 proveden\u00ed: dub \u010dern\u00fd Stolek Wood S\u00a0sv\u00fdm tvarem i\u00a0v\u00fd\u0161kou perfektn\u011b dopln\u00ed voln\u011b [&hellip;]","og_url":"https:\/\/www.technodompro.com\/index.php\/produkt\/horka-nabidka-ravak-stolek-wood-s-dub-cerny-cerna-5774\/","og_image":[{"width":1000,"height":523,"url":"https:\/\/www.technodompro.com\/wp-content\/uploads\/2026\/SK0018678-CZ20260425-091936-0-1777079982-ravak-stolek-wood-s-dub-cerny-cerna-w1200-h628-f8-5494c20c5.webp","type":"image\/webp"}],"twitter_card":"summary_large_image","twitter_misc":{"Odhadovan\u00e1 doba \u010dten\u00ed":"2 minuty"},"schema":{"@context":"https:\/\/schema.org","@graph":[{"@type":"WebPage","@id":"https:\/\/www.technodompro.com\/index.php\/produkt\/horka-nabidka-ravak-stolek-wood-s-dub-cerny-cerna-5774\/","url":"https:\/\/www.technodompro.com\/index.php\/produkt\/horka-nabidka-ravak-stolek-wood-s-dub-cerny-cerna-5774\/","name":"Hork\u00e1 Nab\u00eddka Ravak Stolek Wood S, dub \u010dern\u00fd \u010dern\u00e1 -","isPartOf":{"@id":"https:\/\/www.technodompro.com\/#website"},"primaryImageOfPage":{"@id":"https:\/\/www.technodompro.com\/index.php\/produkt\/horka-nabidka-ravak-stolek-wood-s-dub-cerny-cerna-5774\/#primaryimage"},"image":{"@id":"https:\/\/www.technodompro.com\/index.php\/produkt\/horka-nabidka-ravak-stolek-wood-s-dub-cerny-cerna-5774\/#primaryimage"},"thumbnailUrl":"https:\/\/www.technodompro.com\/wp-content\/uploads\/2026\/SK0018678-CZ20260425-091936-0-1777079982-ravak-stolek-wood-s-dub-cerny-cerna-w1200-h628-f8-5494c20c5.webp","datePublished":"2026-04-27T04:40:42+00:00","breadcrumb":{"@id":"https:\/\/www.technodompro.com\/index.php\/produkt\/horka-nabidka-ravak-stolek-wood-s-dub-cerny-cerna-5774\/#breadcrumb"},"inLanguage":"cs","potentialAction":[{"@type":"ReadAction","target":["https:\/\/www.technodompro.com\/index.php\/produkt\/horka-nabidka-ravak-stolek-wood-s-dub-cerny-cerna-5774\/"]}]},{"@type":"ImageObject","inLanguage":"cs","@id":"https:\/\/www.technodompro.com\/index.php\/produkt\/horka-nabidka-ravak-stolek-wood-s-dub-cerny-cerna-5774\/#primaryimage","url":"https:\/\/www.technodompro.com\/wp-content\/uploads\/2026\/SK0018678-CZ20260425-091936-0-1777079982-ravak-stolek-wood-s-dub-cerny-cerna-w1200-h628-f8-5494c20c5.webp","contentUrl":"https:\/\/www.technodompro.com\/wp-content\/uploads\/2026\/SK0018678-CZ20260425-091936-0-1777079982-ravak-stolek-wood-s-dub-cerny-cerna-w1200-h628-f8-5494c20c5.webp","width":1000,"height":523},{"@type":"BreadcrumbList","@id":"https:\/\/www.technodompro.com\/index.php\/produkt\/horka-nabidka-ravak-stolek-wood-s-dub-cerny-cerna-5774\/#breadcrumb","itemListElement":[{"@type":"ListItem","position":1,"name":"Home","item":"https:\/\/www.technodompro.com\/"},{"@type":"ListItem","position":2,"name":"Products","item":"https:\/\/www.technodompro.com\/index.php\/products\/"},{"@type":"ListItem","position":3,"name":"Hork\u00e1 Nab\u00eddka Ravak Stolek Wood S, dub \u010dern\u00fd \u010dern\u00e1"}]},{"@type":"WebSite","@id":"https:\/\/www.technodompro.com\/#website","url":"https:\/\/www.technodompro.com\/","name":"","description":"","potentialAction":[{"@type":"SearchAction","target":{"@type":"EntryPoint","urlTemplate":"https:\/\/www.technodompro.com\/?s={search_term_string}"},"query-input":{"@type":"PropertyValueSpecification","valueRequired":true,"valueName":"search_term_string"}}],"inLanguage":"cs"}]}},"_links":{"self":[{"href":"https:\/\/www.technodompro.com\/index.php\/wp-json\/wp\/v2\/product\/5774","targetHints":{"allow":["GET"]}}],"collection":[{"href":"https:\/\/www.technodompro.com\/index.php\/wp-json\/wp\/v2\/product"}],"about":[{"href":"https:\/\/www.technodompro.com\/index.php\/wp-json\/wp\/v2\/types\/product"}],"replies":[{"embeddable":true,"href":"https:\/\/www.technodompro.com\/index.php\/wp-json\/wp\/v2\/comments?post=5774"}],"wp:featuredmedia":[{"embeddable":true,"href":"https:\/\/www.technodompro.com\/index.php\/wp-json\/wp\/v2\/media\/5874"}],"wp:attachment":[{"href":"https:\/\/www.technodompro.com\/index.php\/wp-json\/wp\/v2\/media?parent=5774"}],"wp:term":[{"taxonomy":"product_brand","embeddable":true,"href":"https:\/\/www.technodompro.com\/index.php\/wp-json\/wp\/v2\/product_brand?post=5774"},{"taxonomy":"product_cat","embeddable":true,"href":"https:\/\/www.technodompro.com\/index.php\/wp-json\/wp\/v2\/product_cat?post=5774"},{"taxonomy":"product_tag","embeddable":true,"href":"https:\/\/www.technodompro.com\/index.php\/wp-json\/wp\/v2\/product_tag?post=5774"}],"curies":[{"name":"wp","href":"https:\/\/api.w.org\/{rel}","templated":true}]}}