{"id":5895,"date":"2026-04-27T04:40:42","date_gmt":"2026-04-27T04:40:42","guid":{"rendered":""},"modified":"2026-04-27T04:40:42","modified_gmt":"2026-04-27T04:40:42","slug":"ravak-zrcadlo-orbit-60-s-osvetlenim-dokud-zasoby-vydrzi-5895","status":"publish","type":"product","link":"https:\/\/www.technodompro.com\/index.php\/produkt\/ravak-zrcadlo-orbit-60-s-osvetlenim-dokud-zasoby-vydrzi-5895\/","title":{"rendered":"Ravak Zrcadlo Orbit 60 s osv\u011btlen\u00edm Dokud Z\u00e1soby Vydr\u017e\u00ed"},"content":{"rendered":"<div class=\"detail-description__right\">\n<div class=\"parameters\">\n<div class=\"table table--simple\">\n<table>\n<tbody>\n<tr>\n<td colspan=\"2\">\n<h4>Vlastnosti<\/h4>\n<\/td>\n<\/tr>\n<tr>\n<td>SHAPE<\/td>\n<td>Zrcadla<\/td>\n<\/tr>\n<tr>\n<td>Materi\u00e1l<\/td>\n<td>sklo<\/td>\n<\/tr>\n<tr>\n<td>Produktov\u00e1 skupina<\/td>\n<td>Zrcadlo<\/td>\n<\/tr>\n<tr>\n<td>P\u016fvod<\/td>\n<td>Vyrobeno v\u00a0\u010cR<\/td>\n<\/tr>\n<tr>\n<td>Stupe\u0148 kryt\u00ed<\/td>\n<td>IP 44<\/td>\n<\/tr>\n<tr>\n<td colspan=\"2\">\n<h4>Parametry<\/h4>\n<\/td>\n<\/tr>\n<tr>\n<td>Zna\u010dka<\/td>\n<td>Ravak<\/td>\n<\/tr>\n<\/tbody>\n<\/table><\/div>\n<\/div><\/div>\n<div class=\"detail-description__top\">\t\t\t\t<\/div>\n<div class=\"detail-description__left\">\n<div class=\"detail-description__left__overflow\">\n<div class=\"detail-description__left__head\">\t\t\t\t\t\tPopis:\t\t\t\t\t<\/div>\n<div class=\"ul-style ul-style--check\">\n<ul class=\"plusminus\">\n<li><i class=\"fas fa-check\"><\/i><span>Rozm\u011bry (\u00d8xh): 50\u00a0\u00d7\u00a03 cm<\/span><\/li>\n<li><i class=\"fas fa-check\"><\/i><span>Typ osv\u011btlen\u00ed: LED<\/span><\/li>\n<li><i class=\"fas fa-check\"><\/i><span>Barva sv\u011btla: 4000\u00a0K (neutral)<\/span><\/li>\n<li><i class=\"fas fa-check\"><\/i><span>Sv\u011bteln\u00fd tok: 1074\u00a0lm<\/span><\/li>\n<li><i class=\"fas fa-check\"><\/i><span>Stupe\u0148 kryt\u00ed: IP 44<\/span><\/li>\n<li><i class=\"fas fa-check\"><\/i><span>V\u00fdkon: 10,7\u00a0W<\/span><\/li>\n<li><i class=\"fas fa-check\"><\/i><span>Transform\u00e1tor: 24\u00a0V (sou\u010d\u00e1st\u00ed v\u00fdrobku)<\/span><\/li>\n<li><i class=\"fas fa-check\"><\/i><span>El. p\u0159ipojen\u00ed: 230\u00a0V, 50\u00a0Hz<\/span><\/li>\n<li><i class=\"fas fa-check\"><\/i><span>Stavebn\u00ed p\u0159ipravenost: elektrick\u00fd p\u0159\u00edvod v\u00a0min. d\u00e9lce 50\u00a0cm\ts\u00a0p\u0159ipojen\u00edm na extern\u00ed vyp\u00edna\u010d<\/span><\/li>\n<\/ul>\n<p>Zrcadlo je vybaveno bo\u010dn\u00edm LED osv\u011btlen\u00edm a p\u0159ipraveno k\u00a0p\u0159ipojen\u00edk\u00a0nap\u00e1jec\u00edmu nap\u011bt\u00ed 230\u00a0V. Instaluje se zav\u011b\u0161en\u00edm na\u00a0ze\u010f.<\/p>\n<p>Hra se sv\u011btlem<\/p>\n<p>Zrcadla s\u00a0LED podsv\u00edcen\u00edm rovnom\u011brn\u011b osv\u011btluj\u00ed interi\u00e9r koupelny,p\u0159eds\u00edn\u011b i\u00a0dal\u0161\u00edch m\u00edstnost\u00ed a vytv\u00e1\u0159\u00ed \u00fatulnou atmosf\u00e9ru. Sv\u011btloneosl\u0148uje, je ekologick\u00e9 a dlouho vydr\u017e\u00ed.<\/p>\n<p>100% spolehlivost<\/p>\n<p>Zrcadla jsou p\u0159izp\u016fsobena pro vlhk\u00e9 prost\u0159ed\u00ed koupelny. \u00dasporn\u00e9 LEDpodsv\u00edcen\u00ed slibuje dlouhou \u017eivotnost a n\u00edzkou spot\u0159ebu.<\/p>\n<p>5\u00a0let z\u00e1ruka<\/p>\n<p>Za kvalitou na\u0161ich v\u00fdrobk\u016f si stoj\u00edme. Proto k\u00a0zrcadl\u016fm z\u00edsk\u00e1teprodlou\u017eenou p\u011btiletou z\u00e1ruku.<\/p>\n<\/div>\n<div class=\"detail-description__left__more\">\t\t\t\t\t\t<span> <\/span><span> <\/span>\t\t\t\t\t<\/div>\n<\/p><\/div>\n<\/p><\/div>\n<div class=\"detail-description__more\"><span> <\/span><span> <\/span><\/div>\n<\/p><\/div>\n<\/p><\/div>\n","protected":false},"excerpt":{"rendered":"<p>Vlastnosti SHAPE Zrcadla Materi\u00e1l sklo Produktov\u00e1 skupina Zrcadlo P\u016fvod Vyrobeno v\u00a0\u010cR Stupe\u0148 kryt\u00ed IP 44 Parametry Zna\u010dka Ravak Popis: Rozm\u011bry (\u00d8xh): 50\u00a0\u00d7\u00a03 cm Typ osv\u011btlen\u00ed: LED Barva sv\u011btla: 4000\u00a0K (neutral) Sv\u011bteln\u00fd tok: 1074\u00a0lm Stupe\u0148 kryt\u00ed: IP 44 V\u00fdkon: 10,7\u00a0W Transform\u00e1tor: 24\u00a0V (sou\u010d\u00e1st\u00ed v\u00fdrobku) El. p\u0159ipojen\u00ed: 230\u00a0V, 50\u00a0Hz Stavebn\u00ed p\u0159ipravenost: elektrick\u00fd p\u0159\u00edvod v\u00a0min. d\u00e9lce 50\u00a0cm s\u00a0p\u0159ipojen\u00edm [&hellip;]<\/p>\n","protected":false},"featured_media":5995,"comment_status":"open","ping_status":"open","template":"","meta":[],"product_brand":[],"product_cat":[38],"product_tag":[],"class_list":{"0":"post-5895","1":"product","2":"type-product","3":"status-publish","4":"has-post-thumbnail","6":"product_cat-bydleni","8":"first","9":"instock","10":"sale","11":"shipping-taxable","12":"purchasable","13":"product-type-simple"},"yoast_head":"<!-- This site is optimized with the Yoast SEO plugin v26.8 - https:\/\/yoast.com\/product\/yoast-seo-wordpress\/ -->\n<title>Ravak Zrcadlo Orbit 60 s osv\u011btlen\u00edm Dokud Z\u00e1soby Vydr\u017e\u00ed -<\/title>\n<meta name=\"robots\" content=\"index, follow, max-snippet:-1, max-image-preview:large, max-video-preview:-1\" \/>\n<link rel=\"canonical\" href=\"https:\/\/www.technodompro.com\/index.php\/produkt\/ravak-zrcadlo-orbit-60-s-osvetlenim-dokud-zasoby-vydrzi-5895\/\" \/>\n<meta property=\"og:locale\" content=\"cs_CZ\" \/>\n<meta property=\"og:type\" content=\"article\" \/>\n<meta property=\"og:title\" content=\"Ravak Zrcadlo Orbit 60 s osv\u011btlen\u00edm Dokud Z\u00e1soby Vydr\u017e\u00ed -\" \/>\n<meta property=\"og:description\" content=\"Vlastnosti SHAPE Zrcadla Materi\u00e1l sklo Produktov\u00e1 skupina Zrcadlo P\u016fvod Vyrobeno v\u00a0\u010cR Stupe\u0148 kryt\u00ed IP 44 Parametry Zna\u010dka Ravak Popis: Rozm\u011bry (\u00d8xh): 50\u00a0\u00d7\u00a03 cm Typ osv\u011btlen\u00ed: LED Barva sv\u011btla: 4000\u00a0K (neutral) Sv\u011bteln\u00fd tok: 1074\u00a0lm Stupe\u0148 kryt\u00ed: IP 44 V\u00fdkon: 10,7\u00a0W Transform\u00e1tor: 24\u00a0V (sou\u010d\u00e1st\u00ed v\u00fdrobku) El. p\u0159ipojen\u00ed: 230\u00a0V, 50\u00a0Hz Stavebn\u00ed p\u0159ipravenost: elektrick\u00fd p\u0159\u00edvod v\u00a0min. d\u00e9lce 50\u00a0cm s\u00a0p\u0159ipojen\u00edm [&hellip;]\" \/>\n<meta property=\"og:url\" content=\"https:\/\/www.technodompro.com\/index.php\/produkt\/ravak-zrcadlo-orbit-60-s-osvetlenim-dokud-zasoby-vydrzi-5895\/\" \/>\n<meta property=\"og:image\" content=\"https:\/\/www.technodompro.com\/wp-content\/uploads\/2026\/SK0018703-CZ20260425-091936-0-1777079982-ravak-zrcadlo-orbit-60-s-osvetlenim-w1200-h628-f8-b0d3de80e.webp\" \/>\n\t<meta property=\"og:image:width\" content=\"1000\" \/>\n\t<meta property=\"og:image:height\" content=\"523\" \/>\n\t<meta property=\"og:image:type\" content=\"image\/webp\" \/>\n<meta name=\"twitter:card\" content=\"summary_large_image\" \/>\n<meta name=\"twitter:label1\" content=\"Odhadovan\u00e1 doba \u010dten\u00ed\" \/>\n\t<meta name=\"twitter:data1\" content=\"1 minuta\" \/>\n<script type=\"application\/ld+json\" class=\"yoast-schema-graph\">{\"@context\":\"https:\/\/schema.org\",\"@graph\":[{\"@type\":\"WebPage\",\"@id\":\"https:\/\/www.technodompro.com\/index.php\/produkt\/ravak-zrcadlo-orbit-60-s-osvetlenim-dokud-zasoby-vydrzi-5895\/\",\"url\":\"https:\/\/www.technodompro.com\/index.php\/produkt\/ravak-zrcadlo-orbit-60-s-osvetlenim-dokud-zasoby-vydrzi-5895\/\",\"name\":\"Ravak Zrcadlo Orbit 60 s osv\u011btlen\u00edm Dokud Z\u00e1soby Vydr\u017e\u00ed -\",\"isPartOf\":{\"@id\":\"https:\/\/www.technodompro.com\/#website\"},\"primaryImageOfPage\":{\"@id\":\"https:\/\/www.technodompro.com\/index.php\/produkt\/ravak-zrcadlo-orbit-60-s-osvetlenim-dokud-zasoby-vydrzi-5895\/#primaryimage\"},\"image\":{\"@id\":\"https:\/\/www.technodompro.com\/index.php\/produkt\/ravak-zrcadlo-orbit-60-s-osvetlenim-dokud-zasoby-vydrzi-5895\/#primaryimage\"},\"thumbnailUrl\":\"https:\/\/www.technodompro.com\/wp-content\/uploads\/2026\/SK0018703-CZ20260425-091936-0-1777079982-ravak-zrcadlo-orbit-60-s-osvetlenim-w1200-h628-f8-b0d3de80e.webp\",\"datePublished\":\"2026-04-27T04:40:42+00:00\",\"breadcrumb\":{\"@id\":\"https:\/\/www.technodompro.com\/index.php\/produkt\/ravak-zrcadlo-orbit-60-s-osvetlenim-dokud-zasoby-vydrzi-5895\/#breadcrumb\"},\"inLanguage\":\"cs\",\"potentialAction\":[{\"@type\":\"ReadAction\",\"target\":[\"https:\/\/www.technodompro.com\/index.php\/produkt\/ravak-zrcadlo-orbit-60-s-osvetlenim-dokud-zasoby-vydrzi-5895\/\"]}]},{\"@type\":\"ImageObject\",\"inLanguage\":\"cs\",\"@id\":\"https:\/\/www.technodompro.com\/index.php\/produkt\/ravak-zrcadlo-orbit-60-s-osvetlenim-dokud-zasoby-vydrzi-5895\/#primaryimage\",\"url\":\"https:\/\/www.technodompro.com\/wp-content\/uploads\/2026\/SK0018703-CZ20260425-091936-0-1777079982-ravak-zrcadlo-orbit-60-s-osvetlenim-w1200-h628-f8-b0d3de80e.webp\",\"contentUrl\":\"https:\/\/www.technodompro.com\/wp-content\/uploads\/2026\/SK0018703-CZ20260425-091936-0-1777079982-ravak-zrcadlo-orbit-60-s-osvetlenim-w1200-h628-f8-b0d3de80e.webp\",\"width\":1000,\"height\":523},{\"@type\":\"BreadcrumbList\",\"@id\":\"https:\/\/www.technodompro.com\/index.php\/produkt\/ravak-zrcadlo-orbit-60-s-osvetlenim-dokud-zasoby-vydrzi-5895\/#breadcrumb\",\"itemListElement\":[{\"@type\":\"ListItem\",\"position\":1,\"name\":\"Home\",\"item\":\"https:\/\/www.technodompro.com\/\"},{\"@type\":\"ListItem\",\"position\":2,\"name\":\"Products\",\"item\":\"https:\/\/www.technodompro.com\/index.php\/products\/\"},{\"@type\":\"ListItem\",\"position\":3,\"name\":\"Ravak Zrcadlo Orbit 60 s osv\u011btlen\u00edm Dokud Z\u00e1soby Vydr\u017e\u00ed\"}]},{\"@type\":\"WebSite\",\"@id\":\"https:\/\/www.technodompro.com\/#website\",\"url\":\"https:\/\/www.technodompro.com\/\",\"name\":\"\",\"description\":\"\",\"potentialAction\":[{\"@type\":\"SearchAction\",\"target\":{\"@type\":\"EntryPoint\",\"urlTemplate\":\"https:\/\/www.technodompro.com\/?s={search_term_string}\"},\"query-input\":{\"@type\":\"PropertyValueSpecification\",\"valueRequired\":true,\"valueName\":\"search_term_string\"}}],\"inLanguage\":\"cs\"}]}<\/script>\n<!-- \/ Yoast SEO plugin. -->","yoast_head_json":{"title":"Ravak Zrcadlo Orbit 60 s osv\u011btlen\u00edm Dokud Z\u00e1soby Vydr\u017e\u00ed -","robots":{"index":"index","follow":"follow","max-snippet":"max-snippet:-1","max-image-preview":"max-image-preview:large","max-video-preview":"max-video-preview:-1"},"canonical":"https:\/\/www.technodompro.com\/index.php\/produkt\/ravak-zrcadlo-orbit-60-s-osvetlenim-dokud-zasoby-vydrzi-5895\/","og_locale":"cs_CZ","og_type":"article","og_title":"Ravak Zrcadlo Orbit 60 s osv\u011btlen\u00edm Dokud Z\u00e1soby Vydr\u017e\u00ed -","og_description":"Vlastnosti SHAPE Zrcadla Materi\u00e1l sklo Produktov\u00e1 skupina Zrcadlo P\u016fvod Vyrobeno v\u00a0\u010cR Stupe\u0148 kryt\u00ed IP 44 Parametry Zna\u010dka Ravak Popis: Rozm\u011bry (\u00d8xh): 50\u00a0\u00d7\u00a03 cm Typ osv\u011btlen\u00ed: LED Barva sv\u011btla: 4000\u00a0K (neutral) Sv\u011bteln\u00fd tok: 1074\u00a0lm Stupe\u0148 kryt\u00ed: IP 44 V\u00fdkon: 10,7\u00a0W Transform\u00e1tor: 24\u00a0V (sou\u010d\u00e1st\u00ed v\u00fdrobku) El. p\u0159ipojen\u00ed: 230\u00a0V, 50\u00a0Hz Stavebn\u00ed p\u0159ipravenost: elektrick\u00fd p\u0159\u00edvod v\u00a0min. d\u00e9lce 50\u00a0cm s\u00a0p\u0159ipojen\u00edm [&hellip;]","og_url":"https:\/\/www.technodompro.com\/index.php\/produkt\/ravak-zrcadlo-orbit-60-s-osvetlenim-dokud-zasoby-vydrzi-5895\/","og_image":[{"width":1000,"height":523,"url":"https:\/\/www.technodompro.com\/wp-content\/uploads\/2026\/SK0018703-CZ20260425-091936-0-1777079982-ravak-zrcadlo-orbit-60-s-osvetlenim-w1200-h628-f8-b0d3de80e.webp","type":"image\/webp"}],"twitter_card":"summary_large_image","twitter_misc":{"Odhadovan\u00e1 doba \u010dten\u00ed":"1 minuta"},"schema":{"@context":"https:\/\/schema.org","@graph":[{"@type":"WebPage","@id":"https:\/\/www.technodompro.com\/index.php\/produkt\/ravak-zrcadlo-orbit-60-s-osvetlenim-dokud-zasoby-vydrzi-5895\/","url":"https:\/\/www.technodompro.com\/index.php\/produkt\/ravak-zrcadlo-orbit-60-s-osvetlenim-dokud-zasoby-vydrzi-5895\/","name":"Ravak Zrcadlo Orbit 60 s osv\u011btlen\u00edm Dokud Z\u00e1soby Vydr\u017e\u00ed -","isPartOf":{"@id":"https:\/\/www.technodompro.com\/#website"},"primaryImageOfPage":{"@id":"https:\/\/www.technodompro.com\/index.php\/produkt\/ravak-zrcadlo-orbit-60-s-osvetlenim-dokud-zasoby-vydrzi-5895\/#primaryimage"},"image":{"@id":"https:\/\/www.technodompro.com\/index.php\/produkt\/ravak-zrcadlo-orbit-60-s-osvetlenim-dokud-zasoby-vydrzi-5895\/#primaryimage"},"thumbnailUrl":"https:\/\/www.technodompro.com\/wp-content\/uploads\/2026\/SK0018703-CZ20260425-091936-0-1777079982-ravak-zrcadlo-orbit-60-s-osvetlenim-w1200-h628-f8-b0d3de80e.webp","datePublished":"2026-04-27T04:40:42+00:00","breadcrumb":{"@id":"https:\/\/www.technodompro.com\/index.php\/produkt\/ravak-zrcadlo-orbit-60-s-osvetlenim-dokud-zasoby-vydrzi-5895\/#breadcrumb"},"inLanguage":"cs","potentialAction":[{"@type":"ReadAction","target":["https:\/\/www.technodompro.com\/index.php\/produkt\/ravak-zrcadlo-orbit-60-s-osvetlenim-dokud-zasoby-vydrzi-5895\/"]}]},{"@type":"ImageObject","inLanguage":"cs","@id":"https:\/\/www.technodompro.com\/index.php\/produkt\/ravak-zrcadlo-orbit-60-s-osvetlenim-dokud-zasoby-vydrzi-5895\/#primaryimage","url":"https:\/\/www.technodompro.com\/wp-content\/uploads\/2026\/SK0018703-CZ20260425-091936-0-1777079982-ravak-zrcadlo-orbit-60-s-osvetlenim-w1200-h628-f8-b0d3de80e.webp","contentUrl":"https:\/\/www.technodompro.com\/wp-content\/uploads\/2026\/SK0018703-CZ20260425-091936-0-1777079982-ravak-zrcadlo-orbit-60-s-osvetlenim-w1200-h628-f8-b0d3de80e.webp","width":1000,"height":523},{"@type":"BreadcrumbList","@id":"https:\/\/www.technodompro.com\/index.php\/produkt\/ravak-zrcadlo-orbit-60-s-osvetlenim-dokud-zasoby-vydrzi-5895\/#breadcrumb","itemListElement":[{"@type":"ListItem","position":1,"name":"Home","item":"https:\/\/www.technodompro.com\/"},{"@type":"ListItem","position":2,"name":"Products","item":"https:\/\/www.technodompro.com\/index.php\/products\/"},{"@type":"ListItem","position":3,"name":"Ravak Zrcadlo Orbit 60 s osv\u011btlen\u00edm Dokud Z\u00e1soby Vydr\u017e\u00ed"}]},{"@type":"WebSite","@id":"https:\/\/www.technodompro.com\/#website","url":"https:\/\/www.technodompro.com\/","name":"","description":"","potentialAction":[{"@type":"SearchAction","target":{"@type":"EntryPoint","urlTemplate":"https:\/\/www.technodompro.com\/?s={search_term_string}"},"query-input":{"@type":"PropertyValueSpecification","valueRequired":true,"valueName":"search_term_string"}}],"inLanguage":"cs"}]}},"_links":{"self":[{"href":"https:\/\/www.technodompro.com\/index.php\/wp-json\/wp\/v2\/product\/5895","targetHints":{"allow":["GET"]}}],"collection":[{"href":"https:\/\/www.technodompro.com\/index.php\/wp-json\/wp\/v2\/product"}],"about":[{"href":"https:\/\/www.technodompro.com\/index.php\/wp-json\/wp\/v2\/types\/product"}],"replies":[{"embeddable":true,"href":"https:\/\/www.technodompro.com\/index.php\/wp-json\/wp\/v2\/comments?post=5895"}],"wp:featuredmedia":[{"embeddable":true,"href":"https:\/\/www.technodompro.com\/index.php\/wp-json\/wp\/v2\/media\/5995"}],"wp:attachment":[{"href":"https:\/\/www.technodompro.com\/index.php\/wp-json\/wp\/v2\/media?parent=5895"}],"wp:term":[{"taxonomy":"product_brand","embeddable":true,"href":"https:\/\/www.technodompro.com\/index.php\/wp-json\/wp\/v2\/product_brand?post=5895"},{"taxonomy":"product_cat","embeddable":true,"href":"https:\/\/www.technodompro.com\/index.php\/wp-json\/wp\/v2\/product_cat?post=5895"},{"taxonomy":"product_tag","embeddable":true,"href":"https:\/\/www.technodompro.com\/index.php\/wp-json\/wp\/v2\/product_tag?post=5895"}],"curies":[{"name":"wp","href":"https:\/\/api.w.org\/{rel}","templated":true}]}}