{"id":59920,"date":"2026-04-27T04:43:13","date_gmt":"2026-04-27T04:43:13","guid":{"rendered":""},"modified":"2026-04-27T04:43:13","modified_gmt":"2026-04-27T04:43:13","slug":"znackovy-sapho-duopasso-elektricky-susak-rucniku-s-casovacem-122x1700mm-45-w-chrom-er730-59920","status":"publish","type":"product","link":"https:\/\/www.technodompro.com\/index.php\/produkt\/znackovy-sapho-duopasso-elektricky-susak-rucniku-s-casovacem-122x1700mm-45-w-chrom-er730-59920\/","title":{"rendered":"Zna\u010dkov\u00fd Sapho DUOPASSO elektrick\u00fd su\u0161\u00e1k ru\u010dn\u00edk\u016f s \u010dasova\u010dem 122x1700mm, 45 W, chrom ER730"},"content":{"rendered":"<div class=\"basic-description\">\n<h3>Detailn\u00ed popis produktu<\/h3>\n<p><\/p>\n<p style=\"text-align: justify;\">Otopn\u00e9 t\u011bleso DUOPASSO lze zapojit p\u0159\u00edmo do elektrick\u00e9 z\u00e1suvky d\u00edky kroucen\u00e9mu kabelu zakon\u010den\u00e9mu vidlic\u00ed nebo s pou\u017eit\u00edm doporu\u010den\u00e9ho adapt\u00e9ru m\u016f\u017eete kabel skr\u00fdt a napojit ho p\u0159\u00edmo do svorkovnice schovan\u00e9 ve st\u011bn\u011b pro \u010dist\u00fd vzhled koupelny. Su\u0161\u00e1k je ur\u010den k nah\u0159\u00edv\u00e1n\u00ed a su\u0161en\u00ed ru\u010dn\u00edk\u016f, kter\u00e9 ocen\u00edte p\u0159edev\u0161\u00edm v zimn\u00edm obdob\u00ed.<\/p>\n<ul>\n<li>Po nah\u0159\u00e1t\u00ed se teplota pohybuje mezi 45 a\u017e 55 \u00b0C dle teploty okol\u00ed<\/li>\n<li>D\u00e9lka kroucen\u00e9ho kabelu po rozta\u017een\u00ed: 150 cm<\/li>\n<li>Provozn\u00ed nap\u011bt\u00ed: 230 V<\/li>\n<\/ul>\n<h2 class=\"props-title\">Vlastnosti<\/h2>\n<table>\n<tr>\n<th>Zna\u010dka<\/th>\n<td>SAPHO<\/td>\n<\/tr>\n<tr>\n<th>S\u00e9rie<\/th>\n<td>DUOPASSO<\/td>\n<\/tr>\n<tr>\n<th>3D model<\/th>\n<td>ANO<\/td>\n<\/tr>\n<tr>\n<th>Rozm\u011br<\/th>\n<td>122&#215;1700 mm<\/td>\n<\/tr>\n<tr>\n<th>\u0160\u00ed\u0159ka<\/th>\n<td>122&nbsp;mm<\/td>\n<\/tr>\n<tr>\n<th>V\u00fd\u0161ka<\/th>\n<td>1700&nbsp;mm<\/td>\n<\/tr>\n<tr>\n<th>Barva<\/th>\n<td>Chrom<\/td>\n<\/tr>\n<tr>\n<th>Materi\u00e1l<\/th>\n<td>Nerez<\/td>\n<\/tr>\n<tr>\n<th>Tvar<\/th>\n<td>Tvar I<\/td>\n<\/tr>\n<tr>\n<th>Mo\u017enost vyt\u00e1p\u011bn\u00ed<\/th>\n<td>Elektrick\u00e9 vyt\u00e1p\u011bn\u00ed integrovan\u00e9 v t\u011blese<\/td>\n<\/tr>\n<tr>\n<th>P\u0159\u00edkon<\/th>\n<td>45.00&nbsp;W<\/td>\n<\/tr>\n<tr>\n<th>V\u00fdbava<\/th>\n<td>\u010casova\u010d<\/td>\n<\/tr>\n<tr>\n<th>Hmotnost \/ ks<\/th>\n<td>4.6000&nbsp;kg<\/td>\n<\/tr>\n<tr>\n<th>Balen\u00ed<\/th>\n<td>1&nbsp;ks<\/td>\n<\/tr>\n<tr>\n<th>EAN<\/th>\n<td>8590913964244<\/td>\n<\/tr>\n<tr>\n<th>Taric<\/th>\n<td>85167970<\/td>\n<\/tr>\n<tr>\n<th>Z\u00e1ruka<\/th>\n<td>2 roky<\/td>\n<\/tr>\n<\/table><\/div>\n","protected":false},"excerpt":{"rendered":"<p>Detailn\u00ed popis produktu Otopn\u00e9 t\u011bleso DUOPASSO lze zapojit p\u0159\u00edmo do elektrick\u00e9 z\u00e1suvky d\u00edky kroucen\u00e9mu kabelu zakon\u010den\u00e9mu vidlic\u00ed nebo s pou\u017eit\u00edm doporu\u010den\u00e9ho adapt\u00e9ru m\u016f\u017eete kabel skr\u00fdt a napojit ho p\u0159\u00edmo do svorkovnice schovan\u00e9 ve st\u011bn\u011b pro \u010dist\u00fd vzhled koupelny. Su\u0161\u00e1k je ur\u010den k nah\u0159\u00edv\u00e1n\u00ed a su\u0161en\u00ed ru\u010dn\u00edk\u016f, kter\u00e9 ocen\u00edte p\u0159edev\u0161\u00edm v zimn\u00edm obdob\u00ed. Po nah\u0159\u00e1t\u00ed se [&hellip;]<\/p>\n","protected":false},"featured_media":60020,"comment_status":"open","ping_status":"open","template":"","meta":[],"product_brand":[],"product_cat":[100],"product_tag":[],"class_list":{"0":"post-59920","1":"product","2":"type-product","3":"status-publish","4":"has-post-thumbnail","6":"product_cat-vytapeni","8":"first","9":"instock","10":"sale","11":"shipping-taxable","12":"purchasable","13":"product-type-simple"},"yoast_head":"<!-- This site is optimized with the Yoast SEO plugin v26.8 - https:\/\/yoast.com\/product\/yoast-seo-wordpress\/ -->\n<title>Zna\u010dkov\u00fd Sapho DUOPASSO elektrick\u00fd su\u0161\u00e1k ru\u010dn\u00edk\u016f s \u010dasova\u010dem 122x1700mm, 45 W, chrom ER730 -<\/title>\n<meta name=\"robots\" content=\"index, follow, max-snippet:-1, max-image-preview:large, max-video-preview:-1\" \/>\n<link rel=\"canonical\" href=\"https:\/\/www.technodompro.com\/index.php\/produkt\/znackovy-sapho-duopasso-elektricky-susak-rucniku-s-casovacem-122x1700mm-45-w-chrom-er730-59920\/\" \/>\n<meta property=\"og:locale\" content=\"cs_CZ\" \/>\n<meta property=\"og:type\" content=\"article\" \/>\n<meta property=\"og:title\" content=\"Zna\u010dkov\u00fd Sapho DUOPASSO elektrick\u00fd su\u0161\u00e1k ru\u010dn\u00edk\u016f s \u010dasova\u010dem 122x1700mm, 45 W, chrom ER730 -\" \/>\n<meta property=\"og:description\" content=\"Detailn\u00ed popis produktu Otopn\u00e9 t\u011bleso DUOPASSO lze zapojit p\u0159\u00edmo do elektrick\u00e9 z\u00e1suvky d\u00edky kroucen\u00e9mu kabelu zakon\u010den\u00e9mu vidlic\u00ed nebo s pou\u017eit\u00edm doporu\u010den\u00e9ho adapt\u00e9ru m\u016f\u017eete kabel skr\u00fdt a napojit ho p\u0159\u00edmo do svorkovnice schovan\u00e9 ve st\u011bn\u011b pro \u010dist\u00fd vzhled koupelny. Su\u0161\u00e1k je ur\u010den k nah\u0159\u00edv\u00e1n\u00ed a su\u0161en\u00ed ru\u010dn\u00edk\u016f, kter\u00e9 ocen\u00edte p\u0159edev\u0161\u00edm v zimn\u00edm obdob\u00ed. Po nah\u0159\u00e1t\u00ed se [&hellip;]\" \/>\n<meta property=\"og:url\" content=\"https:\/\/www.technodompro.com\/index.php\/produkt\/znackovy-sapho-duopasso-elektricky-susak-rucniku-s-casovacem-122x1700mm-45-w-chrom-er730-59920\/\" \/>\n<meta property=\"og:image\" content=\"https:\/\/www.technodompro.com\/wp-content\/uploads\/2026\/SK0014849-CZ20260425-093631-0-1777080994-289557_er730-224940322193998.webp\" \/>\n\t<meta property=\"og:image:width\" content=\"1000\" \/>\n\t<meta property=\"og:image:height\" content=\"750\" \/>\n\t<meta property=\"og:image:type\" content=\"image\/webp\" \/>\n<meta name=\"twitter:card\" content=\"summary_large_image\" \/>\n<meta name=\"twitter:label1\" content=\"Odhadovan\u00e1 doba \u010dten\u00ed\" \/>\n\t<meta name=\"twitter:data1\" content=\"1 minuta\" \/>\n<script type=\"application\/ld+json\" class=\"yoast-schema-graph\">{\"@context\":\"https:\/\/schema.org\",\"@graph\":[{\"@type\":\"WebPage\",\"@id\":\"https:\/\/www.technodompro.com\/index.php\/produkt\/znackovy-sapho-duopasso-elektricky-susak-rucniku-s-casovacem-122x1700mm-45-w-chrom-er730-59920\/\",\"url\":\"https:\/\/www.technodompro.com\/index.php\/produkt\/znackovy-sapho-duopasso-elektricky-susak-rucniku-s-casovacem-122x1700mm-45-w-chrom-er730-59920\/\",\"name\":\"Zna\u010dkov\u00fd Sapho DUOPASSO elektrick\u00fd su\u0161\u00e1k ru\u010dn\u00edk\u016f s \u010dasova\u010dem 122x1700mm, 45 W, chrom ER730 -\",\"isPartOf\":{\"@id\":\"https:\/\/www.technodompro.com\/#website\"},\"primaryImageOfPage\":{\"@id\":\"https:\/\/www.technodompro.com\/index.php\/produkt\/znackovy-sapho-duopasso-elektricky-susak-rucniku-s-casovacem-122x1700mm-45-w-chrom-er730-59920\/#primaryimage\"},\"image\":{\"@id\":\"https:\/\/www.technodompro.com\/index.php\/produkt\/znackovy-sapho-duopasso-elektricky-susak-rucniku-s-casovacem-122x1700mm-45-w-chrom-er730-59920\/#primaryimage\"},\"thumbnailUrl\":\"https:\/\/www.technodompro.com\/wp-content\/uploads\/2026\/SK0014849-CZ20260425-093631-0-1777080994-289557_er730-224940322193998.webp\",\"datePublished\":\"2026-04-27T04:43:13+00:00\",\"breadcrumb\":{\"@id\":\"https:\/\/www.technodompro.com\/index.php\/produkt\/znackovy-sapho-duopasso-elektricky-susak-rucniku-s-casovacem-122x1700mm-45-w-chrom-er730-59920\/#breadcrumb\"},\"inLanguage\":\"cs\",\"potentialAction\":[{\"@type\":\"ReadAction\",\"target\":[\"https:\/\/www.technodompro.com\/index.php\/produkt\/znackovy-sapho-duopasso-elektricky-susak-rucniku-s-casovacem-122x1700mm-45-w-chrom-er730-59920\/\"]}]},{\"@type\":\"ImageObject\",\"inLanguage\":\"cs\",\"@id\":\"https:\/\/www.technodompro.com\/index.php\/produkt\/znackovy-sapho-duopasso-elektricky-susak-rucniku-s-casovacem-122x1700mm-45-w-chrom-er730-59920\/#primaryimage\",\"url\":\"https:\/\/www.technodompro.com\/wp-content\/uploads\/2026\/SK0014849-CZ20260425-093631-0-1777080994-289557_er730-224940322193998.webp\",\"contentUrl\":\"https:\/\/www.technodompro.com\/wp-content\/uploads\/2026\/SK0014849-CZ20260425-093631-0-1777080994-289557_er730-224940322193998.webp\",\"width\":1000,\"height\":750},{\"@type\":\"BreadcrumbList\",\"@id\":\"https:\/\/www.technodompro.com\/index.php\/produkt\/znackovy-sapho-duopasso-elektricky-susak-rucniku-s-casovacem-122x1700mm-45-w-chrom-er730-59920\/#breadcrumb\",\"itemListElement\":[{\"@type\":\"ListItem\",\"position\":1,\"name\":\"Home\",\"item\":\"https:\/\/www.technodompro.com\/\"},{\"@type\":\"ListItem\",\"position\":2,\"name\":\"Products\",\"item\":\"https:\/\/www.technodompro.com\/index.php\/products\/\"},{\"@type\":\"ListItem\",\"position\":3,\"name\":\"Zna\u010dkov\u00fd Sapho DUOPASSO elektrick\u00fd su\u0161\u00e1k ru\u010dn\u00edk\u016f s \u010dasova\u010dem 122x1700mm, 45 W, chrom ER730\"}]},{\"@type\":\"WebSite\",\"@id\":\"https:\/\/www.technodompro.com\/#website\",\"url\":\"https:\/\/www.technodompro.com\/\",\"name\":\"\",\"description\":\"\",\"potentialAction\":[{\"@type\":\"SearchAction\",\"target\":{\"@type\":\"EntryPoint\",\"urlTemplate\":\"https:\/\/www.technodompro.com\/?s={search_term_string}\"},\"query-input\":{\"@type\":\"PropertyValueSpecification\",\"valueRequired\":true,\"valueName\":\"search_term_string\"}}],\"inLanguage\":\"cs\"}]}<\/script>\n<!-- \/ Yoast SEO plugin. -->","yoast_head_json":{"title":"Zna\u010dkov\u00fd Sapho DUOPASSO elektrick\u00fd su\u0161\u00e1k ru\u010dn\u00edk\u016f s \u010dasova\u010dem 122x1700mm, 45 W, chrom ER730 -","robots":{"index":"index","follow":"follow","max-snippet":"max-snippet:-1","max-image-preview":"max-image-preview:large","max-video-preview":"max-video-preview:-1"},"canonical":"https:\/\/www.technodompro.com\/index.php\/produkt\/znackovy-sapho-duopasso-elektricky-susak-rucniku-s-casovacem-122x1700mm-45-w-chrom-er730-59920\/","og_locale":"cs_CZ","og_type":"article","og_title":"Zna\u010dkov\u00fd Sapho DUOPASSO elektrick\u00fd su\u0161\u00e1k ru\u010dn\u00edk\u016f s \u010dasova\u010dem 122x1700mm, 45 W, chrom ER730 -","og_description":"Detailn\u00ed popis produktu Otopn\u00e9 t\u011bleso DUOPASSO lze zapojit p\u0159\u00edmo do elektrick\u00e9 z\u00e1suvky d\u00edky kroucen\u00e9mu kabelu zakon\u010den\u00e9mu vidlic\u00ed nebo s pou\u017eit\u00edm doporu\u010den\u00e9ho adapt\u00e9ru m\u016f\u017eete kabel skr\u00fdt a napojit ho p\u0159\u00edmo do svorkovnice schovan\u00e9 ve st\u011bn\u011b pro \u010dist\u00fd vzhled koupelny. Su\u0161\u00e1k je ur\u010den k nah\u0159\u00edv\u00e1n\u00ed a su\u0161en\u00ed ru\u010dn\u00edk\u016f, kter\u00e9 ocen\u00edte p\u0159edev\u0161\u00edm v zimn\u00edm obdob\u00ed. Po nah\u0159\u00e1t\u00ed se [&hellip;]","og_url":"https:\/\/www.technodompro.com\/index.php\/produkt\/znackovy-sapho-duopasso-elektricky-susak-rucniku-s-casovacem-122x1700mm-45-w-chrom-er730-59920\/","og_image":[{"width":1000,"height":750,"url":"https:\/\/www.technodompro.com\/wp-content\/uploads\/2026\/SK0014849-CZ20260425-093631-0-1777080994-289557_er730-224940322193998.webp","type":"image\/webp"}],"twitter_card":"summary_large_image","twitter_misc":{"Odhadovan\u00e1 doba \u010dten\u00ed":"1 minuta"},"schema":{"@context":"https:\/\/schema.org","@graph":[{"@type":"WebPage","@id":"https:\/\/www.technodompro.com\/index.php\/produkt\/znackovy-sapho-duopasso-elektricky-susak-rucniku-s-casovacem-122x1700mm-45-w-chrom-er730-59920\/","url":"https:\/\/www.technodompro.com\/index.php\/produkt\/znackovy-sapho-duopasso-elektricky-susak-rucniku-s-casovacem-122x1700mm-45-w-chrom-er730-59920\/","name":"Zna\u010dkov\u00fd Sapho DUOPASSO elektrick\u00fd su\u0161\u00e1k ru\u010dn\u00edk\u016f s \u010dasova\u010dem 122x1700mm, 45 W, chrom ER730 -","isPartOf":{"@id":"https:\/\/www.technodompro.com\/#website"},"primaryImageOfPage":{"@id":"https:\/\/www.technodompro.com\/index.php\/produkt\/znackovy-sapho-duopasso-elektricky-susak-rucniku-s-casovacem-122x1700mm-45-w-chrom-er730-59920\/#primaryimage"},"image":{"@id":"https:\/\/www.technodompro.com\/index.php\/produkt\/znackovy-sapho-duopasso-elektricky-susak-rucniku-s-casovacem-122x1700mm-45-w-chrom-er730-59920\/#primaryimage"},"thumbnailUrl":"https:\/\/www.technodompro.com\/wp-content\/uploads\/2026\/SK0014849-CZ20260425-093631-0-1777080994-289557_er730-224940322193998.webp","datePublished":"2026-04-27T04:43:13+00:00","breadcrumb":{"@id":"https:\/\/www.technodompro.com\/index.php\/produkt\/znackovy-sapho-duopasso-elektricky-susak-rucniku-s-casovacem-122x1700mm-45-w-chrom-er730-59920\/#breadcrumb"},"inLanguage":"cs","potentialAction":[{"@type":"ReadAction","target":["https:\/\/www.technodompro.com\/index.php\/produkt\/znackovy-sapho-duopasso-elektricky-susak-rucniku-s-casovacem-122x1700mm-45-w-chrom-er730-59920\/"]}]},{"@type":"ImageObject","inLanguage":"cs","@id":"https:\/\/www.technodompro.com\/index.php\/produkt\/znackovy-sapho-duopasso-elektricky-susak-rucniku-s-casovacem-122x1700mm-45-w-chrom-er730-59920\/#primaryimage","url":"https:\/\/www.technodompro.com\/wp-content\/uploads\/2026\/SK0014849-CZ20260425-093631-0-1777080994-289557_er730-224940322193998.webp","contentUrl":"https:\/\/www.technodompro.com\/wp-content\/uploads\/2026\/SK0014849-CZ20260425-093631-0-1777080994-289557_er730-224940322193998.webp","width":1000,"height":750},{"@type":"BreadcrumbList","@id":"https:\/\/www.technodompro.com\/index.php\/produkt\/znackovy-sapho-duopasso-elektricky-susak-rucniku-s-casovacem-122x1700mm-45-w-chrom-er730-59920\/#breadcrumb","itemListElement":[{"@type":"ListItem","position":1,"name":"Home","item":"https:\/\/www.technodompro.com\/"},{"@type":"ListItem","position":2,"name":"Products","item":"https:\/\/www.technodompro.com\/index.php\/products\/"},{"@type":"ListItem","position":3,"name":"Zna\u010dkov\u00fd Sapho DUOPASSO elektrick\u00fd su\u0161\u00e1k ru\u010dn\u00edk\u016f s \u010dasova\u010dem 122x1700mm, 45 W, chrom ER730"}]},{"@type":"WebSite","@id":"https:\/\/www.technodompro.com\/#website","url":"https:\/\/www.technodompro.com\/","name":"","description":"","potentialAction":[{"@type":"SearchAction","target":{"@type":"EntryPoint","urlTemplate":"https:\/\/www.technodompro.com\/?s={search_term_string}"},"query-input":{"@type":"PropertyValueSpecification","valueRequired":true,"valueName":"search_term_string"}}],"inLanguage":"cs"}]}},"_links":{"self":[{"href":"https:\/\/www.technodompro.com\/index.php\/wp-json\/wp\/v2\/product\/59920","targetHints":{"allow":["GET"]}}],"collection":[{"href":"https:\/\/www.technodompro.com\/index.php\/wp-json\/wp\/v2\/product"}],"about":[{"href":"https:\/\/www.technodompro.com\/index.php\/wp-json\/wp\/v2\/types\/product"}],"replies":[{"embeddable":true,"href":"https:\/\/www.technodompro.com\/index.php\/wp-json\/wp\/v2\/comments?post=59920"}],"wp:featuredmedia":[{"embeddable":true,"href":"https:\/\/www.technodompro.com\/index.php\/wp-json\/wp\/v2\/media\/60020"}],"wp:attachment":[{"href":"https:\/\/www.technodompro.com\/index.php\/wp-json\/wp\/v2\/media?parent=59920"}],"wp:term":[{"taxonomy":"product_brand","embeddable":true,"href":"https:\/\/www.technodompro.com\/index.php\/wp-json\/wp\/v2\/product_brand?post=59920"},{"taxonomy":"product_cat","embeddable":true,"href":"https:\/\/www.technodompro.com\/index.php\/wp-json\/wp\/v2\/product_cat?post=59920"},{"taxonomy":"product_tag","embeddable":true,"href":"https:\/\/www.technodompro.com\/index.php\/wp-json\/wp\/v2\/product_tag?post=59920"}],"curies":[{"name":"wp","href":"https:\/\/api.w.org\/{rel}","templated":true}]}}