{"id":65583,"date":"2026-04-27T04:43:30","date_gmt":"2026-04-27T04:43:30","guid":{"rendered":""},"modified":"2026-04-27T04:43:30","modified_gmt":"2026-04-27T04:43:30","slug":"znackovy-ravak-td-f-066-00cr-o1-rb070-podomitkova-baterie-1-cestna-bez-telesa-chrom-leskly-chrom-65583","status":"publish","type":"product","link":"https:\/\/www.technodompro.com\/index.php\/produkt\/znackovy-ravak-td-f-066-00cr-o1-rb070-podomitkova-baterie-1-cestna-bez-telesa-chrom-leskly-chrom-65583\/","title":{"rendered":"Zna\u010dkov\u00fd Ravak TD F 066.00CR.O1.RB070 Podom\u00edtkov\u00e1 baterie 1-cestn\u00e1 bez t\u011blesa, chrom leskl\u00fd chrom"},"content":{"rendered":"<div class=\"detail-description__right\">\n<div class=\"parameters\">\n<div class=\"table table--simple\">\n<table>\n<tbody>\n<tr>\n<td colspan=\"2\">\n<h4>Vlastnosti<\/h4>\n<\/td>\n<\/tr>\n<tr>\n<td>Pr\u016ftok<\/td>\n<td>22 l \/ min<\/td>\n<\/tr>\n<tr>\n<td>Typ baterie<\/td>\n<td>Sprchov\u00e9<\/td>\n<\/tr>\n<tr>\n<td>Materi\u00e1l<\/td>\n<td>kov<\/td>\n<\/tr>\n<tr>\n<td>Napojen\u00ed<\/td>\n<td>Podom\u00edtkov\u00e1 pro R-box<\/td>\n<\/tr>\n<tr>\n<td>Produktov\u00e1 skupina<\/td>\n<td>Baterie podom\u00edtkov\u00e1<\/td>\n<\/tr>\n<tr>\n<td>P\u016fvod<\/td>\n<td>Vyrobeno v\u00a0\u010cR<\/td>\n<\/tr>\n<tr>\n<td>Instalace<\/td>\n<td>podom\u00edtkov\u00e1<\/td>\n<\/tr>\n<tr>\n<td>Barva<\/td>\n<td>\u010dern\u00e1 matn\u00e1, leskl\u00fd chrom<\/td>\n<\/tr>\n<tr>\n<td colspan=\"2\">\n<h4>Parametry<\/h4>\n<\/td>\n<\/tr>\n<tr>\n<td>Zna\u010dka<\/td>\n<td>Ravak<\/td>\n<\/tr>\n<\/tbody>\n<\/table><\/div>\n<\/div><\/div>\n<div class=\"detail-description__top\">\t\t\t\t<\/div>\n<div class=\"detail-description__left\">\n<div class=\"detail-description__left__overflow\">\n<div class=\"detail-description__left__head\">\t\t\t\t\t\tPopis:\t\t\t\t\t<\/div>\n<div class=\"ul-style ul-style--check\">\n<ul class=\"plusminus\">\n<li><i class=\"fas fa-check\"><\/i><span>Kartu\u0161 (pr\u016fm\u011br, materi\u00e1l): 35\u00a0mm, keramick\u00e1<\/span><\/li>\n<li><i class=\"fas fa-check\"><\/i><span>Barevn\u00e9 proveden\u00ed: CR\u00a0\u2013 chrom leskl\u00fd<\/span><\/li>\n<li><i class=\"fas fa-check\"><\/i><span>Proveden\u00ed: bez p\u0159ep\u00edna\u010de; ur\u010dena pro R-Box<\/span><\/li>\n<li><i class=\"fas fa-check\"><\/i><span>Vhodn\u00e1: do sprchov\u00fdch kout\u016f s\u00a0jednou sprchou nebo k\u00a0van\u011b (nap\u0159. van\u011b\t10\u00b0) s\u00a0napou\u0161t\u011bn\u00edm p\u0159epadem, bez mo\u017enosti sprchov\u00e1n\u00ed<\/span><\/li>\n<li><i class=\"fas fa-check\"><\/i><span>Dopl\u0148ky k\u00a0dokoupen\u00ed: R-box RB 070.50, sprchov\u00fd set a dal\u0161\u00ed\tp\u0159\u00edslu\u0161enstv\u00ed, koupelnov\u00e9 dopl\u0148ky\u00a010\u00b0<\/span><\/li>\n<\/ul>\n<p>Pro ucelen\u00e9 \u0159e\u0161en\u00ed a designov\u00fd soulad koupelny doporu\u010dujeme baterie10\u00b0 Free kombinovat s\u00a0ostatn\u00edmi v\u00fdrobky konceptu 10\u00b0 a dal\u0161\u00edmp\u0159\u00edslu\u0161enstv\u00edm Ravak. Na vn\u011bj\u0161\u00ed \u010di\u0161t\u011bn\u00ed doporu\u010dujeme pou\u017e\u00edvat\u010dist\u00edc\u00ed p\u0159\u00edpravek Ravak Cleaner Chrome.<\/p>\n<p>Z\u00e1kladn\u00ed t\u011bleso pro podom\u00edtkov\u00e9 baterie R-Box RB 070.50\u00a0nen\u00edsou\u010d\u00e1st\u00ed baterie, je nutn\u00e9 jej dokoupit. R-Box obsahuje materi\u00e1l prop\u0159ichycen\u00ed ke st\u011bn\u011b, nezahrnuje p\u0159\u00edpojky pro veden\u00ed vody ani jin\u00fdvodoinstala\u010dn\u00ed materi\u00e1l. R-box obsahuje pracovn\u00ed plastov\u00fd kryc\u00ed d\u00edlvnit\u0159n\u00edho t\u011bla baterie ulo\u017een\u00e9ho v\u00a0R-Boxu, kter\u00fd i\u00a0p\u0159i demont\u00e1\u017eivrchn\u00edho d\u00edlu baterie zachov\u00e1v\u00e1 rozvod vody v\u00a0koupeln\u011b pln\u011b funk\u010dn\u00ed.Prost\u0159ednictv\u00edm tohoto plastov\u00e9ho d\u00edlu lze rozvod vody odvzdu\u0161nit, bezodst\u00e1vky vody. R-Box m\u00e1 jasn\u011b \u0161ipkou ozna\u010denu horn\u00ed \u010d\u00e1st v\u00fdrobku, prospr\u00e1vnou orientaci vlastn\u00edho t\u011bla baterie.<\/p>\n<p>Voda pod kontrolou<\/p>\n<p>Baterie 10\u00b0 Free pro umyvadla maj\u00ed flexibiln\u00ed perl\u00e1tor. Tak si m\u016f\u017eetejednodu\u0161e nasm\u011brovat proud vody p\u0159esn\u011b tak, jak pot\u0159ebujete.<\/p>\n<p>100% plynulost pohybu<\/p>\n<p>Ergonomick\u00e1 p\u00e1ka je vybavena funkc\u00ed SoftMove. Ta zaji\u0161\u0165uje plynulostovl\u00e1d\u00e1n\u00ed ka\u017ed\u00e9 baterie ze s\u00e9rie 10\u00b0\u00a0Free.<\/p>\n<p>Jednoduch\u00e1 \u00fadr\u017eba<\/p>\n<p>Umyvadlov\u00e1 baterie m\u00e1 funkci EasyClean. M\u0159\u00ed\u017eku perl\u00e1toru p\u0159ejedetet\u0159eba jen prstem a t\u00edm se vodn\u00ed k\u00e1men uvoln\u00ed. N\u00e1sledn\u011b ho odstran\u00ed proudvody. A\u00a0je hotovo.<\/p>\n<p>Velikost, kterou hled\u00e1te<\/p>\n<p>Umyvadlov\u00e9 stoj\u00e1nkov\u00e9 baterie vyr\u00e1b\u00edme ve t\u0159ech variant\u00e1ch. Standards\u00a0obvyklou v\u00fd\u0161kou pro m\u011blk\u00e1 umyvadla. Comfort pro hlub\u0161\u00ed. ExtraComfortvyu\u017eijete tam, kde je umyvadlo um\u00edst\u011bn\u00e9 na\u00a0desce.<\/p>\n<p>Teplota v\u00e1s u\u017e nep\u0159ekvap\u00ed<\/p>\n<p>Sprchov\u00fd sloup s\u00a0termobateri\u00ed 10\u00b0 Free udr\u017euje teplotu vody . \u00a0D\u00edkytomu voda pote\u010de p\u0159esn\u011b tak tepl\u00e1, jak si ji nastav\u00edte. A\u00a0to praktickyokam\u017eit\u011b. Aby v\u00e1m sprchov\u00e1n\u00ed nic nezkazilo.<\/p>\n<p>Padne do ruky<\/p>\n<p>N\u00e1klon o\u00a010\u00b0 sm\u011brem k\u00a0ruk\u00e1m nab\u00edz\u00ed tak\u00e9 podom\u00edtkov\u00e1 varianta.P\u00e1ku tak budete ovl\u00e1dat jednodu\u0161e i\u00a0poslepu.<\/p>\n<p>Detail dokonal\u00e9 ergonomie<\/p>\n<p>Koncept 10\u00b0 nab\u00edz\u00ed v\u00edce ne\u017e des\u00edtku koupelnov\u00fdch dopl\u0148k\u016fv\u00a0chromov\u00e9 a \u010dern\u00e9 barv\u011b. Zamilujte si p\u0159\u00edstup, kter\u00fd respektujep\u0159irozenost lidsk\u00e9ho pohybu a zd\u016frazn\u00ed v\u00e1\u0161\u00a0vkus.<\/p>\n<p>5\u00a0let z\u00e1ruka<\/p>\n<p>Za kvalitou na\u0161ich v\u00fdrobk\u016f si stoj\u00edme. Proto k\u00a0vodovodn\u00ed bateriiz\u00edsk\u00e1te prodlou\u017eenou p\u011btiletou z\u00e1ruku.<\/p>\n<\/div>\n<div class=\"detail-description__left__more\">\t\t\t\t\t\t<span> <\/span><span> <\/span>\t\t\t\t\t<\/div>\n<\/p><\/div>\n<\/p><\/div>\n<div class=\"detail-description__more\"><span> <\/span><span> <\/span><\/div>\n<\/p><\/div>\n<\/p><\/div>\n<div class=\"tab tab-detail-7\">\n<div class=\"table-size-classic  table-size--selectable\">\n<table>\n<thead>\n<tr>\n<th data-product-code=\"[&quot;K\u00f3d&quot;]\"><span class=\"selected\">Vybr\u00e1no<\/span><span><\/span><\/th>\n<th data-product-code=\"[&quot;X070137&quot;]\"><span class=\"selected\">Vybr\u00e1no<\/span><span>X070137<\/span><\/th>\n<th data-product-code=\"[&quot;X070159&quot;]\"><span class=\"selected\">Vybr\u00e1no<\/span><span>X070159<\/span><\/th>\n<\/tr>\n<\/thead>\n<tbody>\n<tr class=\"space\">\n<td><\/td>\n<td><\/td>\n<td><\/td>\n<\/tr>\n<tr>\n<td><strong>Pr\u016ftok<\/strong><\/td>\n<td>22 l \/ min<\/td>\n<td>22 l \/ min<\/td>\n<\/tr>\n<tr>\n<td><strong>Typ baterie<\/strong><\/td>\n<td>Sprchov\u00e9<\/td>\n<td>Sprchov\u00e9<\/td>\n<\/tr>\n<tr>\n<td><strong>Materi\u00e1l<\/strong><\/td>\n<td>kov<\/td>\n<td>kov<\/td>\n<\/tr>\n<tr>\n<td><strong>Napojen\u00ed<\/strong><\/td>\n<td>Podom\u00edtkov\u00e1 pro R-box<\/td>\n<td>Podom\u00edtkov\u00e1 pro R-box<\/td>\n<\/tr>\n<tr>\n<td><strong>Produktov\u00e1 skupina<\/strong><\/td>\n<td>Baterie podom\u00edtkov\u00e1<\/td>\n<td>Baterie podom\u00edtkov\u00e1<\/td>\n<\/tr>\n<tr>\n<td><strong>P\u016fvod<\/strong><\/td>\n<td>Vyrobeno v \u010cR<\/td>\n<td>Vyrobeno v \u010cR<\/td>\n<\/tr>\n<tr>\n<td><strong>OVERFLOW_HEIGHT<\/strong><\/td>\n<td>0<\/td>\n<td>0<\/td>\n<\/tr>\n<tr>\n<td><strong>WASTE_DIAMETER<\/strong><\/td>\n<td>0<\/td>\n<td>0<\/td>\n<\/tr>\n<tr>\n<td><strong>NUMBER_OF_ELEMENTS<\/strong><\/td>\n<td>0<\/td>\n<td>0<\/td>\n<\/tr>\n<tr>\n<td><strong>Instalace<\/strong><\/td>\n<td>podom\u00edtkov\u00e1<\/td>\n<td>podom\u00edtkov\u00e1<\/td>\n<\/tr>\n<tr>\n<td><strong>CONSTRUCTION_HEIGHT<\/strong><\/td>\n<td>0<\/td>\n<td>0<\/td>\n<\/tr>\n<tr>\n<td><strong>ODOR_BARRIER_HEIGHT<\/strong><\/td>\n<td>0<\/td>\n<td>0<\/td>\n<\/tr>\n<tr>\n<td><strong>Barva<\/strong><\/td>\n<td>leskl\u00fd chrom<\/td>\n<td>\u010dern\u00e1 matn\u00e1<\/td>\n<\/tr>\n<\/tbody>\n<\/table>\n<\/div><\/div>\n","protected":false},"excerpt":{"rendered":"<p>Vlastnosti Pr\u016ftok 22 l \/ min Typ baterie Sprchov\u00e9 Materi\u00e1l kov Napojen\u00ed Podom\u00edtkov\u00e1 pro R-box Produktov\u00e1 skupina Baterie podom\u00edtkov\u00e1 P\u016fvod Vyrobeno v\u00a0\u010cR Instalace podom\u00edtkov\u00e1 Barva \u010dern\u00e1 matn\u00e1, leskl\u00fd chrom Parametry Zna\u010dka Ravak Popis: Kartu\u0161 (pr\u016fm\u011br, materi\u00e1l): 35\u00a0mm, keramick\u00e1 Barevn\u00e9 proveden\u00ed: CR\u00a0\u2013 chrom leskl\u00fd Proveden\u00ed: bez p\u0159ep\u00edna\u010de; ur\u010dena pro R-Box Vhodn\u00e1: do sprchov\u00fdch kout\u016f s\u00a0jednou sprchou [&hellip;]<\/p>\n","protected":false},"featured_media":65683,"comment_status":"open","ping_status":"open","template":"","meta":[],"product_brand":[],"product_cat":[39],"product_tag":[],"class_list":{"0":"post-65583","1":"product","2":"type-product","3":"status-publish","4":"has-post-thumbnail","6":"product_cat-sanita","8":"first","9":"instock","10":"sale","11":"shipping-taxable","12":"purchasable","13":"product-type-simple"},"yoast_head":"<!-- This site is optimized with the Yoast SEO plugin v26.8 - https:\/\/yoast.com\/product\/yoast-seo-wordpress\/ -->\n<title>Zna\u010dkov\u00fd Ravak TD F 066.00CR.O1.RB070 Podom\u00edtkov\u00e1 baterie 1-cestn\u00e1 bez t\u011blesa, chrom leskl\u00fd chrom -<\/title>\n<meta name=\"robots\" content=\"index, follow, max-snippet:-1, max-image-preview:large, max-video-preview:-1\" \/>\n<link rel=\"canonical\" href=\"https:\/\/www.technodompro.com\/index.php\/produkt\/znackovy-ravak-td-f-066-00cr-o1-rb070-podomitkova-baterie-1-cestna-bez-telesa-chrom-leskly-chrom-65583\/\" \/>\n<meta property=\"og:locale\" content=\"cs_CZ\" \/>\n<meta property=\"og:type\" content=\"article\" \/>\n<meta property=\"og:title\" content=\"Zna\u010dkov\u00fd Ravak TD F 066.00CR.O1.RB070 Podom\u00edtkov\u00e1 baterie 1-cestn\u00e1 bez t\u011blesa, chrom leskl\u00fd chrom -\" \/>\n<meta property=\"og:description\" content=\"Vlastnosti Pr\u016ftok 22 l \/ min Typ baterie Sprchov\u00e9 Materi\u00e1l kov Napojen\u00ed Podom\u00edtkov\u00e1 pro R-box Produktov\u00e1 skupina Baterie podom\u00edtkov\u00e1 P\u016fvod Vyrobeno v\u00a0\u010cR Instalace podom\u00edtkov\u00e1 Barva \u010dern\u00e1 matn\u00e1, leskl\u00fd chrom Parametry Zna\u010dka Ravak Popis: Kartu\u0161 (pr\u016fm\u011br, materi\u00e1l): 35\u00a0mm, keramick\u00e1 Barevn\u00e9 proveden\u00ed: CR\u00a0\u2013 chrom leskl\u00fd Proveden\u00ed: bez p\u0159ep\u00edna\u010de; ur\u010dena pro R-Box Vhodn\u00e1: do sprchov\u00fdch kout\u016f s\u00a0jednou sprchou [&hellip;]\" \/>\n<meta property=\"og:url\" content=\"https:\/\/www.technodompro.com\/index.php\/produkt\/znackovy-ravak-td-f-066-00cr-o1-rb070-podomitkova-baterie-1-cestna-bez-telesa-chrom-leskly-chrom-65583\/\" \/>\n<meta property=\"og:image\" content=\"https:\/\/www.technodompro.com\/wp-content\/uploads\/2026\/SK0020499-CZ20260425-091936-0-1777079982-ravak-td-f-066-00cr-o1-rb070-podomitkova-baterie-1-cestna-b.webp\" \/>\n\t<meta property=\"og:image:width\" content=\"1000\" \/>\n\t<meta property=\"og:image:height\" content=\"523\" \/>\n\t<meta property=\"og:image:type\" content=\"image\/webp\" \/>\n<meta name=\"twitter:card\" content=\"summary_large_image\" \/>\n<meta name=\"twitter:label1\" content=\"Odhadovan\u00e1 doba \u010dten\u00ed\" \/>\n\t<meta name=\"twitter:data1\" content=\"3 minuty\" \/>\n<script type=\"application\/ld+json\" class=\"yoast-schema-graph\">{\"@context\":\"https:\/\/schema.org\",\"@graph\":[{\"@type\":\"WebPage\",\"@id\":\"https:\/\/www.technodompro.com\/index.php\/produkt\/znackovy-ravak-td-f-066-00cr-o1-rb070-podomitkova-baterie-1-cestna-bez-telesa-chrom-leskly-chrom-65583\/\",\"url\":\"https:\/\/www.technodompro.com\/index.php\/produkt\/znackovy-ravak-td-f-066-00cr-o1-rb070-podomitkova-baterie-1-cestna-bez-telesa-chrom-leskly-chrom-65583\/\",\"name\":\"Zna\u010dkov\u00fd Ravak TD F 066.00CR.O1.RB070 Podom\u00edtkov\u00e1 baterie 1-cestn\u00e1 bez t\u011blesa, chrom leskl\u00fd chrom -\",\"isPartOf\":{\"@id\":\"https:\/\/www.technodompro.com\/#website\"},\"primaryImageOfPage\":{\"@id\":\"https:\/\/www.technodompro.com\/index.php\/produkt\/znackovy-ravak-td-f-066-00cr-o1-rb070-podomitkova-baterie-1-cestna-bez-telesa-chrom-leskly-chrom-65583\/#primaryimage\"},\"image\":{\"@id\":\"https:\/\/www.technodompro.com\/index.php\/produkt\/znackovy-ravak-td-f-066-00cr-o1-rb070-podomitkova-baterie-1-cestna-bez-telesa-chrom-leskly-chrom-65583\/#primaryimage\"},\"thumbnailUrl\":\"https:\/\/www.technodompro.com\/wp-content\/uploads\/2026\/SK0020499-CZ20260425-091936-0-1777079982-ravak-td-f-066-00cr-o1-rb070-podomitkova-baterie-1-cestna-b.webp\",\"datePublished\":\"2026-04-27T04:43:30+00:00\",\"breadcrumb\":{\"@id\":\"https:\/\/www.technodompro.com\/index.php\/produkt\/znackovy-ravak-td-f-066-00cr-o1-rb070-podomitkova-baterie-1-cestna-bez-telesa-chrom-leskly-chrom-65583\/#breadcrumb\"},\"inLanguage\":\"cs\",\"potentialAction\":[{\"@type\":\"ReadAction\",\"target\":[\"https:\/\/www.technodompro.com\/index.php\/produkt\/znackovy-ravak-td-f-066-00cr-o1-rb070-podomitkova-baterie-1-cestna-bez-telesa-chrom-leskly-chrom-65583\/\"]}]},{\"@type\":\"ImageObject\",\"inLanguage\":\"cs\",\"@id\":\"https:\/\/www.technodompro.com\/index.php\/produkt\/znackovy-ravak-td-f-066-00cr-o1-rb070-podomitkova-baterie-1-cestna-bez-telesa-chrom-leskly-chrom-65583\/#primaryimage\",\"url\":\"https:\/\/www.technodompro.com\/wp-content\/uploads\/2026\/SK0020499-CZ20260425-091936-0-1777079982-ravak-td-f-066-00cr-o1-rb070-podomitkova-baterie-1-cestna-b.webp\",\"contentUrl\":\"https:\/\/www.technodompro.com\/wp-content\/uploads\/2026\/SK0020499-CZ20260425-091936-0-1777079982-ravak-td-f-066-00cr-o1-rb070-podomitkova-baterie-1-cestna-b.webp\",\"width\":1000,\"height\":523},{\"@type\":\"BreadcrumbList\",\"@id\":\"https:\/\/www.technodompro.com\/index.php\/produkt\/znackovy-ravak-td-f-066-00cr-o1-rb070-podomitkova-baterie-1-cestna-bez-telesa-chrom-leskly-chrom-65583\/#breadcrumb\",\"itemListElement\":[{\"@type\":\"ListItem\",\"position\":1,\"name\":\"Home\",\"item\":\"https:\/\/www.technodompro.com\/\"},{\"@type\":\"ListItem\",\"position\":2,\"name\":\"Products\",\"item\":\"https:\/\/www.technodompro.com\/index.php\/products\/\"},{\"@type\":\"ListItem\",\"position\":3,\"name\":\"Zna\u010dkov\u00fd Ravak TD F 066.00CR.O1.RB070 Podom\u00edtkov\u00e1 baterie 1-cestn\u00e1 bez t\u011blesa, chrom leskl\u00fd chrom\"}]},{\"@type\":\"WebSite\",\"@id\":\"https:\/\/www.technodompro.com\/#website\",\"url\":\"https:\/\/www.technodompro.com\/\",\"name\":\"\",\"description\":\"\",\"potentialAction\":[{\"@type\":\"SearchAction\",\"target\":{\"@type\":\"EntryPoint\",\"urlTemplate\":\"https:\/\/www.technodompro.com\/?s={search_term_string}\"},\"query-input\":{\"@type\":\"PropertyValueSpecification\",\"valueRequired\":true,\"valueName\":\"search_term_string\"}}],\"inLanguage\":\"cs\"}]}<\/script>\n<!-- \/ Yoast SEO plugin. -->","yoast_head_json":{"title":"Zna\u010dkov\u00fd Ravak TD F 066.00CR.O1.RB070 Podom\u00edtkov\u00e1 baterie 1-cestn\u00e1 bez t\u011blesa, chrom leskl\u00fd chrom -","robots":{"index":"index","follow":"follow","max-snippet":"max-snippet:-1","max-image-preview":"max-image-preview:large","max-video-preview":"max-video-preview:-1"},"canonical":"https:\/\/www.technodompro.com\/index.php\/produkt\/znackovy-ravak-td-f-066-00cr-o1-rb070-podomitkova-baterie-1-cestna-bez-telesa-chrom-leskly-chrom-65583\/","og_locale":"cs_CZ","og_type":"article","og_title":"Zna\u010dkov\u00fd Ravak TD F 066.00CR.O1.RB070 Podom\u00edtkov\u00e1 baterie 1-cestn\u00e1 bez t\u011blesa, chrom leskl\u00fd chrom -","og_description":"Vlastnosti Pr\u016ftok 22 l \/ min Typ baterie Sprchov\u00e9 Materi\u00e1l kov Napojen\u00ed Podom\u00edtkov\u00e1 pro R-box Produktov\u00e1 skupina Baterie podom\u00edtkov\u00e1 P\u016fvod Vyrobeno v\u00a0\u010cR Instalace podom\u00edtkov\u00e1 Barva \u010dern\u00e1 matn\u00e1, leskl\u00fd chrom Parametry Zna\u010dka Ravak Popis: Kartu\u0161 (pr\u016fm\u011br, materi\u00e1l): 35\u00a0mm, keramick\u00e1 Barevn\u00e9 proveden\u00ed: CR\u00a0\u2013 chrom leskl\u00fd Proveden\u00ed: bez p\u0159ep\u00edna\u010de; ur\u010dena pro R-Box Vhodn\u00e1: do sprchov\u00fdch kout\u016f s\u00a0jednou sprchou [&hellip;]","og_url":"https:\/\/www.technodompro.com\/index.php\/produkt\/znackovy-ravak-td-f-066-00cr-o1-rb070-podomitkova-baterie-1-cestna-bez-telesa-chrom-leskly-chrom-65583\/","og_image":[{"width":1000,"height":523,"url":"https:\/\/www.technodompro.com\/wp-content\/uploads\/2026\/SK0020499-CZ20260425-091936-0-1777079982-ravak-td-f-066-00cr-o1-rb070-podomitkova-baterie-1-cestna-b.webp","type":"image\/webp"}],"twitter_card":"summary_large_image","twitter_misc":{"Odhadovan\u00e1 doba \u010dten\u00ed":"3 minuty"},"schema":{"@context":"https:\/\/schema.org","@graph":[{"@type":"WebPage","@id":"https:\/\/www.technodompro.com\/index.php\/produkt\/znackovy-ravak-td-f-066-00cr-o1-rb070-podomitkova-baterie-1-cestna-bez-telesa-chrom-leskly-chrom-65583\/","url":"https:\/\/www.technodompro.com\/index.php\/produkt\/znackovy-ravak-td-f-066-00cr-o1-rb070-podomitkova-baterie-1-cestna-bez-telesa-chrom-leskly-chrom-65583\/","name":"Zna\u010dkov\u00fd Ravak TD F 066.00CR.O1.RB070 Podom\u00edtkov\u00e1 baterie 1-cestn\u00e1 bez t\u011blesa, chrom leskl\u00fd chrom -","isPartOf":{"@id":"https:\/\/www.technodompro.com\/#website"},"primaryImageOfPage":{"@id":"https:\/\/www.technodompro.com\/index.php\/produkt\/znackovy-ravak-td-f-066-00cr-o1-rb070-podomitkova-baterie-1-cestna-bez-telesa-chrom-leskly-chrom-65583\/#primaryimage"},"image":{"@id":"https:\/\/www.technodompro.com\/index.php\/produkt\/znackovy-ravak-td-f-066-00cr-o1-rb070-podomitkova-baterie-1-cestna-bez-telesa-chrom-leskly-chrom-65583\/#primaryimage"},"thumbnailUrl":"https:\/\/www.technodompro.com\/wp-content\/uploads\/2026\/SK0020499-CZ20260425-091936-0-1777079982-ravak-td-f-066-00cr-o1-rb070-podomitkova-baterie-1-cestna-b.webp","datePublished":"2026-04-27T04:43:30+00:00","breadcrumb":{"@id":"https:\/\/www.technodompro.com\/index.php\/produkt\/znackovy-ravak-td-f-066-00cr-o1-rb070-podomitkova-baterie-1-cestna-bez-telesa-chrom-leskly-chrom-65583\/#breadcrumb"},"inLanguage":"cs","potentialAction":[{"@type":"ReadAction","target":["https:\/\/www.technodompro.com\/index.php\/produkt\/znackovy-ravak-td-f-066-00cr-o1-rb070-podomitkova-baterie-1-cestna-bez-telesa-chrom-leskly-chrom-65583\/"]}]},{"@type":"ImageObject","inLanguage":"cs","@id":"https:\/\/www.technodompro.com\/index.php\/produkt\/znackovy-ravak-td-f-066-00cr-o1-rb070-podomitkova-baterie-1-cestna-bez-telesa-chrom-leskly-chrom-65583\/#primaryimage","url":"https:\/\/www.technodompro.com\/wp-content\/uploads\/2026\/SK0020499-CZ20260425-091936-0-1777079982-ravak-td-f-066-00cr-o1-rb070-podomitkova-baterie-1-cestna-b.webp","contentUrl":"https:\/\/www.technodompro.com\/wp-content\/uploads\/2026\/SK0020499-CZ20260425-091936-0-1777079982-ravak-td-f-066-00cr-o1-rb070-podomitkova-baterie-1-cestna-b.webp","width":1000,"height":523},{"@type":"BreadcrumbList","@id":"https:\/\/www.technodompro.com\/index.php\/produkt\/znackovy-ravak-td-f-066-00cr-o1-rb070-podomitkova-baterie-1-cestna-bez-telesa-chrom-leskly-chrom-65583\/#breadcrumb","itemListElement":[{"@type":"ListItem","position":1,"name":"Home","item":"https:\/\/www.technodompro.com\/"},{"@type":"ListItem","position":2,"name":"Products","item":"https:\/\/www.technodompro.com\/index.php\/products\/"},{"@type":"ListItem","position":3,"name":"Zna\u010dkov\u00fd Ravak TD F 066.00CR.O1.RB070 Podom\u00edtkov\u00e1 baterie 1-cestn\u00e1 bez t\u011blesa, chrom leskl\u00fd chrom"}]},{"@type":"WebSite","@id":"https:\/\/www.technodompro.com\/#website","url":"https:\/\/www.technodompro.com\/","name":"","description":"","potentialAction":[{"@type":"SearchAction","target":{"@type":"EntryPoint","urlTemplate":"https:\/\/www.technodompro.com\/?s={search_term_string}"},"query-input":{"@type":"PropertyValueSpecification","valueRequired":true,"valueName":"search_term_string"}}],"inLanguage":"cs"}]}},"_links":{"self":[{"href":"https:\/\/www.technodompro.com\/index.php\/wp-json\/wp\/v2\/product\/65583","targetHints":{"allow":["GET"]}}],"collection":[{"href":"https:\/\/www.technodompro.com\/index.php\/wp-json\/wp\/v2\/product"}],"about":[{"href":"https:\/\/www.technodompro.com\/index.php\/wp-json\/wp\/v2\/types\/product"}],"replies":[{"embeddable":true,"href":"https:\/\/www.technodompro.com\/index.php\/wp-json\/wp\/v2\/comments?post=65583"}],"wp:featuredmedia":[{"embeddable":true,"href":"https:\/\/www.technodompro.com\/index.php\/wp-json\/wp\/v2\/media\/65683"}],"wp:attachment":[{"href":"https:\/\/www.technodompro.com\/index.php\/wp-json\/wp\/v2\/media?parent=65583"}],"wp:term":[{"taxonomy":"product_brand","embeddable":true,"href":"https:\/\/www.technodompro.com\/index.php\/wp-json\/wp\/v2\/product_brand?post=65583"},{"taxonomy":"product_cat","embeddable":true,"href":"https:\/\/www.technodompro.com\/index.php\/wp-json\/wp\/v2\/product_cat?post=65583"},{"taxonomy":"product_tag","embeddable":true,"href":"https:\/\/www.technodompro.com\/index.php\/wp-json\/wp\/v2\/product_tag?post=65583"}],"curies":[{"name":"wp","href":"https:\/\/api.w.org\/{rel}","templated":true}]}}