{"id":67136,"date":"2026-04-27T04:43:34","date_gmt":"2026-04-27T04:43:34","guid":{"rendered":""},"modified":"2026-04-27T04:43:34","modified_gmt":"2026-04-27T04:43:34","slug":"znackovy-ravak-sg-090-00cr-sprchovy-podomitkovy-set-chrom-leskly-chrom-67136","status":"publish","type":"product","link":"https:\/\/www.technodompro.com\/index.php\/produkt\/znackovy-ravak-sg-090-00cr-sprchovy-podomitkovy-set-chrom-leskly-chrom-67136\/","title":{"rendered":"Zna\u010dkov\u00fd Ravak SG 090.00CR Sprchov\u00fd podom\u00edtkov\u00fd set, chrom leskl\u00fd chrom"},"content":{"rendered":"<div class=\"detail-description__right\">\n<div class=\"parameters\">\n<div class=\"table table--simple\">\n<table>\n<tbody>\n<tr>\n<td colspan=\"2\">\n<h4>Vlastnosti<\/h4>\n<\/td>\n<\/tr>\n<tr>\n<td>Pr\u016ftok<\/td>\n<td>22 \/ 23,5\u00a0l \/ min<\/td>\n<\/tr>\n<tr>\n<td>FAUCET_TYPE<\/td>\n<td>Sprchov\u00e9 a vanov\u00e9 sety<\/td>\n<\/tr>\n<tr>\n<td>Materi\u00e1l<\/td>\n<td>kov<\/td>\n<\/tr>\n<tr>\n<td>Napojen\u00ed<\/td>\n<td>Podom\u00edtkov\u00e1 pro R-box<\/td>\n<\/tr>\n<tr>\n<td>Produktov\u00e1 skupina<\/td>\n<td>Sprchov\u00fd set<\/td>\n<\/tr>\n<tr>\n<td>P\u016fvod<\/td>\n<td>Vyrobeno v\u00a0\u010cR<\/td>\n<\/tr>\n<tr>\n<td>Instalace<\/td>\n<td>podom\u00edtkov\u00e1<\/td>\n<\/tr>\n<tr>\n<td>Barva<\/td>\n<td>\u010dern\u00e1 matn\u00e1, leskl\u00fd chrom, B\u00edl\u00e1 matn\u00e1<\/td>\n<\/tr>\n<tr>\n<td colspan=\"2\">\n<h4>Parametry<\/h4>\n<\/td>\n<\/tr>\n<tr>\n<td>Zna\u010dka<\/td>\n<td>Ravak<\/td>\n<\/tr>\n<\/tbody>\n<\/table><\/div>\n<\/div><\/div>\n<div class=\"detail-description__top\">\t\t\t\t<\/div>\n<div class=\"detail-description__left\">\n<div class=\"detail-description__left__overflow\">\n<div class=\"detail-description__left__head\">\t\t\t\t\t\tPopis:\t\t\t\t\t<\/div>\n<div class=\"ul-style ul-style--check\">\n<ul class=\"plusminus\">\n<li><i class=\"fas fa-check\"><\/i><span>Kartu\u0161 (pr\u016fm\u011br, materi\u00e1l): 35\u00a0mm, keramick\u00e1<\/span><\/li>\n<li><i class=\"fas fa-check\"><\/i><span>Proveden\u00ed: 2-cestn\u00e1, s\u00a0p\u0159ep\u00edna\u010dem, ur\u010den\u00e1 pro R-box Vari\tRB\u00a0072.50<\/span><\/li>\n<li><i class=\"fas fa-check\"><\/i><span>Barevn\u00e9 proveden\u00ed: BLM\u00a0\u2013 \u010dern\u00e1 matn\u00e1<\/span><\/li>\n<li><i class=\"fas fa-check\"><\/i><span>Rozm\u011br hlavov\u00e9 sprchy: \u00f8 250\u00a0mm<\/span><\/li>\n<li><i class=\"fas fa-check\"><\/i><span>Proveden\u00ed ru\u010dn\u00ed sprchy: funkce Air<\/span><\/li>\n<li><i class=\"fas fa-check\"><\/i><span>Syst\u00e9m \u010di\u0161t\u011bn\u00ed trysek: EasyClean\u00a0\u2013 pro odstran\u011bn\u00ed\tvodn\u00edho\u00a0kamene<\/span><\/li>\n<li><i class=\"fas fa-check\"><\/i><span>D\u00e9lka sprchov\u00e9 hadice: 150\u00a0cm<\/span><\/li>\n<li><i class=\"fas fa-check\"><\/i><span>Vhodn\u00e1: pro sprchov\u00e9 kouty nebo vany, kter\u00e9 maj\u00ed hlavovou a\tru\u010dn\u00ed\u00a0sprchu<\/span><\/li>\n<\/ul>\n<p>Podom\u00edtkov\u00e1 baterie s\u00a0p\u0159ep\u00edna\u010dem se postar\u00e1 o\u00a0p\u0159ep\u00edn\u00e1n\u00ed pr\u016ftokuvody mezi hlavovou a ru\u010dn\u00ed sprchou. Univerz\u00e1ln\u00ed instala\u010dn\u00ed syst\u00e9m R-boxVari zjednodu\u0161\u00ed a urychl\u00ed jej\u00ed usazen\u00ed a celkov\u00fd v\u00fdsledek jeprecizn\u011bj\u0161\u00ed a \u010dist\u0161\u00ed.V\u00fdvod vody do hlavov\u00e9 sprchy je veden p\u0159esv\u00fdtokov\u00e9 rameno. Voda do sprchov\u00e9 hadice a ru\u010dn\u00ed sprchy proud\u00ed p\u0159esdr\u017e\u00e1k ru\u010dn\u00ed sprchy.Ru\u010dn\u00ed sprcha je vybavena funkc\u00ed Air, kter\u00e1 umo\u017e\u0148ujep\u0159is\u00e1v\u00e1n\u00ed vzduchu do sprchy. D\u00edky tomu lze dos\u00e1hnout p\u0159\u00edjemn\u011bj\u0161\u00edhopocitu z\u00a0dopadu vody na poko\u017eku a z\u00e1rove\u0148 k\u00a0jej\u00ed \u00faspo\u0159e. Otvory alabyrinty pod krytem sprchy zp\u016fsob\u00ed odtok zbytkov\u00e9 vody. Funkce EasyCleanumo\u017e\u0148uje jednoduch\u00e9 odstran\u011bn\u00ed vodn\u00edho kamene z\u00a0trysek hlavov\u00e9i\u00a0ru\u010dn\u00ed sprchy.<\/p>\n<p><strong>Sprchov\u00fd podom\u00edtkov\u00fd set obsahuje:<\/strong><\/p>\n<ul class=\"plusminus\">\n<li><i class=\"fas fa-check\"><\/i><span>SG 065.20BLM.O2.RB072 Podom\u00edtkov\u00e1 baterie Spring, \u010dern\u00e1\u00a0matn\u00e1<\/span><\/li>\n<li><i class=\"fas fa-check\"><\/i><span>RB 072.50\u00a0R-box Vari, z\u00e1kladn\u00ed t\u011bleso pro podom\u00edtkov\u00e9 baterie<\/span><\/li>\n<li><i class=\"fas fa-check\"><\/i><span>985.20BLM Hlavov\u00e1 sprcha kulat\u00e1 250\u00a0mm, \u010dern\u00e1 matn\u00e1<\/span><\/li>\n<li><i class=\"fas fa-check\"><\/i><span>702.20BL V\u00fdtokov\u00e9 rameno bo\u010dn\u00ed, \u010dern\u00e1<\/span><\/li>\n<li><i class=\"fas fa-check\"><\/i><span>957.20BL Ru\u010dn\u00ed sprcha Air, \u010dern\u00e1<\/span><\/li>\n<li><i class=\"fas fa-check\"><\/i><span>707.20BLM Podom\u00edtkov\u00fd v\u00fdvod s\u00a0dr\u017e\u00e1kem ru\u010dn\u00ed sprchy,\t\u010dern\u00e1\u00a0matn\u00e1<\/span><\/li>\n<li><i class=\"fas fa-check\"><\/i><span>913.23BL Sprchov\u00e1 hadice, \u010dern\u00e1<\/span><\/li>\n<\/ul>\n<p>Pro ucelen\u00e9 \u0159e\u0161en\u00ed a designov\u00fd soulad koupelny doporu\u010dujeme kombinovats\u00a0ostatn\u00edmi bateriemi Spring. Na vn\u011bj\u0161\u00ed \u010di\u0161t\u011bn\u00ed doporu\u010dujemepou\u017e\u00edvat\u00a0\u010dist\u00edc\u00ed p\u0159\u00edpravek Ravak Cleaner Chrome.<\/p>\n<p>Aby ve spr\u0161e bylo v\u00edc m\u00edsta<\/p>\n<p>Minimalistick\u00e9 \u0159e\u0161en\u00ed podom\u00edtkov\u00e9 baterie v\u00e1m zajist\u00ed dal\u0161\u00edcentimetry voln\u00e9ho prostoru. Na o\u010d\u00edch z\u016fst\u00e1v\u00e1 pouze p\u00e1ka a p\u0159ep\u00edna\u010d,zat\u00edmco t\u011bleso baterie je ukryt\u00e9 uvnit\u0159\u00a0zdi.<\/p>\n<p>Jemn\u00fd dopad vody na poko\u017eku<\/p>\n<p>Je\u0161t\u011b p\u0159\u00edjemn\u011bj\u0161\u00ed sprchov\u00e1n\u00ed zaji\u0161\u0165uje funkce Air, kter\u00e1p\u0159is\u00e1v\u00e1 vzduch do sprchy. Tak se m\u00edrn\u011b zvoln\u00ed proud vody, dopad kapek jejemn\u011bj\u0161\u00ed a z\u00e1rove\u0148 se \u0161et\u0159\u00ed va\u0161e spot\u0159eba.<\/p>\n<p>H\u00fd\u010dkejte se ru\u010dn\u00ed sprchou<\/p>\n<p>Vyzkou\u0161ejte jemn\u00fd d\u00e9\u0161\u0165 kapek p\u0159i funkci \u201eRain\u201c, mas\u00e1\u017esiln\u011bj\u0161\u00edm proudem vody d\u00edky funkci \u201eJet\u201c nebo spojte ob\u011b dohromadya\u00a0vychutnejte si kombinovan\u00fd \u00fa\u010dinek.<\/p>\n<p>100% plynulost pohybu<\/p>\n<p>Ergonomick\u00e1 p\u00e1ka je vybavena funkc\u00ed SoftMove. Ta zaji\u0161\u0165uje plynulostovl\u00e1d\u00e1n\u00ed ka\u017ed\u00e9 baterie\u00a0Ravak.<\/p>\n<p>Jednoduch\u00e1 \u00fadr\u017eba<\/p>\n<p>Sprchov\u00e9 hlavice maj\u00ed funkci EasyClean. Trysky p\u0159ejedete t\u0159eba jen prstema t\u00edm se uvoln\u00ed vodn\u00ed k\u00e1men. N\u00e1sledn\u011b ho odstran\u00ed proud vody. A\u00a0jehotovo.<\/p>\n<p>5\u00a0let z\u00e1ruka<\/p>\n<p>Za kvalitou na\u0161ich v\u00fdrobk\u016f si stoj\u00edme. Proto k\u00a0vodovodn\u00ed bateriiz\u00edsk\u00e1te prodlou\u017eenou p\u011btiletou z\u00e1ruku.<\/p>\n<\/div>\n<div class=\"detail-description__left__more\">\t\t\t\t\t\t<span> <\/span><span> <\/span>\t\t\t\t\t<\/div>\n<\/p><\/div>\n<\/p><\/div>\n<div class=\"detail-description__more\"><span> <\/span><span> <\/span><\/div>\n<\/p><\/div>\n<\/p><\/div>\n<div class=\"tab tab-detail-7\">\n<div class=\"table-size-classic  table-size--selectable\">\n<table>\n<thead>\n<tr>\n<th data-product-code=\"[&quot;K\u00f3d&quot;]\"><span class=\"selected\">Vybr\u00e1no<\/span><span><\/span><\/th>\n<th data-product-code=\"[&quot;X07S145&quot;]\"><span class=\"selected\">Vybr\u00e1no<\/span><span>X07S145<\/span><\/th>\n<th data-product-code=\"[&quot;X07S146&quot;]\"><span class=\"selected\">Vybr\u00e1no<\/span><span>X07S146<\/span><\/th>\n<th data-product-code=\"[&quot;X07S147&quot;]\"><span class=\"selected\">Vybr\u00e1no<\/span><span>X07S147<\/span><\/th>\n<\/tr>\n<\/thead>\n<tbody>\n<tr class=\"space\">\n<td><\/td>\n<td><\/td>\n<td><\/td>\n<td><\/td>\n<\/tr>\n<tr>\n<td><strong>Pr\u016ftok<\/strong><\/td>\n<td>22 \/ 23,5 l \/ min<\/td>\n<td>22 \/ 23,5 l \/ min<\/td>\n<td>22 \/ 23,5 l \/ min<\/td>\n<\/tr>\n<tr>\n<td><strong>FAUCET_TYPE<\/strong><\/td>\n<td>Sprchov\u00e9 a vanov\u00e9 sety<\/td>\n<td>Sprchov\u00e9 a vanov\u00e9 sety<\/td>\n<td>Sprchov\u00e9 a vanov\u00e9 sety<\/td>\n<\/tr>\n<tr>\n<td><strong>Materi\u00e1l<\/strong><\/td>\n<td>kov<\/td>\n<td>kov<\/td>\n<td>kov<\/td>\n<\/tr>\n<tr>\n<td><strong>Napojen\u00ed<\/strong><\/td>\n<td>Podom\u00edtkov\u00e1 pro R-box<\/td>\n<td>Podom\u00edtkov\u00e1 pro R-box<\/td>\n<td>Podom\u00edtkov\u00e1 pro R-box<\/td>\n<\/tr>\n<tr>\n<td><strong>Produktov\u00e1 skupina<\/strong><\/td>\n<td>Sprchov\u00fd set<\/td>\n<td>Sprchov\u00fd set<\/td>\n<td>Sprchov\u00fd set<\/td>\n<\/tr>\n<tr>\n<td><strong>P\u016fvod<\/strong><\/td>\n<td>Vyrobeno v \u010cR<\/td>\n<td>Vyrobeno v \u010cR<\/td>\n<td>Vyrobeno v \u010cR<\/td>\n<\/tr>\n<tr>\n<td><strong>OVERFLOW_HEIGHT<\/strong><\/td>\n<td>0<\/td>\n<td>0<\/td>\n<td>0<\/td>\n<\/tr>\n<tr>\n<td><strong>WASTE_DIAMETER<\/strong><\/td>\n<td>0<\/td>\n<td>0<\/td>\n<td>0<\/td>\n<\/tr>\n<tr>\n<td><strong>NUMBER_OF_ELEMENTS<\/strong><\/td>\n<td>0<\/td>\n<td>0<\/td>\n<td>0<\/td>\n<\/tr>\n<tr>\n<td><strong>Instalace<\/strong><\/td>\n<td>podom\u00edtkov\u00e1<\/td>\n<td>podom\u00edtkov\u00e1<\/td>\n<td>podom\u00edtkov\u00e1<\/td>\n<\/tr>\n<tr>\n<td><strong>CONSTRUCTION_HEIGHT<\/strong><\/td>\n<td>0<\/td>\n<td>0<\/td>\n<td>0<\/td>\n<\/tr>\n<tr>\n<td><strong>ODOR_BARRIER_HEIGHT<\/strong><\/td>\n<td>0<\/td>\n<td>0<\/td>\n<td>0<\/td>\n<\/tr>\n<tr>\n<td><strong>Barva<\/strong><\/td>\n<td>leskl\u00fd chrom<\/td>\n<td>\u010dern\u00e1 matn\u00e1<\/td>\n<td>B\u00edl\u00e1 matn\u00e1<\/td>\n<\/tr>\n<\/tbody>\n<\/table>\n<\/div><\/div>\n","protected":false},"excerpt":{"rendered":"<p>Vlastnosti Pr\u016ftok 22 \/ 23,5\u00a0l \/ min FAUCET_TYPE Sprchov\u00e9 a vanov\u00e9 sety Materi\u00e1l kov Napojen\u00ed Podom\u00edtkov\u00e1 pro R-box Produktov\u00e1 skupina Sprchov\u00fd set P\u016fvod Vyrobeno v\u00a0\u010cR Instalace podom\u00edtkov\u00e1 Barva \u010dern\u00e1 matn\u00e1, leskl\u00fd chrom, B\u00edl\u00e1 matn\u00e1 Parametry Zna\u010dka Ravak Popis: Kartu\u0161 (pr\u016fm\u011br, materi\u00e1l): 35\u00a0mm, keramick\u00e1 Proveden\u00ed: 2-cestn\u00e1, s\u00a0p\u0159ep\u00edna\u010dem, ur\u010den\u00e1 pro R-box Vari RB\u00a0072.50 Barevn\u00e9 proveden\u00ed: BLM\u00a0\u2013 \u010dern\u00e1 [&hellip;]<\/p>\n","protected":false},"featured_media":67236,"comment_status":"open","ping_status":"open","template":"","meta":[],"product_brand":[],"product_cat":[39],"product_tag":[],"class_list":{"0":"post-67136","1":"product","2":"type-product","3":"status-publish","4":"has-post-thumbnail","6":"product_cat-sanita","8":"first","9":"instock","10":"sale","11":"shipping-taxable","12":"purchasable","13":"product-type-simple"},"yoast_head":"<!-- This site is optimized with the Yoast SEO plugin v26.8 - https:\/\/yoast.com\/product\/yoast-seo-wordpress\/ -->\n<title>Zna\u010dkov\u00fd Ravak SG 090.00CR Sprchov\u00fd podom\u00edtkov\u00fd set, chrom leskl\u00fd chrom -<\/title>\n<meta name=\"robots\" content=\"index, follow, max-snippet:-1, max-image-preview:large, max-video-preview:-1\" \/>\n<link rel=\"canonical\" href=\"https:\/\/www.technodompro.com\/index.php\/produkt\/znackovy-ravak-sg-090-00cr-sprchovy-podomitkovy-set-chrom-leskly-chrom-67136\/\" \/>\n<meta property=\"og:locale\" content=\"cs_CZ\" \/>\n<meta property=\"og:type\" content=\"article\" \/>\n<meta property=\"og:title\" content=\"Zna\u010dkov\u00fd Ravak SG 090.00CR Sprchov\u00fd podom\u00edtkov\u00fd set, chrom leskl\u00fd chrom -\" \/>\n<meta property=\"og:description\" content=\"Vlastnosti Pr\u016ftok 22 \/ 23,5\u00a0l \/ min FAUCET_TYPE Sprchov\u00e9 a vanov\u00e9 sety Materi\u00e1l kov Napojen\u00ed Podom\u00edtkov\u00e1 pro R-box Produktov\u00e1 skupina Sprchov\u00fd set P\u016fvod Vyrobeno v\u00a0\u010cR Instalace podom\u00edtkov\u00e1 Barva \u010dern\u00e1 matn\u00e1, leskl\u00fd chrom, B\u00edl\u00e1 matn\u00e1 Parametry Zna\u010dka Ravak Popis: Kartu\u0161 (pr\u016fm\u011br, materi\u00e1l): 35\u00a0mm, keramick\u00e1 Proveden\u00ed: 2-cestn\u00e1, s\u00a0p\u0159ep\u00edna\u010dem, ur\u010den\u00e1 pro R-box Vari RB\u00a0072.50 Barevn\u00e9 proveden\u00ed: BLM\u00a0\u2013 \u010dern\u00e1 [&hellip;]\" \/>\n<meta property=\"og:url\" content=\"https:\/\/www.technodompro.com\/index.php\/produkt\/znackovy-ravak-sg-090-00cr-sprchovy-podomitkovy-set-chrom-leskly-chrom-67136\/\" \/>\n<meta property=\"og:image\" content=\"https:\/\/www.technodompro.com\/wp-content\/uploads\/2026\/SK0021613-CZ20260425-091936-0-1777079982-ravak-sg-090-00cr-sprchovy-podomitkovy-set-chrom-leskly-chr.webp\" \/>\n\t<meta property=\"og:image:width\" content=\"1000\" \/>\n\t<meta property=\"og:image:height\" content=\"523\" \/>\n\t<meta property=\"og:image:type\" content=\"image\/webp\" \/>\n<meta name=\"twitter:card\" content=\"summary_large_image\" \/>\n<meta name=\"twitter:label1\" content=\"Odhadovan\u00e1 doba \u010dten\u00ed\" \/>\n\t<meta name=\"twitter:data1\" content=\"3 minuty\" \/>\n<script type=\"application\/ld+json\" class=\"yoast-schema-graph\">{\"@context\":\"https:\/\/schema.org\",\"@graph\":[{\"@type\":\"WebPage\",\"@id\":\"https:\/\/www.technodompro.com\/index.php\/produkt\/znackovy-ravak-sg-090-00cr-sprchovy-podomitkovy-set-chrom-leskly-chrom-67136\/\",\"url\":\"https:\/\/www.technodompro.com\/index.php\/produkt\/znackovy-ravak-sg-090-00cr-sprchovy-podomitkovy-set-chrom-leskly-chrom-67136\/\",\"name\":\"Zna\u010dkov\u00fd Ravak SG 090.00CR Sprchov\u00fd podom\u00edtkov\u00fd set, chrom leskl\u00fd chrom -\",\"isPartOf\":{\"@id\":\"https:\/\/www.technodompro.com\/#website\"},\"primaryImageOfPage\":{\"@id\":\"https:\/\/www.technodompro.com\/index.php\/produkt\/znackovy-ravak-sg-090-00cr-sprchovy-podomitkovy-set-chrom-leskly-chrom-67136\/#primaryimage\"},\"image\":{\"@id\":\"https:\/\/www.technodompro.com\/index.php\/produkt\/znackovy-ravak-sg-090-00cr-sprchovy-podomitkovy-set-chrom-leskly-chrom-67136\/#primaryimage\"},\"thumbnailUrl\":\"https:\/\/www.technodompro.com\/wp-content\/uploads\/2026\/SK0021613-CZ20260425-091936-0-1777079982-ravak-sg-090-00cr-sprchovy-podomitkovy-set-chrom-leskly-chr.webp\",\"datePublished\":\"2026-04-27T04:43:34+00:00\",\"breadcrumb\":{\"@id\":\"https:\/\/www.technodompro.com\/index.php\/produkt\/znackovy-ravak-sg-090-00cr-sprchovy-podomitkovy-set-chrom-leskly-chrom-67136\/#breadcrumb\"},\"inLanguage\":\"cs\",\"potentialAction\":[{\"@type\":\"ReadAction\",\"target\":[\"https:\/\/www.technodompro.com\/index.php\/produkt\/znackovy-ravak-sg-090-00cr-sprchovy-podomitkovy-set-chrom-leskly-chrom-67136\/\"]}]},{\"@type\":\"ImageObject\",\"inLanguage\":\"cs\",\"@id\":\"https:\/\/www.technodompro.com\/index.php\/produkt\/znackovy-ravak-sg-090-00cr-sprchovy-podomitkovy-set-chrom-leskly-chrom-67136\/#primaryimage\",\"url\":\"https:\/\/www.technodompro.com\/wp-content\/uploads\/2026\/SK0021613-CZ20260425-091936-0-1777079982-ravak-sg-090-00cr-sprchovy-podomitkovy-set-chrom-leskly-chr.webp\",\"contentUrl\":\"https:\/\/www.technodompro.com\/wp-content\/uploads\/2026\/SK0021613-CZ20260425-091936-0-1777079982-ravak-sg-090-00cr-sprchovy-podomitkovy-set-chrom-leskly-chr.webp\",\"width\":1000,\"height\":523},{\"@type\":\"BreadcrumbList\",\"@id\":\"https:\/\/www.technodompro.com\/index.php\/produkt\/znackovy-ravak-sg-090-00cr-sprchovy-podomitkovy-set-chrom-leskly-chrom-67136\/#breadcrumb\",\"itemListElement\":[{\"@type\":\"ListItem\",\"position\":1,\"name\":\"Home\",\"item\":\"https:\/\/www.technodompro.com\/\"},{\"@type\":\"ListItem\",\"position\":2,\"name\":\"Products\",\"item\":\"https:\/\/www.technodompro.com\/index.php\/products\/\"},{\"@type\":\"ListItem\",\"position\":3,\"name\":\"Zna\u010dkov\u00fd Ravak SG 090.00CR Sprchov\u00fd podom\u00edtkov\u00fd set, chrom leskl\u00fd chrom\"}]},{\"@type\":\"WebSite\",\"@id\":\"https:\/\/www.technodompro.com\/#website\",\"url\":\"https:\/\/www.technodompro.com\/\",\"name\":\"\",\"description\":\"\",\"potentialAction\":[{\"@type\":\"SearchAction\",\"target\":{\"@type\":\"EntryPoint\",\"urlTemplate\":\"https:\/\/www.technodompro.com\/?s={search_term_string}\"},\"query-input\":{\"@type\":\"PropertyValueSpecification\",\"valueRequired\":true,\"valueName\":\"search_term_string\"}}],\"inLanguage\":\"cs\"}]}<\/script>\n<!-- \/ Yoast SEO plugin. -->","yoast_head_json":{"title":"Zna\u010dkov\u00fd Ravak SG 090.00CR Sprchov\u00fd podom\u00edtkov\u00fd set, chrom leskl\u00fd chrom -","robots":{"index":"index","follow":"follow","max-snippet":"max-snippet:-1","max-image-preview":"max-image-preview:large","max-video-preview":"max-video-preview:-1"},"canonical":"https:\/\/www.technodompro.com\/index.php\/produkt\/znackovy-ravak-sg-090-00cr-sprchovy-podomitkovy-set-chrom-leskly-chrom-67136\/","og_locale":"cs_CZ","og_type":"article","og_title":"Zna\u010dkov\u00fd Ravak SG 090.00CR Sprchov\u00fd podom\u00edtkov\u00fd set, chrom leskl\u00fd chrom -","og_description":"Vlastnosti Pr\u016ftok 22 \/ 23,5\u00a0l \/ min FAUCET_TYPE Sprchov\u00e9 a vanov\u00e9 sety Materi\u00e1l kov Napojen\u00ed Podom\u00edtkov\u00e1 pro R-box Produktov\u00e1 skupina Sprchov\u00fd set P\u016fvod Vyrobeno v\u00a0\u010cR Instalace podom\u00edtkov\u00e1 Barva \u010dern\u00e1 matn\u00e1, leskl\u00fd chrom, B\u00edl\u00e1 matn\u00e1 Parametry Zna\u010dka Ravak Popis: Kartu\u0161 (pr\u016fm\u011br, materi\u00e1l): 35\u00a0mm, keramick\u00e1 Proveden\u00ed: 2-cestn\u00e1, s\u00a0p\u0159ep\u00edna\u010dem, ur\u010den\u00e1 pro R-box Vari RB\u00a0072.50 Barevn\u00e9 proveden\u00ed: BLM\u00a0\u2013 \u010dern\u00e1 [&hellip;]","og_url":"https:\/\/www.technodompro.com\/index.php\/produkt\/znackovy-ravak-sg-090-00cr-sprchovy-podomitkovy-set-chrom-leskly-chrom-67136\/","og_image":[{"width":1000,"height":523,"url":"https:\/\/www.technodompro.com\/wp-content\/uploads\/2026\/SK0021613-CZ20260425-091936-0-1777079982-ravak-sg-090-00cr-sprchovy-podomitkovy-set-chrom-leskly-chr.webp","type":"image\/webp"}],"twitter_card":"summary_large_image","twitter_misc":{"Odhadovan\u00e1 doba \u010dten\u00ed":"3 minuty"},"schema":{"@context":"https:\/\/schema.org","@graph":[{"@type":"WebPage","@id":"https:\/\/www.technodompro.com\/index.php\/produkt\/znackovy-ravak-sg-090-00cr-sprchovy-podomitkovy-set-chrom-leskly-chrom-67136\/","url":"https:\/\/www.technodompro.com\/index.php\/produkt\/znackovy-ravak-sg-090-00cr-sprchovy-podomitkovy-set-chrom-leskly-chrom-67136\/","name":"Zna\u010dkov\u00fd Ravak SG 090.00CR Sprchov\u00fd podom\u00edtkov\u00fd set, chrom leskl\u00fd chrom -","isPartOf":{"@id":"https:\/\/www.technodompro.com\/#website"},"primaryImageOfPage":{"@id":"https:\/\/www.technodompro.com\/index.php\/produkt\/znackovy-ravak-sg-090-00cr-sprchovy-podomitkovy-set-chrom-leskly-chrom-67136\/#primaryimage"},"image":{"@id":"https:\/\/www.technodompro.com\/index.php\/produkt\/znackovy-ravak-sg-090-00cr-sprchovy-podomitkovy-set-chrom-leskly-chrom-67136\/#primaryimage"},"thumbnailUrl":"https:\/\/www.technodompro.com\/wp-content\/uploads\/2026\/SK0021613-CZ20260425-091936-0-1777079982-ravak-sg-090-00cr-sprchovy-podomitkovy-set-chrom-leskly-chr.webp","datePublished":"2026-04-27T04:43:34+00:00","breadcrumb":{"@id":"https:\/\/www.technodompro.com\/index.php\/produkt\/znackovy-ravak-sg-090-00cr-sprchovy-podomitkovy-set-chrom-leskly-chrom-67136\/#breadcrumb"},"inLanguage":"cs","potentialAction":[{"@type":"ReadAction","target":["https:\/\/www.technodompro.com\/index.php\/produkt\/znackovy-ravak-sg-090-00cr-sprchovy-podomitkovy-set-chrom-leskly-chrom-67136\/"]}]},{"@type":"ImageObject","inLanguage":"cs","@id":"https:\/\/www.technodompro.com\/index.php\/produkt\/znackovy-ravak-sg-090-00cr-sprchovy-podomitkovy-set-chrom-leskly-chrom-67136\/#primaryimage","url":"https:\/\/www.technodompro.com\/wp-content\/uploads\/2026\/SK0021613-CZ20260425-091936-0-1777079982-ravak-sg-090-00cr-sprchovy-podomitkovy-set-chrom-leskly-chr.webp","contentUrl":"https:\/\/www.technodompro.com\/wp-content\/uploads\/2026\/SK0021613-CZ20260425-091936-0-1777079982-ravak-sg-090-00cr-sprchovy-podomitkovy-set-chrom-leskly-chr.webp","width":1000,"height":523},{"@type":"BreadcrumbList","@id":"https:\/\/www.technodompro.com\/index.php\/produkt\/znackovy-ravak-sg-090-00cr-sprchovy-podomitkovy-set-chrom-leskly-chrom-67136\/#breadcrumb","itemListElement":[{"@type":"ListItem","position":1,"name":"Home","item":"https:\/\/www.technodompro.com\/"},{"@type":"ListItem","position":2,"name":"Products","item":"https:\/\/www.technodompro.com\/index.php\/products\/"},{"@type":"ListItem","position":3,"name":"Zna\u010dkov\u00fd Ravak SG 090.00CR Sprchov\u00fd podom\u00edtkov\u00fd set, chrom leskl\u00fd chrom"}]},{"@type":"WebSite","@id":"https:\/\/www.technodompro.com\/#website","url":"https:\/\/www.technodompro.com\/","name":"","description":"","potentialAction":[{"@type":"SearchAction","target":{"@type":"EntryPoint","urlTemplate":"https:\/\/www.technodompro.com\/?s={search_term_string}"},"query-input":{"@type":"PropertyValueSpecification","valueRequired":true,"valueName":"search_term_string"}}],"inLanguage":"cs"}]}},"_links":{"self":[{"href":"https:\/\/www.technodompro.com\/index.php\/wp-json\/wp\/v2\/product\/67136","targetHints":{"allow":["GET"]}}],"collection":[{"href":"https:\/\/www.technodompro.com\/index.php\/wp-json\/wp\/v2\/product"}],"about":[{"href":"https:\/\/www.technodompro.com\/index.php\/wp-json\/wp\/v2\/types\/product"}],"replies":[{"embeddable":true,"href":"https:\/\/www.technodompro.com\/index.php\/wp-json\/wp\/v2\/comments?post=67136"}],"wp:featuredmedia":[{"embeddable":true,"href":"https:\/\/www.technodompro.com\/index.php\/wp-json\/wp\/v2\/media\/67236"}],"wp:attachment":[{"href":"https:\/\/www.technodompro.com\/index.php\/wp-json\/wp\/v2\/media?parent=67136"}],"wp:term":[{"taxonomy":"product_brand","embeddable":true,"href":"https:\/\/www.technodompro.com\/index.php\/wp-json\/wp\/v2\/product_brand?post=67136"},{"taxonomy":"product_cat","embeddable":true,"href":"https:\/\/www.technodompro.com\/index.php\/wp-json\/wp\/v2\/product_cat?post=67136"},{"taxonomy":"product_tag","embeddable":true,"href":"https:\/\/www.technodompro.com\/index.php\/wp-json\/wp\/v2\/product_tag?post=67136"}],"curies":[{"name":"wp","href":"https:\/\/api.w.org\/{rel}","templated":true}]}}