{"id":70963,"date":"2026-04-27T04:43:45","date_gmt":"2026-04-27T04:43:45","guid":{"rendered":""},"modified":"2026-04-27T04:43:45","modified_gmt":"2026-04-27T04:43:45","slug":"znackovy-proxxon-28164-brusny-kotouc-125-mm-k240-70963","status":"publish","type":"product","link":"https:\/\/www.technodompro.com\/index.php\/produkt\/znackovy-proxxon-28164-brusny-kotouc-125-mm-k240-70963\/","title":{"rendered":"Zna\u010dkov\u00fd PROXXON 28164 Brusn\u00fd kotou\u010d 125 mm K240"},"content":{"rendered":"<table>\n<div class=\"tab-pane active product-description\" id=\"popis\" role=\"tabpanel\">\n<div class=\"short-description\" itemprop=\"description\"><\/div>\n<div class=\"description\"><span class='bullet-line'>Samolepic\u00ed kotou\u010d pro TG 125\/E, K240, 5 ks+1ks silikon. filmu <br \/><\/span><span class='bullet-line'>P\u0159\u00edslu\u0161enstv\u00ed pro \u010celn\u00ed kotou\u010dovou brusku TG 125\/E<br \/><\/span><span class='bullet-line'>Samolepic\u00ed brusn\u00e9 kotou\u010de &#8211; Hrubost 240Z u\u0161lechtil\u00e9ho korundu, pr\u016fmyslov\u00e9 kvality. Vhodn\u00e9 pro brou\u0161en\u00ed m\u011bkk\u00e9ho a tvrd\u00e9ho d\u0159eva, d\u0159evot\u0159\u00edsky, barevn\u00fdch kov\u016f, oceli, plast\u016f, korku, gumy a nerost\u016f. Pr\u016fm\u011br 125 mm. Sou\u010d\u00e1st\u00ed balen\u00ed je \u010dtvercov\u00e1 silikonov\u00e1 f\u00f3lie.<br \/><\/span> <\/p>\n<p> \u25bc Balen\u00ed obsahuje \u25bc<span class='bullet-line'>5ks<\/span><\/div>\n<\/table>\n","protected":false},"excerpt":{"rendered":"<p>Samolepic\u00ed kotou\u010d pro TG 125\/E, K240, 5 ks+1ks silikon. filmu P\u0159\u00edslu\u0161enstv\u00ed pro \u010celn\u00ed kotou\u010dovou brusku TG 125\/ESamolepic\u00ed brusn\u00e9 kotou\u010de &#8211; Hrubost 240Z u\u0161lechtil\u00e9ho korundu, pr\u016fmyslov\u00e9 kvality. Vhodn\u00e9 pro brou\u0161en\u00ed m\u011bkk\u00e9ho a tvrd\u00e9ho d\u0159eva, d\u0159evot\u0159\u00edsky, barevn\u00fdch kov\u016f, oceli, plast\u016f, korku, gumy a nerost\u016f. Pr\u016fm\u011br 125 mm. Sou\u010d\u00e1st\u00ed balen\u00ed je \u010dtvercov\u00e1 silikonov\u00e1 f\u00f3lie. \u25bc Balen\u00ed obsahuje \u25bc5ks<\/p>\n","protected":false},"featured_media":71063,"comment_status":"open","ping_status":"open","template":"","meta":[],"product_brand":[],"product_cat":[45],"product_tag":[],"class_list":{"0":"post-70963","1":"product","2":"type-product","3":"status-publish","4":"has-post-thumbnail","6":"product_cat-naradi","8":"first","9":"instock","10":"sale","11":"shipping-taxable","12":"purchasable","13":"product-type-simple"},"yoast_head":"<!-- This site is optimized with the Yoast SEO plugin v26.8 - https:\/\/yoast.com\/product\/yoast-seo-wordpress\/ -->\n<title>Zna\u010dkov\u00fd PROXXON 28164 Brusn\u00fd kotou\u010d 125 mm K240 -<\/title>\n<meta name=\"robots\" content=\"index, follow, max-snippet:-1, max-image-preview:large, max-video-preview:-1\" \/>\n<link rel=\"canonical\" href=\"https:\/\/www.technodompro.com\/index.php\/produkt\/znackovy-proxxon-28164-brusny-kotouc-125-mm-k240-70963\/\" \/>\n<meta property=\"og:locale\" content=\"cs_CZ\" \/>\n<meta property=\"og:type\" content=\"article\" \/>\n<meta property=\"og:title\" content=\"Zna\u010dkov\u00fd PROXXON 28164 Brusn\u00fd kotou\u010d 125 mm K240 -\" \/>\n<meta property=\"og:description\" content=\"Samolepic\u00ed kotou\u010d pro TG 125\/E, K240, 5 ks+1ks silikon. filmu P\u0159\u00edslu\u0161enstv\u00ed pro \u010celn\u00ed kotou\u010dovou brusku TG 125\/ESamolepic\u00ed brusn\u00e9 kotou\u010de &#8211; Hrubost 240Z u\u0161lechtil\u00e9ho korundu, pr\u016fmyslov\u00e9 kvality. Vhodn\u00e9 pro brou\u0161en\u00ed m\u011bkk\u00e9ho a tvrd\u00e9ho d\u0159eva, d\u0159evot\u0159\u00edsky, barevn\u00fdch kov\u016f, oceli, plast\u016f, korku, gumy a nerost\u016f. Pr\u016fm\u011br 125 mm. Sou\u010d\u00e1st\u00ed balen\u00ed je \u010dtvercov\u00e1 silikonov\u00e1 f\u00f3lie. \u25bc Balen\u00ed obsahuje \u25bc5ks\" \/>\n<meta property=\"og:url\" content=\"https:\/\/www.technodompro.com\/index.php\/produkt\/znackovy-proxxon-28164-brusny-kotouc-125-mm-k240-70963\/\" \/>\n<meta property=\"og:image\" content=\"https:\/\/www.technodompro.com\/wp-content\/uploads\/2026\/SK0017088-CZ20260425-092328-0-1777080210-206232-1_104155.webp\" \/>\n\t<meta property=\"og:image:width\" content=\"1000\" \/>\n\t<meta property=\"og:image:height\" content=\"797\" \/>\n\t<meta property=\"og:image:type\" content=\"image\/webp\" \/>\n<meta name=\"twitter:card\" content=\"summary_large_image\" \/>\n<script type=\"application\/ld+json\" class=\"yoast-schema-graph\">{\"@context\":\"https:\/\/schema.org\",\"@graph\":[{\"@type\":\"WebPage\",\"@id\":\"https:\/\/www.technodompro.com\/index.php\/produkt\/znackovy-proxxon-28164-brusny-kotouc-125-mm-k240-70963\/\",\"url\":\"https:\/\/www.technodompro.com\/index.php\/produkt\/znackovy-proxxon-28164-brusny-kotouc-125-mm-k240-70963\/\",\"name\":\"Zna\u010dkov\u00fd PROXXON 28164 Brusn\u00fd kotou\u010d 125 mm K240 -\",\"isPartOf\":{\"@id\":\"https:\/\/www.technodompro.com\/#website\"},\"primaryImageOfPage\":{\"@id\":\"https:\/\/www.technodompro.com\/index.php\/produkt\/znackovy-proxxon-28164-brusny-kotouc-125-mm-k240-70963\/#primaryimage\"},\"image\":{\"@id\":\"https:\/\/www.technodompro.com\/index.php\/produkt\/znackovy-proxxon-28164-brusny-kotouc-125-mm-k240-70963\/#primaryimage\"},\"thumbnailUrl\":\"https:\/\/www.technodompro.com\/wp-content\/uploads\/2026\/SK0017088-CZ20260425-092328-0-1777080210-206232-1_104155.webp\",\"datePublished\":\"2026-04-27T04:43:45+00:00\",\"breadcrumb\":{\"@id\":\"https:\/\/www.technodompro.com\/index.php\/produkt\/znackovy-proxxon-28164-brusny-kotouc-125-mm-k240-70963\/#breadcrumb\"},\"inLanguage\":\"cs\",\"potentialAction\":[{\"@type\":\"ReadAction\",\"target\":[\"https:\/\/www.technodompro.com\/index.php\/produkt\/znackovy-proxxon-28164-brusny-kotouc-125-mm-k240-70963\/\"]}]},{\"@type\":\"ImageObject\",\"inLanguage\":\"cs\",\"@id\":\"https:\/\/www.technodompro.com\/index.php\/produkt\/znackovy-proxxon-28164-brusny-kotouc-125-mm-k240-70963\/#primaryimage\",\"url\":\"https:\/\/www.technodompro.com\/wp-content\/uploads\/2026\/SK0017088-CZ20260425-092328-0-1777080210-206232-1_104155.webp\",\"contentUrl\":\"https:\/\/www.technodompro.com\/wp-content\/uploads\/2026\/SK0017088-CZ20260425-092328-0-1777080210-206232-1_104155.webp\",\"width\":1000,\"height\":797},{\"@type\":\"BreadcrumbList\",\"@id\":\"https:\/\/www.technodompro.com\/index.php\/produkt\/znackovy-proxxon-28164-brusny-kotouc-125-mm-k240-70963\/#breadcrumb\",\"itemListElement\":[{\"@type\":\"ListItem\",\"position\":1,\"name\":\"Home\",\"item\":\"https:\/\/www.technodompro.com\/\"},{\"@type\":\"ListItem\",\"position\":2,\"name\":\"Products\",\"item\":\"https:\/\/www.technodompro.com\/index.php\/products\/\"},{\"@type\":\"ListItem\",\"position\":3,\"name\":\"Zna\u010dkov\u00fd PROXXON 28164 Brusn\u00fd kotou\u010d 125 mm K240\"}]},{\"@type\":\"WebSite\",\"@id\":\"https:\/\/www.technodompro.com\/#website\",\"url\":\"https:\/\/www.technodompro.com\/\",\"name\":\"\",\"description\":\"\",\"potentialAction\":[{\"@type\":\"SearchAction\",\"target\":{\"@type\":\"EntryPoint\",\"urlTemplate\":\"https:\/\/www.technodompro.com\/?s={search_term_string}\"},\"query-input\":{\"@type\":\"PropertyValueSpecification\",\"valueRequired\":true,\"valueName\":\"search_term_string\"}}],\"inLanguage\":\"cs\"}]}<\/script>\n<!-- \/ Yoast SEO plugin. -->","yoast_head_json":{"title":"Zna\u010dkov\u00fd PROXXON 28164 Brusn\u00fd kotou\u010d 125 mm K240 -","robots":{"index":"index","follow":"follow","max-snippet":"max-snippet:-1","max-image-preview":"max-image-preview:large","max-video-preview":"max-video-preview:-1"},"canonical":"https:\/\/www.technodompro.com\/index.php\/produkt\/znackovy-proxxon-28164-brusny-kotouc-125-mm-k240-70963\/","og_locale":"cs_CZ","og_type":"article","og_title":"Zna\u010dkov\u00fd PROXXON 28164 Brusn\u00fd kotou\u010d 125 mm K240 -","og_description":"Samolepic\u00ed kotou\u010d pro TG 125\/E, K240, 5 ks+1ks silikon. filmu P\u0159\u00edslu\u0161enstv\u00ed pro \u010celn\u00ed kotou\u010dovou brusku TG 125\/ESamolepic\u00ed brusn\u00e9 kotou\u010de &#8211; Hrubost 240Z u\u0161lechtil\u00e9ho korundu, pr\u016fmyslov\u00e9 kvality. Vhodn\u00e9 pro brou\u0161en\u00ed m\u011bkk\u00e9ho a tvrd\u00e9ho d\u0159eva, d\u0159evot\u0159\u00edsky, barevn\u00fdch kov\u016f, oceli, plast\u016f, korku, gumy a nerost\u016f. Pr\u016fm\u011br 125 mm. Sou\u010d\u00e1st\u00ed balen\u00ed je \u010dtvercov\u00e1 silikonov\u00e1 f\u00f3lie. \u25bc Balen\u00ed obsahuje \u25bc5ks","og_url":"https:\/\/www.technodompro.com\/index.php\/produkt\/znackovy-proxxon-28164-brusny-kotouc-125-mm-k240-70963\/","og_image":[{"width":1000,"height":797,"url":"https:\/\/www.technodompro.com\/wp-content\/uploads\/2026\/SK0017088-CZ20260425-092328-0-1777080210-206232-1_104155.webp","type":"image\/webp"}],"twitter_card":"summary_large_image","schema":{"@context":"https:\/\/schema.org","@graph":[{"@type":"WebPage","@id":"https:\/\/www.technodompro.com\/index.php\/produkt\/znackovy-proxxon-28164-brusny-kotouc-125-mm-k240-70963\/","url":"https:\/\/www.technodompro.com\/index.php\/produkt\/znackovy-proxxon-28164-brusny-kotouc-125-mm-k240-70963\/","name":"Zna\u010dkov\u00fd PROXXON 28164 Brusn\u00fd kotou\u010d 125 mm K240 -","isPartOf":{"@id":"https:\/\/www.technodompro.com\/#website"},"primaryImageOfPage":{"@id":"https:\/\/www.technodompro.com\/index.php\/produkt\/znackovy-proxxon-28164-brusny-kotouc-125-mm-k240-70963\/#primaryimage"},"image":{"@id":"https:\/\/www.technodompro.com\/index.php\/produkt\/znackovy-proxxon-28164-brusny-kotouc-125-mm-k240-70963\/#primaryimage"},"thumbnailUrl":"https:\/\/www.technodompro.com\/wp-content\/uploads\/2026\/SK0017088-CZ20260425-092328-0-1777080210-206232-1_104155.webp","datePublished":"2026-04-27T04:43:45+00:00","breadcrumb":{"@id":"https:\/\/www.technodompro.com\/index.php\/produkt\/znackovy-proxxon-28164-brusny-kotouc-125-mm-k240-70963\/#breadcrumb"},"inLanguage":"cs","potentialAction":[{"@type":"ReadAction","target":["https:\/\/www.technodompro.com\/index.php\/produkt\/znackovy-proxxon-28164-brusny-kotouc-125-mm-k240-70963\/"]}]},{"@type":"ImageObject","inLanguage":"cs","@id":"https:\/\/www.technodompro.com\/index.php\/produkt\/znackovy-proxxon-28164-brusny-kotouc-125-mm-k240-70963\/#primaryimage","url":"https:\/\/www.technodompro.com\/wp-content\/uploads\/2026\/SK0017088-CZ20260425-092328-0-1777080210-206232-1_104155.webp","contentUrl":"https:\/\/www.technodompro.com\/wp-content\/uploads\/2026\/SK0017088-CZ20260425-092328-0-1777080210-206232-1_104155.webp","width":1000,"height":797},{"@type":"BreadcrumbList","@id":"https:\/\/www.technodompro.com\/index.php\/produkt\/znackovy-proxxon-28164-brusny-kotouc-125-mm-k240-70963\/#breadcrumb","itemListElement":[{"@type":"ListItem","position":1,"name":"Home","item":"https:\/\/www.technodompro.com\/"},{"@type":"ListItem","position":2,"name":"Products","item":"https:\/\/www.technodompro.com\/index.php\/products\/"},{"@type":"ListItem","position":3,"name":"Zna\u010dkov\u00fd PROXXON 28164 Brusn\u00fd kotou\u010d 125 mm K240"}]},{"@type":"WebSite","@id":"https:\/\/www.technodompro.com\/#website","url":"https:\/\/www.technodompro.com\/","name":"","description":"","potentialAction":[{"@type":"SearchAction","target":{"@type":"EntryPoint","urlTemplate":"https:\/\/www.technodompro.com\/?s={search_term_string}"},"query-input":{"@type":"PropertyValueSpecification","valueRequired":true,"valueName":"search_term_string"}}],"inLanguage":"cs"}]}},"_links":{"self":[{"href":"https:\/\/www.technodompro.com\/index.php\/wp-json\/wp\/v2\/product\/70963","targetHints":{"allow":["GET"]}}],"collection":[{"href":"https:\/\/www.technodompro.com\/index.php\/wp-json\/wp\/v2\/product"}],"about":[{"href":"https:\/\/www.technodompro.com\/index.php\/wp-json\/wp\/v2\/types\/product"}],"replies":[{"embeddable":true,"href":"https:\/\/www.technodompro.com\/index.php\/wp-json\/wp\/v2\/comments?post=70963"}],"wp:featuredmedia":[{"embeddable":true,"href":"https:\/\/www.technodompro.com\/index.php\/wp-json\/wp\/v2\/media\/71063"}],"wp:attachment":[{"href":"https:\/\/www.technodompro.com\/index.php\/wp-json\/wp\/v2\/media?parent=70963"}],"wp:term":[{"taxonomy":"product_brand","embeddable":true,"href":"https:\/\/www.technodompro.com\/index.php\/wp-json\/wp\/v2\/product_brand?post=70963"},{"taxonomy":"product_cat","embeddable":true,"href":"https:\/\/www.technodompro.com\/index.php\/wp-json\/wp\/v2\/product_cat?post=70963"},{"taxonomy":"product_tag","embeddable":true,"href":"https:\/\/www.technodompro.com\/index.php\/wp-json\/wp\/v2\/product_tag?post=70963"}],"curies":[{"name":"wp","href":"https:\/\/api.w.org\/{rel}","templated":true}]}}