{"id":74944,"date":"2026-04-27T04:43:57","date_gmt":"2026-04-27T04:43:57","guid":{"rendered":""},"modified":"2026-04-27T04:43:57","modified_gmt":"2026-04-27T04:43:57","slug":"znackovy-umyvadlova-vysoka-baterie-ultra-u-18d-new-chrom-koupelny-sanita-cz-74944","status":"publish","type":"product","link":"https:\/\/www.technodompro.com\/index.php\/produkt\/znackovy-umyvadlova-vysoka-baterie-ultra-u-18d-new-chrom-koupelny-sanita-cz-74944\/","title":{"rendered":"Zna\u010dkov\u00fd Umyvadlov\u00e1 vysok\u00e1 baterie ULTRA U-18D NEW CHROM &#8211; koupelny-sanita.cz"},"content":{"rendered":"<div class=\"basic-description\">\n<h3>Detailn\u00ed popis produktu<\/h3>\n<p><strong>Elegantn\u00ed ergonomick\u00fd design<\/strong> se dokonale snoub\u00ed s hlavn\u00edmi v\u00fdhodami, a to \u2013 <strong>nekompromisn\u00ed spolehlivost a odolnost.<\/strong><\/p>\n<p><strong>P\u0159ednosti vysok\u00e9 u<strong>myvadlov\u00e9 stoj\u00e1nkov\u00e9 vodovodn\u00ed baterie\u00a0<\/strong><\/strong><b>ULTRA U-18D NEW CHROM:<\/b><\/p>\n<ul>\n<li>umyvadlov\u00e1<strong> vysok\u00e1 stoj\u00e1nkov\u00e1 <\/strong>baterie\u00a0(bez p\u0159\u00edslu\u0161enstv\u00ed)<\/li>\n<li><strong>atraktivn\u00ed\u00a0vzhled<\/strong>\u00a0proveden\u00ed<\/li>\n<li><strong>barva: chrom<\/strong><\/li>\n<li>dlouh\u00e1 \u017eivotnost <strong>\u0161pan\u011blsk\u00e9\u00a0keramick\u00e9 kartu\u0161e 35 mm<\/strong><\/li>\n<li><b>perl\u00e1tor NEOPERL<\/b><\/li>\n<li><strong>prov\u011b\u0159en\u00e1<\/strong>\u00a0technologie<\/li>\n<li>v\u0161e testov\u00e1no se\u00a0<strong>100% \u00fasp\u011b\u0161nost\u00ed<\/strong><\/li>\n<li>v\u0161echny d\u00edly odpov\u00eddaj\u00ed p\u0159edpis\u016fm<strong>\u00a0EN817<\/strong><\/li>\n<\/ul>\n<h3 class=\"MsoNoSpacing\">Umyvadlov\u00e1 vysok\u00e1 stoj\u00e1nkov\u00e1 vodovodn\u00ed baterie ULTRA U-18D NEW CHROM vynik\u00e1 vysoce kvalitn\u00edm zpracov\u00e1n\u00edm a spolehlivou funk\u010dnost\u00ed v\u0161ech sou\u010d\u00e1st\u00ed a materi\u00e1l\u016f.\u00a0<\/h3>\n<ul>\n<li><strong><span style=\"font-family:Calibri, sans-serif;font-weight:normal;\">Odl\u00e9van\u00e9 t\u011blo t\u011bchto vodovodn\u00edch bateri\u00ed je vyrobeno ze speci\u00e1ln\u011b upraven\u00e9 korozivzdorn\u00e9 mosazn\u00e9 slitiny<\/span><\/strong><b><span>\u00a0RubiBrass\u00a0<\/span><\/b><strong><span style=\"font-family:Calibri, sans-serif;font-weight:normal;\">.\u00a0Je odoln\u00fd a bezpe\u010dn\u00fd pro lidsk\u00e9 zdrav\u00ed a \u017eivotn\u00ed prost\u0159ed\u00ed.\u00a0<\/span><\/strong><b><span>RubiBrass\u00a0<\/span><\/b><strong><span style=\"font-family:Calibri, sans-serif;font-weight:normal;\">m\u00e1 m\u00e9n\u011b olova a dal\u0161\u00edch nepot\u0159ebn\u00fdch slou\u010denin, kter\u00e9 mohou reagovat s pitnou vodou.<\/span><\/strong><\/li>\n<li><b><span>SolidChrom\u00a0<\/span><\/b><strong><span style=\"font-family:Calibri, sans-serif;font-weight:normal;\">\u2013 odoln\u00fd a dlouhotrvaj\u00edc\u00ed chromov\u00fd povlak nejvy\u0161\u0161\u00ed kvality.\u00a0Tento chromov\u00fd povlak odoln\u00fd proti od\u011bru (20-25 mikron\u016f) bude z\u00e1\u0159it ve va\u0161\u00ed koupeln\u011b po mnoho let a m\u00e1 repelentn\u00ed vlastnosti proti bakteri\u00edm.<\/span><\/strong><\/li>\n<li><strong><span style=\"font-family:Calibri, sans-serif;font-weight:normal;\">Spolehliv\u00e9 60 cm flexibiln\u00ed p\u0159ipojovac\u00ed hadice s du\u0161\u00ed z PeX od<\/span><\/strong><b><span>\u00a0Fliesser\u00a0<\/span><\/b><strong><span style=\"font-family:Calibri, sans-serif;font-weight:normal;\">(N\u011bmecko).\u00a0Vyrobeno podle nejnov\u011bj\u0161\u00ed evropsk\u00e9 normy EN 13618: 2016.<\/span><\/strong><\/li>\n<li><strong><span style=\"font-family:Calibri, sans-serif;font-weight:normal;\">Cartridge CITEC Rubineta (\u0160pan\u011blsko).\u00a0Spolehliv\u00fd a dlouho vydr\u017e\u00ed.\u00a0Standardn\u00ed kazeta \u2013 35 mm.<\/span><\/strong><\/li>\n<li><b><span>Perl\u00e1tor Neoperl Slim Air\u00a0<\/span><\/b><strong><span style=\"font-family:Calibri, sans-serif;font-weight:normal;\">je ten\u010d\u00ed a m\u00e9n\u011b n\u00e1padn\u00fd ne\u017e b\u011b\u017en\u00e9 perl\u00e1tory.\u00a0<\/span><\/strong><b><span>Neoperl Slim Air\u00a0<\/span><\/b><strong><span style=\"font-family:Calibri, sans-serif;font-weight:normal;\">se vyzna\u010duje dokonal\u00fdm proud\u011bn\u00edm vody, vylep\u0161enou ochranou proti vodn\u00edmu kameni, del\u0161\u00ed \u017eivotnost\u00ed a patentovanou technologi\u00ed PCA\u00ae s ni\u017e\u0161\u00ed spot\u0159ebou vody.\u00a0Tento perl\u00e1tor umo\u017e\u0148uje u\u017eivateli snadno nastavit \u00fahel proudu vody.\u00a0Neoperl je p\u0159edn\u00edm sv\u011btov\u00fdm v\u00fdrobcem perl\u00e1tor\u016f z N\u011bmecka.<\/span><\/strong><\/li>\n<\/ul>\n<h3><strong><span style=\"font-family:Calibri, sans-serif;\">Z\u00c1RUKA 5 LET.<\/span><\/strong><\/h3>\n<p class=\"MsoNoSpacing\" style=\"text-align:justify;\">\n<\/p><\/div>\n<div class=\"extended-description\">\n<h3>Dopl\u0148kov\u00e9 parametry<\/h3>\n<table class=\"detail-parameters\">\n<tbody>\n<tr>\n<th>        <span class=\"row-header-label\">            Kategorie<span class=\"row-header-label-colon\">:<\/span>        <\/span>    <\/th>\n<td>            <\/td>\n<\/tr>\n<tr>\n<th>            <span class=\"row-header-label\">                Z\u00e1ruka<span class=\"row-header-label-colon\">:<\/span>            <\/span>        <\/th>\n<td>            5 let t\u011blo baterie        <\/td>\n<\/tr>\n<tr>\n<th>            <span class=\"row-header-label\">                Hmotnost<span class=\"row-header-label-colon\">:<\/span>            <\/span>        <\/th>\n<td>            1.5 kg        <\/td>\n<\/tr>\n<tr class=\"productEan\">\n<th>          <span class=\"row-header-label productEan__label\">              EAN<span class=\"row-header-label-colon\">:<\/span>          <\/span>      <\/th>\n<td>          <span class=\"productEan__value\">4772034014327<\/span>      <\/td>\n<\/tr>\n<tr>\n<th>                <span class=\"row-header-label\">                                            Barva<span class=\"row-header-label-colon\">:<\/span>                                    <\/span>            <\/th>\n<td>                                                            Chrom                                                <\/td>\n<\/tr>\n<tr>\n<th>                <span class=\"row-header-label\">                                            Katalog<span class=\"row-header-label-colon\">:<\/span>                                    <\/span>            <\/th>\n<td>                                                            Olsen-Spa                                                <\/td>\n<\/tr>\n<tr>\n<th>                <span class=\"row-header-label\">                                            Materi\u00e1l<span class=\"row-header-label-colon\">:<\/span>                                    <\/span>            <\/th>\n<td>                                                            Mosaz                                                <\/td>\n<\/tr>\n<tr>\n<th>                <span class=\"row-header-label\">                                            Ovl\u00e1d\u00e1n\u00ed baterie<span class=\"row-header-label-colon\">:<\/span>                                    <\/span>            <\/th>\n<td>                                                            P\u00e1kov\u00e9                                                <\/td>\n<\/tr>\n<tr>\n<th>                <span class=\"row-header-label\">                                            S\u00e9rie<span class=\"row-header-label-colon\">:<\/span>                                    <\/span>            <\/th>\n<td>                                                            ULTRA                                                <\/td>\n<\/tr>\n<tr>\n<th>                <span class=\"row-header-label\">                                            Skupina artiklu<span class=\"row-header-label-colon\">:<\/span>                                    <\/span>            <\/th>\n<td>                                                            S23BR                                                <\/td>\n<\/tr>\n<tr>\n<th>                <span class=\"row-header-label\">                                            Top Produkt<span class=\"row-header-label-colon\">:<\/span>                                    <\/span>            <\/th>\n<td>                                                            Ano                                                <\/td>\n<\/tr>\n<tr>\n<th>                <span class=\"row-header-label\">                                            Typ<span class=\"row-header-label-colon\">:<\/span>                                    <\/span>            <\/th>\n<td>                                                            Baterie bez p\u0159\u00edslu\u0161enstv\u00ed                                                <\/td>\n<\/tr>\n<tr>\n<th>                <span class=\"row-header-label\">                                            Um\u00edst\u011bn\u00ed baterie<span class=\"row-header-label-colon\">:<\/span>                                    <\/span>            <\/th>\n<td>                                                            Stoj\u00e1nkov\u00e9                                                <\/td>\n<\/tr>\n<tr>\n<th>                <span class=\"row-header-label\">                                            Vyu\u017eit\u00ed baterie<span class=\"row-header-label-colon\">:<\/span>                                    <\/span>            <\/th>\n<td>                                                            Koupelnov\u00e9                                                <\/td>\n<\/tr>\n<tr>\n<th>                <span class=\"row-header-label\">                                            Z\u00e1ruka<span class=\"row-header-label-colon\">:<\/span>                                    <\/span>            <\/th>\n<td>                                                            5 let t\u011blo baterie                                                <\/td>\n<\/tr>\n<\/tbody>\n<\/table><\/div>\n<\/p><\/div>\n<\/p><\/div>\n","protected":false},"excerpt":{"rendered":"<p>Detailn\u00ed popis produktu Elegantn\u00ed ergonomick\u00fd design se dokonale snoub\u00ed s hlavn\u00edmi v\u00fdhodami, a to \u2013 nekompromisn\u00ed spolehlivost a odolnost. P\u0159ednosti vysok\u00e9 umyvadlov\u00e9 stoj\u00e1nkov\u00e9 vodovodn\u00ed baterie\u00a0ULTRA U-18D NEW CHROM: umyvadlov\u00e1 vysok\u00e1 stoj\u00e1nkov\u00e1 baterie\u00a0(bez p\u0159\u00edslu\u0161enstv\u00ed) atraktivn\u00ed\u00a0vzhled\u00a0proveden\u00ed barva: chrom dlouh\u00e1 \u017eivotnost \u0161pan\u011blsk\u00e9\u00a0keramick\u00e9 kartu\u0161e 35 mm perl\u00e1tor NEOPERL prov\u011b\u0159en\u00e1\u00a0technologie v\u0161e testov\u00e1no se\u00a0100% \u00fasp\u011b\u0161nost\u00ed v\u0161echny d\u00edly odpov\u00eddaj\u00ed p\u0159edpis\u016fm\u00a0EN817 Umyvadlov\u00e1 vysok\u00e1 [&hellip;]<\/p>\n","protected":false},"featured_media":75044,"comment_status":"open","ping_status":"open","template":"","meta":[],"product_brand":[],"product_cat":[51],"product_tag":[],"class_list":{"0":"post-74944","1":"product","2":"type-product","3":"status-publish","4":"has-post-thumbnail","6":"product_cat-vodovodni-baterie","8":"first","9":"instock","10":"sale","11":"shipping-taxable","12":"purchasable","13":"product-type-simple"},"yoast_head":"<!-- This site is optimized with the Yoast SEO plugin v26.8 - https:\/\/yoast.com\/product\/yoast-seo-wordpress\/ -->\n<title>Zna\u010dkov\u00fd Umyvadlov\u00e1 vysok\u00e1 baterie ULTRA U-18D NEW CHROM - koupelny-sanita.cz -<\/title>\n<meta name=\"robots\" content=\"index, follow, max-snippet:-1, max-image-preview:large, max-video-preview:-1\" \/>\n<link rel=\"canonical\" href=\"https:\/\/www.technodompro.com\/index.php\/produkt\/znackovy-umyvadlova-vysoka-baterie-ultra-u-18d-new-chrom-koupelny-sanita-cz-74944\/\" \/>\n<meta property=\"og:locale\" content=\"cs_CZ\" \/>\n<meta property=\"og:type\" content=\"article\" \/>\n<meta property=\"og:title\" content=\"Zna\u010dkov\u00fd Umyvadlov\u00e1 vysok\u00e1 baterie ULTRA U-18D NEW CHROM - koupelny-sanita.cz -\" \/>\n<meta property=\"og:description\" content=\"Detailn\u00ed popis produktu Elegantn\u00ed ergonomick\u00fd design se dokonale snoub\u00ed s hlavn\u00edmi v\u00fdhodami, a to \u2013 nekompromisn\u00ed spolehlivost a odolnost. P\u0159ednosti vysok\u00e9 umyvadlov\u00e9 stoj\u00e1nkov\u00e9 vodovodn\u00ed baterie\u00a0ULTRA U-18D NEW CHROM: umyvadlov\u00e1 vysok\u00e1 stoj\u00e1nkov\u00e1 baterie\u00a0(bez p\u0159\u00edslu\u0161enstv\u00ed) atraktivn\u00ed\u00a0vzhled\u00a0proveden\u00ed barva: chrom dlouh\u00e1 \u017eivotnost \u0161pan\u011blsk\u00e9\u00a0keramick\u00e9 kartu\u0161e 35 mm perl\u00e1tor NEOPERL prov\u011b\u0159en\u00e1\u00a0technologie v\u0161e testov\u00e1no se\u00a0100% \u00fasp\u011b\u0161nost\u00ed v\u0161echny d\u00edly odpov\u00eddaj\u00ed p\u0159edpis\u016fm\u00a0EN817 Umyvadlov\u00e1 vysok\u00e1 [&hellip;]\" \/>\n<meta property=\"og:url\" content=\"https:\/\/www.technodompro.com\/index.php\/produkt\/znackovy-umyvadlova-vysoka-baterie-ultra-u-18d-new-chrom-koupelny-sanita-cz-74944\/\" \/>\n<meta property=\"og:image\" content=\"https:\/\/www.technodompro.com\/wp-content\/uploads\/2026\/SK0018989-CZ20260425-092556-0-1777080363-1659805_umyvadlova-vysoka-baterie-ultra-u-18-new-chrom.webp\" \/>\n\t<meta property=\"og:image:width\" content=\"1000\" \/>\n\t<meta property=\"og:image:height\" content=\"750\" \/>\n\t<meta property=\"og:image:type\" content=\"image\/webp\" \/>\n<meta name=\"twitter:card\" content=\"summary_large_image\" \/>\n<meta name=\"twitter:label1\" content=\"Odhadovan\u00e1 doba \u010dten\u00ed\" \/>\n\t<meta name=\"twitter:data1\" content=\"2 minuty\" \/>\n<script type=\"application\/ld+json\" class=\"yoast-schema-graph\">{\"@context\":\"https:\/\/schema.org\",\"@graph\":[{\"@type\":\"WebPage\",\"@id\":\"https:\/\/www.technodompro.com\/index.php\/produkt\/znackovy-umyvadlova-vysoka-baterie-ultra-u-18d-new-chrom-koupelny-sanita-cz-74944\/\",\"url\":\"https:\/\/www.technodompro.com\/index.php\/produkt\/znackovy-umyvadlova-vysoka-baterie-ultra-u-18d-new-chrom-koupelny-sanita-cz-74944\/\",\"name\":\"Zna\u010dkov\u00fd Umyvadlov\u00e1 vysok\u00e1 baterie ULTRA U-18D NEW CHROM - koupelny-sanita.cz -\",\"isPartOf\":{\"@id\":\"https:\/\/www.technodompro.com\/#website\"},\"primaryImageOfPage\":{\"@id\":\"https:\/\/www.technodompro.com\/index.php\/produkt\/znackovy-umyvadlova-vysoka-baterie-ultra-u-18d-new-chrom-koupelny-sanita-cz-74944\/#primaryimage\"},\"image\":{\"@id\":\"https:\/\/www.technodompro.com\/index.php\/produkt\/znackovy-umyvadlova-vysoka-baterie-ultra-u-18d-new-chrom-koupelny-sanita-cz-74944\/#primaryimage\"},\"thumbnailUrl\":\"https:\/\/www.technodompro.com\/wp-content\/uploads\/2026\/SK0018989-CZ20260425-092556-0-1777080363-1659805_umyvadlova-vysoka-baterie-ultra-u-18-new-chrom.webp\",\"datePublished\":\"2026-04-27T04:43:57+00:00\",\"breadcrumb\":{\"@id\":\"https:\/\/www.technodompro.com\/index.php\/produkt\/znackovy-umyvadlova-vysoka-baterie-ultra-u-18d-new-chrom-koupelny-sanita-cz-74944\/#breadcrumb\"},\"inLanguage\":\"cs\",\"potentialAction\":[{\"@type\":\"ReadAction\",\"target\":[\"https:\/\/www.technodompro.com\/index.php\/produkt\/znackovy-umyvadlova-vysoka-baterie-ultra-u-18d-new-chrom-koupelny-sanita-cz-74944\/\"]}]},{\"@type\":\"ImageObject\",\"inLanguage\":\"cs\",\"@id\":\"https:\/\/www.technodompro.com\/index.php\/produkt\/znackovy-umyvadlova-vysoka-baterie-ultra-u-18d-new-chrom-koupelny-sanita-cz-74944\/#primaryimage\",\"url\":\"https:\/\/www.technodompro.com\/wp-content\/uploads\/2026\/SK0018989-CZ20260425-092556-0-1777080363-1659805_umyvadlova-vysoka-baterie-ultra-u-18-new-chrom.webp\",\"contentUrl\":\"https:\/\/www.technodompro.com\/wp-content\/uploads\/2026\/SK0018989-CZ20260425-092556-0-1777080363-1659805_umyvadlova-vysoka-baterie-ultra-u-18-new-chrom.webp\",\"width\":1000,\"height\":750},{\"@type\":\"BreadcrumbList\",\"@id\":\"https:\/\/www.technodompro.com\/index.php\/produkt\/znackovy-umyvadlova-vysoka-baterie-ultra-u-18d-new-chrom-koupelny-sanita-cz-74944\/#breadcrumb\",\"itemListElement\":[{\"@type\":\"ListItem\",\"position\":1,\"name\":\"Home\",\"item\":\"https:\/\/www.technodompro.com\/\"},{\"@type\":\"ListItem\",\"position\":2,\"name\":\"Products\",\"item\":\"https:\/\/www.technodompro.com\/index.php\/products\/\"},{\"@type\":\"ListItem\",\"position\":3,\"name\":\"Zna\u010dkov\u00fd Umyvadlov\u00e1 vysok\u00e1 baterie ULTRA U-18D NEW CHROM &#8211; koupelny-sanita.cz\"}]},{\"@type\":\"WebSite\",\"@id\":\"https:\/\/www.technodompro.com\/#website\",\"url\":\"https:\/\/www.technodompro.com\/\",\"name\":\"\",\"description\":\"\",\"potentialAction\":[{\"@type\":\"SearchAction\",\"target\":{\"@type\":\"EntryPoint\",\"urlTemplate\":\"https:\/\/www.technodompro.com\/?s={search_term_string}\"},\"query-input\":{\"@type\":\"PropertyValueSpecification\",\"valueRequired\":true,\"valueName\":\"search_term_string\"}}],\"inLanguage\":\"cs\"}]}<\/script>\n<!-- \/ Yoast SEO plugin. -->","yoast_head_json":{"title":"Zna\u010dkov\u00fd Umyvadlov\u00e1 vysok\u00e1 baterie ULTRA U-18D NEW CHROM - koupelny-sanita.cz -","robots":{"index":"index","follow":"follow","max-snippet":"max-snippet:-1","max-image-preview":"max-image-preview:large","max-video-preview":"max-video-preview:-1"},"canonical":"https:\/\/www.technodompro.com\/index.php\/produkt\/znackovy-umyvadlova-vysoka-baterie-ultra-u-18d-new-chrom-koupelny-sanita-cz-74944\/","og_locale":"cs_CZ","og_type":"article","og_title":"Zna\u010dkov\u00fd Umyvadlov\u00e1 vysok\u00e1 baterie ULTRA U-18D NEW CHROM - koupelny-sanita.cz -","og_description":"Detailn\u00ed popis produktu Elegantn\u00ed ergonomick\u00fd design se dokonale snoub\u00ed s hlavn\u00edmi v\u00fdhodami, a to \u2013 nekompromisn\u00ed spolehlivost a odolnost. P\u0159ednosti vysok\u00e9 umyvadlov\u00e9 stoj\u00e1nkov\u00e9 vodovodn\u00ed baterie\u00a0ULTRA U-18D NEW CHROM: umyvadlov\u00e1 vysok\u00e1 stoj\u00e1nkov\u00e1 baterie\u00a0(bez p\u0159\u00edslu\u0161enstv\u00ed) atraktivn\u00ed\u00a0vzhled\u00a0proveden\u00ed barva: chrom dlouh\u00e1 \u017eivotnost \u0161pan\u011blsk\u00e9\u00a0keramick\u00e9 kartu\u0161e 35 mm perl\u00e1tor NEOPERL prov\u011b\u0159en\u00e1\u00a0technologie v\u0161e testov\u00e1no se\u00a0100% \u00fasp\u011b\u0161nost\u00ed v\u0161echny d\u00edly odpov\u00eddaj\u00ed p\u0159edpis\u016fm\u00a0EN817 Umyvadlov\u00e1 vysok\u00e1 [&hellip;]","og_url":"https:\/\/www.technodompro.com\/index.php\/produkt\/znackovy-umyvadlova-vysoka-baterie-ultra-u-18d-new-chrom-koupelny-sanita-cz-74944\/","og_image":[{"width":1000,"height":750,"url":"https:\/\/www.technodompro.com\/wp-content\/uploads\/2026\/SK0018989-CZ20260425-092556-0-1777080363-1659805_umyvadlova-vysoka-baterie-ultra-u-18-new-chrom.webp","type":"image\/webp"}],"twitter_card":"summary_large_image","twitter_misc":{"Odhadovan\u00e1 doba \u010dten\u00ed":"2 minuty"},"schema":{"@context":"https:\/\/schema.org","@graph":[{"@type":"WebPage","@id":"https:\/\/www.technodompro.com\/index.php\/produkt\/znackovy-umyvadlova-vysoka-baterie-ultra-u-18d-new-chrom-koupelny-sanita-cz-74944\/","url":"https:\/\/www.technodompro.com\/index.php\/produkt\/znackovy-umyvadlova-vysoka-baterie-ultra-u-18d-new-chrom-koupelny-sanita-cz-74944\/","name":"Zna\u010dkov\u00fd Umyvadlov\u00e1 vysok\u00e1 baterie ULTRA U-18D NEW CHROM - koupelny-sanita.cz -","isPartOf":{"@id":"https:\/\/www.technodompro.com\/#website"},"primaryImageOfPage":{"@id":"https:\/\/www.technodompro.com\/index.php\/produkt\/znackovy-umyvadlova-vysoka-baterie-ultra-u-18d-new-chrom-koupelny-sanita-cz-74944\/#primaryimage"},"image":{"@id":"https:\/\/www.technodompro.com\/index.php\/produkt\/znackovy-umyvadlova-vysoka-baterie-ultra-u-18d-new-chrom-koupelny-sanita-cz-74944\/#primaryimage"},"thumbnailUrl":"https:\/\/www.technodompro.com\/wp-content\/uploads\/2026\/SK0018989-CZ20260425-092556-0-1777080363-1659805_umyvadlova-vysoka-baterie-ultra-u-18-new-chrom.webp","datePublished":"2026-04-27T04:43:57+00:00","breadcrumb":{"@id":"https:\/\/www.technodompro.com\/index.php\/produkt\/znackovy-umyvadlova-vysoka-baterie-ultra-u-18d-new-chrom-koupelny-sanita-cz-74944\/#breadcrumb"},"inLanguage":"cs","potentialAction":[{"@type":"ReadAction","target":["https:\/\/www.technodompro.com\/index.php\/produkt\/znackovy-umyvadlova-vysoka-baterie-ultra-u-18d-new-chrom-koupelny-sanita-cz-74944\/"]}]},{"@type":"ImageObject","inLanguage":"cs","@id":"https:\/\/www.technodompro.com\/index.php\/produkt\/znackovy-umyvadlova-vysoka-baterie-ultra-u-18d-new-chrom-koupelny-sanita-cz-74944\/#primaryimage","url":"https:\/\/www.technodompro.com\/wp-content\/uploads\/2026\/SK0018989-CZ20260425-092556-0-1777080363-1659805_umyvadlova-vysoka-baterie-ultra-u-18-new-chrom.webp","contentUrl":"https:\/\/www.technodompro.com\/wp-content\/uploads\/2026\/SK0018989-CZ20260425-092556-0-1777080363-1659805_umyvadlova-vysoka-baterie-ultra-u-18-new-chrom.webp","width":1000,"height":750},{"@type":"BreadcrumbList","@id":"https:\/\/www.technodompro.com\/index.php\/produkt\/znackovy-umyvadlova-vysoka-baterie-ultra-u-18d-new-chrom-koupelny-sanita-cz-74944\/#breadcrumb","itemListElement":[{"@type":"ListItem","position":1,"name":"Home","item":"https:\/\/www.technodompro.com\/"},{"@type":"ListItem","position":2,"name":"Products","item":"https:\/\/www.technodompro.com\/index.php\/products\/"},{"@type":"ListItem","position":3,"name":"Zna\u010dkov\u00fd Umyvadlov\u00e1 vysok\u00e1 baterie ULTRA U-18D NEW CHROM &#8211; koupelny-sanita.cz"}]},{"@type":"WebSite","@id":"https:\/\/www.technodompro.com\/#website","url":"https:\/\/www.technodompro.com\/","name":"","description":"","potentialAction":[{"@type":"SearchAction","target":{"@type":"EntryPoint","urlTemplate":"https:\/\/www.technodompro.com\/?s={search_term_string}"},"query-input":{"@type":"PropertyValueSpecification","valueRequired":true,"valueName":"search_term_string"}}],"inLanguage":"cs"}]}},"_links":{"self":[{"href":"https:\/\/www.technodompro.com\/index.php\/wp-json\/wp\/v2\/product\/74944","targetHints":{"allow":["GET"]}}],"collection":[{"href":"https:\/\/www.technodompro.com\/index.php\/wp-json\/wp\/v2\/product"}],"about":[{"href":"https:\/\/www.technodompro.com\/index.php\/wp-json\/wp\/v2\/types\/product"}],"replies":[{"embeddable":true,"href":"https:\/\/www.technodompro.com\/index.php\/wp-json\/wp\/v2\/comments?post=74944"}],"wp:featuredmedia":[{"embeddable":true,"href":"https:\/\/www.technodompro.com\/index.php\/wp-json\/wp\/v2\/media\/75044"}],"wp:attachment":[{"href":"https:\/\/www.technodompro.com\/index.php\/wp-json\/wp\/v2\/media?parent=74944"}],"wp:term":[{"taxonomy":"product_brand","embeddable":true,"href":"https:\/\/www.technodompro.com\/index.php\/wp-json\/wp\/v2\/product_brand?post=74944"},{"taxonomy":"product_cat","embeddable":true,"href":"https:\/\/www.technodompro.com\/index.php\/wp-json\/wp\/v2\/product_cat?post=74944"},{"taxonomy":"product_tag","embeddable":true,"href":"https:\/\/www.technodompro.com\/index.php\/wp-json\/wp\/v2\/product_tag?post=74944"}],"curies":[{"name":"wp","href":"https:\/\/api.w.org\/{rel}","templated":true}]}}