{"id":75533,"date":"2026-04-27T04:43:59","date_gmt":"2026-04-27T04:43:59","guid":{"rendered":""},"modified":"2026-04-27T04:43:59","modified_gmt":"2026-04-27T04:43:59","slug":"zorba-umyvadlova-skrinka-39x50x21-5cm-carina-super-cena-75533","status":"publish","type":"product","link":"https:\/\/www.technodompro.com\/index.php\/produkt\/zorba-umyvadlova-skrinka-39x50x21-5cm-carina-super-cena-75533\/","title":{"rendered":"ZORBA umyvadlov\u00e1 sk\u0159\u00ed\u0148ka 39x50x21,5cm, carina Super Cena"},"content":{"rendered":"<div class=\"basic-description\">\n<h3>Detailn\u00ed popis produktu<\/h3>\n<p style=\"text-align: justify;\">S\u00e9rie koupelnov\u00e9ho n\u00e1bytku ZORBA je navr\u017eena pro maxim\u00e1ln\u00ed vyu\u017eit\u00ed prostoru v men\u0161\u00edch koupeln\u00e1ch a na toalet\u00e1ch. Sk\u0159\u00ed\u0148ka se zaoblen\u00fdmi boky a dv\u00ed\u0159ky zaujme sv\u00fdm designem a z\u00e1rove\u0148 nab\u00edz\u00ed praktick\u00fd \u00falo\u017en\u00fd prostor pro \u010distic\u00ed prost\u0159edky nebo toaletn\u00ed pap\u00edr. Otev\u00edr\u00e1 se pomoc\u00ed syst\u00e9mu TIP-ON, d\u00edky n\u011bmu\u017e \u010deln\u00ed plocha z\u016fst\u00e1v\u00e1 \u010dist\u00e1 a elegantn\u00ed.Ke sk\u0159\u00ed\u0148ce lze zvolit umyvadlo z lit\u00e9ho mramoru ZORBA nebo kombinaci rockstone desky s kruhov\u00fdm um\u00fdv\u00e1tkem na desku. \u0160irok\u00e1 nab\u00eddka barevn\u00fdch dekor\u016f i um\u00fdv\u00e1tek umo\u017e\u0148uje snadn\u00e9 slad\u011bn\u00ed s interi\u00e9rem koupelny.<\/p>\n<div class=\"product-explanation-item\">\n<h3>Lze vyrobit v tomto barevn\u00e9m proveden\u00ed:<\/h3>\n<\/p>\n<div style=\"float: left; width: 18%; text-align: center;\">41 Carina<\/div>\n<div style=\"float: left; width: 18%; text-align: center;\">42 Siena<\/div>\n<div style=\"float: left; width: 18%; text-align: center;\">43 Agila<\/div>\n<div style=\"float: left; width: 18%; text-align: center;\">44 Verde<\/div>\n<div style=\"clear: both;\"><\/div>\n<p>jak\u00e1koliv barva dle vzorn\u00edku RAL nebo NCS v leskl\u00e9m nebo matn\u00e9m proveden\u00ed<\/p>\n<div style=\"float: left; width: 18%; text-align: center;\">RAL1019 \u0160edob\u00e9\u017eov\u00e1<\/div>\n<div style=\"float: left; width: 18%; text-align: center;\">RAL3004 Bord\u00f3<\/div>\n<div style=\"float: left; width: 18%; text-align: center;\">RAL6004 Modrozelen\u00e1<\/div>\n<div style=\"float: left; width: 18%; text-align: center;\">RAL7031 \u0160edomodr\u00e1<\/div>\n<div style=\"clear: both;\"><\/div>\n<p>Dodac\u00ed lh\u016fta je 6 t\u00fddn\u016f.<\/p>\n<\/div>\n<div class=\"product-explanation-item\">\n<h3>Sm\u011br otev\u00edr\u00e1n\u00ed &#8211; univerz\u00e1ln\u00ed<\/h3>\n<p style=\"text-align: justify;\">Instalace je mo\u017en\u00e1 s lev\u00fdm nebo prav\u00fdm otev\u00edr\u00e1n\u00edm dve\u0159\u00ed.<\/p>\n<\/div>\n<div class=\"product-explanation-item\">\n<h3>Zpomalovac\u00ed panty<\/h3>\n<div style=\"float: left;\"><\/div>\n<p>N\u00e1bytek je vybaven mechanismem zpomalovac\u00edch pant\u016f u dv\u00ed\u0159ek. Dv\u00ed\u0159ka sta\u010d\u00ed jen lehce postr\u010dit a ona se ji\u017e sama dov\u0159ou.<\/p>\n<\/div>\n<div class=\"product-explanation-item\">\n<h3><span>Bez\u00fachytkov\u00e9 otv\u00edr\u00e1n\u00ed<\/span><\/h3>\n<div style=\"float: left;\"><\/div>\n<p style=\"text-align: justify;\">N\u00e1bytek je vybaven syst\u00e9mem &#8222;Push to open&#8220; firmy Hettich nebo syst\u00e9mem TIP-ON firmy Blum &#8211; bez\u00fachytkov\u00e1 \u010dela a dv\u00ed\u0159ka pro komfortn\u00ed otev\u00edr\u00e1n\u00ed bez \u00fachytky. S<span>ta\u010d\u00ed na n\u011b jen kr\u00e1tce zlehka \u0165uknout. Pro zav\u0159en\u00ed na \u010delo nebo dve\u0159e lehounce zatla\u010dte.<\/span><\/p>\n<\/div><\/div>\n<div class=\"extended-description\">\n<h3>Dopl\u0148kov\u00e9 parametry<\/h3>\n<table class=\"detail-parameters\">\n<tbody>\n<tr>\n<th>        <span class=\"row-header-label\">            Kategorie<span class=\"row-header-label-colon\">:<\/span>        <\/span>    <\/th>\n<td>            <\/td>\n<\/tr>\n<tr>\n<th>            <span class=\"row-header-label\">                Z\u00e1ruka<span class=\"row-header-label-colon\">:<\/span>            <\/span>        <\/th>\n<td>            24        <\/td>\n<\/tr>\n<tr>\n<th>            <span class=\"row-header-label\">                Hmotnost<span class=\"row-header-label-colon\">:<\/span>            <\/span>        <\/th>\n<td>            8.45 kg        <\/td>\n<\/tr>\n<tr class=\"productEan\">\n<th>          <span class=\"row-header-label productEan__label\">              EAN<span class=\"row-header-label-colon\">:<\/span>          <\/span>      <\/th>\n<td>          <span class=\"productEan__value\">8590913115301<\/span>      <\/td>\n<\/tr>\n<tr>\n<th>                <span class=\"row-header-label\">                                            3D model<span class=\"row-header-label-colon\">:<\/span>                                    <\/span>            <\/th>\n<td>                                                            ANO                                                <\/td>\n<\/tr>\n<tr>\n<th>                <span class=\"row-header-label\">                                            Balen\u00ed neobsahuje<span class=\"row-header-label-colon\">:<\/span>                                    <\/span>            <\/th>\n<td>                                                            Umyvadlo                                                <\/td>\n<\/tr>\n<tr>\n<th>                <span class=\"row-header-label\">                                            Barva<span class=\"row-header-label-colon\">:<\/span>                                    <\/span>            <\/th>\n<td>                                                            \u0160ed\u00e1                                                <\/td>\n<\/tr>\n<tr>\n<th>                <span class=\"row-header-label\">                                            D\u00e9lka<span class=\"row-header-label-colon\">:<\/span>                                    <\/span>            <\/th>\n<td>                                                            215 mm                                                <\/td>\n<\/tr>\n<tr>\n<th>                <span class=\"row-header-label\">                                            Dostupnost<span class=\"row-header-label-colon\">:<\/span>                                    <\/span>            <\/th>\n<td>                                                            Skladem                                                <\/td>\n<\/tr>\n<tr>\n<th>                <span class=\"row-header-label\">                                            Instalace<span class=\"row-header-label-colon\">:<\/span>                                    <\/span>            <\/th>\n<td>                                                            Z\u00e1v\u011bsn\u00e9 na st\u011bnu                                                <\/td>\n<\/tr>\n<tr>\n<th>                <span class=\"row-header-label\">                                            Jin\u00e9 barevn\u00e9 proveden\u00ed<span class=\"row-header-label-colon\">:<\/span>                                    <\/span>            <\/th>\n<td>                                                            Dle vzorn\u00edku                                                <\/td>\n<\/tr>\n<tr>\n<th>                <span class=\"row-header-label\">                                            Materi\u00e1l<span class=\"row-header-label-colon\">:<\/span>                                    <\/span>            <\/th>\n<td>                                                            MDF\/lamino                                                <\/td>\n<\/tr>\n<tr>\n<th>                <span class=\"row-header-label\">                                            Rozm\u011br<span class=\"row-header-label-colon\">:<\/span>                                    <\/span>            <\/th>\n<td>                                                            39x50x21,5 cm                                                <\/td>\n<\/tr>\n<tr>\n<th>                <span class=\"row-header-label\">                                            Sm\u011br otev\u00edr\u00e1n\u00ed<span class=\"row-header-label-colon\">:<\/span>                                    <\/span>            <\/th>\n<td>                                                            Univerz\u00e1ln\u00ed                                                <\/td>\n<\/tr>\n<tr>\n<th>                <span class=\"row-header-label\">                                            \u0160\u00ed\u0159ka<span class=\"row-header-label-colon\">:<\/span>                                    <\/span>            <\/th>\n<td>                                                            390 mm                                                <\/td>\n<\/tr>\n<tr>\n<th>                <span class=\"row-header-label\">                                            Typ sk\u0159\u00ed\u0148ky<span class=\"row-header-label-colon\">:<\/span>                                    <\/span>            <\/th>\n<td>                                                            Dv\u00ed\u0159ka                                                <\/td>\n<\/tr>\n<tr>\n<th>                <span class=\"row-header-label\">                                            Typ umyvadla<span class=\"row-header-label-colon\">:<\/span>                                    <\/span>            <\/th>\n<td>                                                            Klasick\u00e9 umyvadlo                                                <\/td>\n<\/tr>\n<tr>\n<th>                <span class=\"row-header-label\">                                            V\u00fdbava<span class=\"row-header-label-colon\">:<\/span>                                    <\/span>            <\/th>\n<td>                                                            Zpomalovac\u00ed panty;Bez\u00fachytkov\u00e9 otv\u00edr\u00e1n\u00ed                                                <\/td>\n<\/tr>\n<tr>\n<th>                <span class=\"row-header-label\">                                            V\u00fd\u0161ka<span class=\"row-header-label-colon\">:<\/span>                                    <\/span>            <\/th>\n<td>                                                            500 mm                                                <\/td>\n<\/tr>\n<tr>\n<th>                <span class=\"row-header-label\">                                            Z\u00e1ruka<span class=\"row-header-label-colon\">:<\/span>                                    <\/span>            <\/th>\n<td>                                                            2 roky                                                <\/td>\n<\/tr>\n<\/tbody>\n<\/table><\/div>\n<\/p><\/div>\n<\/p><\/div>\n","protected":false},"excerpt":{"rendered":"<p>Detailn\u00ed popis produktu S\u00e9rie koupelnov\u00e9ho n\u00e1bytku ZORBA je navr\u017eena pro maxim\u00e1ln\u00ed vyu\u017eit\u00ed prostoru v men\u0161\u00edch koupeln\u00e1ch a na toalet\u00e1ch. Sk\u0159\u00ed\u0148ka se zaoblen\u00fdmi boky a dv\u00ed\u0159ky zaujme sv\u00fdm designem a z\u00e1rove\u0148 nab\u00edz\u00ed praktick\u00fd \u00falo\u017en\u00fd prostor pro \u010distic\u00ed prost\u0159edky nebo toaletn\u00ed pap\u00edr. Otev\u00edr\u00e1 se pomoc\u00ed syst\u00e9mu TIP-ON, d\u00edky n\u011bmu\u017e \u010deln\u00ed plocha z\u016fst\u00e1v\u00e1 \u010dist\u00e1 a elegantn\u00ed.Ke sk\u0159\u00ed\u0148ce lze [&hellip;]<\/p>\n","protected":false},"featured_media":75633,"comment_status":"open","ping_status":"open","template":"","meta":[],"product_brand":[],"product_cat":[63],"product_tag":[],"class_list":{"0":"post-75533","1":"product","2":"type-product","3":"status-publish","4":"has-post-thumbnail","6":"product_cat-umyvadlove-skrinky","8":"first","9":"instock","10":"sale","11":"shipping-taxable","12":"purchasable","13":"product-type-simple"},"yoast_head":"<!-- This site is optimized with the Yoast SEO plugin v26.8 - https:\/\/yoast.com\/product\/yoast-seo-wordpress\/ -->\n<title>ZORBA umyvadlov\u00e1 sk\u0159\u00ed\u0148ka 39x50x21,5cm, carina Super Cena -<\/title>\n<meta name=\"robots\" content=\"index, follow, max-snippet:-1, max-image-preview:large, max-video-preview:-1\" \/>\n<link rel=\"canonical\" href=\"https:\/\/www.technodompro.com\/index.php\/produkt\/zorba-umyvadlova-skrinka-39x50x21-5cm-carina-super-cena-75533\/\" \/>\n<meta property=\"og:locale\" content=\"cs_CZ\" \/>\n<meta property=\"og:type\" content=\"article\" \/>\n<meta property=\"og:title\" content=\"ZORBA umyvadlov\u00e1 sk\u0159\u00ed\u0148ka 39x50x21,5cm, carina Super Cena -\" \/>\n<meta property=\"og:description\" content=\"Detailn\u00ed popis produktu S\u00e9rie koupelnov\u00e9ho n\u00e1bytku ZORBA je navr\u017eena pro maxim\u00e1ln\u00ed vyu\u017eit\u00ed prostoru v men\u0161\u00edch koupeln\u00e1ch a na toalet\u00e1ch. Sk\u0159\u00ed\u0148ka se zaoblen\u00fdmi boky a dv\u00ed\u0159ky zaujme sv\u00fdm designem a z\u00e1rove\u0148 nab\u00edz\u00ed praktick\u00fd \u00falo\u017en\u00fd prostor pro \u010distic\u00ed prost\u0159edky nebo toaletn\u00ed pap\u00edr. Otev\u00edr\u00e1 se pomoc\u00ed syst\u00e9mu TIP-ON, d\u00edky n\u011bmu\u017e \u010deln\u00ed plocha z\u016fst\u00e1v\u00e1 \u010dist\u00e1 a elegantn\u00ed.Ke sk\u0159\u00ed\u0148ce lze [&hellip;]\" \/>\n<meta property=\"og:url\" content=\"https:\/\/www.technodompro.com\/index.php\/produkt\/zorba-umyvadlova-skrinka-39x50x21-5cm-carina-super-cena-75533\/\" \/>\n<meta property=\"og:image\" content=\"https:\/\/www.technodompro.com\/wp-content\/uploads\/2026\/SK0019299-CZ20260425-092556-0-1777080363-1670614_lt113-4141-252475357530506.webp\" \/>\n\t<meta property=\"og:image:width\" content=\"1000\" \/>\n\t<meta property=\"og:image:height\" content=\"750\" \/>\n\t<meta property=\"og:image:type\" content=\"image\/webp\" \/>\n<meta name=\"twitter:card\" content=\"summary_large_image\" \/>\n<meta name=\"twitter:label1\" content=\"Odhadovan\u00e1 doba \u010dten\u00ed\" \/>\n\t<meta name=\"twitter:data1\" content=\"2 minuty\" \/>\n<script type=\"application\/ld+json\" class=\"yoast-schema-graph\">{\"@context\":\"https:\/\/schema.org\",\"@graph\":[{\"@type\":\"WebPage\",\"@id\":\"https:\/\/www.technodompro.com\/index.php\/produkt\/zorba-umyvadlova-skrinka-39x50x21-5cm-carina-super-cena-75533\/\",\"url\":\"https:\/\/www.technodompro.com\/index.php\/produkt\/zorba-umyvadlova-skrinka-39x50x21-5cm-carina-super-cena-75533\/\",\"name\":\"ZORBA umyvadlov\u00e1 sk\u0159\u00ed\u0148ka 39x50x21,5cm, carina Super Cena -\",\"isPartOf\":{\"@id\":\"https:\/\/www.technodompro.com\/#website\"},\"primaryImageOfPage\":{\"@id\":\"https:\/\/www.technodompro.com\/index.php\/produkt\/zorba-umyvadlova-skrinka-39x50x21-5cm-carina-super-cena-75533\/#primaryimage\"},\"image\":{\"@id\":\"https:\/\/www.technodompro.com\/index.php\/produkt\/zorba-umyvadlova-skrinka-39x50x21-5cm-carina-super-cena-75533\/#primaryimage\"},\"thumbnailUrl\":\"https:\/\/www.technodompro.com\/wp-content\/uploads\/2026\/SK0019299-CZ20260425-092556-0-1777080363-1670614_lt113-4141-252475357530506.webp\",\"datePublished\":\"2026-04-27T04:43:59+00:00\",\"breadcrumb\":{\"@id\":\"https:\/\/www.technodompro.com\/index.php\/produkt\/zorba-umyvadlova-skrinka-39x50x21-5cm-carina-super-cena-75533\/#breadcrumb\"},\"inLanguage\":\"cs\",\"potentialAction\":[{\"@type\":\"ReadAction\",\"target\":[\"https:\/\/www.technodompro.com\/index.php\/produkt\/zorba-umyvadlova-skrinka-39x50x21-5cm-carina-super-cena-75533\/\"]}]},{\"@type\":\"ImageObject\",\"inLanguage\":\"cs\",\"@id\":\"https:\/\/www.technodompro.com\/index.php\/produkt\/zorba-umyvadlova-skrinka-39x50x21-5cm-carina-super-cena-75533\/#primaryimage\",\"url\":\"https:\/\/www.technodompro.com\/wp-content\/uploads\/2026\/SK0019299-CZ20260425-092556-0-1777080363-1670614_lt113-4141-252475357530506.webp\",\"contentUrl\":\"https:\/\/www.technodompro.com\/wp-content\/uploads\/2026\/SK0019299-CZ20260425-092556-0-1777080363-1670614_lt113-4141-252475357530506.webp\",\"width\":1000,\"height\":750},{\"@type\":\"BreadcrumbList\",\"@id\":\"https:\/\/www.technodompro.com\/index.php\/produkt\/zorba-umyvadlova-skrinka-39x50x21-5cm-carina-super-cena-75533\/#breadcrumb\",\"itemListElement\":[{\"@type\":\"ListItem\",\"position\":1,\"name\":\"Home\",\"item\":\"https:\/\/www.technodompro.com\/\"},{\"@type\":\"ListItem\",\"position\":2,\"name\":\"Products\",\"item\":\"https:\/\/www.technodompro.com\/index.php\/products\/\"},{\"@type\":\"ListItem\",\"position\":3,\"name\":\"ZORBA umyvadlov\u00e1 sk\u0159\u00ed\u0148ka 39x50x21,5cm, carina Super Cena\"}]},{\"@type\":\"WebSite\",\"@id\":\"https:\/\/www.technodompro.com\/#website\",\"url\":\"https:\/\/www.technodompro.com\/\",\"name\":\"\",\"description\":\"\",\"potentialAction\":[{\"@type\":\"SearchAction\",\"target\":{\"@type\":\"EntryPoint\",\"urlTemplate\":\"https:\/\/www.technodompro.com\/?s={search_term_string}\"},\"query-input\":{\"@type\":\"PropertyValueSpecification\",\"valueRequired\":true,\"valueName\":\"search_term_string\"}}],\"inLanguage\":\"cs\"}]}<\/script>\n<!-- \/ Yoast SEO plugin. -->","yoast_head_json":{"title":"ZORBA umyvadlov\u00e1 sk\u0159\u00ed\u0148ka 39x50x21,5cm, carina Super Cena -","robots":{"index":"index","follow":"follow","max-snippet":"max-snippet:-1","max-image-preview":"max-image-preview:large","max-video-preview":"max-video-preview:-1"},"canonical":"https:\/\/www.technodompro.com\/index.php\/produkt\/zorba-umyvadlova-skrinka-39x50x21-5cm-carina-super-cena-75533\/","og_locale":"cs_CZ","og_type":"article","og_title":"ZORBA umyvadlov\u00e1 sk\u0159\u00ed\u0148ka 39x50x21,5cm, carina Super Cena -","og_description":"Detailn\u00ed popis produktu S\u00e9rie koupelnov\u00e9ho n\u00e1bytku ZORBA je navr\u017eena pro maxim\u00e1ln\u00ed vyu\u017eit\u00ed prostoru v men\u0161\u00edch koupeln\u00e1ch a na toalet\u00e1ch. Sk\u0159\u00ed\u0148ka se zaoblen\u00fdmi boky a dv\u00ed\u0159ky zaujme sv\u00fdm designem a z\u00e1rove\u0148 nab\u00edz\u00ed praktick\u00fd \u00falo\u017en\u00fd prostor pro \u010distic\u00ed prost\u0159edky nebo toaletn\u00ed pap\u00edr. Otev\u00edr\u00e1 se pomoc\u00ed syst\u00e9mu TIP-ON, d\u00edky n\u011bmu\u017e \u010deln\u00ed plocha z\u016fst\u00e1v\u00e1 \u010dist\u00e1 a elegantn\u00ed.Ke sk\u0159\u00ed\u0148ce lze [&hellip;]","og_url":"https:\/\/www.technodompro.com\/index.php\/produkt\/zorba-umyvadlova-skrinka-39x50x21-5cm-carina-super-cena-75533\/","og_image":[{"width":1000,"height":750,"url":"https:\/\/www.technodompro.com\/wp-content\/uploads\/2026\/SK0019299-CZ20260425-092556-0-1777080363-1670614_lt113-4141-252475357530506.webp","type":"image\/webp"}],"twitter_card":"summary_large_image","twitter_misc":{"Odhadovan\u00e1 doba \u010dten\u00ed":"2 minuty"},"schema":{"@context":"https:\/\/schema.org","@graph":[{"@type":"WebPage","@id":"https:\/\/www.technodompro.com\/index.php\/produkt\/zorba-umyvadlova-skrinka-39x50x21-5cm-carina-super-cena-75533\/","url":"https:\/\/www.technodompro.com\/index.php\/produkt\/zorba-umyvadlova-skrinka-39x50x21-5cm-carina-super-cena-75533\/","name":"ZORBA umyvadlov\u00e1 sk\u0159\u00ed\u0148ka 39x50x21,5cm, carina Super Cena -","isPartOf":{"@id":"https:\/\/www.technodompro.com\/#website"},"primaryImageOfPage":{"@id":"https:\/\/www.technodompro.com\/index.php\/produkt\/zorba-umyvadlova-skrinka-39x50x21-5cm-carina-super-cena-75533\/#primaryimage"},"image":{"@id":"https:\/\/www.technodompro.com\/index.php\/produkt\/zorba-umyvadlova-skrinka-39x50x21-5cm-carina-super-cena-75533\/#primaryimage"},"thumbnailUrl":"https:\/\/www.technodompro.com\/wp-content\/uploads\/2026\/SK0019299-CZ20260425-092556-0-1777080363-1670614_lt113-4141-252475357530506.webp","datePublished":"2026-04-27T04:43:59+00:00","breadcrumb":{"@id":"https:\/\/www.technodompro.com\/index.php\/produkt\/zorba-umyvadlova-skrinka-39x50x21-5cm-carina-super-cena-75533\/#breadcrumb"},"inLanguage":"cs","potentialAction":[{"@type":"ReadAction","target":["https:\/\/www.technodompro.com\/index.php\/produkt\/zorba-umyvadlova-skrinka-39x50x21-5cm-carina-super-cena-75533\/"]}]},{"@type":"ImageObject","inLanguage":"cs","@id":"https:\/\/www.technodompro.com\/index.php\/produkt\/zorba-umyvadlova-skrinka-39x50x21-5cm-carina-super-cena-75533\/#primaryimage","url":"https:\/\/www.technodompro.com\/wp-content\/uploads\/2026\/SK0019299-CZ20260425-092556-0-1777080363-1670614_lt113-4141-252475357530506.webp","contentUrl":"https:\/\/www.technodompro.com\/wp-content\/uploads\/2026\/SK0019299-CZ20260425-092556-0-1777080363-1670614_lt113-4141-252475357530506.webp","width":1000,"height":750},{"@type":"BreadcrumbList","@id":"https:\/\/www.technodompro.com\/index.php\/produkt\/zorba-umyvadlova-skrinka-39x50x21-5cm-carina-super-cena-75533\/#breadcrumb","itemListElement":[{"@type":"ListItem","position":1,"name":"Home","item":"https:\/\/www.technodompro.com\/"},{"@type":"ListItem","position":2,"name":"Products","item":"https:\/\/www.technodompro.com\/index.php\/products\/"},{"@type":"ListItem","position":3,"name":"ZORBA umyvadlov\u00e1 sk\u0159\u00ed\u0148ka 39x50x21,5cm, carina Super Cena"}]},{"@type":"WebSite","@id":"https:\/\/www.technodompro.com\/#website","url":"https:\/\/www.technodompro.com\/","name":"","description":"","potentialAction":[{"@type":"SearchAction","target":{"@type":"EntryPoint","urlTemplate":"https:\/\/www.technodompro.com\/?s={search_term_string}"},"query-input":{"@type":"PropertyValueSpecification","valueRequired":true,"valueName":"search_term_string"}}],"inLanguage":"cs"}]}},"_links":{"self":[{"href":"https:\/\/www.technodompro.com\/index.php\/wp-json\/wp\/v2\/product\/75533","targetHints":{"allow":["GET"]}}],"collection":[{"href":"https:\/\/www.technodompro.com\/index.php\/wp-json\/wp\/v2\/product"}],"about":[{"href":"https:\/\/www.technodompro.com\/index.php\/wp-json\/wp\/v2\/types\/product"}],"replies":[{"embeddable":true,"href":"https:\/\/www.technodompro.com\/index.php\/wp-json\/wp\/v2\/comments?post=75533"}],"wp:featuredmedia":[{"embeddable":true,"href":"https:\/\/www.technodompro.com\/index.php\/wp-json\/wp\/v2\/media\/75633"}],"wp:attachment":[{"href":"https:\/\/www.technodompro.com\/index.php\/wp-json\/wp\/v2\/media?parent=75533"}],"wp:term":[{"taxonomy":"product_brand","embeddable":true,"href":"https:\/\/www.technodompro.com\/index.php\/wp-json\/wp\/v2\/product_brand?post=75533"},{"taxonomy":"product_cat","embeddable":true,"href":"https:\/\/www.technodompro.com\/index.php\/wp-json\/wp\/v2\/product_cat?post=75533"},{"taxonomy":"product_tag","embeddable":true,"href":"https:\/\/www.technodompro.com\/index.php\/wp-json\/wp\/v2\/product_tag?post=75533"}],"curies":[{"name":"wp","href":"https:\/\/api.w.org\/{rel}","templated":true}]}}